114.119.154.67 - - [04/Oct/2021:10:24:34 +0900] "realpano.net(SG) GET /gl/index.php?mid=human_vr&listStyle=viewer&document_srl=45144&m=0&page=2 HTTP/1.1" 403 199 "-" "Mozilla/5.0 (Linux; Android 7.0;) AppleWebKit/537.36 (KHTML, like Gecko) Mobile Safari/537.36 (compatible; PetalBot;+https://webmaster.petalsearch.com/site/petalbot)"
114.119.154.30 - - [04/Oct/2021:10:33:19 +0900] "realpano.net(SG) GET /gl/index.php?mid=human_vr&search_target=tag&search_keyword=%EC%98%A4%ED%94%BC%EC%8A%A4%ED%85%94&listStyle=viewer&category=3355 HTTP/1.1" 403 199 "-" "Mozilla/5.0 (Linux; Android 7.0;) AppleWebKit/537.36 (KHTML, like Gecko) Mobile Safari/537.36 (compatible; PetalBot;+https://webmaster.petalsearch.com/site/petalbot)"
114.119.154.30 - - [04/Oct/2021:10:33:19 +0900] "realpano.net(SG) GET /gl/index.php?mid=human_vr&search_target=tag&search_keyword=%EC%98%A4%ED%94%BC%EC%8A%A4%ED%85%94&listStyle=viewer&category=3355 HTTP/1.1" 403 199 "-" "Mozilla/5.0 (Linux; Android 7.0;) AppleWebKit/537.36 (KHTML, like Gecko) Mobile Safari/537.36 (compatible; PetalBot;+https://webmaster.petalsearch.com/site/petalbot)"
66.249.79.7 - - [04/Oct/2021:10:37:38 +0900] "www.realpano.net(US) GET /gl/files/cache/assets/compiled/12f4c8563084710f3108d5393149ba67bcaa5d9b.rhymix.less.min.css HTTP/1.1" 404 196 "http://www.realpano.net/gl/index.php?mid=street_vr&listStyle=list&act=dispMemberFindAccount&m=0" "Mozilla/5.0 (Linux; Android 6.0.1; Nexus 5X Build/MMB29P) AppleWebKit/537.36 (KHTML, like Gecko) Chrome/94.0.4606.61 Mobile Safari/537.36 (compatible; Googlebot/2.1; +http://www.google.com/bot.html)"
66.249.79.7 - - [04/Oct/2021:10:37:38 +0900] "www.realpano.net(US) GET /gl/files/cache/assets/compiled/12f4c8563084710f3108d5393149ba67bcaa5d9b.rhymix.less.min.css HTTP/1.1" 404 196 "http://www.realpano.net/gl/index.php?mid=street_vr&listStyle=list&act=dispMemberFindAccount&m=0" "Mozilla/5.0 (Linux; Android 6.0.1; Nexus 5X Build/MMB29P) AppleWebKit/537.36 (KHTML, like Gecko) Chrome/94.0.4606.61 Mobile Safari/537.36 (compatible; Googlebot/2.1; +http://www.google.com/bot.html)"
66.249.79.7 - - [04/Oct/2021:10:37:39 +0900] "www.realpano.net(US) GET /gl/modules/member/skins/default/js/member.js?20201113010719 HTTP/1.1" 200 6143 "http://www.realpano.net/gl/index.php?mid=street_vr&listStyle=list&act=dispMemberFindAccount&m=0" "Mozilla/5.0 (Linux; Android 6.0.1; Nexus 5X Build/MMB29P) AppleWebKit/537.36 (KHTML, like Gecko) Chrome/94.0.4606.61 Mobile Safari/537.36 (compatible; Googlebot/2.1; +http://www.google.com/bot.html)"
66.249.79.7 - - [04/Oct/2021:10:37:39 +0900] "www.realpano.net(US) GET /gl/modules/member/skins/default/js/member.js?20201113010719 HTTP/1.1" 200 6143 "http://www.realpano.net/gl/index.php?mid=street_vr&listStyle=list&act=dispMemberFindAccount&m=0" "Mozilla/5.0 (Linux; Android 6.0.1; Nexus 5X Build/MMB29P) AppleWebKit/537.36 (KHTML, like Gecko) Chrome/94.0.4606.61 Mobile Safari/537.36 (compatible; Googlebot/2.1; +http://www.google.com/bot.html)"
66.249.79.5 - - [04/Oct/2021:10:37:40 +0900] "www.realpano.net(US) GET /gl/modules/member/skins/default/css/member.css?20201113010718 HTTP/1.1" 200 15101 "http://www.realpano.net/gl/index.php?mid=street_vr&listStyle=list&act=dispMemberFindAccount&m=0" "Mozilla/5.0 (Linux; Android 6.0.1; Nexus 5X Build/MMB29P) AppleWebKit/537.36 (KHTML, like Gecko) Chrome/94.0.4606.61 Mobile Safari/537.36 (compatible; Googlebot/2.1; +http://www.google.com/bot.html)"
66.249.79.5 - - [04/Oct/2021:10:37:40 +0900] "www.realpano.net(US) GET /gl/modules/member/skins/default/css/member.css?20201113010718 HTTP/1.1" 200 15101 "http://www.realpano.net/gl/index.php?mid=street_vr&listStyle=list&act=dispMemberFindAccount&m=0" "Mozilla/5.0 (Linux; Android 6.0.1; Nexus 5X Build/MMB29P) AppleWebKit/537.36 (KHTML, like Gecko) Chrome/94.0.4606.61 Mobile Safari/537.36 (compatible; Googlebot/2.1; +http://www.google.com/bot.html)"
66.249.79.7 - - [04/Oct/2021:10:37:40 +0900] "www.realpano.net(US) GET /gl/files/cache/js_filter_compiled/0e7d258b23acc0418c311dfc4e4b8eca.ko.compiled.js?20210110045510 HTTP/1.1" 200 2409 "http://www.realpano.net/gl/index.php?mid=street_vr&listStyle=list&act=dispMemberFindAccount&m=0" "Mozilla/5.0 (Linux; Android 6.0.1; Nexus 5X Build/MMB29P) AppleWebKit/537.36 (KHTML, like Gecko) Chrome/94.0.4606.61 Mobile Safari/537.36 (compatible; Googlebot/2.1; +http://www.google.com/bot.html)"
66.249.79.7 - - [04/Oct/2021:10:37:40 +0900] "www.realpano.net(US) GET /gl/files/cache/js_filter_compiled/0e7d258b23acc0418c311dfc4e4b8eca.ko.compiled.js?20210110045510 HTTP/1.1" 200 2409 "http://www.realpano.net/gl/index.php?mid=street_vr&listStyle=list&act=dispMemberFindAccount&m=0" "Mozilla/5.0 (Linux; Android 6.0.1; Nexus 5X Build/MMB29P) AppleWebKit/537.36 (KHTML, like Gecko) Chrome/94.0.4606.61 Mobile Safari/537.36 (compatible; Googlebot/2.1; +http://www.google.com/bot.html)"
66.249.79.5 - - [04/Oct/2021:10:37:40 +0900] "www.realpano.net(US) GET /gl/files/cache/ruleset/cefddd8f5154eed593d4f3ce243e2b96.ko.js HTTP/1.1" 404 196 "http://www.realpano.net/gl/index.php?mid=street_vr&listStyle=list&act=dispMemberFindAccount&m=0" "Mozilla/5.0 (Linux; Android 6.0.1; Nexus 5X Build/MMB29P) AppleWebKit/537.36 (KHTML, like Gecko) Chrome/94.0.4606.61 Mobile Safari/537.36 (compatible; Googlebot/2.1; +http://www.google.com/bot.html)"
66.249.79.5 - - [04/Oct/2021:10:37:40 +0900] "www.realpano.net(US) GET /gl/files/cache/ruleset/cefddd8f5154eed593d4f3ce243e2b96.ko.js HTTP/1.1" 404 196 "http://www.realpano.net/gl/index.php?mid=street_vr&listStyle=list&act=dispMemberFindAccount&m=0" "Mozilla/5.0 (Linux; Android 6.0.1; Nexus 5X Build/MMB29P) AppleWebKit/537.36 (KHTML, like Gecko) Chrome/94.0.4606.61 Mobile Safari/537.36 (compatible; Googlebot/2.1; +http://www.google.com/bot.html)"
66.249.79.7 - - [04/Oct/2021:10:37:41 +0900] "www.realpano.net(US) GET /gl/files/cache/ruleset/d7ca7fa2724b498e0f98d81fcb6b21b0.ko.js HTTP/1.1" 404 196 "http://www.realpano.net/gl/index.php?mid=street_vr&listStyle=list&act=dispMemberFindAccount&m=0" "Mozilla/5.0 (Linux; Android 6.0.1; Nexus 5X Build/MMB29P) AppleWebKit/537.36 (KHTML, like Gecko) Chrome/94.0.4606.61 Mobile Safari/537.36 (compatible; Googlebot/2.1; +http://www.google.com/bot.html)"
66.249.79.7 - - [04/Oct/2021:10:37:41 +0900] "www.realpano.net(US) GET /gl/files/cache/ruleset/d7ca7fa2724b498e0f98d81fcb6b21b0.ko.js HTTP/1.1" 404 196 "http://www.realpano.net/gl/index.php?mid=street_vr&listStyle=list&act=dispMemberFindAccount&m=0" "Mozilla/5.0 (Linux; Android 6.0.1; Nexus 5X Build/MMB29P) AppleWebKit/537.36 (KHTML, like Gecko) Chrome/94.0.4606.61 Mobile Safari/537.36 (compatible; Googlebot/2.1; +http://www.google.com/bot.html)"
114.119.154.39 - - [04/Oct/2021:10:42:01 +0900] "realpano.net(SG) GET /gl/index.php?mid=human_vr&page=5&listStyle=list&m=0&order_type=asc&document_srl=45015&sort_index=regdate HTTP/1.1" 403 199 "-" "Mozilla/5.0 (Linux; Android 7.0;) AppleWebKit/537.36 (KHTML, like Gecko) Mobile Safari/537.36 (compatible; PetalBot;+https://webmaster.petalsearch.com/site/petalbot)"
114.119.154.39 - - [04/Oct/2021:10:42:01 +0900] "realpano.net(SG) GET /gl/index.php?mid=human_vr&page=5&listStyle=list&m=0&order_type=asc&document_srl=45015&sort_index=regdate HTTP/1.1" 403 199 "-" "Mozilla/5.0 (Linux; Android 7.0;) AppleWebKit/537.36 (KHTML, like Gecko) Mobile Safari/537.36 (compatible; PetalBot;+https://webmaster.petalsearch.com/site/petalbot)"
157.55.39.121 - - [04/Oct/2021:10:47:15 +0900] "realpano.net(US) GET /gl/ovject_vr HTTP/2.0" 404 196 "-" "Mozilla/5.0 (compatible; bingbot/2.0; +http://www.bing.com/bingbot.htm)"
157.55.39.121 - - [04/Oct/2021:10:47:15 +0900] "realpano.net(US) GET /gl/ovject_vr HTTP/2.0" 404 196 "-" "Mozilla/5.0 (compatible; bingbot/2.0; +http://www.bing.com/bingbot.htm)"
114.119.154.39 - - [04/Oct/2021:10:50:31 +0900] "realpano.net(SG) GET /gl/index.php?mid=human_vr&listStyle=list&category=3342&m=0&sort_index=title&order_type=asc&document_srl=4083 HTTP/1.1" 403 199 "-" "Mozilla/5.0 (Linux; Android 7.0;) AppleWebKit/537.36 (KHTML, like Gecko) Mobile Safari/537.36 (compatible; PetalBot;+https://webmaster.petalsearch.com/site/petalbot)"
114.119.154.39 - - [04/Oct/2021:10:50:31 +0900] "realpano.net(SG) GET /gl/index.php?mid=human_vr&listStyle=list&category=3342&m=0&sort_index=title&order_type=asc&document_srl=4083 HTTP/1.1" 403 199 "-" "Mozilla/5.0 (Linux; Android 7.0;) AppleWebKit/537.36 (KHTML, like Gecko) Mobile Safari/537.36 (compatible; PetalBot;+https://webmaster.petalsearch.com/site/petalbot)"
66.249.68.57 - - [04/Oct/2021:10:53:36 +0900] "realpano.net(US) GET /xe/index.php?mid=p_pvr&listStyle=viewer&search_target=tag&search_keyword=%EC%99%80%EB%B0%94.waba&document_srl=2156 HTTP/1.1" 404 196 "-" "Mozilla/5.0 (compatible; Googlebot/2.1; +http://www.google.com/bot.html)"
66.249.68.57 - - [04/Oct/2021:10:53:36 +0900] "realpano.net(US) GET /xe/index.php?mid=p_pvr&listStyle=viewer&search_target=tag&search_keyword=%EC%99%80%EB%B0%94.waba&document_srl=2156 HTTP/1.1" 404 196 "-" "Mozilla/5.0 (compatible; Googlebot/2.1; +http://www.google.com/bot.html)"
114.119.154.39 - - [04/Oct/2021:10:58:42 +0900] "realpano.net(SG) GET /gl/index.php?mid=human_vr&search_target=tag&search_keyword=MRI&category=3353 HTTP/1.1" 403 199 "-" "Mozilla/5.0 (Linux; Android 7.0;) AppleWebKit/537.36 (KHTML, like Gecko) Mobile Safari/537.36 (compatible; PetalBot;+https://webmaster.petalsearch.com/site/petalbot)"
114.119.154.39 - - [04/Oct/2021:10:58:42 +0900] "realpano.net(SG) GET /gl/index.php?mid=human_vr&search_target=tag&search_keyword=MRI&category=3353 HTTP/1.1" 403 199 "-" "Mozilla/5.0 (Linux; Android 7.0;) AppleWebKit/537.36 (KHTML, like Gecko) Mobile Safari/537.36 (compatible; PetalBot;+https://webmaster.petalsearch.com/site/petalbot)"
114.119.154.65 - - [04/Oct/2021:11:06:39 +0900] "realpano.net(SG) GET /gl/index.php?mid=human_vr&listStyle=list&category=3357&m=1&act=dispMemberFindAccount HTTP/1.1" 403 199 "-" "Mozilla/5.0 (Linux; Android 7.0;) AppleWebKit/537.36 (KHTML, like Gecko) Mobile Safari/537.36 (compatible; PetalBot;+https://webmaster.petalsearch.com/site/petalbot)"
114.119.154.65 - - [04/Oct/2021:11:06:39 +0900] "realpano.net(SG) GET /gl/index.php?mid=human_vr&listStyle=list&category=3357&m=1&act=dispMemberFindAccount HTTP/1.1" 403 199 "-" "Mozilla/5.0 (Linux; Android 7.0;) AppleWebKit/537.36 (KHTML, like Gecko) Mobile Safari/537.36 (compatible; PetalBot;+https://webmaster.petalsearch.com/site/petalbot)"
114.119.154.65 - - [04/Oct/2021:11:14:22 +0900] "realpano.net(SG) GET /gl/index.php?mid=human_vr&listStyle=list&m=1&sort_index=title&order_type=desc&category=3342&document_srl=45263 HTTP/1.1" 403 199 "-" "Mozilla/5.0 (Linux; Android 7.0;) AppleWebKit/537.36 (KHTML, like Gecko) Mobile Safari/537.36 (compatible; PetalBot;+https://webmaster.petalsearch.com/site/petalbot)"
114.119.154.65 - - [04/Oct/2021:11:14:22 +0900] "realpano.net(SG) GET /gl/index.php?mid=human_vr&listStyle=list&m=1&sort_index=title&order_type=desc&category=3342&document_srl=45263 HTTP/1.1" 403 199 "-" "Mozilla/5.0 (Linux; Android 7.0;) AppleWebKit/537.36 (KHTML, like Gecko) Mobile Safari/537.36 (compatible; PetalBot;+https://webmaster.petalsearch.com/site/petalbot)"
114.119.154.65 - - [04/Oct/2021:11:22:23 +0900] "realpano.net(SG) GET /gl/index.php?mid=human_vr&listStyle=viewer&page=2&document_srl=44411&m=0 HTTP/1.1" 403 199 "-" "Mozilla/5.0 (Linux; Android 7.0;) AppleWebKit/537.36 (KHTML, like Gecko) Mobile Safari/537.36 (compatible; PetalBot;+https://webmaster.petalsearch.com/site/petalbot)"
114.119.154.65 - - [04/Oct/2021:11:22:23 +0900] "realpano.net(SG) GET /gl/index.php?mid=human_vr&listStyle=viewer&page=2&document_srl=44411&m=0 HTTP/1.1" 403 199 "-" "Mozilla/5.0 (Linux; Android 7.0;) AppleWebKit/537.36 (KHTML, like Gecko) Mobile Safari/537.36 (compatible; PetalBot;+https://webmaster.petalsearch.com/site/petalbot)"
114.119.154.39 - - [04/Oct/2021:11:30:48 +0900] "realpano.net(SG) GET /gl/index.php?mid=human_vr&m=1&category=3348&listStyle=viewer&search_target=tag&search_keyword=%ED%83%80%EC%98%AC HTTP/1.1" 403 199 "-" "Mozilla/5.0 (Linux; Android 7.0;) AppleWebKit/537.36 (KHTML, like Gecko) Mobile Safari/537.36 (compatible; PetalBot;+https://webmaster.petalsearch.com/site/petalbot)"
114.119.154.39 - - [04/Oct/2021:11:30:48 +0900] "realpano.net(SG) GET /gl/index.php?mid=human_vr&m=1&category=3348&listStyle=viewer&search_target=tag&search_keyword=%ED%83%80%EC%98%AC HTTP/1.1" 403 199 "-" "Mozilla/5.0 (Linux; Android 7.0;) AppleWebKit/537.36 (KHTML, like Gecko) Mobile Safari/537.36 (compatible; PetalBot;+https://webmaster.petalsearch.com/site/petalbot)"
66.249.79.7 - - [04/Oct/2021:11:31:47 +0900] "www.realpano.net(US) GET /gl/index.php?mid=human_vr&category=3357&search_target=tag&search_keyword=%ED%83%80%EC%98%AC HTTP/1.1" 200 29871 "-" "Mozilla/5.0 (compatible; Googlebot/2.1; +http://www.google.com/bot.html)"
66.249.79.7 - - [04/Oct/2021:11:31:47 +0900] "www.realpano.net(US) GET /gl/index.php?mid=human_vr&category=3357&search_target=tag&search_keyword=%ED%83%80%EC%98%AC HTTP/1.1" 200 29871 "-" "Mozilla/5.0 (compatible; Googlebot/2.1; +http://www.google.com/bot.html)"
114.119.154.39 - - [04/Oct/2021:11:39:27 +0900] "realpano.net(SG) GET /gl/index.php?mid=human_vr&m=0&category=3345&search_target=tag&search_keyword=%EB%82%A8%EC%82%B0 HTTP/1.1" 403 199 "-" "Mozilla/5.0 (Linux; Android 7.0;) AppleWebKit/537.36 (KHTML, like Gecko) Mobile Safari/537.36 (compatible; PetalBot;+https://webmaster.petalsearch.com/site/petalbot)"
114.119.154.39 - - [04/Oct/2021:11:39:27 +0900] "realpano.net(SG) GET /gl/index.php?mid=human_vr&m=0&category=3345&search_target=tag&search_keyword=%EB%82%A8%EC%82%B0 HTTP/1.1" 403 199 "-" "Mozilla/5.0 (Linux; Android 7.0;) AppleWebKit/537.36 (KHTML, like Gecko) Mobile Safari/537.36 (compatible; PetalBot;+https://webmaster.petalsearch.com/site/petalbot)"
66.249.68.61 - - [04/Oct/2021:11:40:01 +0900] "realpano.net(US) GET /_Temp/_ng_160201/09-001.html HTTP/1.1" 404 196 "-" "Mozilla/5.0 (compatible; Googlebot/2.1; +http://www.google.com/bot.html)"
66.249.68.61 - - [04/Oct/2021:11:40:01 +0900] "realpano.net(US) GET /_Temp/_ng_160201/09-001.html HTTP/1.1" 404 196 "-" "Mozilla/5.0 (compatible; Googlebot/2.1; +http://www.google.com/bot.html)"
13.66.139.1 - - [04/Oct/2021:11:43:58 +0900] "realpano.net(US) GET /robots.txt HTTP/2.0" 404 196 "-" "Mozilla/5.0 (compatible; bingbot/2.0; +http://www.bing.com/bingbot.htm)"
13.66.139.1 - - [04/Oct/2021:11:43:58 +0900] "realpano.net(US) GET /robots.txt HTTP/2.0" 404 196 "-" "Mozilla/5.0 (compatible; bingbot/2.0; +http://www.bing.com/bingbot.htm)"
13.66.139.1 - - [04/Oct/2021:11:43:59 +0900] "realpano.net(US) GET /robots.txt HTTP/2.0" 404 196 "-" "Mozilla/5.0 (compatible; bingbot/2.0; +http://www.bing.com/bingbot.htm)"
13.66.139.1 - - [04/Oct/2021:11:43:59 +0900] "realpano.net(US) GET /robots.txt HTTP/2.0" 404 196 "-" "Mozilla/5.0 (compatible; bingbot/2.0; +http://www.bing.com/bingbot.htm)"
13.66.139.0 - - [04/Oct/2021:11:44:19 +0900] "realpano.net(US) GET /gl/index.php?mid=human_vr&search_target=tag&search_keyword=%EB%8C%80%EA%B5%AC%EC%A4%91%EA%B5%AC&category=3357&listStyle=webzine HTTP/2.0" 404 196 "-" "Mozilla/5.0 (compatible; bingbot/2.0; +http://www.bing.com/bingbot.htm)"
13.66.139.0 - - [04/Oct/2021:11:44:19 +0900] "realpano.net(US) GET /gl/index.php?mid=human_vr&search_target=tag&search_keyword=%EB%8C%80%EA%B5%AC%EC%A4%91%EA%B5%AC&category=3357&listStyle=webzine HTTP/2.0" 404 196 "-" "Mozilla/5.0 (compatible; bingbot/2.0; +http://www.bing.com/bingbot.htm)"
114.119.154.30 - - [04/Oct/2021:11:48:16 +0900] "realpano.net(SG) GET /gl/index.php?mid=human_vr&listStyle=webzine&m=0&sort_index=readed_count&order_type=desc&page=4&document_srl=44116 HTTP/1.1" 403 199 "-" "Mozilla/5.0 (Linux; Android 7.0;) AppleWebKit/537.36 (KHTML, like Gecko) Mobile Safari/537.36 (compatible; PetalBot;+https://webmaster.petalsearch.com/site/petalbot)"
114.119.154.30 - - [04/Oct/2021:11:48:16 +0900] "realpano.net(SG) GET /gl/index.php?mid=human_vr&listStyle=webzine&m=0&sort_index=readed_count&order_type=desc&page=4&document_srl=44116 HTTP/1.1" 403 199 "-" "Mozilla/5.0 (Linux; Android 7.0;) AppleWebKit/537.36 (KHTML, like Gecko) Mobile Safari/537.36 (compatible; PetalBot;+https://webmaster.petalsearch.com/site/petalbot)"
114.119.154.73 - - [04/Oct/2021:11:56:08 +0900] "realpano.net(SG) GET /robots.txt HTTP/1.1" 403 199 "-" "Mozilla/5.0 (compatible;PetalBot;+https://webmaster.petalsearch.com/site/petalbot)"
114.119.154.73 - - [04/Oct/2021:11:56:08 +0900] "realpano.net(SG) GET /robots.txt HTTP/1.1" 403 199 "-" "Mozilla/5.0 (compatible;PetalBot;+https://webmaster.petalsearch.com/site/petalbot)"
157.55.39.20 - - [04/Oct/2021:11:58:12 +0900] "www.realpano.net(US) GET / HTTP/1.1" 200 64 "-" "Mozilla/5.0 (compatible; bingbot/2.0; +http://www.bing.com/bingbot.htm)"
157.55.39.20 - - [04/Oct/2021:11:58:12 +0900] "www.realpano.net(US) GET / HTTP/1.1" 200 64 "-" "Mozilla/5.0 (compatible; bingbot/2.0; +http://www.bing.com/bingbot.htm)"
114.119.154.6 - - [04/Oct/2021:12:05:06 +0900] "realpano.net(SG) GET /gl/index.php?mid=human_vr&page=4&listStyle=webzine&m=0&sort_index=title&order_type=asc HTTP/1.1" 403 199 "-" "Mozilla/5.0 (Linux; Android 7.0;) AppleWebKit/537.36 (KHTML, like Gecko) Mobile Safari/537.36 (compatible; PetalBot;+https://webmaster.petalsearch.com/site/petalbot)"
114.119.154.6 - - [04/Oct/2021:12:05:06 +0900] "realpano.net(SG) GET /gl/index.php?mid=human_vr&page=4&listStyle=webzine&m=0&sort_index=title&order_type=asc HTTP/1.1" 403 199 "-" "Mozilla/5.0 (Linux; Android 7.0;) AppleWebKit/537.36 (KHTML, like Gecko) Mobile Safari/537.36 (compatible; PetalBot;+https://webmaster.petalsearch.com/site/petalbot)"
114.119.154.65 - - [04/Oct/2021:12:14:24 +0900] "realpano.net(SG) GET /gl/index.php?mid=human_vr&m=1&listStyle=viewer&search_target=tag&search_keyword=%EB%AC%B8%ED%99%94%EA%B3%B5%EA%B0%84&category=3348&act=dispMemberLoginForm HTTP/1.1" 403 199 "-" "Mozilla/5.0 (Linux; Android 7.0;) AppleWebKit/537.36 (KHTML, like Gecko) Mobile Safari/537.36 (compatible; PetalBot;+https://webmaster.petalsearch.com/site/petalbot)"
114.119.154.65 - - [04/Oct/2021:12:14:24 +0900] "realpano.net(SG) GET /gl/index.php?mid=human_vr&m=1&listStyle=viewer&search_target=tag&search_keyword=%EB%AC%B8%ED%99%94%EA%B3%B5%EA%B0%84&category=3348&act=dispMemberLoginForm HTTP/1.1" 403 199 "-" "Mozilla/5.0 (Linux; Android 7.0;) AppleWebKit/537.36 (KHTML, like Gecko) Mobile Safari/537.36 (compatible; PetalBot;+https://webmaster.petalsearch.com/site/petalbot)"
114.119.136.75 - - [04/Oct/2021:12:21:55 +0900] "www.realpano.net(SG) GET /robots.txt HTTP/1.1" 403 199 "-" "Mozilla/5.0 (compatible;PetalBot;+https://webmaster.petalsearch.com/site/petalbot)"
114.119.136.75 - - [04/Oct/2021:12:21:55 +0900] "www.realpano.net(SG) GET /robots.txt HTTP/1.1" 403 199 "-" "Mozilla/5.0 (compatible;PetalBot;+https://webmaster.petalsearch.com/site/petalbot)"
157.55.39.20 - - [04/Oct/2021:12:25:37 +0900] "www.realpano.net(US) GET / HTTP/1.1" 200 64 "-" "Mozilla/5.0 (compatible; bingbot/2.0; +http://www.bing.com/bingbot.htm)"
157.55.39.20 - - [04/Oct/2021:12:25:37 +0900] "www.realpano.net(US) GET / HTTP/1.1" 200 64 "-" "Mozilla/5.0 (compatible; bingbot/2.0; +http://www.bing.com/bingbot.htm)"
114.119.154.67 - - [04/Oct/2021:12:31:07 +0900] "realpano.net(SG) GET /gl/index.php?mid=human_vr&m=1&listStyle=viewer&search_target=tag&search_keyword=%EA%B3%A8%EB%AA%A9&category=3342&act=dispMemberSignUpForm HTTP/1.1" 403 199 "-" "Mozilla/5.0 (Linux; Android 7.0;) AppleWebKit/537.36 (KHTML, like Gecko) Mobile Safari/537.36 (compatible; PetalBot;+https://webmaster.petalsearch.com/site/petalbot)"
114.119.154.67 - - [04/Oct/2021:12:31:07 +0900] "realpano.net(SG) GET /gl/index.php?mid=human_vr&m=1&listStyle=viewer&search_target=tag&search_keyword=%EA%B3%A8%EB%AA%A9&category=3342&act=dispMemberSignUpForm HTTP/1.1" 403 199 "-" "Mozilla/5.0 (Linux; Android 7.0;) AppleWebKit/537.36 (KHTML, like Gecko) Mobile Safari/537.36 (compatible; PetalBot;+https://webmaster.petalsearch.com/site/petalbot)"
66.249.79.7 - - [04/Oct/2021:12:38:30 +0900] "www.realpano.net(US) GET /robots.txt HTTP/1.1" 404 196 "-" "Mozilla/5.0 (compatible; Googlebot/2.1; +http://www.google.com/bot.html)"
66.249.79.7 - - [04/Oct/2021:12:38:30 +0900] "www.realpano.net(US) GET /robots.txt HTTP/1.1" 404 196 "-" "Mozilla/5.0 (compatible; Googlebot/2.1; +http://www.google.com/bot.html)"
66.249.79.7 - - [04/Oct/2021:12:38:30 +0900] "www.realpano.net(US) GET /gl/files/thumbnails/128/044/204x102.crop.jpg?20140806222606 HTTP/1.1" 200 18472 "-" "Googlebot-Image/1.0"
66.249.79.7 - - [04/Oct/2021:12:38:30 +0900] "www.realpano.net(US) GET /gl/files/thumbnails/128/044/204x102.crop.jpg?20140806222606 HTTP/1.1" 200 18472 "-" "Googlebot-Image/1.0"
66.249.68.60 - - [04/Oct/2021:12:38:45 +0900] "realpano.net(US) GET /gl/index.php?mid=human_vr&search_target=tag&search_keyword=%EC%88%99%EB%B0%95&document_srl=3827&listStyle=viewer HTTP/1.1" 404 196 "-" "Mozilla/5.0 (Linux; Android 6.0.1; Nexus 5X Build/MMB29P) AppleWebKit/537.36 (KHTML, like Gecko) Chrome/94.0.4606.61 Mobile Safari/537.36 (compatible; Googlebot/2.1; +http://www.google.com/bot.html)"
66.249.68.60 - - [04/Oct/2021:12:38:45 +0900] "realpano.net(US) GET /gl/index.php?mid=human_vr&search_target=tag&search_keyword=%EC%88%99%EB%B0%95&document_srl=3827&listStyle=viewer HTTP/1.1" 404 196 "-" "Mozilla/5.0 (Linux; Android 6.0.1; Nexus 5X Build/MMB29P) AppleWebKit/537.36 (KHTML, like Gecko) Chrome/94.0.4606.61 Mobile Safari/537.36 (compatible; Googlebot/2.1; +http://www.google.com/bot.html)"
114.119.154.41 - - [04/Oct/2021:12:40:08 +0900] "realpano.net(SG) GET /gl/index.php?mid=human_vr&page=5&listStyle=list&search_target=tag&search_keyword=%ED%95%AD%EA%B3%B5&act=dispMemberLoginForm HTTP/1.1" 403 199 "-" "Mozilla/5.0 (Linux; Android 7.0;) AppleWebKit/537.36 (KHTML, like Gecko) Mobile Safari/537.36 (compatible; PetalBot;+https://webmaster.petalsearch.com/site/petalbot)"
114.119.154.41 - - [04/Oct/2021:12:40:08 +0900] "realpano.net(SG) GET /gl/index.php?mid=human_vr&page=5&listStyle=list&search_target=tag&search_keyword=%ED%95%AD%EA%B3%B5&act=dispMemberLoginForm HTTP/1.1" 403 199 "-" "Mozilla/5.0 (Linux; Android 7.0;) AppleWebKit/537.36 (KHTML, like Gecko) Mobile Safari/537.36 (compatible; PetalBot;+https://webmaster.petalsearch.com/site/petalbot)"
3.14.246.124 - - [04/Oct/2021:12:41:10 +0900] "www.realpano.net(US) GET / HTTP/1.1" 200 64 "-" "Mozilla/5.0 (Macintosh; Intel Mac OS X 10_15_7) AppleWebKit/537.36 (KHTML, like Gecko) Chrome/91.0.4472.114 Safari/537.36"
3.14.246.124 - - [04/Oct/2021:12:41:10 +0900] "www.realpano.net(US) GET / HTTP/1.1" 200 64 "-" "Mozilla/5.0 (Macintosh; Intel Mac OS X 10_15_7) AppleWebKit/537.36 (KHTML, like Gecko) Chrome/91.0.4472.114 Safari/537.36"
3.14.246.124 - - [04/Oct/2021:12:41:10 +0900] "realpano.net(US) GET / HTTP/1.1" 200 64 "-" "Mozilla/5.0 (Macintosh; Intel Mac OS X 10_15_7) AppleWebKit/537.36 (KHTML, like Gecko) Chrome/91.0.4472.114 Safari/537.36"
3.14.246.124 - - [04/Oct/2021:12:41:10 +0900] "realpano.net(US) GET / HTTP/1.1" 200 64 "-" "Mozilla/5.0 (Macintosh; Intel Mac OS X 10_15_7) AppleWebKit/537.36 (KHTML, like Gecko) Chrome/91.0.4472.114 Safari/537.36"
3.14.246.124 - - [04/Oct/2021:12:41:11 +0900] "www.realpano.net(US) GET / HTTP/1.1" 200 64 "-" "Mozilla/5.0 (Macintosh; Intel Mac OS X 10_15_7) AppleWebKit/537.36 (KHTML, like Gecko) Chrome/91.0.4472.114 Safari/537.36"
3.14.246.124 - - [04/Oct/2021:12:41:11 +0900] "www.realpano.net(US) GET / HTTP/1.1" 200 64 "-" "Mozilla/5.0 (Macintosh; Intel Mac OS X 10_15_7) AppleWebKit/537.36 (KHTML, like Gecko) Chrome/91.0.4472.114 Safari/537.36"
3.14.246.124 - - [04/Oct/2021:12:41:12 +0900] "realpano.net(US) GET /gl/ HTTP/1.1" 404 2293 "http://www.realpano.net/" "Mozilla/5.0 (Macintosh; Intel Mac OS X 10_15_7) AppleWebKit/537.36 (KHTML, like Gecko) Chrome/91.0.4472.114 Safari/537.36"
3.14.246.124 - - [04/Oct/2021:12:41:12 +0900] "realpano.net(US) GET /gl/ HTTP/1.1" 404 2293 "http://www.realpano.net/" "Mozilla/5.0 (Macintosh; Intel Mac OS X 10_15_7) AppleWebKit/537.36 (KHTML, like Gecko) Chrome/91.0.4472.114 Safari/537.36"
3.14.246.124 - - [04/Oct/2021:12:41:13 +0900] "realpano.net(US) GET /gl/files/cache/assets/compiled/12f4c8563084710f3108d5393149ba67bcaa5d9b.rhymix.less.min.css HTTP/1.1" 404 196 "http://realpano.net/gl/" "Mozilla/5.0 (Macintosh; Intel Mac OS X 10_15_7) AppleWebKit/537.36 (KHTML, like Gecko) Chrome/91.0.4472.114 Safari/537.36"
3.14.246.124 - - [04/Oct/2021:12:41:13 +0900] "realpano.net(US) GET /gl/files/cache/assets/compiled/12f4c8563084710f3108d5393149ba67bcaa5d9b.rhymix.less.min.css HTTP/1.1" 404 196 "http://realpano.net/gl/" "Mozilla/5.0 (Macintosh; Intel Mac OS X 10_15_7) AppleWebKit/537.36 (KHTML, like Gecko) Chrome/91.0.4472.114 Safari/537.36"
3.14.246.124 - - [04/Oct/2021:12:41:13 +0900] "realpano.net(US) GET /gl/addons/captcha/captcha.min.js?20200731203419 HTTP/1.1" 200 6962 "http://realpano.net/gl/" "Mozilla/5.0 (Macintosh; Intel Mac OS X 10_15_7) AppleWebKit/537.36 (KHTML, like Gecko) Chrome/91.0.4472.114 Safari/537.36"
3.14.246.124 - - [04/Oct/2021:12:41:13 +0900] "realpano.net(US) GET /gl/addons/captcha/captcha.min.js?20200731203419 HTTP/1.1" 200 6962 "http://realpano.net/gl/" "Mozilla/5.0 (Macintosh; Intel Mac OS X 10_15_7) AppleWebKit/537.36 (KHTML, like Gecko) Chrome/91.0.4472.114 Safari/537.36"
3.14.246.124 - - [04/Oct/2021:12:41:13 +0900] "realpano.net(US) GET /gl/common/js/jquery-2.2.4.min.js?20201113010511 HTTP/1.1" 200 85578 "http://realpano.net/gl/" "Mozilla/5.0 (Macintosh; Intel Mac OS X 10_15_7) AppleWebKit/537.36 (KHTML, like Gecko) Chrome/91.0.4472.114 Safari/537.36"
3.14.246.124 - - [04/Oct/2021:12:41:13 +0900] "realpano.net(US) GET /gl/common/js/jquery-2.2.4.min.js?20201113010511 HTTP/1.1" 200 85578 "http://realpano.net/gl/" "Mozilla/5.0 (Macintosh; Intel Mac OS X 10_15_7) AppleWebKit/537.36 (KHTML, like Gecko) Chrome/91.0.4472.114 Safari/537.36"
3.14.246.124 - - [04/Oct/2021:12:41:13 +0900] "realpano.net(US) GET /gl/files/cache/assets/minified/rhymix.min.js?20201120233626 HTTP/1.1" 200 120587 "http://realpano.net/gl/" "Mozilla/5.0 (Macintosh; Intel Mac OS X 10_15_7) AppleWebKit/537.36 (KHTML, like Gecko) Chrome/91.0.4472.114 Safari/537.36"
3.14.246.124 - - [04/Oct/2021:12:41:13 +0900] "realpano.net(US) GET /gl/files/cache/assets/minified/rhymix.min.js?20201120233626 HTTP/1.1" 200 120587 "http://realpano.net/gl/" "Mozilla/5.0 (Macintosh; Intel Mac OS X 10_15_7) AppleWebKit/537.36 (KHTML, like Gecko) Chrome/91.0.4472.114 Safari/537.36"
3.14.246.124 - - [04/Oct/2021:12:41:14 +0900] "realpano.net(US) GET /gl/files/attach/xeicon/favicon.ico?20131202140719 HTTP/1.1" 200 32988 "http://realpano.net/gl/" "Mozilla/5.0 (Macintosh; Intel Mac OS X 10_15_7) AppleWebKit/537.36 (KHTML, like Gecko) Chrome/91.0.4472.114 Safari/537.36"
3.14.246.124 - - [04/Oct/2021:12:41:14 +0900] "realpano.net(US) GET /gl/files/attach/xeicon/favicon.ico?20131202140719 HTTP/1.1" 200 32988 "http://realpano.net/gl/" "Mozilla/5.0 (Macintosh; Intel Mac OS X 10_15_7) AppleWebKit/537.36 (KHTML, like Gecko) Chrome/91.0.4472.114 Safari/537.36"
157.55.39.161 - - [04/Oct/2021:12:42:50 +0900] "realpano.net(US) GET /gl/human_vr/45117 HTTP/2.0" 404 196 "-" "Mozilla/5.0 (compatible; bingbot/2.0; +http://www.bing.com/bingbot.htm)"
157.55.39.161 - - [04/Oct/2021:12:42:50 +0900] "realpano.net(US) GET /gl/human_vr/45117 HTTP/2.0" 404 196 "-" "Mozilla/5.0 (compatible; bingbot/2.0; +http://www.bing.com/bingbot.htm)"
114.119.154.6 - - [04/Oct/2021:12:49:03 +0900] "realpano.net(SG) GET /gl/index.php?mid=human_vr&listStyle=viewer&document_srl=4086&m=1 HTTP/1.1" 403 199 "-" "Mozilla/5.0 (Linux; Android 7.0;) AppleWebKit/537.36 (KHTML, like Gecko) Mobile Safari/537.36 (compatible; PetalBot;+https://webmaster.petalsearch.com/site/petalbot)"
114.119.154.6 - - [04/Oct/2021:12:49:03 +0900] "realpano.net(SG) GET /gl/index.php?mid=human_vr&listStyle=viewer&document_srl=4086&m=1 HTTP/1.1" 403 199 "-" "Mozilla/5.0 (Linux; Android 7.0;) AppleWebKit/537.36 (KHTML, like Gecko) Mobile Safari/537.36 (compatible; PetalBot;+https://webmaster.petalsearch.com/site/petalbot)"
157.55.39.20 - - [04/Oct/2021:12:49:07 +0900] "realpano.net(US) GET / HTTP/1.1" 200 64 "-" "Mozilla/5.0 (compatible; bingbot/2.0; +http://www.bing.com/bingbot.htm)"
157.55.39.20 - - [04/Oct/2021:12:49:07 +0900] "realpano.net(US) GET / HTTP/1.1" 200 64 "-" "Mozilla/5.0 (compatible; bingbot/2.0; +http://www.bing.com/bingbot.htm)"
207.46.13.95 - - [04/Oct/2021:12:53:16 +0900] "realpano.net(US) GET /gl/air_vr/45161 HTTP/2.0" 404 196 "-" "Mozilla/5.0 (compatible; bingbot/2.0; +http://www.bing.com/bingbot.htm)"
207.46.13.95 - - [04/Oct/2021:12:53:16 +0900] "realpano.net(US) GET /gl/air_vr/45161 HTTP/2.0" 404 196 "-" "Mozilla/5.0 (compatible; bingbot/2.0; +http://www.bing.com/bingbot.htm)"
114.119.154.6 - - [04/Oct/2021:12:57:58 +0900] "realpano.net(SG) GET /gl/index.php?mid=human_vr&m=1&category=3349&listStyle=viewer&search_target=tag&search_keyword=%EA%B3%A8%EB%AA%A9%ED%88%AC%EC%96%B4 HTTP/1.1" 403 199 "-" "Mozilla/5.0 (Linux; Android 7.0;) AppleWebKit/537.36 (KHTML, like Gecko) Mobile Safari/537.36 (compatible; PetalBot;+https://webmaster.petalsearch.com/site/petalbot)"
114.119.154.6 - - [04/Oct/2021:12:57:58 +0900] "realpano.net(SG) GET /gl/index.php?mid=human_vr&m=1&category=3349&listStyle=viewer&search_target=tag&search_keyword=%EA%B3%A8%EB%AA%A9%ED%88%AC%EC%96%B4 HTTP/1.1" 403 199 "-" "Mozilla/5.0 (Linux; Android 7.0;) AppleWebKit/537.36 (KHTML, like Gecko) Mobile Safari/537.36 (compatible; PetalBot;+https://webmaster.petalsearch.com/site/petalbot)"
207.46.13.95 - - [04/Oct/2021:12:58:47 +0900] "realpano.net(US) GET /rpv2/120501topm/ HTTP/1.1" 404 196 "-" "Mozilla/5.0 (compatible; bingbot/2.0; +http://www.bing.com/bingbot.htm)"
207.46.13.95 - - [04/Oct/2021:12:58:47 +0900] "realpano.net(US) GET /rpv2/120501topm/ HTTP/1.1" 404 196 "-" "Mozilla/5.0 (compatible; bingbot/2.0; +http://www.bing.com/bingbot.htm)"
210.220.95.3 - - [04/Oct/2021:13:02:18 +0900] "www.realpano.net(KR) GET / HTTP/1.1" 200 64 "-" "Mozilla/5.0 (Macintosh; Intel Mac OS X 10_11_1) AppleWebKit/537.36 (KHTML, like Gecko) Chrome/46.0.2490.86 Safari/537.36"
210.220.95.3 - - [04/Oct/2021:13:02:18 +0900] "www.realpano.net(KR) GET / HTTP/1.1" 200 64 "-" "Mozilla/5.0 (Macintosh; Intel Mac OS X 10_11_1) AppleWebKit/537.36 (KHTML, like Gecko) Chrome/46.0.2490.86 Safari/537.36"
210.220.95.2 - - [04/Oct/2021:13:02:23 +0900] "www.realpano.net(KR) GET / HTTP/1.1" 200 64 "-" "Mozilla/5.0 (Linux; Android 6.0; Nexus 5 Build/MRA58N) AppleWebKit/537.36 (KHTML, like Gecko) Chrome/46.0.2490.76 Mobile Safari/537.36"
210.220.95.2 - - [04/Oct/2021:13:02:23 +0900] "www.realpano.net(KR) GET / HTTP/1.1" 200 64 "-" "Mozilla/5.0 (Linux; Android 6.0; Nexus 5 Build/MRA58N) AppleWebKit/537.36 (KHTML, like Gecko) Chrome/46.0.2490.76 Mobile Safari/537.36"
157.55.39.121 - - [04/Oct/2021:13:03:07 +0900] "realpano.net(US) GET /gl/air_vr/45104 HTTP/2.0" 404 196 "-" "Mozilla/5.0 (compatible; bingbot/2.0; +http://www.bing.com/bingbot.htm)"
157.55.39.121 - - [04/Oct/2021:13:03:07 +0900] "realpano.net(US) GET /gl/air_vr/45104 HTTP/2.0" 404 196 "-" "Mozilla/5.0 (compatible; bingbot/2.0; +http://www.bing.com/bingbot.htm)"
66.249.68.59 - - [04/Oct/2021:13:04:05 +0900] "realpano.net(US) GET /xe/1043 HTTP/1.1" 404 196 "-" "Mozilla/5.0 (Linux; Android 6.0.1; Nexus 5X Build/MMB29P) AppleWebKit/537.36 (KHTML, like Gecko) Chrome/94.0.4606.61 Mobile Safari/537.36 (compatible; Googlebot/2.1; +http://www.google.com/bot.html)"
66.249.68.59 - - [04/Oct/2021:13:04:05 +0900] "realpano.net(US) GET /xe/1043 HTTP/1.1" 404 196 "-" "Mozilla/5.0 (Linux; Android 6.0.1; Nexus 5X Build/MMB29P) AppleWebKit/537.36 (KHTML, like Gecko) Chrome/94.0.4606.61 Mobile Safari/537.36 (compatible; Googlebot/2.1; +http://www.google.com/bot.html)"
103.197.49.54 - - [04/Oct/2021:13:04:46 +0900] "www.realpano.net(BD) GET /gl/index.php HTTP/1.1" 404 2293 "http://www.realpano.net/" "Mozilla/5.0 (Windows NT 6.2; WOW64) AppleWebKit/537.36 (KHTML, like Gecko) Chrome/58.0.3029.110 Safari/537.36 SE 2.X MetaSr 1.0"
103.197.49.54 - - [04/Oct/2021:13:04:46 +0900] "www.realpano.net(BD) GET /gl/index.php HTTP/1.1" 404 2293 "http://www.realpano.net/" "Mozilla/5.0 (Windows NT 6.2; WOW64) AppleWebKit/537.36 (KHTML, like Gecko) Chrome/58.0.3029.110 Safari/537.36 SE 2.X MetaSr 1.0"
177.72.6.18 - - [04/Oct/2021:13:05:19 +0900] "www.realpano.net(BR) GET / HTTP/1.1" 200 64 "http://www.realpano.net" "Mozilla/5.0 (Windows NT 6.2; WOW64) AppleWebKit/537.36 (KHTML, like Gecko) Chrome/58.0.3029.110 Safari/537.36 SE 2.X MetaSr 1.0"
177.72.6.18 - - [04/Oct/2021:13:05:19 +0900] "www.realpano.net(BR) GET / HTTP/1.1" 200 64 "http://www.realpano.net" "Mozilla/5.0 (Windows NT 6.2; WOW64) AppleWebKit/537.36 (KHTML, like Gecko) Chrome/58.0.3029.110 Safari/537.36 SE 2.X MetaSr 1.0"
66.249.68.60 - - [04/Oct/2021:13:06:32 +0900] "realpano.net(US) GET /gl/pvr1 HTTP/1.1" 404 196 "-" "Mozilla/5.0 (Linux; Android 6.0.1; Nexus 5X Build/MMB29P) AppleWebKit/537.36 (KHTML, like Gecko) Chrome/94.0.4606.61 Mobile Safari/537.36 (compatible; Googlebot/2.1; +http://www.google.com/bot.html)"
66.249.68.60 - - [04/Oct/2021:13:06:32 +0900] "realpano.net(US) GET /gl/pvr1 HTTP/1.1" 404 196 "-" "Mozilla/5.0 (Linux; Android 6.0.1; Nexus 5X Build/MMB29P) AppleWebKit/537.36 (KHTML, like Gecko) Chrome/94.0.4606.61 Mobile Safari/537.36 (compatible; Googlebot/2.1; +http://www.google.com/bot.html)"
114.119.154.30 - - [04/Oct/2021:13:06:48 +0900] "realpano.net(SG) GET /gl/index.php?mid=human_vr&m=0&page=1&listStyle=list&document_srl=45239 HTTP/1.1" 403 199 "-" "Mozilla/5.0 (Linux; Android 7.0;) AppleWebKit/537.36 (KHTML, like Gecko) Mobile Safari/537.36 (compatible; PetalBot;+https://webmaster.petalsearch.com/site/petalbot)"
114.119.154.30 - - [04/Oct/2021:13:06:48 +0900] "realpano.net(SG) GET /gl/index.php?mid=human_vr&m=0&page=1&listStyle=list&document_srl=45239 HTTP/1.1" 403 199 "-" "Mozilla/5.0 (Linux; Android 7.0;) AppleWebKit/537.36 (KHTML, like Gecko) Mobile Safari/537.36 (compatible; PetalBot;+https://webmaster.petalsearch.com/site/petalbot)"
114.119.154.41 - - [04/Oct/2021:13:15:21 +0900] "realpano.net(SG) GET /gl/index.php?mid=human_vr&m=0&listStyle=list&search_target=tag&search_keyword=%ED%95%9C%EC%95%BD&sort_index=regdate&order_type=desc&category=3352 HTTP/1.1" 403 199 "-" "Mozilla/5.0 (Linux; Android 7.0;) AppleWebKit/537.36 (KHTML, like Gecko) Mobile Safari/537.36 (compatible; PetalBot;+https://webmaster.petalsearch.com/site/petalbot)"
114.119.154.41 - - [04/Oct/2021:13:15:21 +0900] "realpano.net(SG) GET /gl/index.php?mid=human_vr&m=0&listStyle=list&search_target=tag&search_keyword=%ED%95%9C%EC%95%BD&sort_index=regdate&order_type=desc&category=3352 HTTP/1.1" 403 199 "-" "Mozilla/5.0 (Linux; Android 7.0;) AppleWebKit/537.36 (KHTML, like Gecko) Mobile Safari/537.36 (compatible; PetalBot;+https://webmaster.petalsearch.com/site/petalbot)"
114.119.154.6 - - [04/Oct/2021:13:24:16 +0900] "realpano.net(SG) GET /gl/index.php?mid=human_vr&m=1&search_target=tag&search_keyword=%EC%B1%94%EB%8B%88%EC%8A%A4&category=3352&division=-45271&last_division=0 HTTP/1.1" 403 199 "-" "Mozilla/5.0 (Linux; Android 7.0;) AppleWebKit/537.36 (KHTML, like Gecko) Mobile Safari/537.36 (compatible; PetalBot;+https://webmaster.petalsearch.com/site/petalbot)"
114.119.154.6 - - [04/Oct/2021:13:24:16 +0900] "realpano.net(SG) GET /gl/index.php?mid=human_vr&m=1&search_target=tag&search_keyword=%EC%B1%94%EB%8B%88%EC%8A%A4&category=3352&division=-45271&last_division=0 HTTP/1.1" 403 199 "-" "Mozilla/5.0 (Linux; Android 7.0;) AppleWebKit/537.36 (KHTML, like Gecko) Mobile Safari/537.36 (compatible; PetalBot;+https://webmaster.petalsearch.com/site/petalbot)"
170.0.168.50 - - [04/Oct/2021:13:29:33 +0900] "www.realpano.net(BR) GET /gl/index.php HTTP/1.1" 404 2293 "http://www.realpano.net/" "Mozilla/5.0 (Windows NT 6.2; WOW64) AppleWebKit/537.36 (KHTML, like Gecko) Chrome/58.0.3029.110 Safari/537.36 SE 2.X MetaSr 1.0"
170.0.168.50 - - [04/Oct/2021:13:29:33 +0900] "www.realpano.net(BR) GET /gl/index.php HTTP/1.1" 404 2293 "http://www.realpano.net/" "Mozilla/5.0 (Windows NT 6.2; WOW64) AppleWebKit/537.36 (KHTML, like Gecko) Chrome/58.0.3029.110 Safari/537.36 SE 2.X MetaSr 1.0"
170.0.168.50 - - [04/Oct/2021:13:29:35 +0900] "www.realpano.net(BR) GET / HTTP/1.1" 200 64 "http://www.realpano.net" "Mozilla/5.0 (Windows NT 6.2; WOW64) AppleWebKit/537.36 (KHTML, like Gecko) Chrome/58.0.3029.110 Safari/537.36 SE 2.X MetaSr 1.0"
170.0.168.50 - - [04/Oct/2021:13:29:35 +0900] "www.realpano.net(BR) GET / HTTP/1.1" 200 64 "http://www.realpano.net" "Mozilla/5.0 (Windows NT 6.2; WOW64) AppleWebKit/537.36 (KHTML, like Gecko) Chrome/58.0.3029.110 Safari/537.36 SE 2.X MetaSr 1.0"
207.46.13.85 - - [04/Oct/2021:13:30:58 +0900] "realpano.net(US) GET /gl/45142 HTTP/2.0" 404 196 "-" "Mozilla/5.0 (compatible; bingbot/2.0; +http://www.bing.com/bingbot.htm)"
207.46.13.85 - - [04/Oct/2021:13:30:58 +0900] "realpano.net(US) GET /gl/45142 HTTP/2.0" 404 196 "-" "Mozilla/5.0 (compatible; bingbot/2.0; +http://www.bing.com/bingbot.htm)"
114.119.154.6 - - [04/Oct/2021:13:33:09 +0900] "realpano.net(SG) GET /gl/index.php?mid=human_vr&page=1&listStyle=viewer&document_srl=3866&m=0 HTTP/1.1" 403 199 "-" "Mozilla/5.0 (Linux; Android 7.0;) AppleWebKit/537.36 (KHTML, like Gecko) Mobile Safari/537.36 (compatible; PetalBot;+https://webmaster.petalsearch.com/site/petalbot)"
114.119.154.6 - - [04/Oct/2021:13:33:09 +0900] "realpano.net(SG) GET /gl/index.php?mid=human_vr&page=1&listStyle=viewer&document_srl=3866&m=0 HTTP/1.1" 403 199 "-" "Mozilla/5.0 (Linux; Android 7.0;) AppleWebKit/537.36 (KHTML, like Gecko) Mobile Safari/537.36 (compatible; PetalBot;+https://webmaster.petalsearch.com/site/petalbot)"
66.249.79.1 - - [04/Oct/2021:13:34:59 +0900] "www.realpano.net(US) GET /xe/16207 HTTP/1.1" 404 196 "-" "Mozilla/5.0 (compatible; Googlebot/2.1; +http://www.google.com/bot.html)"
66.249.79.1 - - [04/Oct/2021:13:34:59 +0900] "www.realpano.net(US) GET /xe/16207 HTTP/1.1" 404 196 "-" "Mozilla/5.0 (compatible; Googlebot/2.1; +http://www.google.com/bot.html)"
114.119.154.6 - - [04/Oct/2021:13:43:05 +0900] "realpano.net(SG) GET /gl/index.php?mid=human_vr&m=1&category=3351&listStyle=list&order_type=desc&search_target=tag&search_keyword=%EB%82%A8%EC%82%B0 HTTP/1.1" 403 199 "-" "Mozilla/5.0 (Linux; Android 7.0;) AppleWebKit/537.36 (KHTML, like Gecko) Mobile Safari/537.36 (compatible; PetalBot;+https://webmaster.petalsearch.com/site/petalbot)"
114.119.154.6 - - [04/Oct/2021:13:43:05 +0900] "realpano.net(SG) GET /gl/index.php?mid=human_vr&m=1&category=3351&listStyle=list&order_type=desc&search_target=tag&search_keyword=%EB%82%A8%EC%82%B0 HTTP/1.1" 403 199 "-" "Mozilla/5.0 (Linux; Android 7.0;) AppleWebKit/537.36 (KHTML, like Gecko) Mobile Safari/537.36 (compatible; PetalBot;+https://webmaster.petalsearch.com/site/petalbot)"
34.215.173.34 - - [04/Oct/2021:13:43:49 +0900] "realpano.net(US) GET / HTTP/1.1" 200 687 "-" "Mozilla/5.0 (X11; Linux x86_64) AppleWebKit/537.36 (KHTML, like Gecko) Chrome/83.0.4103.97 Safari/537.36"
34.215.173.34 - - [04/Oct/2021:13:43:49 +0900] "realpano.net(US) GET / HTTP/1.1" 200 687 "-" "Mozilla/5.0 (X11; Linux x86_64) AppleWebKit/537.36 (KHTML, like Gecko) Chrome/83.0.4103.97 Safari/537.36"
34.221.87.209 - - [04/Oct/2021:13:43:59 +0900] "realpano.net(US) GET /favicon.ico HTTP/1.1" 404 196 "-" "Mozilla/5.0 (X11; Linux x86_64) AppleWebKit/537.36 (KHTML, like Gecko) Chrome/83.0.4103.97 Safari/537.36"
34.221.87.209 - - [04/Oct/2021:13:43:59 +0900] "realpano.net(US) GET /favicon.ico HTTP/1.1" 404 196 "-" "Mozilla/5.0 (X11; Linux x86_64) AppleWebKit/537.36 (KHTML, like Gecko) Chrome/83.0.4103.97 Safari/537.36"
34.221.87.209 - - [04/Oct/2021:13:44:00 +0900] "realpano.net(US) GET / HTTP/1.1" 200 687 "-" "Mozilla/5.0 (X11; Linux x86_64) AppleWebKit/537.36 (KHTML, like Gecko) Chrome/83.0.4103.97 Safari/537.36"
34.221.87.209 - - [04/Oct/2021:13:44:00 +0900] "realpano.net(US) GET / HTTP/1.1" 200 687 "-" "Mozilla/5.0 (X11; Linux x86_64) AppleWebKit/537.36 (KHTML, like Gecko) Chrome/83.0.4103.97 Safari/537.36"
17.121.114.79 - - [04/Oct/2021:13:45:24 +0900] "realpano.net(US) GET /robots.txt HTTP/1.1" 404 196 "-" "Mozilla/5.0 (Macintosh; Intel Mac OS X 10_15_5) AppleWebKit/605.1.15 (KHTML, like Gecko) Version/13.1.1 Safari/605.1.15 (Applebot/0.1; +http://www.apple.com/go/applebot)"
17.121.114.79 - - [04/Oct/2021:13:45:24 +0900] "realpano.net(US) GET /robots.txt HTTP/1.1" 404 196 "-" "Mozilla/5.0 (Macintosh; Intel Mac OS X 10_15_5) AppleWebKit/605.1.15 (KHTML, like Gecko) Version/13.1.1 Safari/605.1.15 (Applebot/0.1; +http://www.apple.com/go/applebot)"
17.121.114.79 - - [04/Oct/2021:13:45:24 +0900] "realpano.net(US) GET /_allthat_VR/tour/150701sro/tour.html HTTP/1.1" 200 1284 "-" "Mozilla/5.0 (Macintosh; Intel Mac OS X 10_15_5) AppleWebKit/605.1.15 (KHTML, like Gecko) Version/13.1.1 Safari/605.1.15 (Applebot/0.1; +http://www.apple.com/go/applebot)"
17.121.114.79 - - [04/Oct/2021:13:45:24 +0900] "realpano.net(US) GET /_allthat_VR/tour/150701sro/tour.html HTTP/1.1" 200 1284 "-" "Mozilla/5.0 (Macintosh; Intel Mac OS X 10_15_5) AppleWebKit/605.1.15 (KHTML, like Gecko) Version/13.1.1 Safari/605.1.15 (Applebot/0.1; +http://www.apple.com/go/applebot)"
35.164.101.139 - - [04/Oct/2021:13:53:21 +0900] "realpano.net(US) GET / HTTP/1.1" 200 64 "-" "Mozilla/5.0 (X11; Linux x86_64) AppleWebKit/537.36 (KHTML, like Gecko) Chrome/83.0.4103.97 Safari/537.36"
35.164.101.139 - - [04/Oct/2021:13:53:21 +0900] "realpano.net(US) GET / HTTP/1.1" 200 64 "-" "Mozilla/5.0 (X11; Linux x86_64) AppleWebKit/537.36 (KHTML, like Gecko) Chrome/83.0.4103.97 Safari/537.36"
35.163.25.64 - - [04/Oct/2021:13:53:35 +0900] "realpano.net(US) GET /favicon.ico HTTP/1.1" 404 196 "-" "Mozilla/5.0 (X11; Linux x86_64) AppleWebKit/537.36 (KHTML, like Gecko) Chrome/83.0.4103.97 Safari/537.36"
35.163.25.64 - - [04/Oct/2021:13:53:35 +0900] "realpano.net(US) GET /favicon.ico HTTP/1.1" 404 196 "-" "Mozilla/5.0 (X11; Linux x86_64) AppleWebKit/537.36 (KHTML, like Gecko) Chrome/83.0.4103.97 Safari/537.36"
35.163.25.64 - - [04/Oct/2021:13:53:37 +0900] "realpano.net(US) GET / HTTP/1.1" 200 64 "-" "Mozilla/5.0 (X11; Linux x86_64) AppleWebKit/537.36 (KHTML, like Gecko) Chrome/83.0.4103.97 Safari/537.36"
35.163.25.64 - - [04/Oct/2021:13:53:37 +0900] "realpano.net(US) GET / HTTP/1.1" 200 64 "-" "Mozilla/5.0 (X11; Linux x86_64) AppleWebKit/537.36 (KHTML, like Gecko) Chrome/83.0.4103.97 Safari/537.36"
114.119.154.67 - - [04/Oct/2021:13:54:14 +0900] "realpano.net(SG) GET /gl/index.php?mid=human_vr&listStyle=webzine&m=1&category=3351&act=dispMemberFindAccount HTTP/1.1" 403 199 "-" "Mozilla/5.0 (Linux; Android 7.0;) AppleWebKit/537.36 (KHTML, like Gecko) Mobile Safari/537.36 (compatible; PetalBot;+https://webmaster.petalsearch.com/site/petalbot)"
114.119.154.67 - - [04/Oct/2021:13:54:14 +0900] "realpano.net(SG) GET /gl/index.php?mid=human_vr&listStyle=webzine&m=1&category=3351&act=dispMemberFindAccount HTTP/1.1" 403 199 "-" "Mozilla/5.0 (Linux; Android 7.0;) AppleWebKit/537.36 (KHTML, like Gecko) Mobile Safari/537.36 (compatible; PetalBot;+https://webmaster.petalsearch.com/site/petalbot)"
45.131.100.84 - - [04/Oct/2021:13:57:19 +0900] "www.realpano.net(DE) GET / HTTP/1.1" 200 64 "-" "Go-http-client/1.1"
45.131.100.84 - - [04/Oct/2021:13:57:19 +0900] "www.realpano.net(DE) GET / HTTP/1.1" 200 64 "-" "Go-http-client/1.1"
89.104.110.202 - - [04/Oct/2021:13:57:19 +0900] "www.realpano.net(RU) GET /favicon.ico HTTP/1.1" 404 196 "-" "Go-http-client/1.1"
89.104.110.202 - - [04/Oct/2021:13:57:19 +0900] "www.realpano.net(RU) GET /favicon.ico HTTP/1.1" 404 196 "-" "Go-http-client/1.1"
176.113.42.37 - - [04/Oct/2021:13:57:20 +0900] "www.realpano.net(RU) GET /favicon.ico HTTP/1.1" 404 196 "-" "Go-http-client/1.1"
176.113.42.37 - - [04/Oct/2021:13:57:20 +0900] "www.realpano.net(RU) GET /favicon.ico HTTP/1.1" 404 196 "-" "Go-http-client/1.1"
181.214.33.155 - - [04/Oct/2021:13:57:20 +0900] "www.realpano.net(DE) GET / HTTP/1.1" 200 687 "-" "Go-http-client/1.1"
181.214.33.155 - - [04/Oct/2021:13:57:20 +0900] "www.realpano.net(DE) GET / HTTP/1.1" 200 687 "-" "Go-http-client/1.1"
185.254.107.143 - - [04/Oct/2021:13:57:21 +0900] "www.realpano.net(UA) GET /favicon.ico HTTP/1.1" 404 196 "-" "Go-http-client/1.1"
185.254.107.143 - - [04/Oct/2021:13:57:21 +0900] "www.realpano.net(UA) GET /favicon.ico HTTP/1.1" 404 196 "-" "Go-http-client/1.1"
89.104.110.164 - - [04/Oct/2021:13:57:23 +0900] "www.realpano.net(RU) GET /favicon.ico HTTP/1.1" 404 196 "-" "Go-http-client/1.1"
89.104.110.164 - - [04/Oct/2021:13:57:23 +0900] "www.realpano.net(RU) GET /favicon.ico HTTP/1.1" 404 196 "-" "Go-http-client/1.1"
17.121.113.81 - - [04/Oct/2021:14:04:38 +0900] "realpano.net(US) GET /_allthat_VR/tour/150701sro/tour.js HTTP/1.1" 200 144719 "http://realpano.net/_allthat_VR/tour/150701sro/tour.html" "Mozilla/5.0 (Macintosh; Intel Mac OS X 10_15_5) AppleWebKit/605.1.15 (KHTML, like Gecko) Version/13.1.1 Safari/605.1.15 (Applebot/0.1; +http://www.apple.com/go/applebot)"
17.121.113.81 - - [04/Oct/2021:14:04:38 +0900] "realpano.net(US) GET /_allthat_VR/tour/150701sro/tour.js HTTP/1.1" 200 144719 "http://realpano.net/_allthat_VR/tour/150701sro/tour.html" "Mozilla/5.0 (Macintosh; Intel Mac OS X 10_15_5) AppleWebKit/605.1.15 (KHTML, like Gecko) Version/13.1.1 Safari/605.1.15 (Applebot/0.1; +http://www.apple.com/go/applebot)"
17.121.113.81 - - [04/Oct/2021:14:04:39 +0900] "realpano.net(US) GET /_allthat_VR/tour/150701sro/tour.xml HTTP/1.1" 200 6543 "http://realpano.net/_allthat_VR/tour/150701sro/tour.html" "Mozilla/5.0 (Macintosh; Intel Mac OS X 10_15_5) AppleWebKit/605.1.15 (KHTML, like Gecko) Version/13.1.1 Safari/605.1.15 (Applebot/0.1; +http://www.apple.com/go/applebot)"
17.121.113.81 - - [04/Oct/2021:14:04:39 +0900] "realpano.net(US) GET /_allthat_VR/tour/150701sro/tour.xml HTTP/1.1" 200 6543 "http://realpano.net/_allthat_VR/tour/150701sro/tour.html" "Mozilla/5.0 (Macintosh; Intel Mac OS X 10_15_5) AppleWebKit/605.1.15 (KHTML, like Gecko) Version/13.1.1 Safari/605.1.15 (Applebot/0.1; +http://www.apple.com/go/applebot)"
17.121.113.81 - - [04/Oct/2021:14:04:40 +0900] "realpano.net(US) GET /_allthat_VR/tour/150701sro/skin/vtourskin-allthat.xml HTTP/1.1" 200 17405 "http://realpano.net/_allthat_VR/tour/150701sro/tour.html" "Mozilla/5.0 (Macintosh; Intel Mac OS X 10_15_5) AppleWebKit/605.1.15 (KHTML, like Gecko) Version/13.1.1 Safari/605.1.15 (Applebot/0.1; +http://www.apple.com/go/applebot)"
17.121.113.81 - - [04/Oct/2021:14:04:40 +0900] "realpano.net(US) GET /_allthat_VR/tour/150701sro/skin/vtourskin-allthat.xml HTTP/1.1" 200 17405 "http://realpano.net/_allthat_VR/tour/150701sro/tour.html" "Mozilla/5.0 (Macintosh; Intel Mac OS X 10_15_5) AppleWebKit/605.1.15 (KHTML, like Gecko) Version/13.1.1 Safari/605.1.15 (Applebot/0.1; +http://www.apple.com/go/applebot)"
114.119.154.41 - - [04/Oct/2021:14:05:21 +0900] "realpano.net(SG) GET /gl/index.php?mid=human_vr&listStyle=list&category=3342&m=0&sort_index=title&order_type=asc&document_srl=4133 HTTP/1.1" 403 199 "-" "Mozilla/5.0 (Linux; Android 7.0;) AppleWebKit/537.36 (KHTML, like Gecko) Mobile Safari/537.36 (compatible; PetalBot;+https://webmaster.petalsearch.com/site/petalbot)"
114.119.154.41 - - [04/Oct/2021:14:05:21 +0900] "realpano.net(SG) GET /gl/index.php?mid=human_vr&listStyle=list&category=3342&m=0&sort_index=title&order_type=asc&document_srl=4133 HTTP/1.1" 403 199 "-" "Mozilla/5.0 (Linux; Android 7.0;) AppleWebKit/537.36 (KHTML, like Gecko) Mobile Safari/537.36 (compatible; PetalBot;+https://webmaster.petalsearch.com/site/petalbot)"
91.241.19.243 - - [04/Oct/2021:14:10:00 +0900] "realpano.net(RU) GET / HTTP/1.1" 200 64 "-" "Mozilla/5.0 (Windows NT 6.1; WOW64) AppleWebKit/537.1 (KHTML, like Gecko) Chrome/22.0.1207.1 Safari/537.1"
91.241.19.243 - - [04/Oct/2021:14:10:00 +0900] "realpano.net(RU) GET / HTTP/1.1" 200 64 "-" "Mozilla/5.0 (Windows NT 6.1; WOW64) AppleWebKit/537.1 (KHTML, like Gecko) Chrome/22.0.1207.1 Safari/537.1"
114.119.154.41 - - [04/Oct/2021:14:16:28 +0900] "realpano.net(SG) GET /gl/index.php?mid=human_vr&m=1&listStyle=list&sort_index=regdate&order_type=asc&page=4&document_srl=44633 HTTP/1.1" 403 199 "-" "Mozilla/5.0 (Linux; Android 7.0;) AppleWebKit/537.36 (KHTML, like Gecko) Mobile Safari/537.36 (compatible; PetalBot;+https://webmaster.petalsearch.com/site/petalbot)"
114.119.154.41 - - [04/Oct/2021:14:16:28 +0900] "realpano.net(SG) GET /gl/index.php?mid=human_vr&m=1&listStyle=list&sort_index=regdate&order_type=asc&page=4&document_srl=44633 HTTP/1.1" 403 199 "-" "Mozilla/5.0 (Linux; Android 7.0;) AppleWebKit/537.36 (KHTML, like Gecko) Mobile Safari/537.36 (compatible; PetalBot;+https://webmaster.petalsearch.com/site/petalbot)"
34.209.27.74 - - [04/Oct/2021:14:27:20 +0900] "realpano.net(US) GET / HTTP/1.1" 200 687 "-" "Mozilla/5.0 (X11; Linux x86_64) AppleWebKit/537.36 (KHTML, like Gecko) Chrome/83.0.4103.97 Safari/537.36"
34.209.27.74 - - [04/Oct/2021:14:27:20 +0900] "realpano.net(US) GET / HTTP/1.1" 200 687 "-" "Mozilla/5.0 (X11; Linux x86_64) AppleWebKit/537.36 (KHTML, like Gecko) Chrome/83.0.4103.97 Safari/537.36"
54.218.115.177 - - [04/Oct/2021:14:27:25 +0900] "realpano.net(US) GET / HTTP/1.1" 200 64 "-" "Mozilla/5.0 (X11; Linux x86_64) AppleWebKit/537.36 (KHTML, like Gecko) Chrome/83.0.4103.97 Safari/537.36"
54.218.115.177 - - [04/Oct/2021:14:27:25 +0900] "realpano.net(US) GET / HTTP/1.1" 200 64 "-" "Mozilla/5.0 (X11; Linux x86_64) AppleWebKit/537.36 (KHTML, like Gecko) Chrome/83.0.4103.97 Safari/537.36"
114.119.154.30 - - [04/Oct/2021:14:27:30 +0900] "realpano.net(SG) GET /gl/human_vr/3121/674/trackback HTTP/1.1" 403 199 "-" "Mozilla/5.0 (Linux; Android 7.0;) AppleWebKit/537.36 (KHTML, like Gecko) Mobile Safari/537.36 (compatible; PetalBot;+https://webmaster.petalsearch.com/site/petalbot)"
