114.119.154.41 - - [03/Oct/2021:03:26:51 +0900] "realpano.net(SG) GET /gl/index.php?mid=human_vr&category=3342&m=0&listStyle=list&sort_index=readed_count&order_type=desc&document_srl=4170 HTTP/1.1" 403 199 "-" "Mozilla/5.0 (Linux; Android 7.0;) AppleWebKit/537.36 (KHTML, like Gecko) Mobile Safari/537.36 (compatible; PetalBot;+https://webmaster.petalsearch.com/site/petalbot)"
114.119.154.41 - - [03/Oct/2021:03:26:51 +0900] "realpano.net(SG) GET /gl/index.php?mid=human_vr&category=3342&m=0&listStyle=list&sort_index=readed_count&order_type=desc&document_srl=4170 HTTP/1.1" 403 199 "-" "Mozilla/5.0 (Linux; Android 7.0;) AppleWebKit/537.36 (KHTML, like Gecko) Mobile Safari/537.36 (compatible; PetalBot;+https://webmaster.petalsearch.com/site/petalbot)"
66.249.68.56 - - [03/Oct/2021:03:29:39 +0900] "realpano.net(US) GET /gl/index.php?mid=human_vr&search_target=tag&search_keyword=%EC%88%99%EB%B0%95&document_srl=3827 HTTP/1.1" 404 196 "-" "Mozilla/5.0 (Linux; Android 6.0.1; Nexus 5X Build/MMB29P) AppleWebKit/537.36 (KHTML, like Gecko) Chrome/94.0.4606.61 Mobile Safari/537.36 (compatible; Googlebot/2.1; +http://www.google.com/bot.html)"
66.249.68.56 - - [03/Oct/2021:03:29:39 +0900] "realpano.net(US) GET /gl/index.php?mid=human_vr&search_target=tag&search_keyword=%EC%88%99%EB%B0%95&document_srl=3827 HTTP/1.1" 404 196 "-" "Mozilla/5.0 (Linux; Android 6.0.1; Nexus 5X Build/MMB29P) AppleWebKit/537.36 (KHTML, like Gecko) Chrome/94.0.4606.61 Mobile Safari/537.36 (compatible; Googlebot/2.1; +http://www.google.com/bot.html)"
114.119.155.210 - - [03/Oct/2021:03:32:01 +0900] "www.realpano.net(SG) GET /robots.txt HTTP/1.1" 403 199 "-" "Mozilla/5.0 (compatible;PetalBot;+https://webmaster.petalsearch.com/site/petalbot)"
114.119.155.210 - - [03/Oct/2021:03:32:01 +0900] "www.realpano.net(SG) GET /robots.txt HTTP/1.1" 403 199 "-" "Mozilla/5.0 (compatible;PetalBot;+https://webmaster.petalsearch.com/site/petalbot)"
114.119.154.41 - - [03/Oct/2021:03:37:14 +0900] "realpano.net(SG) GET /gl/index.php?mid=human_vr&m=0&category=3342&listStyle=list&sort_index=title&order_type=asc&act=dispBoardTagList HTTP/1.1" 403 199 "-" "Mozilla/5.0 (Linux; Android 7.0;) AppleWebKit/537.36 (KHTML, like Gecko) Mobile Safari/537.36 (compatible; PetalBot;+https://webmaster.petalsearch.com/site/petalbot)"
114.119.154.41 - - [03/Oct/2021:03:37:14 +0900] "realpano.net(SG) GET /gl/index.php?mid=human_vr&m=0&category=3342&listStyle=list&sort_index=title&order_type=asc&act=dispBoardTagList HTTP/1.1" 403 199 "-" "Mozilla/5.0 (Linux; Android 7.0;) AppleWebKit/537.36 (KHTML, like Gecko) Mobile Safari/537.36 (compatible; PetalBot;+https://webmaster.petalsearch.com/site/petalbot)"
114.119.154.41 - - [03/Oct/2021:03:42:28 +0900] "realpano.net(SG) GET /gl/index.php?mid=human_vr&m=0&page=5&listStyle=viewer&search_target=tag&search_keyword=%ED%94%BC%EB%B6%80%EA%B4%80%EB%A6%AC%EC%8B%A4 HTTP/1.1" 403 199 "-" "Mozilla/5.0 (Linux; Android 7.0;) AppleWebKit/537.36 (KHTML, like Gecko) Mobile Safari/537.36 (compatible; PetalBot;+https://webmaster.petalsearch.com/site/petalbot)"
114.119.154.41 - - [03/Oct/2021:03:42:28 +0900] "realpano.net(SG) GET /gl/index.php?mid=human_vr&m=0&page=5&listStyle=viewer&search_target=tag&search_keyword=%ED%94%BC%EB%B6%80%EA%B4%80%EB%A6%AC%EC%8B%A4 HTTP/1.1" 403 199 "-" "Mozilla/5.0 (Linux; Android 7.0;) AppleWebKit/537.36 (KHTML, like Gecko) Mobile Safari/537.36 (compatible; PetalBot;+https://webmaster.petalsearch.com/site/petalbot)"
157.55.39.20 - - [03/Oct/2021:03:47:09 +0900] "www.realpano.net(US) GET / HTTP/1.1" 200 64 "-" "Mozilla/5.0 (compatible; bingbot/2.0; +http://www.bing.com/bingbot.htm)"
157.55.39.20 - - [03/Oct/2021:03:47:09 +0900] "www.realpano.net(US) GET / HTTP/1.1" 200 64 "-" "Mozilla/5.0 (compatible; bingbot/2.0; +http://www.bing.com/bingbot.htm)"
114.119.154.30 - - [03/Oct/2021:03:52:39 +0900] "realpano.net(SG) GET /gl/index.php?mid=human_vr&category=3350&listStyle=viewer&document_srl=44742 HTTP/1.1" 403 199 "-" "Mozilla/5.0 (Linux; Android 7.0;) AppleWebKit/537.36 (KHTML, like Gecko) Mobile Safari/537.36 (compatible; PetalBot;+https://webmaster.petalsearch.com/site/petalbot)"
114.119.154.30 - - [03/Oct/2021:03:52:39 +0900] "realpano.net(SG) GET /gl/index.php?mid=human_vr&category=3350&listStyle=viewer&document_srl=44742 HTTP/1.1" 403 199 "-" "Mozilla/5.0 (Linux; Android 7.0;) AppleWebKit/537.36 (KHTML, like Gecko) Mobile Safari/537.36 (compatible; PetalBot;+https://webmaster.petalsearch.com/site/petalbot)"
66.249.79.5 - - [03/Oct/2021:03:56:18 +0900] "www.realpano.net(US) GET /home1/realpano/public_html/html/gl/m.layouts/xenara_mlayout_realpano/images/sub/btn2.png HTTP/1.1" 404 196 "-" "Googlebot-Image/1.0"
66.249.79.5 - - [03/Oct/2021:03:56:18 +0900] "www.realpano.net(US) GET /home1/realpano/public_html/html/gl/m.layouts/xenara_mlayout_realpano/images/sub/btn2.png HTTP/1.1" 404 196 "-" "Googlebot-Image/1.0"
114.119.154.26 - - [03/Oct/2021:03:57:51 +0900] "realpano.net(SG) GET /gl/index.php?mid=human_vr&m=1&search_target=tag&search_keyword=%EA%B3%A8%EB%AA%A9&division=-45271&last_division=0 HTTP/1.1" 403 199 "-" "Mozilla/5.0 (Linux; Android 7.0;) AppleWebKit/537.36 (KHTML, like Gecko) Mobile Safari/537.36 (compatible; PetalBot;+https://webmaster.petalsearch.com/site/petalbot)"
114.119.154.26 - - [03/Oct/2021:03:57:51 +0900] "realpano.net(SG) GET /gl/index.php?mid=human_vr&m=1&search_target=tag&search_keyword=%EA%B3%A8%EB%AA%A9&division=-45271&last_division=0 HTTP/1.1" 403 199 "-" "Mozilla/5.0 (Linux; Android 7.0;) AppleWebKit/537.36 (KHTML, like Gecko) Mobile Safari/537.36 (compatible; PetalBot;+https://webmaster.petalsearch.com/site/petalbot)"
66.249.79.7 - - [03/Oct/2021:03:59:15 +0900] "www.realpano.net(US) GET /gl/44742 HTTP/1.1" 301 - "-" "Mozilla/5.0 (Linux; Android 6.0.1; Nexus 5X Build/MMB29P) AppleWebKit/537.36 (KHTML, like Gecko) Chrome/94.0.4606.61 Mobile Safari/537.36 (compatible; Googlebot/2.1; +http://www.google.com/bot.html)"
66.249.79.7 - - [03/Oct/2021:03:59:15 +0900] "www.realpano.net(US) GET /gl/44742 HTTP/1.1" 301 - "-" "Mozilla/5.0 (Linux; Android 6.0.1; Nexus 5X Build/MMB29P) AppleWebKit/537.36 (KHTML, like Gecko) Chrome/94.0.4606.61 Mobile Safari/537.36 (compatible; Googlebot/2.1; +http://www.google.com/bot.html)"
66.249.79.7 - - [03/Oct/2021:03:59:16 +0900] "www.realpano.net(US) GET /gl/human_vr/44742 HTTP/1.1" 200 57631 "-" "Mozilla/5.0 (Linux; Android 6.0.1; Nexus 5X Build/MMB29P) AppleWebKit/537.36 (KHTML, like Gecko) Chrome/94.0.4606.61 Mobile Safari/537.36 (compatible; Googlebot/2.1; +http://www.google.com/bot.html)"
66.249.79.7 - - [03/Oct/2021:03:59:16 +0900] "www.realpano.net(US) GET /gl/human_vr/44742 HTTP/1.1" 200 57631 "-" "Mozilla/5.0 (Linux; Android 6.0.1; Nexus 5X Build/MMB29P) AppleWebKit/537.36 (KHTML, like Gecko) Chrome/94.0.4606.61 Mobile Safari/537.36 (compatible; Googlebot/2.1; +http://www.google.com/bot.html)"
114.119.154.30 - - [03/Oct/2021:04:08:16 +0900] "realpano.net(SG) GET /gl/index.php?mid=human_vr&m=0&listStyle=list&sort_index=readed_count&order_type=asc&document_srl=45179 HTTP/1.1" 403 199 "-" "Mozilla/5.0 (Linux; Android 7.0;) AppleWebKit/537.36 (KHTML, like Gecko) Mobile Safari/537.36 (compatible; PetalBot;+https://webmaster.petalsearch.com/site/petalbot)"
114.119.154.30 - - [03/Oct/2021:04:08:16 +0900] "realpano.net(SG) GET /gl/index.php?mid=human_vr&m=0&listStyle=list&sort_index=readed_count&order_type=asc&document_srl=45179 HTTP/1.1" 403 199 "-" "Mozilla/5.0 (Linux; Android 7.0;) AppleWebKit/537.36 (KHTML, like Gecko) Mobile Safari/537.36 (compatible; PetalBot;+https://webmaster.petalsearch.com/site/petalbot)"
66.249.68.59 - - [03/Oct/2021:04:08:36 +0900] "realpano.net(US) GET /robots.txt HTTP/1.1" 404 196 "-" "Mozilla/5.0 (compatible; Googlebot/2.1; +http://www.google.com/bot.html)"
66.249.68.59 - - [03/Oct/2021:04:08:36 +0900] "realpano.net(US) GET /robots.txt HTTP/1.1" 404 196 "-" "Mozilla/5.0 (compatible; Googlebot/2.1; +http://www.google.com/bot.html)"
66.249.68.57 - - [03/Oct/2021:04:08:36 +0900] "realpano.net(US) GET /clubview/_tour/kummorae/main.html HTTP/1.1" 404 196 "http://www.kummorae.com/" "Mozilla/5.0 (Linux; Android 6.0.1; Nexus 5X Build/MMB29P) AppleWebKit/537.36 (KHTML, like Gecko) Chrome/94.0.4606.61 Mobile Safari/537.36 (compatible; Googlebot/2.1; +http://www.google.com/bot.html)"
66.249.68.57 - - [03/Oct/2021:04:08:36 +0900] "realpano.net(US) GET /clubview/_tour/kummorae/main.html HTTP/1.1" 404 196 "http://www.kummorae.com/" "Mozilla/5.0 (Linux; Android 6.0.1; Nexus 5X Build/MMB29P) AppleWebKit/537.36 (KHTML, like Gecko) Chrome/94.0.4606.61 Mobile Safari/537.36 (compatible; Googlebot/2.1; +http://www.google.com/bot.html)"
66.249.79.7 - - [03/Oct/2021:04:12:08 +0900] "www.realpano.net(US) GET /home1/realpano/public_html/html/gl/m.layouts/xenara_mlayout_realpano/images/header/btn_login.png HTTP/1.1" 404 196 "-" "Googlebot-Image/1.0"
66.249.79.7 - - [03/Oct/2021:04:12:08 +0900] "www.realpano.net(US) GET /home1/realpano/public_html/html/gl/m.layouts/xenara_mlayout_realpano/images/header/btn_login.png HTTP/1.1" 404 196 "-" "Googlebot-Image/1.0"
114.119.154.67 - - [03/Oct/2021:04:13:44 +0900] "realpano.net(SG) GET /gl/index.php?mid=human_vr&m=1&listStyle=viewer&search_target=tag&search_keyword=%EB%B7%B0%ED%8B%B0&category=3354 HTTP/1.1" 403 199 "-" "Mozilla/5.0 (Linux; Android 7.0;) AppleWebKit/537.36 (KHTML, like Gecko) Mobile Safari/537.36 (compatible; PetalBot;+https://webmaster.petalsearch.com/site/petalbot)"
114.119.154.67 - - [03/Oct/2021:04:13:44 +0900] "realpano.net(SG) GET /gl/index.php?mid=human_vr&m=1&listStyle=viewer&search_target=tag&search_keyword=%EB%B7%B0%ED%8B%B0&category=3354 HTTP/1.1" 403 199 "-" "Mozilla/5.0 (Linux; Android 7.0;) AppleWebKit/537.36 (KHTML, like Gecko) Mobile Safari/537.36 (compatible; PetalBot;+https://webmaster.petalsearch.com/site/petalbot)"
114.119.154.6 - - [03/Oct/2021:04:18:57 +0900] "realpano.net(SG) GET /gl/index.php?mid=human_vr&m=0&search_target=tag&search_keyword=%EB%AC%B8%ED%99%94%EA%B3%B5%EA%B0%84&category=3343&listStyle=list&document_srl=44567&order_type=desc HTTP/1.1" 403 199 "-" "Mozilla/5.0 (Linux; Android 7.0;) AppleWebKit/537.36 (KHTML, like Gecko) Mobile Safari/537.36 (compatible; PetalBot;+https://webmaster.petalsearch.com/site/petalbot)"
114.119.154.6 - - [03/Oct/2021:04:18:57 +0900] "realpano.net(SG) GET /gl/index.php?mid=human_vr&m=0&search_target=tag&search_keyword=%EB%AC%B8%ED%99%94%EA%B3%B5%EA%B0%84&category=3343&listStyle=list&document_srl=44567&order_type=desc HTTP/1.1" 403 199 "-" "Mozilla/5.0 (Linux; Android 7.0;) AppleWebKit/537.36 (KHTML, like Gecko) Mobile Safari/537.36 (compatible; PetalBot;+https://webmaster.petalsearch.com/site/petalbot)"
66.249.79.5 - - [03/Oct/2021:04:20:03 +0900] "www.realpano.net(US) GET /home1/realpano/public_html/html/gl/m.layouts/xenara_mlayout_realpano/images/sub/btn4.png HTTP/1.1" 404 196 "-" "Googlebot-Image/1.0"
66.249.79.5 - - [03/Oct/2021:04:20:03 +0900] "www.realpano.net(US) GET /home1/realpano/public_html/html/gl/m.layouts/xenara_mlayout_realpano/images/sub/btn4.png HTTP/1.1" 404 196 "-" "Googlebot-Image/1.0"
119.207.72.84 - - [03/Oct/2021:04:22:29 +0900] "realpano.net(KR) GET / HTTP/1.1" 200 64 "http://maniart.com" "Mozilla/5.0 (compatible; MSIE 10.0; Windows NT 6.2; Trident/6.0)"
119.207.72.84 - - [03/Oct/2021:04:22:29 +0900] "realpano.net(KR) GET / HTTP/1.1" 200 64 "http://maniart.com" "Mozilla/5.0 (compatible; MSIE 10.0; Windows NT 6.2; Trident/6.0)"
114.119.154.41 - - [03/Oct/2021:04:24:05 +0900] "realpano.net(SG) GET /gl/index.php?mid=human_vr&category=3350&listStyle=viewer&search_target=tag&search_keyword=%EA%B3%B5%EC%9B%90&division=-45271&last_division=0&act=dispMemberLoginForm HTTP/1.1" 403 199 "-" "Mozilla/5.0 (Linux; Android 7.0;) AppleWebKit/537.36 (KHTML, like Gecko) Mobile Safari/537.36 (compatible; PetalBot;+https://webmaster.petalsearch.com/site/petalbot)"
114.119.154.41 - - [03/Oct/2021:04:24:05 +0900] "realpano.net(SG) GET /gl/index.php?mid=human_vr&category=3350&listStyle=viewer&search_target=tag&search_keyword=%EA%B3%B5%EC%9B%90&division=-45271&last_division=0&act=dispMemberLoginForm HTTP/1.1" 403 199 "-" "Mozilla/5.0 (Linux; Android 7.0;) AppleWebKit/537.36 (KHTML, like Gecko) Mobile Safari/537.36 (compatible; PetalBot;+https://webmaster.petalsearch.com/site/petalbot)"
66.249.79.7 - - [03/Oct/2021:04:25:37 +0900] "www.realpano.net(US) GET /gl/45254 HTTP/1.1" 301 - "-" "Mozilla/5.0 (Linux; Android 6.0.1; Nexus 5X Build/MMB29P) AppleWebKit/537.36 (KHTML, like Gecko) Chrome/94.0.4606.61 Mobile Safari/537.36 (compatible; Googlebot/2.1; +http://www.google.com/bot.html)"
66.249.79.7 - - [03/Oct/2021:04:25:37 +0900] "www.realpano.net(US) GET /gl/45254 HTTP/1.1" 301 - "-" "Mozilla/5.0 (Linux; Android 6.0.1; Nexus 5X Build/MMB29P) AppleWebKit/537.36 (KHTML, like Gecko) Chrome/94.0.4606.61 Mobile Safari/537.36 (compatible; Googlebot/2.1; +http://www.google.com/bot.html)"
66.249.79.1 - - [03/Oct/2021:04:25:38 +0900] "www.realpano.net(US) GET /gl/human_vr/45254 HTTP/1.1" 200 55821 "-" "Mozilla/5.0 (Linux; Android 6.0.1; Nexus 5X Build/MMB29P) AppleWebKit/537.36 (KHTML, like Gecko) Chrome/94.0.4606.61 Mobile Safari/537.36 (compatible; Googlebot/2.1; +http://www.google.com/bot.html)"
66.249.79.1 - - [03/Oct/2021:04:25:38 +0900] "www.realpano.net(US) GET /gl/human_vr/45254 HTTP/1.1" 200 55821 "-" "Mozilla/5.0 (Linux; Android 6.0.1; Nexus 5X Build/MMB29P) AppleWebKit/537.36 (KHTML, like Gecko) Chrome/94.0.4606.61 Mobile Safari/537.36 (compatible; Googlebot/2.1; +http://www.google.com/bot.html)"
114.119.154.26 - - [03/Oct/2021:04:29:25 +0900] "realpano.net(SG) GET /gl/index.php?mid=human_vr&m=0&category=3345&search_target=tag&search_keyword=%EB%AC%B8%ED%99%94%EA%B3%B5%EA%B0%84 HTTP/1.1" 403 199 "-" "Mozilla/5.0 (Linux; Android 7.0;) AppleWebKit/537.36 (KHTML, like Gecko) Mobile Safari/537.36 (compatible; PetalBot;+https://webmaster.petalsearch.com/site/petalbot)"
114.119.154.26 - - [03/Oct/2021:04:29:25 +0900] "realpano.net(SG) GET /gl/index.php?mid=human_vr&m=0&category=3345&search_target=tag&search_keyword=%EB%AC%B8%ED%99%94%EA%B3%B5%EA%B0%84 HTTP/1.1" 403 199 "-" "Mozilla/5.0 (Linux; Android 7.0;) AppleWebKit/537.36 (KHTML, like Gecko) Mobile Safari/537.36 (compatible; PetalBot;+https://webmaster.petalsearch.com/site/petalbot)"
66.249.79.7 - - [03/Oct/2021:04:33:23 +0900] "www.realpano.net(US) GET /gl/m.layouts/xenara_mlayout_realpano/css/style.css?20150619165132 HTTP/1.1" 200 7210 "http://www.realpano.net/gl/object1" "Mozilla/5.0 (Linux; Android 6.0.1; Nexus 5X Build/MMB29P) AppleWebKit/537.36 (KHTML, like Gecko) Chrome/94.0.4606.61 Mobile Safari/537.36 (compatible; Googlebot/2.1; +http://www.google.com/bot.html)"
66.249.79.7 - - [03/Oct/2021:04:33:23 +0900] "www.realpano.net(US) GET /gl/m.layouts/xenara_mlayout_realpano/css/style.css?20150619165132 HTTP/1.1" 200 7210 "http://www.realpano.net/gl/object1" "Mozilla/5.0 (Linux; Android 6.0.1; Nexus 5X Build/MMB29P) AppleWebKit/537.36 (KHTML, like Gecko) Chrome/94.0.4606.61 Mobile Safari/537.36 (compatible; Googlebot/2.1; +http://www.google.com/bot.html)"
66.249.79.5 - - [03/Oct/2021:04:33:24 +0900] "www.realpano.net(US) GET /gl/m.layouts/xenara_mlayout_realpano/js/mmenu/css/extensions/jquery.mmenu.effects.css?20150420190316 HTTP/1.1" 200 7531 "http://www.realpano.net/gl/object1" "Mozilla/5.0 (Linux; Android 6.0.1; Nexus 5X Build/MMB29P) AppleWebKit/537.36 (KHTML, like Gecko) Chrome/94.0.4606.61 Mobile Safari/537.36 (compatible; Googlebot/2.1; +http://www.google.com/bot.html)"
66.249.79.5 - - [03/Oct/2021:04:33:24 +0900] "www.realpano.net(US) GET /gl/m.layouts/xenara_mlayout_realpano/js/mmenu/css/extensions/jquery.mmenu.effects.css?20150420190316 HTTP/1.1" 200 7531 "http://www.realpano.net/gl/object1" "Mozilla/5.0 (Linux; Android 6.0.1; Nexus 5X Build/MMB29P) AppleWebKit/537.36 (KHTML, like Gecko) Chrome/94.0.4606.61 Mobile Safari/537.36 (compatible; Googlebot/2.1; +http://www.google.com/bot.html)"
66.249.79.7 - - [03/Oct/2021:04:33:24 +0900] "www.realpano.net(US) GET /gl/m.layouts/xenara_mlayout_realpano/js/bxslider/jquery.bxslider.min.js?20140528195909 HTTP/1.1" 200 19359 "http://www.realpano.net/gl/object1" "Mozilla/5.0 (Linux; Android 6.0.1; Nexus 5X Build/MMB29P) AppleWebKit/537.36 (KHTML, like Gecko) Chrome/94.0.4606.61 Mobile Safari/537.36 (compatible; Googlebot/2.1; +http://www.google.com/bot.html)"
66.249.79.7 - - [03/Oct/2021:04:33:24 +0900] "www.realpano.net(US) GET /gl/m.layouts/xenara_mlayout_realpano/js/bxslider/jquery.bxslider.min.js?20140528195909 HTTP/1.1" 200 19359 "http://www.realpano.net/gl/object1" "Mozilla/5.0 (Linux; Android 6.0.1; Nexus 5X Build/MMB29P) AppleWebKit/537.36 (KHTML, like Gecko) Chrome/94.0.4606.61 Mobile Safari/537.36 (compatible; Googlebot/2.1; +http://www.google.com/bot.html)"
66.249.79.1 - - [03/Oct/2021:04:33:25 +0900] "www.realpano.net(US) GET /gl/m.layouts/xenara_mlayout_realpano/css/style_sub.css?20150423195546 HTTP/1.1" 200 1825 "http://www.realpano.net/gl/object1" "Mozilla/5.0 (Linux; Android 6.0.1; Nexus 5X Build/MMB29P) AppleWebKit/537.36 (KHTML, like Gecko) Chrome/94.0.4606.61 Mobile Safari/537.36 (compatible; Googlebot/2.1; +http://www.google.com/bot.html)"
66.249.79.1 - - [03/Oct/2021:04:33:25 +0900] "www.realpano.net(US) GET /gl/m.layouts/xenara_mlayout_realpano/css/style_sub.css?20150423195546 HTTP/1.1" 200 1825 "http://www.realpano.net/gl/object1" "Mozilla/5.0 (Linux; Android 6.0.1; Nexus 5X Build/MMB29P) AppleWebKit/537.36 (KHTML, like Gecko) Chrome/94.0.4606.61 Mobile Safari/537.36 (compatible; Googlebot/2.1; +http://www.google.com/bot.html)"
66.249.79.1 - - [03/Oct/2021:04:33:25 +0900] "www.realpano.net(US) GET /home1/realpano/public_html/html/gl/m.layouts/xenara_mlayout_realpano/js/mmenu/css/extensions/jquery.mmenu.ie8.css HTTP/1.1" 404 196 "http://www.realpano.net/gl/object1" "Mozilla/5.0 (Linux; Android 6.0.1; Nexus 5X Build/MMB29P) AppleWebKit/537.36 (KHTML, like Gecko) Chrome/94.0.4606.61 Mobile Safari/537.36 (compatible; Googlebot/2.1; +http://www.google.com/bot.html)"
66.249.79.1 - - [03/Oct/2021:04:33:25 +0900] "www.realpano.net(US) GET /home1/realpano/public_html/html/gl/m.layouts/xenara_mlayout_realpano/js/mmenu/css/extensions/jquery.mmenu.ie8.css HTTP/1.1" 404 196 "http://www.realpano.net/gl/object1" "Mozilla/5.0 (Linux; Android 6.0.1; Nexus 5X Build/MMB29P) AppleWebKit/537.36 (KHTML, like Gecko) Chrome/94.0.4606.61 Mobile Safari/537.36 (compatible; Googlebot/2.1; +http://www.google.com/bot.html)"
66.249.79.1 - - [03/Oct/2021:04:33:25 +0900] "www.realpano.net(US) GET /gl/m.layouts/xenara_mlayout_realpano/css/style_font.css?20140528195908 HTTP/1.1" 200 277 "http://www.realpano.net/gl/object1" "Mozilla/5.0 (Linux; Android 6.0.1; Nexus 5X Build/MMB29P) AppleWebKit/537.36 (KHTML, like Gecko) Chrome/94.0.4606.61 Mobile Safari/537.36 (compatible; Googlebot/2.1; +http://www.google.com/bot.html)"
66.249.79.1 - - [03/Oct/2021:04:33:25 +0900] "www.realpano.net(US) GET /gl/m.layouts/xenara_mlayout_realpano/css/style_font.css?20140528195908 HTTP/1.1" 200 277 "http://www.realpano.net/gl/object1" "Mozilla/5.0 (Linux; Android 6.0.1; Nexus 5X Build/MMB29P) AppleWebKit/537.36 (KHTML, like Gecko) Chrome/94.0.4606.61 Mobile Safari/537.36 (compatible; Googlebot/2.1; +http://www.google.com/bot.html)"
66.249.79.7 - - [03/Oct/2021:04:33:26 +0900] "www.realpano.net(US) GET /gl/modules/page/tpl/css/mpage.css?20201113010703 HTTP/1.1" 200 245 "http://www.realpano.net/gl/object1" "Mozilla/5.0 (Linux; Android 6.0.1; Nexus 5X Build/MMB29P) AppleWebKit/537.36 (KHTML, like Gecko) Chrome/94.0.4606.61 Mobile Safari/537.36 (compatible; Googlebot/2.1; +http://www.google.com/bot.html)"
66.249.79.7 - - [03/Oct/2021:04:33:26 +0900] "www.realpano.net(US) GET /gl/modules/page/tpl/css/mpage.css?20201113010703 HTTP/1.1" 200 245 "http://www.realpano.net/gl/object1" "Mozilla/5.0 (Linux; Android 6.0.1; Nexus 5X Build/MMB29P) AppleWebKit/537.36 (KHTML, like Gecko) Chrome/94.0.4606.61 Mobile Safari/537.36 (compatible; Googlebot/2.1; +http://www.google.com/bot.html)"
66.249.79.5 - - [03/Oct/2021:04:33:26 +0900] "www.realpano.net(US) GET /gl/common/js/jquery-2.2.4.min.js?20201113010511 HTTP/1.1" 200 85578 "http://www.realpano.net/gl/object1" "Mozilla/5.0 (Linux; Android 6.0.1; Nexus 5X Build/MMB29P) AppleWebKit/537.36 (KHTML, like Gecko) Chrome/94.0.4606.61 Mobile Safari/537.36 (compatible; Googlebot/2.1; +http://www.google.com/bot.html)"
66.249.79.5 - - [03/Oct/2021:04:33:26 +0900] "www.realpano.net(US) GET /gl/common/js/jquery-2.2.4.min.js?20201113010511 HTTP/1.1" 200 85578 "http://www.realpano.net/gl/object1" "Mozilla/5.0 (Linux; Android 6.0.1; Nexus 5X Build/MMB29P) AppleWebKit/537.36 (KHTML, like Gecko) Chrome/94.0.4606.61 Mobile Safari/537.36 (compatible; Googlebot/2.1; +http://www.google.com/bot.html)"
66.249.79.1 - - [03/Oct/2021:04:33:27 +0900] "www.realpano.net(US) GET /gl/addons/captcha/captcha.min.js?20200731203419 HTTP/1.1" 200 6962 "http://www.realpano.net/gl/object1" "Mozilla/5.0 (Linux; Android 6.0.1; Nexus 5X Build/MMB29P) AppleWebKit/537.36 (KHTML, like Gecko) Chrome/94.0.4606.61 Mobile Safari/537.36 (compatible; Googlebot/2.1; +http://www.google.com/bot.html)"
66.249.79.1 - - [03/Oct/2021:04:33:27 +0900] "www.realpano.net(US) GET /gl/addons/captcha/captcha.min.js?20200731203419 HTTP/1.1" 200 6962 "http://www.realpano.net/gl/object1" "Mozilla/5.0 (Linux; Android 6.0.1; Nexus 5X Build/MMB29P) AppleWebKit/537.36 (KHTML, like Gecko) Chrome/94.0.4606.61 Mobile Safari/537.36 (compatible; Googlebot/2.1; +http://www.google.com/bot.html)"
114.119.146.185 - - [03/Oct/2021:04:34:51 +0900] "realpano.net(SG) GET /robots.txt HTTP/1.1" 403 199 "-" "Mozilla/5.0 (compatible;PetalBot;+https://webmaster.petalsearch.com/site/petalbot)"
114.119.146.185 - - [03/Oct/2021:04:34:51 +0900] "realpano.net(SG) GET /robots.txt HTTP/1.1" 403 199 "-" "Mozilla/5.0 (compatible;PetalBot;+https://webmaster.petalsearch.com/site/petalbot)"
66.249.79.7 - - [03/Oct/2021:04:35:46 +0900] "www.realpano.net(US) GET /gl/files/cache/assets/compiled/70a0a71f5980db18fbe811b68df6c8c059f60011.rhymix.less.min.css HTTP/1.1" 404 196 "http://www.realpano.net/gl/index.php?mid=consultation1&page=2&sort_index=regdate&order_type=desc" "Mozilla/5.0 (Linux; Android 6.0.1; Nexus 5X Build/MMB29P) AppleWebKit/537.36 (KHTML, like Gecko) Chrome/94.0.4606.61 Mobile Safari/537.36 (compatible; Googlebot/2.1; +http://www.google.com/bot.html)"
66.249.79.7 - - [03/Oct/2021:04:35:46 +0900] "www.realpano.net(US) GET /gl/files/cache/assets/compiled/70a0a71f5980db18fbe811b68df6c8c059f60011.rhymix.less.min.css HTTP/1.1" 404 196 "http://www.realpano.net/gl/index.php?mid=consultation1&page=2&sort_index=regdate&order_type=desc" "Mozilla/5.0 (Linux; Android 6.0.1; Nexus 5X Build/MMB29P) AppleWebKit/537.36 (KHTML, like Gecko) Chrome/94.0.4606.61 Mobile Safari/537.36 (compatible; Googlebot/2.1; +http://www.google.com/bot.html)"
66.249.79.5 - - [03/Oct/2021:04:35:47 +0900] "www.realpano.net(US) GET /gl/modules/board/tpl/js/board.js?20201113010651 HTTP/1.1" 200 4351 "http://www.realpano.net/gl/index.php?mid=consultation1&page=2&sort_index=regdate&order_type=desc" "Mozilla/5.0 (Linux; Android 6.0.1; Nexus 5X Build/MMB29P) AppleWebKit/537.36 (KHTML, like Gecko) Chrome/94.0.4606.61 Mobile Safari/537.36 (compatible; Googlebot/2.1; +http://www.google.com/bot.html)"
66.249.79.5 - - [03/Oct/2021:04:35:47 +0900] "www.realpano.net(US) GET /gl/modules/board/tpl/js/board.js?20201113010651 HTTP/1.1" 200 4351 "http://www.realpano.net/gl/index.php?mid=consultation1&page=2&sort_index=regdate&order_type=desc" "Mozilla/5.0 (Linux; Android 6.0.1; Nexus 5X Build/MMB29P) AppleWebKit/537.36 (KHTML, like Gecko) Chrome/94.0.4606.61 Mobile Safari/537.36 (compatible; Googlebot/2.1; +http://www.google.com/bot.html)"
66.249.79.7 - - [03/Oct/2021:04:35:47 +0900] "www.realpano.net(US) GET /gl/modules/board/m.skins/mboard_zaggumedia_portfolio_realpano/css/board.css?20140530184119 HTTP/1.1" 200 62046 "http://www.realpano.net/gl/index.php?mid=consultation1&page=2&sort_index=regdate&order_type=desc" "Mozilla/5.0 (Linux; Android 6.0.1; Nexus 5X Build/MMB29P) AppleWebKit/537.36 (KHTML, like Gecko) Chrome/94.0.4606.61 Mobile Safari/537.36 (compatible; Googlebot/2.1; +http://www.google.com/bot.html)"
66.249.79.7 - - [03/Oct/2021:04:35:47 +0900] "www.realpano.net(US) GET /gl/modules/board/m.skins/mboard_zaggumedia_portfolio_realpano/css/board.css?20140530184119 HTTP/1.1" 200 62046 "http://www.realpano.net/gl/index.php?mid=consultation1&page=2&sort_index=regdate&order_type=desc" "Mozilla/5.0 (Linux; Android 6.0.1; Nexus 5X Build/MMB29P) AppleWebKit/537.36 (KHTML, like Gecko) Chrome/94.0.4606.61 Mobile Safari/537.36 (compatible; Googlebot/2.1; +http://www.google.com/bot.html)"
66.249.79.7 - - [03/Oct/2021:04:35:48 +0900] "www.realpano.net(US) GET /gl/common/js/plugins/ui/jquery-ui.min.css?20201113010517 HTTP/1.1" 200 32076 "http://www.realpano.net/gl/index.php?mid=consultation1&page=2&sort_index=regdate&order_type=desc" "Mozilla/5.0 (Linux; Android 6.0.1; Nexus 5X Build/MMB29P) AppleWebKit/537.36 (KHTML, like Gecko) Chrome/94.0.4606.61 Mobile Safari/537.36 (compatible; Googlebot/2.1; +http://www.google.com/bot.html)"
66.249.79.7 - - [03/Oct/2021:04:35:48 +0900] "www.realpano.net(US) GET /gl/common/js/plugins/ui/jquery-ui.min.css?20201113010517 HTTP/1.1" 200 32076 "http://www.realpano.net/gl/index.php?mid=consultation1&page=2&sort_index=regdate&order_type=desc" "Mozilla/5.0 (Linux; Android 6.0.1; Nexus 5X Build/MMB29P) AppleWebKit/537.36 (KHTML, like Gecko) Chrome/94.0.4606.61 Mobile Safari/537.36 (compatible; Googlebot/2.1; +http://www.google.com/bot.html)"
66.249.79.7 - - [03/Oct/2021:04:35:48 +0900] "www.realpano.net(US) GET /gl/modules/board/m.skins/mboard_zaggumedia_portfolio_realpano/css/board_custom.css?20170120181311 HTTP/1.1" 200 3381 "http://www.realpano.net/gl/index.php?mid=consultation1&page=2&sort_index=regdate&order_type=desc" "Mozilla/5.0 (Linux; Android 6.0.1; Nexus 5X Build/MMB29P) AppleWebKit/537.36 (KHTML, like Gecko) Chrome/94.0.4606.61 Mobile Safari/537.36 (compatible; Googlebot/2.1; +http://www.google.com/bot.html)"
66.249.79.7 - - [03/Oct/2021:04:35:48 +0900] "www.realpano.net(US) GET /gl/modules/board/m.skins/mboard_zaggumedia_portfolio_realpano/css/board_custom.css?20170120181311 HTTP/1.1" 200 3381 "http://www.realpano.net/gl/index.php?mid=consultation1&page=2&sort_index=regdate&order_type=desc" "Mozilla/5.0 (Linux; Android 6.0.1; Nexus 5X Build/MMB29P) AppleWebKit/537.36 (KHTML, like Gecko) Chrome/94.0.4606.61 Mobile Safari/537.36 (compatible; Googlebot/2.1; +http://www.google.com/bot.html)"
66.249.79.1 - - [03/Oct/2021:04:35:49 +0900] "www.realpano.net(US) GET /gl/files/cache/js_filter_compiled/d046d1841b9c79c545b82d3be892699d.ko.compiled.js?20201120233637 HTTP/1.1" 200 2531 "http://www.realpano.net/gl/index.php?mid=consultation1&page=2&sort_index=regdate&order_type=desc" "Mozilla/5.0 (Linux; Android 6.0.1; Nexus 5X Build/MMB29P) AppleWebKit/537.36 (KHTML, like Gecko) Chrome/94.0.4606.61 Mobile Safari/537.36 (compatible; Googlebot/2.1; +http://www.google.com/bot.html)"
66.249.79.1 - - [03/Oct/2021:04:35:49 +0900] "www.realpano.net(US) GET /gl/files/cache/js_filter_compiled/d046d1841b9c79c545b82d3be892699d.ko.compiled.js?20201120233637 HTTP/1.1" 200 2531 "http://www.realpano.net/gl/index.php?mid=consultation1&page=2&sort_index=regdate&order_type=desc" "Mozilla/5.0 (Linux; Android 6.0.1; Nexus 5X Build/MMB29P) AppleWebKit/537.36 (KHTML, like Gecko) Chrome/94.0.4606.61 Mobile Safari/537.36 (compatible; Googlebot/2.1; +http://www.google.com/bot.html)"
66.249.79.5 - - [03/Oct/2021:04:35:49 +0900] "www.realpano.net(US) GET /gl/files/cache/js_filter_compiled/1bdc15d63816408b99f674eb6a6ffcea.ko.compiled.js?20201120233637 HTTP/1.1" 200 3098 "http://www.realpano.net/gl/index.php?mid=consultation1&page=2&sort_index=regdate&order_type=desc" "Mozilla/5.0 (Linux; Android 6.0.1; Nexus 5X Build/MMB29P) AppleWebKit/537.36 (KHTML, like Gecko) Chrome/94.0.4606.61 Mobile Safari/537.36 (compatible; Googlebot/2.1; +http://www.google.com/bot.html)"
66.249.79.5 - - [03/Oct/2021:04:35:49 +0900] "www.realpano.net(US) GET /gl/files/cache/js_filter_compiled/1bdc15d63816408b99f674eb6a6ffcea.ko.compiled.js?20201120233637 HTTP/1.1" 200 3098 "http://www.realpano.net/gl/index.php?mid=consultation1&page=2&sort_index=regdate&order_type=desc" "Mozilla/5.0 (Linux; Android 6.0.1; Nexus 5X Build/MMB29P) AppleWebKit/537.36 (KHTML, like Gecko) Chrome/94.0.4606.61 Mobile Safari/537.36 (compatible; Googlebot/2.1; +http://www.google.com/bot.html)"
66.249.79.1 - - [03/Oct/2021:04:35:49 +0900] "www.realpano.net(US) GET /gl/modules/board/m.skins/mboard_zaggumedia_portfolio_realpano/js/board.js?20140530184123 HTTP/1.1" 200 20317 "http://www.realpano.net/gl/index.php?mid=consultation1&page=2&sort_index=regdate&order_type=desc" "Mozilla/5.0 (Linux; Android 6.0.1; Nexus 5X Build/MMB29P) AppleWebKit/537.36 (KHTML, like Gecko) Chrome/94.0.4606.61 Mobile Safari/537.36 (compatible; Googlebot/2.1; +http://www.google.com/bot.html)"
66.249.79.1 - - [03/Oct/2021:04:35:49 +0900] "www.realpano.net(US) GET /gl/modules/board/m.skins/mboard_zaggumedia_portfolio_realpano/js/board.js?20140530184123 HTTP/1.1" 200 20317 "http://www.realpano.net/gl/index.php?mid=consultation1&page=2&sort_index=regdate&order_type=desc" "Mozilla/5.0 (Linux; Android 6.0.1; Nexus 5X Build/MMB29P) AppleWebKit/537.36 (KHTML, like Gecko) Chrome/94.0.4606.61 Mobile Safari/537.36 (compatible; Googlebot/2.1; +http://www.google.com/bot.html)"
66.249.79.1 - - [03/Oct/2021:04:35:50 +0900] "www.realpano.net(US) GET /gl/common/js/plugins/ui/jquery-ui.min.js?20201113010517 HTTP/1.1" 200 253669 "http://www.realpano.net/gl/index.php?mid=consultation1&page=2&sort_index=regdate&order_type=desc" "Mozilla/5.0 (Linux; Android 6.0.1; Nexus 5X Build/MMB29P) AppleWebKit/537.36 (KHTML, like Gecko) Chrome/94.0.4606.61 Mobile Safari/537.36 (compatible; Googlebot/2.1; +http://www.google.com/bot.html)"
66.249.79.1 - - [03/Oct/2021:04:35:50 +0900] "www.realpano.net(US) GET /gl/common/js/plugins/ui/jquery-ui.min.js?20201113010517 HTTP/1.1" 200 253669 "http://www.realpano.net/gl/index.php?mid=consultation1&page=2&sort_index=regdate&order_type=desc" "Mozilla/5.0 (Linux; Android 6.0.1; Nexus 5X Build/MMB29P) AppleWebKit/537.36 (KHTML, like Gecko) Chrome/94.0.4606.61 Mobile Safari/537.36 (compatible; Googlebot/2.1; +http://www.google.com/bot.html)"
66.249.79.1 - - [03/Oct/2021:04:35:51 +0900] "www.realpano.net(US) GET /gl/common/js/plugins/ui/rx_datepicker.js?20201113010517 HTTP/1.1" 200 539 "http://www.realpano.net/gl/index.php?mid=consultation1&page=2&sort_index=regdate&order_type=desc" "Mozilla/5.0 (Linux; Android 6.0.1; Nexus 5X Build/MMB29P) AppleWebKit/537.36 (KHTML, like Gecko) Chrome/94.0.4606.61 Mobile Safari/537.36 (compatible; Googlebot/2.1; +http://www.google.com/bot.html)"
66.249.79.1 - - [03/Oct/2021:04:35:51 +0900] "www.realpano.net(US) GET /gl/common/js/plugins/ui/rx_datepicker.js?20201113010517 HTTP/1.1" 200 539 "http://www.realpano.net/gl/index.php?mid=consultation1&page=2&sort_index=regdate&order_type=desc" "Mozilla/5.0 (Linux; Android 6.0.1; Nexus 5X Build/MMB29P) AppleWebKit/537.36 (KHTML, like Gecko) Chrome/94.0.4606.61 Mobile Safari/537.36 (compatible; Googlebot/2.1; +http://www.google.com/bot.html)"
66.249.79.1 - - [03/Oct/2021:04:35:51 +0900] "www.realpano.net(US) GET /gl/files/cache/js_filter_compiled/9b007ee9f2af763bb3d35e4fb16498e9.ko.compiled.js?20201120233637 HTTP/1.1" 200 2465 "http://www.realpano.net/gl/index.php?mid=consultation1&page=2&sort_index=regdate&order_type=desc" "Mozilla/5.0 (Linux; Android 6.0.1; Nexus 5X Build/MMB29P) AppleWebKit/537.36 (KHTML, like Gecko) Chrome/94.0.4606.61 Mobile Safari/537.36 (compatible; Googlebot/2.1; +http://www.google.com/bot.html)"
66.249.79.1 - - [03/Oct/2021:04:35:51 +0900] "www.realpano.net(US) GET /gl/files/cache/js_filter_compiled/9b007ee9f2af763bb3d35e4fb16498e9.ko.compiled.js?20201120233637 HTTP/1.1" 200 2465 "http://www.realpano.net/gl/index.php?mid=consultation1&page=2&sort_index=regdate&order_type=desc" "Mozilla/5.0 (Linux; Android 6.0.1; Nexus 5X Build/MMB29P) AppleWebKit/537.36 (KHTML, like Gecko) Chrome/94.0.4606.61 Mobile Safari/537.36 (compatible; Googlebot/2.1; +http://www.google.com/bot.html)"
66.249.79.1 - - [03/Oct/2021:04:36:08 +0900] "www.realpano.net(US) GET /home1/realpano/public_html/html/gl/m.layouts/xenara_mlayout_realpano/images/header/icon_pc.png HTTP/1.1" 404 196 "-" "Googlebot-Image/1.0"
66.249.79.1 - - [03/Oct/2021:04:36:08 +0900] "www.realpano.net(US) GET /home1/realpano/public_html/html/gl/m.layouts/xenara_mlayout_realpano/images/header/icon_pc.png HTTP/1.1" 404 196 "-" "Googlebot-Image/1.0"
157.55.39.20 - - [03/Oct/2021:04:38:13 +0900] "realpano.net(US) GET / HTTP/1.1" 200 64 "-" "Mozilla/5.0 (compatible; bingbot/2.0; +http://www.bing.com/bingbot.htm)"
157.55.39.20 - - [03/Oct/2021:04:38:13 +0900] "realpano.net(US) GET / HTTP/1.1" 200 64 "-" "Mozilla/5.0 (compatible; bingbot/2.0; +http://www.bing.com/bingbot.htm)"
114.119.154.6 - - [03/Oct/2021:04:40:06 +0900] "realpano.net(SG) GET /gl/index.php?mid=human_vr&m=0&category=3342&listStyle=gallery&order_type=desc&document_srl=4170&act=dispMemberLoginForm HTTP/1.1" 403 199 "-" "Mozilla/5.0 (Linux; Android 7.0;) AppleWebKit/537.36 (KHTML, like Gecko) Mobile Safari/537.36 (compatible; PetalBot;+https://webmaster.petalsearch.com/site/petalbot)"
114.119.154.6 - - [03/Oct/2021:04:40:06 +0900] "realpano.net(SG) GET /gl/index.php?mid=human_vr&m=0&category=3342&listStyle=gallery&order_type=desc&document_srl=4170&act=dispMemberLoginForm HTTP/1.1" 403 199 "-" "Mozilla/5.0 (Linux; Android 7.0;) AppleWebKit/537.36 (KHTML, like Gecko) Mobile Safari/537.36 (compatible; PetalBot;+https://webmaster.petalsearch.com/site/petalbot)"
157.55.39.94 - - [03/Oct/2021:04:44:57 +0900] "realpano.net(US) GET /gl/high1 HTTP/2.0" 404 196 "-" "Mozilla/5.0 (compatible; bingbot/2.0; +http://www.bing.com/bingbot.htm)"
157.55.39.94 - - [03/Oct/2021:04:44:57 +0900] "realpano.net(US) GET /gl/high1 HTTP/2.0" 404 196 "-" "Mozilla/5.0 (compatible; bingbot/2.0; +http://www.bing.com/bingbot.htm)"
114.119.154.39 - - [03/Oct/2021:04:45:24 +0900] "realpano.net(SG) GET /gl/index.php?mid=human_vr&search_target=tag&search_keyword=%EA%B3%B5%EC%9B%90&category=3356&m=0&listStyle=webzine&division=-45271&last_division=0 HTTP/1.1" 403 199 "-" "Mozilla/5.0 (Linux; Android 7.0;) AppleWebKit/537.36 (KHTML, like Gecko) Mobile Safari/537.36 (compatible; PetalBot;+https://webmaster.petalsearch.com/site/petalbot)"
114.119.154.39 - - [03/Oct/2021:04:45:24 +0900] "realpano.net(SG) GET /gl/index.php?mid=human_vr&search_target=tag&search_keyword=%EA%B3%B5%EC%9B%90&category=3356&m=0&listStyle=webzine&division=-45271&last_division=0 HTTP/1.1" 403 199 "-" "Mozilla/5.0 (Linux; Android 7.0;) AppleWebKit/537.36 (KHTML, like Gecko) Mobile Safari/537.36 (compatible; PetalBot;+https://webmaster.petalsearch.com/site/petalbot)"
114.119.154.26 - - [03/Oct/2021:04:50:35 +0900] "realpano.net(SG) GET /gl/index.php?mid=human_vr&m=0&search_target=tag&search_keyword=%ED%9A%8C&category=3347&listStyle=list HTTP/1.1" 403 199 "-" "Mozilla/5.0 (Linux; Android 7.0;) AppleWebKit/537.36 (KHTML, like Gecko) Mobile Safari/537.36 (compatible; PetalBot;+https://webmaster.petalsearch.com/site/petalbot)"
114.119.154.26 - - [03/Oct/2021:04:50:35 +0900] "realpano.net(SG) GET /gl/index.php?mid=human_vr&m=0&search_target=tag&search_keyword=%ED%9A%8C&category=3347&listStyle=list HTTP/1.1" 403 199 "-" "Mozilla/5.0 (Linux; Android 7.0;) AppleWebKit/537.36 (KHTML, like Gecko) Mobile Safari/537.36 (compatible; PetalBot;+https://webmaster.petalsearch.com/site/petalbot)"
207.46.13.70 - - [03/Oct/2021:04:51:23 +0900] "realpano.net(US) GET /gl/human_vr/category/3351 HTTP/2.0" 404 196 "-" "Mozilla/5.0 (compatible; bingbot/2.0; +http://www.bing.com/bingbot.htm)"
207.46.13.70 - - [03/Oct/2021:04:51:23 +0900] "realpano.net(US) GET /gl/human_vr/category/3351 HTTP/2.0" 404 196 "-" "Mozilla/5.0 (compatible; bingbot/2.0; +http://www.bing.com/bingbot.htm)"
66.249.79.5 - - [03/Oct/2021:04:51:51 +0900] "www.realpano.net(US) GET /gl/files/thumbnails/182/004/204x102.crop.jpg?20140501200001 HTTP/1.1" 200 20952 "-" "Googlebot-Image/1.0"
66.249.79.5 - - [03/Oct/2021:04:51:51 +0900] "www.realpano.net(US) GET /gl/files/thumbnails/182/004/204x102.crop.jpg?20140501200001 HTTP/1.1" 200 20952 "-" "Googlebot-Image/1.0"
114.119.154.26 - - [03/Oct/2021:04:55:46 +0900] "realpano.net(SG) GET /gl/index.php?mid=human_vr&m=0&listStyle=list&sort_index=readed_count&order_type=desc&search_target=tag&search_keyword=%EA%B5%AC%EB%91%90&division=-45271&last_division=0&category=3349 HTTP/1.1" 403 199 "-" "Mozilla/5.0 (Linux; Android 7.0;) AppleWebKit/537.36 (KHTML, like Gecko) Mobile Safari/537.36 (compatible; PetalBot;+https://webmaster.petalsearch.com/site/petalbot)"
114.119.154.26 - - [03/Oct/2021:04:55:46 +0900] "realpano.net(SG) GET /gl/index.php?mid=human_vr&m=0&listStyle=list&sort_index=readed_count&order_type=desc&search_target=tag&search_keyword=%EA%B5%AC%EB%91%90&division=-45271&last_division=0&category=3349 HTTP/1.1" 403 199 "-" "Mozilla/5.0 (Linux; Android 7.0;) AppleWebKit/537.36 (KHTML, like Gecko) Mobile Safari/537.36 (compatible; PetalBot;+https://webmaster.petalsearch.com/site/petalbot)"
114.119.154.6 - - [03/Oct/2021:05:00:57 +0900] "realpano.net(SG) GET /gl/human_vr/44915 HTTP/1.1" 403 199 "-" "Mozilla/5.0 (Linux; Android 7.0;) AppleWebKit/537.36 (KHTML, like Gecko) Mobile Safari/537.36 (compatible; PetalBot;+https://webmaster.petalsearch.com/site/petalbot)"
114.119.154.6 - - [03/Oct/2021:05:00:57 +0900] "realpano.net(SG) GET /gl/human_vr/44915 HTTP/1.1" 403 199 "-" "Mozilla/5.0 (Linux; Android 7.0;) AppleWebKit/537.36 (KHTML, like Gecko) Mobile Safari/537.36 (compatible; PetalBot;+https://webmaster.petalsearch.com/site/petalbot)"
114.119.154.30 - - [03/Oct/2021:05:06:22 +0900] "realpano.net(SG) GET /gl/index.php?mid=human_vr&document_srl=45149&m=0 HTTP/1.1" 403 199 "-" "Mozilla/5.0 (Linux; Android 7.0;) AppleWebKit/537.36 (KHTML, like Gecko) Mobile Safari/537.36 (compatible; PetalBot;+https://webmaster.petalsearch.com/site/petalbot)"
114.119.154.30 - - [03/Oct/2021:05:06:22 +0900] "realpano.net(SG) GET /gl/index.php?mid=human_vr&document_srl=45149&m=0 HTTP/1.1" 403 199 "-" "Mozilla/5.0 (Linux; Android 7.0;) AppleWebKit/537.36 (KHTML, like Gecko) Mobile Safari/537.36 (compatible; PetalBot;+https://webmaster.petalsearch.com/site/petalbot)"
17.121.114.7 - - [03/Oct/2021:05:08:41 +0900] "realpano.net(US) GET /robots.txt HTTP/1.1" 404 196 "-" "Mozilla/5.0 (Macintosh; Intel Mac OS X 10_15_5) AppleWebKit/605.1.15 (KHTML, like Gecko) Version/13.1.1 Safari/605.1.15 (Applebot/0.1; +http://www.apple.com/go/applebot)"
17.121.114.7 - - [03/Oct/2021:05:08:41 +0900] "realpano.net(US) GET /robots.txt HTTP/1.1" 404 196 "-" "Mozilla/5.0 (Macintosh; Intel Mac OS X 10_15_5) AppleWebKit/605.1.15 (KHTML, like Gecko) Version/13.1.1 Safari/605.1.15 (Applebot/0.1; +http://www.apple.com/go/applebot)"
17.121.114.7 - - [03/Oct/2021:05:08:42 +0900] "realpano.net(US) GET /gl/human_vr/45245 HTTP/1.1" 404 196 "-" "Mozilla/5.0 (Macintosh; Intel Mac OS X 10_15_5) AppleWebKit/605.1.15 (KHTML, like Gecko) Version/13.1.1 Safari/605.1.15 (Applebot/0.1; +http://www.apple.com/go/applebot)"
17.121.114.7 - - [03/Oct/2021:05:08:42 +0900] "realpano.net(US) GET /gl/human_vr/45245 HTTP/1.1" 404 196 "-" "Mozilla/5.0 (Macintosh; Intel Mac OS X 10_15_5) AppleWebKit/605.1.15 (KHTML, like Gecko) Version/13.1.1 Safari/605.1.15 (Applebot/0.1; +http://www.apple.com/go/applebot)"
114.119.154.67 - - [03/Oct/2021:05:11:50 +0900] "realpano.net(SG) GET /gl/index.php?mid=human_vr&search_target=tag&search_keyword=%EC%84%A0%EB%B0%95&category=3346&division=-45271&last_division=0&act=dispMemberSignUpForm HTTP/1.1" 403 199 "-" "Mozilla/5.0 (Linux; Android 7.0;) AppleWebKit/537.36 (KHTML, like Gecko) Mobile Safari/537.36 (compatible; PetalBot;+https://webmaster.petalsearch.com/site/petalbot)"
114.119.154.67 - - [03/Oct/2021:05:11:50 +0900] "realpano.net(SG) GET /gl/index.php?mid=human_vr&search_target=tag&search_keyword=%EC%84%A0%EB%B0%95&category=3346&division=-45271&last_division=0&act=dispMemberSignUpForm HTTP/1.1" 403 199 "-" "Mozilla/5.0 (Linux; Android 7.0;) AppleWebKit/537.36 (KHTML, like Gecko) Mobile Safari/537.36 (compatible; PetalBot;+https://webmaster.petalsearch.com/site/petalbot)"
114.119.152.32 - - [03/Oct/2021:05:17:05 +0900] "realpano.net(SG) GET /robots.txt HTTP/1.1" 403 199 "-" "Mozilla/5.0 (compatible;PetalBot;+https://webmaster.petalsearch.com/site/petalbot)"
114.119.152.32 - - [03/Oct/2021:05:17:05 +0900] "realpano.net(SG) GET /robots.txt HTTP/1.1" 403 199 "-" "Mozilla/5.0 (compatible;PetalBot;+https://webmaster.petalsearch.com/site/petalbot)"
114.119.154.6 - - [03/Oct/2021:05:22:24 +0900] "realpano.net(SG) GET /gl/index.php?mid=human_vr&m=0&category=3357&listStyle=list&order_type=asc&sort_index=readed_count&search_target=tag&search_keyword=%EA%B8%B0%EB%85%90%EA%B4%80 HTTP/1.1" 403 199 "-" "Mozilla/5.0 (Linux; Android 7.0;) AppleWebKit/537.36 (KHTML, like Gecko) Mobile Safari/537.36 (compatible; PetalBot;+https://webmaster.petalsearch.com/site/petalbot)"
114.119.154.6 - - [03/Oct/2021:05:22:24 +0900] "realpano.net(SG) GET /gl/index.php?mid=human_vr&m=0&category=3357&listStyle=list&order_type=asc&sort_index=readed_count&search_target=tag&search_keyword=%EA%B8%B0%EB%85%90%EA%B4%80 HTTP/1.1" 403 199 "-" "Mozilla/5.0 (Linux; Android 7.0;) AppleWebKit/537.36 (KHTML, like Gecko) Mobile Safari/537.36 (compatible; PetalBot;+https://webmaster.petalsearch.com/site/petalbot)"
66.249.79.1 - - [03/Oct/2021:05:26:46 +0900] "www.realpano.net(US) GET /home1/realpano/public_html/html/gl/modules/board/m.skins/mboard_zaggumedia_portfolio_realpano/images/icon_arrow_down.png HTTP/1.1" 404 196 "-" "Googlebot-Image/1.0"
66.249.79.1 - - [03/Oct/2021:05:26:46 +0900] "www.realpano.net(US) GET /home1/realpano/public_html/html/gl/modules/board/m.skins/mboard_zaggumedia_portfolio_realpano/images/icon_arrow_down.png HTTP/1.1" 404 196 "-" "Googlebot-Image/1.0"
89.41.182.153 - - [03/Oct/2021:05:27:09 +0900] "realpano.net(RO) GET / HTTP/1.1" 200 64 "-" "Mozilla/5.0 (Windows NT 6.2; Win64; x64; rv:92.0) Gecko/20100101 Firefox/92.0"
89.41.182.153 - - [03/Oct/2021:05:27:09 +0900] "realpano.net(RO) GET / HTTP/1.1" 200 64 "-" "Mozilla/5.0 (Windows NT 6.2; Win64; x64; rv:92.0) Gecko/20100101 Firefox/92.0"
114.119.154.39 - - [03/Oct/2021:05:27:59 +0900] "realpano.net(SG) GET /gl/index.php?mid=human_vr&m=1&listStyle=viewer&document_srl=45269&act=dispMemberFindAccount HTTP/1.1" 403 199 "-" "Mozilla/5.0 (Linux; Android 7.0;) AppleWebKit/537.36 (KHTML, like Gecko) Mobile Safari/537.36 (compatible; PetalBot;+https://webmaster.petalsearch.com/site/petalbot)"
114.119.154.39 - - [03/Oct/2021:05:27:59 +0900] "realpano.net(SG) GET /gl/index.php?mid=human_vr&m=1&listStyle=viewer&document_srl=45269&act=dispMemberFindAccount HTTP/1.1" 403 199 "-" "Mozilla/5.0 (Linux; Android 7.0;) AppleWebKit/537.36 (KHTML, like Gecko) Mobile Safari/537.36 (compatible; PetalBot;+https://webmaster.petalsearch.com/site/petalbot)"
17.121.115.80 - - [03/Oct/2021:05:31:30 +0900] "realpano.net(US) GET /robots.txt HTTP/1.1" 404 196 "-" "Mozilla/5.0 (Macintosh; Intel Mac OS X 10_15_5) AppleWebKit/605.1.15 (KHTML, like Gecko) Version/13.1.1 Safari/605.1.15 (Applebot/0.1; +http://www.apple.com/go/applebot)"
17.121.115.80 - - [03/Oct/2021:05:31:30 +0900] "realpano.net(US) GET /robots.txt HTTP/1.1" 404 196 "-" "Mozilla/5.0 (Macintosh; Intel Mac OS X 10_15_5) AppleWebKit/605.1.15 (KHTML, like Gecko) Version/13.1.1 Safari/605.1.15 (Applebot/0.1; +http://www.apple.com/go/applebot)"
17.121.115.80 - - [03/Oct/2021:05:31:31 +0900] "realpano.net(US) GET /_allthat_VR/stay/120427kmr/tour.html HTTP/1.1" 200 1255 "-" "Mozilla/5.0 (Macintosh; Intel Mac OS X 10_15_5) AppleWebKit/605.1.15 (KHTML, like Gecko) Version/13.1.1 Safari/605.1.15 (Applebot/0.1; +http://www.apple.com/go/applebot)"
17.121.115.80 - - [03/Oct/2021:05:31:31 +0900] "realpano.net(US) GET /_allthat_VR/stay/120427kmr/tour.html HTTP/1.1" 200 1255 "-" "Mozilla/5.0 (Macintosh; Intel Mac OS X 10_15_5) AppleWebKit/605.1.15 (KHTML, like Gecko) Version/13.1.1 Safari/605.1.15 (Applebot/0.1; +http://www.apple.com/go/applebot)"
114.119.154.6 - - [03/Oct/2021:05:33:25 +0900] "realpano.net(SG) GET /gl/index.php?mid=human_vr&search_target=tag&search_keyword=%EB%B6%81%EC%84%B1%EB%A1%9C&division=-45271&last_division=0&m=0&listStyle=webzine&category=3343 HTTP/1.1" 403 199 "-" "Mozilla/5.0 (Linux; Android 7.0;) AppleWebKit/537.36 (KHTML, like Gecko) Mobile Safari/537.36 (compatible; PetalBot;+https://webmaster.petalsearch.com/site/petalbot)"
114.119.154.6 - - [03/Oct/2021:05:33:25 +0900] "realpano.net(SG) GET /gl/index.php?mid=human_vr&search_target=tag&search_keyword=%EB%B6%81%EC%84%B1%EB%A1%9C&division=-45271&last_division=0&m=0&listStyle=webzine&category=3343 HTTP/1.1" 403 199 "-" "Mozilla/5.0 (Linux; Android 7.0;) AppleWebKit/537.36 (KHTML, like Gecko) Mobile Safari/537.36 (compatible; PetalBot;+https://webmaster.petalsearch.com/site/petalbot)"
66.249.68.61 - - [03/Oct/2021:05:34:24 +0900] "realpano.net(US) GET /clubview/_tour/kummorae/main.html HTTP/1.1" 404 196 "http://www.kummorae.com/" "Mozilla/5.0 (Linux; Android 6.0.1; Nexus 5X Build/MMB29P) AppleWebKit/537.36 (KHTML, like Gecko) Chrome/94.0.4606.61 Mobile Safari/537.36 (compatible; Googlebot/2.1; +http://www.google.com/bot.html)"
66.249.68.61 - - [03/Oct/2021:05:34:24 +0900] "realpano.net(US) GET /clubview/_tour/kummorae/main.html HTTP/1.1" 404 196 "http://www.kummorae.com/" "Mozilla/5.0 (Linux; Android 6.0.1; Nexus 5X Build/MMB29P) AppleWebKit/537.36 (KHTML, like Gecko) Chrome/94.0.4606.61 Mobile Safari/537.36 (compatible; Googlebot/2.1; +http://www.google.com/bot.html)"
66.249.68.59 - - [03/Oct/2021:05:34:25 +0900] "realpano.net(US) GET /clubview/_tour/kummorae/main.html HTTP/1.1" 404 196 "http://www.kummorae.com/" "Mozilla/5.0 (Linux; Android 6.0.1; Nexus 5X Build/MMB29P) AppleWebKit/537.36 (KHTML, like Gecko) Chrome/94.0.4606.61 Mobile Safari/537.36 (compatible; Googlebot/2.1; +http://www.google.com/bot.html)"
66.249.68.59 - - [03/Oct/2021:05:34:25 +0900] "realpano.net(US) GET /clubview/_tour/kummorae/main.html HTTP/1.1" 404 196 "http://www.kummorae.com/" "Mozilla/5.0 (Linux; Android 6.0.1; Nexus 5X Build/MMB29P) AppleWebKit/537.36 (KHTML, like Gecko) Chrome/94.0.4606.61 Mobile Safari/537.36 (compatible; Googlebot/2.1; +http://www.google.com/bot.html)"
17.121.113.69 - - [03/Oct/2021:05:41:03 +0900] "realpano.net(US) GET /_allthat_VR/stay/120427kmr/tour.js HTTP/1.1" 200 144699 "http://realpano.net/_allthat_VR/stay/120427kmr/tour.html" "Mozilla/5.0 (Macintosh; Intel Mac OS X 10_15_5) AppleWebKit/605.1.15 (KHTML, like Gecko) Version/13.1.1 Safari/605.1.15 (Applebot/0.1; +http://www.apple.com/go/applebot)"
17.121.113.69 - - [03/Oct/2021:05:41:03 +0900] "realpano.net(US) GET /_allthat_VR/stay/120427kmr/tour.js HTTP/1.1" 200 144699 "http://realpano.net/_allthat_VR/stay/120427kmr/tour.html" "Mozilla/5.0 (Macintosh; Intel Mac OS X 10_15_5) AppleWebKit/605.1.15 (KHTML, like Gecko) Version/13.1.1 Safari/605.1.15 (Applebot/0.1; +http://www.apple.com/go/applebot)"
17.121.113.69 - - [03/Oct/2021:05:41:05 +0900] "realpano.net(US) GET /_allthat_VR/stay/120427kmr/tour.xml HTTP/1.1" 200 11770 "http://realpano.net/_allthat_VR/stay/120427kmr/tour.html" "Mozilla/5.0 (Macintosh; Intel Mac OS X 10_15_5) AppleWebKit/605.1.15 (KHTML, like Gecko) Version/13.1.1 Safari/605.1.15 (Applebot/0.1; +http://www.apple.com/go/applebot)"
17.121.113.69 - - [03/Oct/2021:05:41:05 +0900] "realpano.net(US) GET /_allthat_VR/stay/120427kmr/tour.xml HTTP/1.1" 200 11770 "http://realpano.net/_allthat_VR/stay/120427kmr/tour.html" "Mozilla/5.0 (Macintosh; Intel Mac OS X 10_15_5) AppleWebKit/605.1.15 (KHTML, like Gecko) Version/13.1.1 Safari/605.1.15 (Applebot/0.1; +http://www.apple.com/go/applebot)"
17.121.113.69 - - [03/Oct/2021:05:41:06 +0900] "realpano.net(US) GET /_allthat_VR/stay/120427kmr/skin/vtourskin-allthat.xml HTTP/1.1" 200 17405 "http://realpano.net/_allthat_VR/stay/120427kmr/tour.html" "Mozilla/5.0 (Macintosh; Intel Mac OS X 10_15_5) AppleWebKit/605.1.15 (KHTML, like Gecko) Version/13.1.1 Safari/605.1.15 (Applebot/0.1; +http://www.apple.com/go/applebot)"
17.121.113.69 - - [03/Oct/2021:05:41:06 +0900] "realpano.net(US) GET /_allthat_VR/stay/120427kmr/skin/vtourskin-allthat.xml HTTP/1.1" 200 17405 "http://realpano.net/_allthat_VR/stay/120427kmr/tour.html" "Mozilla/5.0 (Macintosh; Intel Mac OS X 10_15_5) AppleWebKit/605.1.15 (KHTML, like Gecko) Version/13.1.1 Safari/605.1.15 (Applebot/0.1; +http://www.apple.com/go/applebot)"
114.119.158.34 - - [03/Oct/2021:05:44:02 +0900] "www.realpano.net(SG) GET /robots.txt HTTP/1.1" 403 199 "-" "Mozilla/5.0 (compatible;PetalBot;+https://webmaster.petalsearch.com/site/petalbot)"
114.119.158.34 - - [03/Oct/2021:05:44:02 +0900] "www.realpano.net(SG) GET /robots.txt HTTP/1.1" 403 199 "-" "Mozilla/5.0 (compatible;PetalBot;+https://webmaster.petalsearch.com/site/petalbot)"
140.255.41.59 - - [03/Oct/2021:05:44:08 +0900] "www.realpano.net(CN) POST /fuck.php HTTP/1.1" 404 196 "http://misc.yahoo.com.cn/" "Mozilla/5.0+(compatible;+Baispider/2.0;++http://www.bai.com/search/spider.html)"
140.255.41.59 - - [03/Oct/2021:05:44:08 +0900] "www.realpano.net(CN) POST /fuck.php HTTP/1.1" 404 196 "http://misc.yahoo.com.cn/" "Mozilla/5.0+(compatible;+Baispider/2.0;++http://www.bai.com/search/spider.html)"
140.255.41.59 - - [03/Oct/2021:05:44:08 +0900] "www.realpano.net(CN) POST /fuck.php HTTP/1.1" 404 196 "http://misc.yahoo.com.cn/" "Mozilla/5.0+(compatible;+Baispider/2.0;++http://www.bai.com/search/spider.html)"
140.255.41.59 - - [03/Oct/2021:05:44:08 +0900] "www.realpano.net(CN) POST /fuck.php HTTP/1.1" 404 196 "http://misc.yahoo.com.cn/" "Mozilla/5.0+(compatible;+Baispider/2.0;++http://www.bai.com/search/spider.html)"
