17.121.113.98 - - [02/Oct/2021:07:56:00 +0900] "realpano.net(US) GET /gl/high1 HTTP/1.1" 404 196 "-" "Mozilla/5.0 (Macintosh; Intel Mac OS X 10_15_5) AppleWebKit/605.1.15 (KHTML, like Gecko) Version/13.1.1 Safari/605.1.15 (Applebot/0.1; +http://www.apple.com/go/applebot)"
17.121.113.98 - - [02/Oct/2021:07:56:00 +0900] "realpano.net(US) GET /gl/high1 HTTP/1.1" 404 196 "-" "Mozilla/5.0 (Macintosh; Intel Mac OS X 10_15_5) AppleWebKit/605.1.15 (KHTML, like Gecko) Version/13.1.1 Safari/605.1.15 (Applebot/0.1; +http://www.apple.com/go/applebot)"
114.119.154.6 - - [02/Oct/2021:08:02:24 +0900] "realpano.net(SG) GET /gl/index.php?mid=human_vr&page=5&listStyle=viewer&m=0&sort_index=readed_count&order_type=asc&document_srl=4164 HTTP/1.1" 403 199 "-" "Mozilla/5.0 (Linux; Android 7.0;) AppleWebKit/537.36 (KHTML, like Gecko) Mobile Safari/537.36 (compatible; PetalBot;+https://webmaster.petalsearch.com/site/petalbot)"
114.119.154.6 - - [02/Oct/2021:08:02:24 +0900] "realpano.net(SG) GET /gl/index.php?mid=human_vr&page=5&listStyle=viewer&m=0&sort_index=readed_count&order_type=asc&document_srl=4164 HTTP/1.1" 403 199 "-" "Mozilla/5.0 (Linux; Android 7.0;) AppleWebKit/537.36 (KHTML, like Gecko) Mobile Safari/537.36 (compatible; PetalBot;+https://webmaster.petalsearch.com/site/petalbot)"
154.6.26.12 - - [02/Oct/2021:08:02:53 +0900] "realpano.net(US) GET / HTTP/1.0" 200 64 "http://realpano.net/" "Mozilla/5.0 (Windows NT 6.3; Win64; x64) AppleWebKit/537.36 (KHTML, like Gecko) Chrome/90.0.4430.72 Safari/537.36"
154.6.26.12 - - [02/Oct/2021:08:02:53 +0900] "realpano.net(US) GET / HTTP/1.0" 200 64 "http://realpano.net/" "Mozilla/5.0 (Windows NT 6.3; Win64; x64) AppleWebKit/537.36 (KHTML, like Gecko) Chrome/90.0.4430.72 Safari/537.36"
154.6.26.12 - - [02/Oct/2021:08:02:54 +0900] "realpano.net(US) GET /gl/%22; HTTP/1.0" 404 196 "http://realpano.net/gl/%22;" "Mozilla/5.0 (Windows NT 6.3; Win64; x64) AppleWebKit/537.36 (KHTML, like Gecko) Chrome/90.0.4430.72 Safari/537.36"
154.6.26.12 - - [02/Oct/2021:08:02:54 +0900] "realpano.net(US) GET /gl/%22; HTTP/1.0" 404 196 "http://realpano.net/gl/%22;" "Mozilla/5.0 (Windows NT 6.3; Win64; x64) AppleWebKit/537.36 (KHTML, like Gecko) Chrome/90.0.4430.72 Safari/537.36"
154.6.26.12 - - [02/Oct/2021:08:02:54 +0900] "realpano.net(US) GET / HTTP/1.0" 200 64 "http://realpano.net/" "Mozilla/5.0 (Windows NT 6.3; Win64; x64) AppleWebKit/537.36 (KHTML, like Gecko) Chrome/90.0.4430.72 Safari/537.36"
154.6.26.12 - - [02/Oct/2021:08:02:54 +0900] "realpano.net(US) GET / HTTP/1.0" 200 64 "http://realpano.net/" "Mozilla/5.0 (Windows NT 6.3; Win64; x64) AppleWebKit/537.36 (KHTML, like Gecko) Chrome/90.0.4430.72 Safari/537.36"
114.119.154.26 - - [02/Oct/2021:08:10:18 +0900] "realpano.net(SG) GET /gl/index.php?mid=human_vr&listStyle=list&category=3355&m=0&sort_index=title&order_type=desc HTTP/1.1" 403 199 "-" "Mozilla/5.0 (Linux; Android 7.0;) AppleWebKit/537.36 (KHTML, like Gecko) Mobile Safari/537.36 (compatible; PetalBot;+https://webmaster.petalsearch.com/site/petalbot)"
114.119.154.26 - - [02/Oct/2021:08:10:18 +0900] "realpano.net(SG) GET /gl/index.php?mid=human_vr&listStyle=list&category=3355&m=0&sort_index=title&order_type=desc HTTP/1.1" 403 199 "-" "Mozilla/5.0 (Linux; Android 7.0;) AppleWebKit/537.36 (KHTML, like Gecko) Mobile Safari/537.36 (compatible; PetalBot;+https://webmaster.petalsearch.com/site/petalbot)"
157.55.39.20 - - [02/Oct/2021:08:11:55 +0900] "www.realpano.net(US) GET / HTTP/1.1" 200 64 "-" "Mozilla/5.0 (compatible; bingbot/2.0; +http://www.bing.com/bingbot.htm)"
157.55.39.20 - - [02/Oct/2021:08:11:55 +0900] "www.realpano.net(US) GET / HTTP/1.1" 200 64 "-" "Mozilla/5.0 (compatible; bingbot/2.0; +http://www.bing.com/bingbot.htm)"
114.119.154.6 - - [02/Oct/2021:08:17:31 +0900] "realpano.net(SG) GET /gl/index.php?mid=human_vr&m=0&search_target=tag&search_keyword=%EC%BF%A0%EB%82%98%EB%93%9C&category=3345&listStyle=webzine HTTP/1.1" 403 199 "-" "Mozilla/5.0 (Linux; Android 7.0;) AppleWebKit/537.36 (KHTML, like Gecko) Mobile Safari/537.36 (compatible; PetalBot;+https://webmaster.petalsearch.com/site/petalbot)"
114.119.154.6 - - [02/Oct/2021:08:17:31 +0900] "realpano.net(SG) GET /gl/index.php?mid=human_vr&m=0&search_target=tag&search_keyword=%EC%BF%A0%EB%82%98%EB%93%9C&category=3345&listStyle=webzine HTTP/1.1" 403 199 "-" "Mozilla/5.0 (Linux; Android 7.0;) AppleWebKit/537.36 (KHTML, like Gecko) Mobile Safari/537.36 (compatible; PetalBot;+https://webmaster.petalsearch.com/site/petalbot)"
114.119.154.6 - - [02/Oct/2021:08:24:32 +0900] "realpano.net(SG) GET /gl/index.php?mid=human_vr&listStyle=webzine&m=0&sort_index=title&order_type=desc&page=4&document_srl=4170 HTTP/1.1" 403 199 "-" "Mozilla/5.0 (Linux; Android 7.0;) AppleWebKit/537.36 (KHTML, like Gecko) Mobile Safari/537.36 (compatible; PetalBot;+https://webmaster.petalsearch.com/site/petalbot)"
114.119.154.6 - - [02/Oct/2021:08:24:32 +0900] "realpano.net(SG) GET /gl/index.php?mid=human_vr&listStyle=webzine&m=0&sort_index=title&order_type=desc&page=4&document_srl=4170 HTTP/1.1" 403 199 "-" "Mozilla/5.0 (Linux; Android 7.0;) AppleWebKit/537.36 (KHTML, like Gecko) Mobile Safari/537.36 (compatible; PetalBot;+https://webmaster.petalsearch.com/site/petalbot)"
114.119.154.39 - - [02/Oct/2021:08:31:24 +0900] "realpano.net(SG) GET /gl/index.php?mid=human_vr&document_srl=44755&act=dispMemberFindAccount HTTP/1.1" 403 199 "-" "Mozilla/5.0 (Linux; Android 7.0;) AppleWebKit/537.36 (KHTML, like Gecko) Mobile Safari/537.36 (compatible; PetalBot;+https://webmaster.petalsearch.com/site/petalbot)"
114.119.154.39 - - [02/Oct/2021:08:31:24 +0900] "realpano.net(SG) GET /gl/index.php?mid=human_vr&document_srl=44755&act=dispMemberFindAccount HTTP/1.1" 403 199 "-" "Mozilla/5.0 (Linux; Android 7.0;) AppleWebKit/537.36 (KHTML, like Gecko) Mobile Safari/537.36 (compatible; PetalBot;+https://webmaster.petalsearch.com/site/petalbot)"
66.249.79.7 - - [02/Oct/2021:08:33:04 +0900] "www.realpano.net(US) GET /robots.txt HTTP/1.1" 404 196 "-" "Mozilla/5.0 (compatible; Googlebot/2.1; +http://www.google.com/bot.html)"
66.249.79.7 - - [02/Oct/2021:08:33:04 +0900] "www.realpano.net(US) GET /robots.txt HTTP/1.1" 404 196 "-" "Mozilla/5.0 (compatible; Googlebot/2.1; +http://www.google.com/bot.html)"
66.249.79.5 - - [02/Oct/2021:08:33:04 +0900] "www.realpano.net(US) GET /gl/index.php?mid=consultation1&page=2&sort_index=regdate&order_type=desc HTTP/1.1" 200 51128 "-" "Mozilla/5.0 (Linux; Android 6.0.1; Nexus 5X Build/MMB29P) AppleWebKit/537.36 (KHTML, like Gecko) Chrome/94.0.4606.54 Mobile Safari/537.36 (compatible; Googlebot/2.1; +http://www.google.com/bot.html)"
66.249.79.5 - - [02/Oct/2021:08:33:04 +0900] "www.realpano.net(US) GET /gl/index.php?mid=consultation1&page=2&sort_index=regdate&order_type=desc HTTP/1.1" 200 51128 "-" "Mozilla/5.0 (Linux; Android 6.0.1; Nexus 5X Build/MMB29P) AppleWebKit/537.36 (KHTML, like Gecko) Chrome/94.0.4606.54 Mobile Safari/537.36 (compatible; Googlebot/2.1; +http://www.google.com/bot.html)"
207.46.13.29 - - [02/Oct/2021:08:36:28 +0900] "realpano.net(US) GET /gl/files/thumbnails/751/043/204x102.crop.jpg?20140530120441 HTTP/2.0" 404 196 "-" "Mozilla/5.0 (compatible; bingbot/2.0; +http://www.bing.com/bingbot.htm)"
207.46.13.29 - - [02/Oct/2021:08:36:28 +0900] "realpano.net(US) GET /gl/files/thumbnails/751/043/204x102.crop.jpg?20140530120441 HTTP/2.0" 404 196 "-" "Mozilla/5.0 (compatible; bingbot/2.0; +http://www.bing.com/bingbot.htm)"
114.119.154.67 - - [02/Oct/2021:08:37:53 +0900] "realpano.net(SG) GET /gl/index.php?mid=human_vr&document_srl=45227&m=0&listStyle=viewer&page=1 HTTP/1.1" 403 199 "-" "Mozilla/5.0 (Linux; Android 7.0;) AppleWebKit/537.36 (KHTML, like Gecko) Mobile Safari/537.36 (compatible; PetalBot;+https://webmaster.petalsearch.com/site/petalbot)"
114.119.154.67 - - [02/Oct/2021:08:37:53 +0900] "realpano.net(SG) GET /gl/index.php?mid=human_vr&document_srl=45227&m=0&listStyle=viewer&page=1 HTTP/1.1" 403 199 "-" "Mozilla/5.0 (Linux; Android 7.0;) AppleWebKit/537.36 (KHTML, like Gecko) Mobile Safari/537.36 (compatible; PetalBot;+https://webmaster.petalsearch.com/site/petalbot)"
114.119.154.6 - - [02/Oct/2021:08:44:13 +0900] "realpano.net(SG) GET /gl/index.php?mid=human_vr&category=3348&m=0&listStyle=list&search_target=tag&search_keyword=%EC%9B%A8%EB%94%A9%ED%99%80&sort_index=title&order_type=desc&document_srl=3912 HTTP/1.1" 403 199 "-" "Mozilla/5.0 (Linux; Android 7.0;) AppleWebKit/537.36 (KHTML, like Gecko) Mobile Safari/537.36 (compatible; PetalBot;+https://webmaster.petalsearch.com/site/petalbot)"
114.119.154.6 - - [02/Oct/2021:08:44:13 +0900] "realpano.net(SG) GET /gl/index.php?mid=human_vr&category=3348&m=0&listStyle=list&search_target=tag&search_keyword=%EC%9B%A8%EB%94%A9%ED%99%80&sort_index=title&order_type=desc&document_srl=3912 HTTP/1.1" 403 199 "-" "Mozilla/5.0 (Linux; Android 7.0;) AppleWebKit/537.36 (KHTML, like Gecko) Mobile Safari/537.36 (compatible; PetalBot;+https://webmaster.petalsearch.com/site/petalbot)"
118.235.32.20 - - [02/Oct/2021:08:47:19 +0900] "realpano.net(KR) GET /clubview/_tour/kummorae/main.html HTTP/1.1" 404 196 "http://www.kummorae.com/" "Mozilla/5.0 (Linux; Android 11; SM-G981N Build/RP1A.200720.012; wv) AppleWebKit/537.36 (KHTML, like Gecko) Version/4.0 Chrome/80.0.3987.163 Whale/1.0.0.0 Crosswalk/25.80.14.29 Mobile Safari/537.36 NAVER(inapp; search; 1000; 11.6.6)"
118.235.32.20 - - [02/Oct/2021:08:47:19 +0900] "realpano.net(KR) GET /clubview/_tour/kummorae/main.html HTTP/1.1" 404 196 "http://www.kummorae.com/" "Mozilla/5.0 (Linux; Android 11; SM-G981N Build/RP1A.200720.012; wv) AppleWebKit/537.36 (KHTML, like Gecko) Version/4.0 Chrome/80.0.3987.163 Whale/1.0.0.0 Crosswalk/25.80.14.29 Mobile Safari/537.36 NAVER(inapp; search; 1000; 11.6.6)"
114.119.154.6 - - [02/Oct/2021:08:51:05 +0900] "realpano.net(SG) GET /gl/index.php?mid=human_vr&search_target=tag&search_keyword=%ED%95%9C%EB%B3%B5&category=3354 HTTP/1.1" 403 199 "-" "Mozilla/5.0 (Linux; Android 7.0;) AppleWebKit/537.36 (KHTML, like Gecko) Mobile Safari/537.36 (compatible; PetalBot;+https://webmaster.petalsearch.com/site/petalbot)"
114.119.154.6 - - [02/Oct/2021:08:51:05 +0900] "realpano.net(SG) GET /gl/index.php?mid=human_vr&search_target=tag&search_keyword=%ED%95%9C%EB%B3%B5&category=3354 HTTP/1.1" 403 199 "-" "Mozilla/5.0 (Linux; Android 7.0;) AppleWebKit/537.36 (KHTML, like Gecko) Mobile Safari/537.36 (compatible; PetalBot;+https://webmaster.petalsearch.com/site/petalbot)"
114.119.154.30 - - [02/Oct/2021:08:57:22 +0900] "realpano.net(SG) GET /gl/index.php?mid=human_vr&m=0&category=3348&listStyle=list&order_type=desc&sort_index=regdate&search_target=tag&search_keyword=%EB%8C%80%EC%8B%A0%EB%8F%99&division=-45271&last_division=0&act=dispMemberSignUpForm HTTP/1.1" 403 199 "-" "Mozilla/5.0 (Linux; Android 7.0;) AppleWebKit/537.36 (KHTML, like Gecko) Mobile Safari/537.36 (compatible; PetalBot;+https://webmaster.petalsearch.com/site/petalbot)"
114.119.154.30 - - [02/Oct/2021:08:57:22 +0900] "realpano.net(SG) GET /gl/index.php?mid=human_vr&m=0&category=3348&listStyle=list&order_type=desc&sort_index=regdate&search_target=tag&search_keyword=%EB%8C%80%EC%8B%A0%EB%8F%99&division=-45271&last_division=0&act=dispMemberSignUpForm HTTP/1.1" 403 199 "-" "Mozilla/5.0 (Linux; Android 7.0;) AppleWebKit/537.36 (KHTML, like Gecko) Mobile Safari/537.36 (compatible; PetalBot;+https://webmaster.petalsearch.com/site/petalbot)"
114.119.154.41 - - [02/Oct/2021:09:03:59 +0900] "realpano.net(SG) GET /gl/index.php?mid=human_vr&m=1&search_target=tag&search_keyword=%EA%B3%B5%EC%9B%90&division=-45271&last_division=0&listStyle=viewer&category=3353&act=dispMemberLoginForm HTTP/1.1" 403 199 "-" "Mozilla/5.0 (Linux; Android 7.0;) AppleWebKit/537.36 (KHTML, like Gecko) Mobile Safari/537.36 (compatible; PetalBot;+https://webmaster.petalsearch.com/site/petalbot)"
114.119.154.41 - - [02/Oct/2021:09:03:59 +0900] "realpano.net(SG) GET /gl/index.php?mid=human_vr&m=1&search_target=tag&search_keyword=%EA%B3%B5%EC%9B%90&division=-45271&last_division=0&listStyle=viewer&category=3353&act=dispMemberLoginForm HTTP/1.1" 403 199 "-" "Mozilla/5.0 (Linux; Android 7.0;) AppleWebKit/537.36 (KHTML, like Gecko) Mobile Safari/537.36 (compatible; PetalBot;+https://webmaster.petalsearch.com/site/petalbot)"
157.55.39.121 - - [02/Oct/2021:09:09:06 +0900] "realpano.net(US) GET /gl/human_vr/3843 HTTP/2.0" 404 196 "-" "Mozilla/5.0 (compatible; bingbot/2.0; +http://www.bing.com/bingbot.htm)"
157.55.39.121 - - [02/Oct/2021:09:09:06 +0900] "realpano.net(US) GET /gl/human_vr/3843 HTTP/2.0" 404 196 "-" "Mozilla/5.0 (compatible; bingbot/2.0; +http://www.bing.com/bingbot.htm)"
114.119.154.30 - - [02/Oct/2021:09:10:23 +0900] "realpano.net(SG) GET /gl/index.php?mid=human_vr&m=1&listStyle=list&sort_index=regdate&order_type=desc&search_target=tag&search_keyword=%ED%98%BC%EC%88%98&category=3355&division=-45271&last_division=0 HTTP/1.1" 403 199 "-" "Mozilla/5.0 (Linux; Android 7.0;) AppleWebKit/537.36 (KHTML, like Gecko) Mobile Safari/537.36 (compatible; PetalBot;+https://webmaster.petalsearch.com/site/petalbot)"
114.119.154.30 - - [02/Oct/2021:09:10:23 +0900] "realpano.net(SG) GET /gl/index.php?mid=human_vr&m=1&listStyle=list&sort_index=regdate&order_type=desc&search_target=tag&search_keyword=%ED%98%BC%EC%88%98&category=3355&division=-45271&last_division=0 HTTP/1.1" 403 199 "-" "Mozilla/5.0 (Linux; Android 7.0;) AppleWebKit/537.36 (KHTML, like Gecko) Mobile Safari/537.36 (compatible; PetalBot;+https://webmaster.petalsearch.com/site/petalbot)"
207.46.13.95 - - [02/Oct/2021:09:12:10 +0900] "realpano.net(US) GET / HTTP/2.0" 200 687 "-" "Mozilla/5.0 (compatible; bingbot/2.0; +http://www.bing.com/bingbot.htm)"
207.46.13.95 - - [02/Oct/2021:09:12:10 +0900] "realpano.net(US) GET / HTTP/2.0" 200 687 "-" "Mozilla/5.0 (compatible; bingbot/2.0; +http://www.bing.com/bingbot.htm)"
114.119.154.6 - - [02/Oct/2021:09:16:50 +0900] "realpano.net(SG) GET /gl/index.php?mid=human_vr&search_target=tag&search_keyword=%EA%B2%BD%EC%B0%B0%EC%97%AD%EC%82%AC%2B%EC%B2%B4%ED%97%98%EA%B4%80&division=-45271&last_division=0 HTTP/1.1" 403 199 "-" "Mozilla/5.0 (Linux; Android 7.0;) AppleWebKit/537.36 (KHTML, like Gecko) Mobile Safari/537.36 (compatible; PetalBot;+https://webmaster.petalsearch.com/site/petalbot)"
114.119.154.6 - - [02/Oct/2021:09:16:50 +0900] "realpano.net(SG) GET /gl/index.php?mid=human_vr&search_target=tag&search_keyword=%EA%B2%BD%EC%B0%B0%EC%97%AD%EC%82%AC%2B%EC%B2%B4%ED%97%98%EA%B4%80&division=-45271&last_division=0 HTTP/1.1" 403 199 "-" "Mozilla/5.0 (Linux; Android 7.0;) AppleWebKit/537.36 (KHTML, like Gecko) Mobile Safari/537.36 (compatible; PetalBot;+https://webmaster.petalsearch.com/site/petalbot)"
207.46.13.29 - - [02/Oct/2021:09:21:42 +0900] "realpano.net(US) GET /gl/human_vr/44618 HTTP/2.0" 404 196 "-" "Mozilla/5.0 (compatible; bingbot/2.0; +http://www.bing.com/bingbot.htm)"
207.46.13.29 - - [02/Oct/2021:09:21:42 +0900] "realpano.net(US) GET /gl/human_vr/44618 HTTP/2.0" 404 196 "-" "Mozilla/5.0 (compatible; bingbot/2.0; +http://www.bing.com/bingbot.htm)"
114.119.154.65 - - [02/Oct/2021:09:23:16 +0900] "realpano.net(SG) GET /gl/index.php?mid=human_vr&page=4&listStyle=viewer&document_srl=45239&m=0 HTTP/1.1" 403 199 "-" "Mozilla/5.0 (Linux; Android 7.0;) AppleWebKit/537.36 (KHTML, like Gecko) Mobile Safari/537.36 (compatible; PetalBot;+https://webmaster.petalsearch.com/site/petalbot)"
114.119.154.65 - - [02/Oct/2021:09:23:16 +0900] "realpano.net(SG) GET /gl/index.php?mid=human_vr&page=4&listStyle=viewer&document_srl=45239&m=0 HTTP/1.1" 403 199 "-" "Mozilla/5.0 (Linux; Android 7.0;) AppleWebKit/537.36 (KHTML, like Gecko) Mobile Safari/537.36 (compatible; PetalBot;+https://webmaster.petalsearch.com/site/petalbot)"
114.119.154.26 - - [02/Oct/2021:09:30:01 +0900] "realpano.net(SG) GET /gl/index.php?mid=human_vr&page=5&listStyle=list&document_srl=4176&act=dispMemberFindAccount HTTP/1.1" 403 199 "-" "Mozilla/5.0 (Linux; Android 7.0;) AppleWebKit/537.36 (KHTML, like Gecko) Mobile Safari/537.36 (compatible; PetalBot;+https://webmaster.petalsearch.com/site/petalbot)"
114.119.154.26 - - [02/Oct/2021:09:30:01 +0900] "realpano.net(SG) GET /gl/index.php?mid=human_vr&page=5&listStyle=list&document_srl=4176&act=dispMemberFindAccount HTTP/1.1" 403 199 "-" "Mozilla/5.0 (Linux; Android 7.0;) AppleWebKit/537.36 (KHTML, like Gecko) Mobile Safari/537.36 (compatible; PetalBot;+https://webmaster.petalsearch.com/site/petalbot)"
66.249.68.58 - - [02/Oct/2021:09:33:12 +0900] "realpano.net(US) GET /gl/index.php?listStyle=list&mid=human_vr&order_type=asc&sort_index=title&category=3343&search_target=tag&search_keyword=%EB%AC%B8%ED%99%94%EA%B3%B5%EA%B0%84 HTTP/1.1" 404 196 "-" "Mozilla/5.0 (Linux; Android 6.0.1; Nexus 5X Build/MMB29P) AppleWebKit/537.36 (KHTML, like Gecko) Chrome/94.0.4606.54 Mobile Safari/537.36 (compatible; Googlebot/2.1; +http://www.google.com/bot.html)"
66.249.68.58 - - [02/Oct/2021:09:33:12 +0900] "realpano.net(US) GET /gl/index.php?listStyle=list&mid=human_vr&order_type=asc&sort_index=title&category=3343&search_target=tag&search_keyword=%EB%AC%B8%ED%99%94%EA%B3%B5%EA%B0%84 HTTP/1.1" 404 196 "-" "Mozilla/5.0 (Linux; Android 6.0.1; Nexus 5X Build/MMB29P) AppleWebKit/537.36 (KHTML, like Gecko) Chrome/94.0.4606.54 Mobile Safari/537.36 (compatible; Googlebot/2.1; +http://www.google.com/bot.html)"
66.249.68.56 - - [02/Oct/2021:09:33:12 +0900] "realpano.net(US) GET /robots.txt HTTP/1.1" 404 196 "-" "Mozilla/5.0 (compatible; Googlebot/2.1; +http://www.google.com/bot.html)"
66.249.68.56 - - [02/Oct/2021:09:33:12 +0900] "realpano.net(US) GET /robots.txt HTTP/1.1" 404 196 "-" "Mozilla/5.0 (compatible; Googlebot/2.1; +http://www.google.com/bot.html)"
114.119.154.26 - - [02/Oct/2021:09:36:32 +0900] "realpano.net(SG) GET /gl/index.php?mid=human_vr&m=1&listStyle=viewer&document_srl=45261&act=dispMemberSignUpForm HTTP/1.1" 403 199 "-" "Mozilla/5.0 (Linux; Android 7.0;) AppleWebKit/537.36 (KHTML, like Gecko) Mobile Safari/537.36 (compatible; PetalBot;+https://webmaster.petalsearch.com/site/petalbot)"
114.119.154.26 - - [02/Oct/2021:09:36:32 +0900] "realpano.net(SG) GET /gl/index.php?mid=human_vr&m=1&listStyle=viewer&document_srl=45261&act=dispMemberSignUpForm HTTP/1.1" 403 199 "-" "Mozilla/5.0 (Linux; Android 7.0;) AppleWebKit/537.36 (KHTML, like Gecko) Mobile Safari/537.36 (compatible; PetalBot;+https://webmaster.petalsearch.com/site/petalbot)"
66.249.68.56 - - [02/Oct/2021:09:37:50 +0900] "realpano.net(US) GET /gl/index.php?listStyle=viewer&mid=human_vr&document_srl=4124&page=2&m=0 HTTP/1.1" 404 196 "-" "Mozilla/5.0 (Linux; Android 6.0.1; Nexus 5X Build/MMB29P) AppleWebKit/537.36 (KHTML, like Gecko) Chrome/94.0.4606.54 Mobile Safari/537.36 (compatible; Googlebot/2.1; +http://www.google.com/bot.html)"
66.249.68.56 - - [02/Oct/2021:09:37:50 +0900] "realpano.net(US) GET /gl/index.php?listStyle=viewer&mid=human_vr&document_srl=4124&page=2&m=0 HTTP/1.1" 404 196 "-" "Mozilla/5.0 (Linux; Android 6.0.1; Nexus 5X Build/MMB29P) AppleWebKit/537.36 (KHTML, like Gecko) Chrome/94.0.4606.54 Mobile Safari/537.36 (compatible; Googlebot/2.1; +http://www.google.com/bot.html)"
114.119.154.30 - - [02/Oct/2021:09:42:58 +0900] "realpano.net(SG) GET /gl/index.php?mid=human_vr&m=0&listStyle=list&search_target=tag&search_keyword=%EC%9B%A8%EB%94%A9%ED%99%80&sort_index=title&order_type=desc&division=-45271&last_division=0 HTTP/1.1" 403 199 "-" "Mozilla/5.0 (Linux; Android 7.0;) AppleWebKit/537.36 (KHTML, like Gecko) Mobile Safari/537.36 (compatible; PetalBot;+https://webmaster.petalsearch.com/site/petalbot)"
114.119.154.30 - - [02/Oct/2021:09:42:58 +0900] "realpano.net(SG) GET /gl/index.php?mid=human_vr&m=0&listStyle=list&search_target=tag&search_keyword=%EC%9B%A8%EB%94%A9%ED%99%80&sort_index=title&order_type=desc&division=-45271&last_division=0 HTTP/1.1" 403 199 "-" "Mozilla/5.0 (Linux; Android 7.0;) AppleWebKit/537.36 (KHTML, like Gecko) Mobile Safari/537.36 (compatible; PetalBot;+https://webmaster.petalsearch.com/site/petalbot)"
66.249.68.58 - - [02/Oct/2021:09:43:44 +0900] "realpano.net(US) GET /gl/45254 HTTP/1.1" 404 196 "-" "Mozilla/5.0 (Linux; Android 6.0.1; Nexus 5X Build/MMB29P) AppleWebKit/537.36 (KHTML, like Gecko) Chrome/94.0.4606.54 Mobile Safari/537.36 (compatible; Googlebot/2.1; +http://www.google.com/bot.html)"
66.249.68.58 - - [02/Oct/2021:09:43:44 +0900] "realpano.net(US) GET /gl/45254 HTTP/1.1" 404 196 "-" "Mozilla/5.0 (Linux; Android 6.0.1; Nexus 5X Build/MMB29P) AppleWebKit/537.36 (KHTML, like Gecko) Chrome/94.0.4606.54 Mobile Safari/537.36 (compatible; Googlebot/2.1; +http://www.google.com/bot.html)"
114.119.154.6 - - [02/Oct/2021:09:49:28 +0900] "realpano.net(SG) GET /gl/index.php?mid=human_vr&m=0&category=3357&listStyle=list&sort_index=readed_count&order_type=asc&search_target=tag&search_keyword=%EC%9B%A8%EB%94%A9%ED%99%80&division=-45271&last_division=0 HTTP/1.1" 403 199 "-" "Mozilla/5.0 (Linux; Android 7.0;) AppleWebKit/537.36 (KHTML, like Gecko) Mobile Safari/537.36 (compatible; PetalBot;+https://webmaster.petalsearch.com/site/petalbot)"
114.119.154.6 - - [02/Oct/2021:09:49:28 +0900] "realpano.net(SG) GET /gl/index.php?mid=human_vr&m=0&category=3357&listStyle=list&sort_index=readed_count&order_type=asc&search_target=tag&search_keyword=%EC%9B%A8%EB%94%A9%ED%99%80&division=-45271&last_division=0 HTTP/1.1" 403 199 "-" "Mozilla/5.0 (Linux; Android 7.0;) AppleWebKit/537.36 (KHTML, like Gecko) Mobile Safari/537.36 (compatible; PetalBot;+https://webmaster.petalsearch.com/site/petalbot)"
66.249.79.7 - - [02/Oct/2021:09:51:32 +0900] "www.realpano.net(US) GET /gl/index.php?mid=human_vr&search_target=tag&search_keyword=%EB%8C%80%EC%8B%A0%EB%8F%99 HTTP/1.1" 200 32540 "-" "Mozilla/5.0 (compatible; Googlebot/2.1; +http://www.google.com/bot.html)"
66.249.79.7 - - [02/Oct/2021:09:51:32 +0900] "www.realpano.net(US) GET /gl/index.php?mid=human_vr&search_target=tag&search_keyword=%EB%8C%80%EC%8B%A0%EB%8F%99 HTTP/1.1" 200 32540 "-" "Mozilla/5.0 (compatible; Googlebot/2.1; +http://www.google.com/bot.html)"
114.119.154.67 - - [02/Oct/2021:09:55:55 +0900] "realpano.net(SG) GET /gl/index.php?mid=human_vr&listStyle=list&m=1&category=3357&search_target=tag&search_keyword=%EC%9D%98%EC%84%B1%EA%B5%B0 HTTP/1.1" 403 199 "-" "Mozilla/5.0 (Linux; Android 7.0;) AppleWebKit/537.36 (KHTML, like Gecko) Mobile Safari/537.36 (compatible; PetalBot;+https://webmaster.petalsearch.com/site/petalbot)"
114.119.154.67 - - [02/Oct/2021:09:55:55 +0900] "realpano.net(SG) GET /gl/index.php?mid=human_vr&listStyle=list&m=1&category=3357&search_target=tag&search_keyword=%EC%9D%98%EC%84%B1%EA%B5%B0 HTTP/1.1" 403 199 "-" "Mozilla/5.0 (Linux; Android 7.0;) AppleWebKit/537.36 (KHTML, like Gecko) Mobile Safari/537.36 (compatible; PetalBot;+https://webmaster.petalsearch.com/site/petalbot)"
114.119.154.39 - - [02/Oct/2021:10:02:05 +0900] "realpano.net(SG) GET /gl/index.php?mid=human_vr&m=0&category=3353&listStyle=list&order_type=asc&sort_index=readed_count&document_srl=33971 HTTP/1.1" 403 199 "-" "Mozilla/5.0 (Linux; Android 7.0;) AppleWebKit/537.36 (KHTML, like Gecko) Mobile Safari/537.36 (compatible; PetalBot;+https://webmaster.petalsearch.com/site/petalbot)"
114.119.154.39 - - [02/Oct/2021:10:02:05 +0900] "realpano.net(SG) GET /gl/index.php?mid=human_vr&m=0&category=3353&listStyle=list&order_type=asc&sort_index=readed_count&document_srl=33971 HTTP/1.1" 403 199 "-" "Mozilla/5.0 (Linux; Android 7.0;) AppleWebKit/537.36 (KHTML, like Gecko) Mobile Safari/537.36 (compatible; PetalBot;+https://webmaster.petalsearch.com/site/petalbot)"
39.7.58.164 - - [02/Oct/2021:10:05:32 +0900] "realpano.net(KR) GET /clubview/_tour/kummorae/main.html HTTP/1.1" 404 196 "http://www.kummorae.com/" "Mozilla/5.0 (Linux; Android 9; SM-J530K) AppleWebKit/537.36 (KHTML, like Gecko) Chrome/94.0.4606.61 Mobile Safari/537.36"
39.7.58.164 - - [02/Oct/2021:10:05:32 +0900] "realpano.net(KR) GET /clubview/_tour/kummorae/main.html HTTP/1.1" 404 196 "http://www.kummorae.com/" "Mozilla/5.0 (Linux; Android 9; SM-J530K) AppleWebKit/537.36 (KHTML, like Gecko) Chrome/94.0.4606.61 Mobile Safari/537.36"
66.249.79.7 - - [02/Oct/2021:10:07:20 +0900] "www.realpano.net(US) GET / HTTP/1.1" 200 64 "-" "Mozilla/5.0 (Linux; Android 6.0.1; Nexus 5X Build/MMB29P) AppleWebKit/537.36 (KHTML, like Gecko) Chrome/94.0.4606.54 Mobile Safari/537.36 (compatible; Googlebot/2.1; +http://www.google.com/bot.html)"
66.249.79.7 - - [02/Oct/2021:10:07:20 +0900] "www.realpano.net(US) GET / HTTP/1.1" 200 64 "-" "Mozilla/5.0 (Linux; Android 6.0.1; Nexus 5X Build/MMB29P) AppleWebKit/537.36 (KHTML, like Gecko) Chrome/94.0.4606.54 Mobile Safari/537.36 (compatible; Googlebot/2.1; +http://www.google.com/bot.html)"
51.222.253.17 - - [02/Oct/2021:10:07:47 +0900] "realpano.net(CA) GET /robots.txt HTTP/1.1" 403 199 "-" "Mozilla/5.0 (compatible; AhrefsBot/7.0; +http://ahrefs.com/robot/)"
51.222.253.17 - - [02/Oct/2021:10:07:47 +0900] "realpano.net(CA) GET /robots.txt HTTP/1.1" 403 199 "-" "Mozilla/5.0 (compatible; AhrefsBot/7.0; +http://ahrefs.com/robot/)"
114.119.154.65 - - [02/Oct/2021:10:08:56 +0900] "realpano.net(SG) GET /gl/index.php?mid=human_vr&m=0&page=5&document_srl=44836&listStyle=viewer HTTP/1.1" 403 199 "-" "Mozilla/5.0 (Linux; Android 7.0;) AppleWebKit/537.36 (KHTML, like Gecko) Mobile Safari/537.36 (compatible; PetalBot;+https://webmaster.petalsearch.com/site/petalbot)"
114.119.154.65 - - [02/Oct/2021:10:08:56 +0900] "realpano.net(SG) GET /gl/index.php?mid=human_vr&m=0&page=5&document_srl=44836&listStyle=viewer HTTP/1.1" 403 199 "-" "Mozilla/5.0 (Linux; Android 7.0;) AppleWebKit/537.36 (KHTML, like Gecko) Mobile Safari/537.36 (compatible; PetalBot;+https://webmaster.petalsearch.com/site/petalbot)"
66.249.68.56 - - [02/Oct/2021:10:19:08 +0900] "realpano.net(US) GET /gl/human_vr/3827 HTTP/1.1" 404 196 "-" "Mozilla/5.0 (Linux; Android 6.0.1; Nexus 5X Build/MMB29P) AppleWebKit/537.36 (KHTML, like Gecko) Chrome/94.0.4606.54 Mobile Safari/537.36 (compatible; Googlebot/2.1; +http://www.google.com/bot.html)"
66.249.68.56 - - [02/Oct/2021:10:19:08 +0900] "realpano.net(US) GET /gl/human_vr/3827 HTTP/1.1" 404 196 "-" "Mozilla/5.0 (Linux; Android 6.0.1; Nexus 5X Build/MMB29P) AppleWebKit/537.36 (KHTML, like Gecko) Chrome/94.0.4606.54 Mobile Safari/537.36 (compatible; Googlebot/2.1; +http://www.google.com/bot.html)"
114.119.154.39 - - [02/Oct/2021:10:22:26 +0900] "realpano.net(SG) GET /gl/index.php?mid=human_vr&m=1&category=3357&listStyle=list&order_type=asc&document_srl=44836&sort_index=regdate HTTP/1.1" 403 199 "-" "Mozilla/5.0 (Linux; Android 7.0;) AppleWebKit/537.36 (KHTML, like Gecko) Mobile Safari/537.36 (compatible; PetalBot;+https://webmaster.petalsearch.com/site/petalbot)"
114.119.154.39 - - [02/Oct/2021:10:22:26 +0900] "realpano.net(SG) GET /gl/index.php?mid=human_vr&m=1&category=3357&listStyle=list&order_type=asc&document_srl=44836&sort_index=regdate HTTP/1.1" 403 199 "-" "Mozilla/5.0 (Linux; Android 7.0;) AppleWebKit/537.36 (KHTML, like Gecko) Mobile Safari/537.36 (compatible; PetalBot;+https://webmaster.petalsearch.com/site/petalbot)"
66.249.79.1 - - [02/Oct/2021:10:25:53 +0900] "www.realpano.net(US) GET /gl/?mid=human_vr&category=3350 HTTP/1.1" 200 37297 "-" "Mozilla/5.0 (compatible; Googlebot/2.1; +http://www.google.com/bot.html)"
66.249.79.1 - - [02/Oct/2021:10:25:53 +0900] "www.realpano.net(US) GET /gl/?mid=human_vr&category=3350 HTTP/1.1" 200 37297 "-" "Mozilla/5.0 (compatible; Googlebot/2.1; +http://www.google.com/bot.html)"
114.119.154.67 - - [02/Oct/2021:10:28:20 +0900] "realpano.net(SG) GET /gl/index.php?mid=human_vr&category=3357&m=0&listStyle=list&document_srl=44836&order_type=desc&act=dispMemberSignUpForm HTTP/1.1" 403 199 "-" "Mozilla/5.0 (Linux; Android 7.0;) AppleWebKit/537.36 (KHTML, like Gecko) Mobile Safari/537.36 (compatible; PetalBot;+https://webmaster.petalsearch.com/site/petalbot)"
114.119.154.67 - - [02/Oct/2021:10:28:20 +0900] "realpano.net(SG) GET /gl/index.php?mid=human_vr&category=3357&m=0&listStyle=list&document_srl=44836&order_type=desc&act=dispMemberSignUpForm HTTP/1.1" 403 199 "-" "Mozilla/5.0 (Linux; Android 7.0;) AppleWebKit/537.36 (KHTML, like Gecko) Mobile Safari/537.36 (compatible; PetalBot;+https://webmaster.petalsearch.com/site/petalbot)"
119.207.72.84 - - [02/Oct/2021:10:29:23 +0900] "realpano.net(KR) GET / HTTP/1.1" 200 64 "-" "Mozilla/5.0 (compatible; MSIE 9.0; Windows NT 6.1; WOW64; Trident/5.0; SLCC2; .NET CLR 2.0.50727; .NET CLR 3.5.30729; .NET CLR 3.0.30729; Media Center PC 6.0; .NET4.0C; InfoPath.3; .NET4.0E)"
119.207.72.84 - - [02/Oct/2021:10:29:23 +0900] "realpano.net(KR) GET / HTTP/1.1" 200 64 "-" "Mozilla/5.0 (compatible; MSIE 9.0; Windows NT 6.1; WOW64; Trident/5.0; SLCC2; .NET CLR 2.0.50727; .NET CLR 3.5.30729; .NET CLR 3.0.30729; Media Center PC 6.0; .NET4.0C; InfoPath.3; .NET4.0E)"
119.207.72.84 - - [02/Oct/2021:10:29:43 +0900] "realpano.net(KR) GET / HTTP/1.1" 200 64 "-" "Mozilla/4.0 (compatible; MSIE 8.0; Windows NT 5.1; Trident/4.0; InfoPath.2)"
119.207.72.84 - - [02/Oct/2021:10:29:43 +0900] "realpano.net(KR) GET / HTTP/1.1" 200 64 "-" "Mozilla/4.0 (compatible; MSIE 8.0; Windows NT 5.1; Trident/4.0; InfoPath.2)"
114.119.154.65 - - [02/Oct/2021:10:34:57 +0900] "realpano.net(SG) GET /gl/index.php?mid=human_vr&m=0&listStyle=viewer&document_srl=45194&page=2 HTTP/1.1" 403 199 "-" "Mozilla/5.0 (Linux; Android 7.0;) AppleWebKit/537.36 (KHTML, like Gecko) Mobile Safari/537.36 (compatible; PetalBot;+https://webmaster.petalsearch.com/site/petalbot)"
114.119.154.65 - - [02/Oct/2021:10:34:57 +0900] "realpano.net(SG) GET /gl/index.php?mid=human_vr&m=0&listStyle=viewer&document_srl=45194&page=2 HTTP/1.1" 403 199 "-" "Mozilla/5.0 (Linux; Android 7.0;) AppleWebKit/537.36 (KHTML, like Gecko) Mobile Safari/537.36 (compatible; PetalBot;+https://webmaster.petalsearch.com/site/petalbot)"
66.249.68.58 - - [02/Oct/2021:10:36:51 +0900] "realpano.net(US) GET /gl/?mid=human_vr&category=3347&document_srl=43603 HTTP/1.1" 404 196 "-" "Mozilla/5.0 (compatible; Googlebot/2.1; +http://www.google.com/bot.html)"
66.249.68.58 - - [02/Oct/2021:10:36:51 +0900] "realpano.net(US) GET /gl/?mid=human_vr&category=3347&document_srl=43603 HTTP/1.1" 404 196 "-" "Mozilla/5.0 (compatible; Googlebot/2.1; +http://www.google.com/bot.html)"
114.119.154.30 - - [02/Oct/2021:10:41:16 +0900] "realpano.net(SG) GET /gl/index.php?mid=human_vr&listStyle=list&m=0&category=3357&document_srl=44855 HTTP/1.1" 403 199 "-" "Mozilla/5.0 (Linux; Android 7.0;) AppleWebKit/537.36 (KHTML, like Gecko) Mobile Safari/537.36 (compatible; PetalBot;+https://webmaster.petalsearch.com/site/petalbot)"
114.119.154.30 - - [02/Oct/2021:10:41:16 +0900] "realpano.net(SG) GET /gl/index.php?mid=human_vr&listStyle=list&m=0&category=3357&document_srl=44855 HTTP/1.1" 403 199 "-" "Mozilla/5.0 (Linux; Android 7.0;) AppleWebKit/537.36 (KHTML, like Gecko) Mobile Safari/537.36 (compatible; PetalBot;+https://webmaster.petalsearch.com/site/petalbot)"
66.249.68.56 - - [02/Oct/2021:10:42:45 +0900] "realpano.net(US) GET /gl/4100 HTTP/1.1" 404 196 "-" "Mozilla/5.0 (Linux; Android 6.0.1; Nexus 5X Build/MMB29P) AppleWebKit/537.36 (KHTML, like Gecko) Chrome/94.0.4606.54 Mobile Safari/537.36 (compatible; Googlebot/2.1; +http://www.google.com/bot.html)"
66.249.68.56 - - [02/Oct/2021:10:42:45 +0900] "realpano.net(US) GET /gl/4100 HTTP/1.1" 404 196 "-" "Mozilla/5.0 (Linux; Android 6.0.1; Nexus 5X Build/MMB29P) AppleWebKit/537.36 (KHTML, like Gecko) Chrome/94.0.4606.54 Mobile Safari/537.36 (compatible; Googlebot/2.1; +http://www.google.com/bot.html)"
157.55.39.20 - - [02/Oct/2021:10:43:40 +0900] "realpano.net(US) GET /gl/human_vr/45196 HTTP/2.0" 404 196 "-" "Mozilla/5.0 (compatible; bingbot/2.0; +http://www.bing.com/bingbot.htm)"
157.55.39.20 - - [02/Oct/2021:10:43:40 +0900] "realpano.net(US) GET /gl/human_vr/45196 HTTP/2.0" 404 196 "-" "Mozilla/5.0 (compatible; bingbot/2.0; +http://www.bing.com/bingbot.htm)"
114.119.154.26 - - [02/Oct/2021:10:48:01 +0900] "realpano.net(SG) GET /gl/index.php?mid=human_vr&listStyle=list&page=6&document_srl=4089&m=0&sort_index=readed_count&order_type=asc HTTP/1.1" 403 199 "-" "Mozilla/5.0 (Linux; Android 7.0;) AppleWebKit/537.36 (KHTML, like Gecko) Mobile Safari/537.36 (compatible; PetalBot;+https://webmaster.petalsearch.com/site/petalbot)"
114.119.154.26 - - [02/Oct/2021:10:48:01 +0900] "realpano.net(SG) GET /gl/index.php?mid=human_vr&listStyle=list&page=6&document_srl=4089&m=0&sort_index=readed_count&order_type=asc HTTP/1.1" 403 199 "-" "Mozilla/5.0 (Linux; Android 7.0;) AppleWebKit/537.36 (KHTML, like Gecko) Mobile Safari/537.36 (compatible; PetalBot;+https://webmaster.petalsearch.com/site/petalbot)"
66.249.79.5 - - [02/Oct/2021:10:50:30 +0900] "www.realpano.net(US) GET /gl/object1 HTTP/1.1" 200 13632 "-" "Mozilla/5.0 (Linux; Android 6.0.1; Nexus 5X Build/MMB29P) AppleWebKit/537.36 (KHTML, like Gecko) Chrome/94.0.4606.54 Mobile Safari/537.36 (compatible; Googlebot/2.1; +http://www.google.com/bot.html)"
66.249.79.5 - - [02/Oct/2021:10:50:30 +0900] "www.realpano.net(US) GET /gl/object1 HTTP/1.1" 200 13632 "-" "Mozilla/5.0 (Linux; Android 6.0.1; Nexus 5X Build/MMB29P) AppleWebKit/537.36 (KHTML, like Gecko) Chrome/94.0.4606.54 Mobile Safari/537.36 (compatible; Googlebot/2.1; +http://www.google.com/bot.html)"
114.119.154.30 - - [02/Oct/2021:10:54:27 +0900] "realpano.net(SG) GET /gl/index.php?mid=human_vr&search_target=tag&search_keyword=%EB%8B%AC%EC%84%B1%EA%B3%B5%EC%9B%90&category=3343 HTTP/1.1" 403 199 "-" "Mozilla/5.0 (Linux; Android 7.0;) AppleWebKit/537.36 (KHTML, like Gecko) Mobile Safari/537.36 (compatible; PetalBot;+https://webmaster.petalsearch.com/site/petalbot)"
114.119.154.30 - - [02/Oct/2021:10:54:27 +0900] "realpano.net(SG) GET /gl/index.php?mid=human_vr&search_target=tag&search_keyword=%EB%8B%AC%EC%84%B1%EA%B3%B5%EC%9B%90&category=3343 HTTP/1.1" 403 199 "-" "Mozilla/5.0 (Linux; Android 7.0;) AppleWebKit/537.36 (KHTML, like Gecko) Mobile Safari/537.36 (compatible; PetalBot;+https://webmaster.petalsearch.com/site/petalbot)"
114.119.154.26 - - [02/Oct/2021:11:00:51 +0900] "realpano.net(SG) GET /gl/index.php?mid=human_vr&listStyle=list&page=2&m=0&sort_index=regdate&order_type=desc&document_srl=45179 HTTP/1.1" 403 199 "-" "Mozilla/5.0 (Linux; Android 7.0;) AppleWebKit/537.36 (KHTML, like Gecko) Mobile Safari/537.36 (compatible; PetalBot;+https://webmaster.petalsearch.com/site/petalbot)"
114.119.154.26 - - [02/Oct/2021:11:00:51 +0900] "realpano.net(SG) GET /gl/index.php?mid=human_vr&listStyle=list&page=2&m=0&sort_index=regdate&order_type=desc&document_srl=45179 HTTP/1.1" 403 199 "-" "Mozilla/5.0 (Linux; Android 7.0;) AppleWebKit/537.36 (KHTML, like Gecko) Mobile Safari/537.36 (compatible; PetalBot;+https://webmaster.petalsearch.com/site/petalbot)"
114.119.154.65 - - [02/Oct/2021:11:07:11 +0900] "realpano.net(SG) GET /gl/index.php?mid=human_vr&search_target=tag&search_keyword=%EA%B3%BC%EC%9D%BC&category=3342 HTTP/1.1" 403 199 "-" "Mozilla/5.0 (Linux; Android 7.0;) AppleWebKit/537.36 (KHTML, like Gecko) Mobile Safari/537.36 (compatible; PetalBot;+https://webmaster.petalsearch.com/site/petalbot)"
114.119.154.65 - - [02/Oct/2021:11:07:11 +0900] "realpano.net(SG) GET /gl/index.php?mid=human_vr&search_target=tag&search_keyword=%EA%B3%BC%EC%9D%BC&category=3342 HTTP/1.1" 403 199 "-" "Mozilla/5.0 (Linux; Android 7.0;) AppleWebKit/537.36 (KHTML, like Gecko) Mobile Safari/537.36 (compatible; PetalBot;+https://webmaster.petalsearch.com/site/petalbot)"
66.249.79.7 - - [02/Oct/2021:11:12:17 +0900] "www.realpano.net(US) GET /gl/human_vr/43890 HTTP/1.1" 200 68993 "-" "Mozilla/5.0 (compatible; Googlebot/2.1; +http://www.google.com/bot.html)"
66.249.79.7 - - [02/Oct/2021:11:12:17 +0900] "www.realpano.net(US) GET /gl/human_vr/43890 HTTP/1.1" 200 68993 "-" "Mozilla/5.0 (compatible; Googlebot/2.1; +http://www.google.com/bot.html)"
114.119.154.41 - - [02/Oct/2021:11:13:40 +0900] "realpano.net(SG) GET /gl/index.php?mid=human_vr&search_target=tag&search_keyword=%EC%9D%B8%ED%85%8C%EB%9D%BC%EB%B1%85&m=1&division=-45271&last_division=0 HTTP/1.1" 403 199 "-" "Mozilla/5.0 (Linux; Android 7.0;) AppleWebKit/537.36 (KHTML, like Gecko) Mobile Safari/537.36 (compatible; PetalBot;+https://webmaster.petalsearch.com/site/petalbot)"
114.119.154.41 - - [02/Oct/2021:11:13:40 +0900] "realpano.net(SG) GET /gl/index.php?mid=human_vr&search_target=tag&search_keyword=%EC%9D%B8%ED%85%8C%EB%9D%BC%EB%B1%85&m=1&division=-45271&last_division=0 HTTP/1.1" 403 199 "-" "Mozilla/5.0 (Linux; Android 7.0;) AppleWebKit/537.36 (KHTML, like Gecko) Mobile Safari/537.36 (compatible; PetalBot;+https://webmaster.petalsearch.com/site/petalbot)"
66.249.79.1 - - [02/Oct/2021:11:15:10 +0900] "www.realpano.net(US) GET /gl/human_vr/3988 HTTP/1.1" 200 68916 "-" "Mozilla/5.0 (compatible; Googlebot/2.1; +http://www.google.com/bot.html)"
66.249.79.1 - - [02/Oct/2021:11:15:10 +0900] "www.realpano.net(US) GET /gl/human_vr/3988 HTTP/1.1" 200 68916 "-" "Mozilla/5.0 (compatible; Googlebot/2.1; +http://www.google.com/bot.html)"
157.55.39.111 - - [02/Oct/2021:11:15:56 +0900] "realpano.net(US) GET /rpv3/130528intercon/ HTTP/2.0" 404 196 "-" "Mozilla/5.0 (compatible; bingbot/2.0; +http://www.bing.com/bingbot.htm)"
157.55.39.111 - - [02/Oct/2021:11:15:56 +0900] "realpano.net(US) GET /rpv3/130528intercon/ HTTP/2.0" 404 196 "-" "Mozilla/5.0 (compatible; bingbot/2.0; +http://www.bing.com/bingbot.htm)"
207.46.13.95 - - [02/Oct/2021:11:17:21 +0900] "www.realpano.net(US) GET / HTTP/2.0" 200 687 "-" "Mozilla/5.0 (compatible; bingbot/2.0; +http://www.bing.com/bingbot.htm)"
207.46.13.95 - - [02/Oct/2021:11:17:21 +0900] "www.realpano.net(US) GET / HTTP/2.0" 200 687 "-" "Mozilla/5.0 (compatible; bingbot/2.0; +http://www.bing.com/bingbot.htm)"
114.119.154.6 - - [02/Oct/2021:11:19:45 +0900] "realpano.net(SG) GET /gl/index.php?mid=human_vr&search_target=tag&search_keyword=%ED%95%9C%EA%B5%AD%EC%9D%80%ED%96%89&document_srl=44650 HTTP/1.1" 403 199 "-" "Mozilla/5.0 (Linux; Android 7.0;) AppleWebKit/537.36 (KHTML, like Gecko) Mobile Safari/537.36 (compatible; PetalBot;+https://webmaster.petalsearch.com/site/petalbot)"
114.119.154.6 - - [02/Oct/2021:11:19:45 +0900] "realpano.net(SG) GET /gl/index.php?mid=human_vr&search_target=tag&search_keyword=%ED%95%9C%EA%B5%AD%EC%9D%80%ED%96%89&document_srl=44650 HTTP/1.1" 403 199 "-" "Mozilla/5.0 (Linux; Android 7.0;) AppleWebKit/537.36 (KHTML, like Gecko) Mobile Safari/537.36 (compatible; PetalBot;+https://webmaster.petalsearch.com/site/petalbot)"
66.249.79.1 - - [02/Oct/2021:11:20:17 +0900] "www.realpano.net(US) GET /gl/index.php?mid=human_vr&search_target=tag&search_keyword=%EA%B3%A8%EB%AA%A9 HTTP/1.1" 200 47878 "-" "Mozilla/5.0 (compatible; Googlebot/2.1; +http://www.google.com/bot.html)"
66.249.79.1 - - [02/Oct/2021:11:20:17 +0900] "www.realpano.net(US) GET /gl/index.php?mid=human_vr&search_target=tag&search_keyword=%EA%B3%A8%EB%AA%A9 HTTP/1.1" 200 47878 "-" "Mozilla/5.0 (compatible; Googlebot/2.1; +http://www.google.com/bot.html)"
66.249.79.5 - - [02/Oct/2021:11:23:57 +0900] "www.realpano.net(US) GET /gl/cooperation HTTP/1.1" 200 27664 "-" "Mozilla/5.0 (compatible; Googlebot/2.1; +http://www.google.com/bot.html)"
66.249.79.5 - - [02/Oct/2021:11:23:57 +0900] "www.realpano.net(US) GET /gl/cooperation HTTP/1.1" 200 27664 "-" "Mozilla/5.0 (compatible; Googlebot/2.1; +http://www.google.com/bot.html)"
114.119.154.39 - - [02/Oct/2021:11:26:28 +0900] "realpano.net(SG) GET /gl/index.php?mid=human_vr&search_target=tag&search_keyword=%EB%B8%94%EB%A0%88%EC%96%B4&category=3352&m=0 HTTP/1.1" 403 199 "-" "Mozilla/5.0 (Linux; Android 7.0;) AppleWebKit/537.36 (KHTML, like Gecko) Mobile Safari/537.36 (compatible; PetalBot;+https://webmaster.petalsearch.com/site/petalbot)"
114.119.154.39 - - [02/Oct/2021:11:26:28 +0900] "realpano.net(SG) GET /gl/index.php?mid=human_vr&search_target=tag&search_keyword=%EB%B8%94%EB%A0%88%EC%96%B4&category=3352&m=0 HTTP/1.1" 403 199 "-" "Mozilla/5.0 (Linux; Android 7.0;) AppleWebKit/537.36 (KHTML, like Gecko) Mobile Safari/537.36 (compatible; PetalBot;+https://webmaster.petalsearch.com/site/petalbot)"
66.249.79.5 - - [02/Oct/2021:11:28:09 +0900] "www.realpano.net(US) GET /gl/notice/43109 HTTP/1.1" 200 40749 "-" "Mozilla/5.0 (Linux; Android 6.0.1; Nexus 5X Build/MMB29P) AppleWebKit/537.36 (KHTML, like Gecko) Chrome/94.0.4606.54 Mobile Safari/537.36 (compatible; Googlebot/2.1; +http://www.google.com/bot.html)"
66.249.79.5 - - [02/Oct/2021:11:28:09 +0900] "www.realpano.net(US) GET /gl/notice/43109 HTTP/1.1" 200 40749 "-" "Mozilla/5.0 (Linux; Android 6.0.1; Nexus 5X Build/MMB29P) AppleWebKit/537.36 (KHTML, like Gecko) Chrome/94.0.4606.54 Mobile Safari/537.36 (compatible; Googlebot/2.1; +http://www.google.com/bot.html)"
114.119.154.39 - - [02/Oct/2021:11:32:41 +0900] "realpano.net(SG) GET /gl/index.php?mid=human_vr&m=1&listStyle=webzine&order_type=asc&sort_index=readed_count&search_target=tag&search_keyword=%EA%B8%B0%EB%85%90%EA%B4%80&category=3357&act=dispMemberSignUpForm HTTP/1.1" 403 199 "-" "Mozilla/5.0 (Linux; Android 7.0;) AppleWebKit/537.36 (KHTML, like Gecko) Mobile Safari/537.36 (compatible; PetalBot;+https://webmaster.petalsearch.com/site/petalbot)"
114.119.154.39 - - [02/Oct/2021:11:32:41 +0900] "realpano.net(SG) GET /gl/index.php?mid=human_vr&m=1&listStyle=webzine&order_type=asc&sort_index=readed_count&search_target=tag&search_keyword=%EA%B8%B0%EB%85%90%EA%B4%80&category=3357&act=dispMemberSignUpForm HTTP/1.1" 403 199 "-" "Mozilla/5.0 (Linux; Android 7.0;) AppleWebKit/537.36 (KHTML, like Gecko) Mobile Safari/537.36 (compatible; PetalBot;+https://webmaster.petalsearch.com/site/petalbot)"
66.249.68.60 - - [02/Oct/2021:11:33:58 +0900] "realpano.net(US) GET /gl/44742 HTTP/1.1" 404 196 "-" "Mozilla/5.0 (Linux; Android 6.0.1; Nexus 5X Build/MMB29P) AppleWebKit/537.36 (KHTML, like Gecko) Chrome/94.0.4606.54 Mobile Safari/537.36 (compatible; Googlebot/2.1; +http://www.google.com/bot.html)"
66.249.68.60 - - [02/Oct/2021:11:33:58 +0900] "realpano.net(US) GET /gl/44742 HTTP/1.1" 404 196 "-" "Mozilla/5.0 (Linux; Android 6.0.1; Nexus 5X Build/MMB29P) AppleWebKit/537.36 (KHTML, like Gecko) Chrome/94.0.4606.54 Mobile Safari/537.36 (compatible; Googlebot/2.1; +http://www.google.com/bot.html)"
157.55.39.121 - - [02/Oct/2021:11:34:29 +0900] "realpano.net(US) GET /gl/45205 HTTP/2.0" 404 196 "-" "Mozilla/5.0 (compatible; bingbot/2.0; +http://www.bing.com/bingbot.htm)"
157.55.39.121 - - [02/Oct/2021:11:34:29 +0900] "realpano.net(US) GET /gl/45205 HTTP/2.0" 404 196 "-" "Mozilla/5.0 (compatible; bingbot/2.0; +http://www.bing.com/bingbot.htm)"
66.249.71.88 - - [02/Oct/2021:11:35:51 +0900] "realpano.net(US) GET /gl/human_vr/3827 HTTP/1.1" 404 196 "-" "Mozilla/5.0 (compatible; Googlebot/2.1; +http://www.google.com/bot.html)"
66.249.71.88 - - [02/Oct/2021:11:35:51 +0900] "realpano.net(US) GET /gl/human_vr/3827 HTTP/1.1" 404 196 "-" "Mozilla/5.0 (compatible; Googlebot/2.1; +http://www.google.com/bot.html)"
66.249.79.1 - - [02/Oct/2021:11:38:17 +0900] "www.realpano.net(US) GET /gl/34094 HTTP/1.1" 301 - "-" "Mozilla/5.0 (compatible; Googlebot/2.1; +http://www.google.com/bot.html)"
66.249.79.1 - - [02/Oct/2021:11:38:17 +0900] "www.realpano.net(US) GET /gl/34094 HTTP/1.1" 301 - "-" "Mozilla/5.0 (compatible; Googlebot/2.1; +http://www.google.com/bot.html)"
66.249.79.5 - - [02/Oct/2021:11:38:18 +0900] "www.realpano.net(US) GET /gl/human_vr/34094 HTTP/1.1" 200 68964 "-" "Mozilla/5.0 (compatible; Googlebot/2.1; +http://www.google.com/bot.html)"
66.249.79.5 - - [02/Oct/2021:11:38:18 +0900] "www.realpano.net(US) GET /gl/human_vr/34094 HTTP/1.1" 200 68964 "-" "Mozilla/5.0 (compatible; Googlebot/2.1; +http://www.google.com/bot.html)"
114.119.154.41 - - [02/Oct/2021:11:38:59 +0900] "realpano.net(SG) GET /gl/index.php?mid=human_vr&listStyle=list&category=3342&document_srl=45263&m=1 HTTP/1.1" 403 199 "-" "Mozilla/5.0 (Linux; Android 7.0;) AppleWebKit/537.36 (KHTML, like Gecko) Mobile Safari/537.36 (compatible; PetalBot;+https://webmaster.petalsearch.com/site/petalbot)"
114.119.154.41 - - [02/Oct/2021:11:38:59 +0900] "realpano.net(SG) GET /gl/index.php?mid=human_vr&listStyle=list&category=3342&document_srl=45263&m=1 HTTP/1.1" 403 199 "-" "Mozilla/5.0 (Linux; Android 7.0;) AppleWebKit/537.36 (KHTML, like Gecko) Mobile Safari/537.36 (compatible; PetalBot;+https://webmaster.petalsearch.com/site/petalbot)"
66.249.68.60 - - [02/Oct/2021:11:39:42 +0900] "realpano.net(US) GET /gl/45136 HTTP/1.1" 404 196 "-" "Mozilla/5.0 (Linux; Android 6.0.1; Nexus 5X Build/MMB29P) AppleWebKit/537.36 (KHTML, like Gecko) Chrome/94.0.4606.54 Mobile Safari/537.36 (compatible; Googlebot/2.1; +http://www.google.com/bot.html)"
66.249.68.60 - - [02/Oct/2021:11:39:42 +0900] "realpano.net(US) GET /gl/45136 HTTP/1.1" 404 196 "-" "Mozilla/5.0 (Linux; Android 6.0.1; Nexus 5X Build/MMB29P) AppleWebKit/537.36 (KHTML, like Gecko) Chrome/94.0.4606.54 Mobile Safari/537.36 (compatible; Googlebot/2.1; +http://www.google.com/bot.html)"
66.249.79.7 - - [02/Oct/2021:11:42:36 +0900] "www.realpano.net(US) GET /gl/index.php?mid=human_vr&search_target=tag&search_keyword=%EB%AC%B8%ED%99%94%EA%B3%B5%EA%B0%84 HTTP/1.1" 200 46616 "-" "Mozilla/5.0 (compatible; Googlebot/2.1; +http://www.google.com/bot.html)"
66.249.79.7 - - [02/Oct/2021:11:42:36 +0900] "www.realpano.net(US) GET /gl/index.php?mid=human_vr&search_target=tag&search_keyword=%EB%AC%B8%ED%99%94%EA%B3%B5%EA%B0%84 HTTP/1.1" 200 46616 "-" "Mozilla/5.0 (compatible; Googlebot/2.1; +http://www.google.com/bot.html)"
114.119.154.65 - - [02/Oct/2021:11:45:31 +0900] "realpano.net(SG) GET /gl/index.php?mid=human_vr&m=1&listStyle=viewer&page=3&document_srl=44659 HTTP/1.1" 403 199 "-" "Mozilla/5.0 (Linux; Android 7.0;) AppleWebKit/537.36 (KHTML, like Gecko) Mobile Safari/537.36 (compatible; PetalBot;+https://webmaster.petalsearch.com/site/petalbot)"
114.119.154.65 - - [02/Oct/2021:11:45:31 +0900] "realpano.net(SG) GET /gl/index.php?mid=human_vr&m=1&listStyle=viewer&page=3&document_srl=44659 HTTP/1.1" 403 199 "-" "Mozilla/5.0 (Linux; Android 7.0;) AppleWebKit/537.36 (KHTML, like Gecko) Mobile Safari/537.36 (compatible; PetalBot;+https://webmaster.petalsearch.com/site/petalbot)"
66.249.79.1 - - [02/Oct/2021:11:46:55 +0900] "www.realpano.net(US) GET /gl/index.php?mid=human_vr&category=3355 HTTP/1.1" 200 28723 "-" "Mozilla/5.0 (compatible; Googlebot/2.1; +http://www.google.com/bot.html)"
66.249.79.1 - - [02/Oct/2021:11:46:55 +0900] "www.realpano.net(US) GET /gl/index.php?mid=human_vr&category=3355 HTTP/1.1" 200 28723 "-" "Mozilla/5.0 (compatible; Googlebot/2.1; +http://www.google.com/bot.html)"
114.119.154.6 - - [02/Oct/2021:11:51:45 +0900] "realpano.net(SG) GET /gl/index.php?mid=human_vr&category=3357&m=0&listStyle=list&document_srl=44855&order_type=desc HTTP/1.1" 403 199 "-" "Mozilla/5.0 (Linux; Android 7.0;) AppleWebKit/537.36 (KHTML, like Gecko) Mobile Safari/537.36 (compatible; PetalBot;+https://webmaster.petalsearch.com/site/petalbot)"
114.119.154.6 - - [02/Oct/2021:11:51:45 +0900] "realpano.net(SG) GET /gl/index.php?mid=human_vr&category=3357&m=0&listStyle=list&document_srl=44855&order_type=desc HTTP/1.1" 403 199 "-" "Mozilla/5.0 (Linux; Android 7.0;) AppleWebKit/537.36 (KHTML, like Gecko) Mobile Safari/537.36 (compatible; PetalBot;+https://webmaster.petalsearch.com/site/petalbot)"
66.249.79.7 - - [02/Oct/2021:11:52:41 +0900] "www.realpano.net(US) GET /gl/index.php?mid=human_vr&search_target=tag&search_keyword=%EA%B3%B5%EC%9B%90 HTTP/1.1" 200 42756 "-" "Mozilla/5.0 (compatible; Googlebot/2.1; +http://www.google.com/bot.html)"
66.249.79.7 - - [02/Oct/2021:11:52:41 +0900] "www.realpano.net(US) GET /gl/index.php?mid=human_vr&search_target=tag&search_keyword=%EA%B3%B5%EC%9B%90 HTTP/1.1" 200 42756 "-" "Mozilla/5.0 (compatible; Googlebot/2.1; +http://www.google.com/bot.html)"
66.249.79.5 - - [02/Oct/2021:11:52:43 +0900] "www.realpano.net(US) GET /gl/files/thumbnails/245/045/204x102.crop.jpg?20170213162136 HTTP/1.1" 200 23413 "-" "Googlebot-Image/1.0"
66.249.79.5 - - [02/Oct/2021:11:52:43 +0900] "www.realpano.net(US) GET /gl/files/thumbnails/245/045/204x102.crop.jpg?20170213162136 HTTP/1.1" 200 23413 "-" "Googlebot-Image/1.0"
119.195.89.201 - - [02/Oct/2021:11:53:00 +0900] "www.realpano.net(KR) GET / HTTP/1.1" 200 64 "-" "Mozilla/5.0 (Linux; Android 11; SM-G986N Build/RP1A.200720.012; wv) AppleWebKit/537.36 (KHTML, like Gecko) Version/4.0 Chrome/94.0.4606.61 Mobile Safari/537.36;KAKAOTALK 2309520"
119.195.89.201 - - [02/Oct/2021:11:53:00 +0900] "www.realpano.net(KR) GET / HTTP/1.1" 200 64 "-" "Mozilla/5.0 (Linux; Android 11; SM-G986N Build/RP1A.200720.012; wv) AppleWebKit/537.36 (KHTML, like Gecko) Version/4.0 Chrome/94.0.4606.61 Mobile Safari/537.36;KAKAOTALK 2309520"
119.195.89.201 - - [02/Oct/2021:11:53:01 +0900] "realpano.net(KR) GET /gl/ HTTP/1.1" 404 2837 "http://www.realpano.net/" "Mozilla/5.0 (Linux; Android 11; SM-G986N Build/RP1A.200720.012; wv) AppleWebKit/537.36 (KHTML, like Gecko) Version/4.0 Chrome/94.0.4606.61 Mobile Safari/537.36;KAKAOTALK 2309520"
119.195.89.201 - - [02/Oct/2021:11:53:01 +0900] "realpano.net(KR) GET /gl/ HTTP/1.1" 404 2837 "http://www.realpano.net/" "Mozilla/5.0 (Linux; Android 11; SM-G986N Build/RP1A.200720.012; wv) AppleWebKit/537.36 (KHTML, like Gecko) Version/4.0 Chrome/94.0.4606.61 Mobile Safari/537.36;KAKAOTALK 2309520"
119.195.89.201 - - [02/Oct/2021:11:53:01 +0900] "realpano.net(KR) GET /gl/common/js/jquery-2.2.4.min.js?20201113010511 HTTP/1.1" 200 85578 "http://realpano.net/gl/" "Mozilla/5.0 (Linux; Android 11; SM-G986N Build/RP1A.200720.012; wv) AppleWebKit/537.36 (KHTML, like Gecko) Version/4.0 Chrome/94.0.4606.61 Mobile Safari/537.36;KAKAOTALK 2309520"
119.195.89.201 - - [02/Oct/2021:11:53:01 +0900] "realpano.net(KR) GET /gl/common/js/jquery-2.2.4.min.js?20201113010511 HTTP/1.1" 200 85578 "http://realpano.net/gl/" "Mozilla/5.0 (Linux; Android 11; SM-G986N Build/RP1A.200720.012; wv) AppleWebKit/537.36 (KHTML, like Gecko) Version/4.0 Chrome/94.0.4606.61 Mobile Safari/537.36;KAKAOTALK 2309520"
