176.113.42.169 - - [03/Oct/2021:19:16:53 +0900] "realpano.net(RU) GET /favicon.ico HTTP/1.1" 404 196 "-" "Go-http-client/1.1"
114.119.154.30 - - [03/Oct/2021:19:18:43 +0900] "realpano.net(SG) GET /gl/index.php?mid=human_vr&m=0&page=4&listStyle=viewer&document_srl=4164 HTTP/1.1" 403 199 "-" "Mozilla/5.0 (Linux; Android 7.0;) AppleWebKit/537.36 (KHTML, like Gecko) Mobile Safari/537.36 (compatible; PetalBot;+https://webmaster.petalsearch.com/site/petalbot)"
114.119.154.30 - - [03/Oct/2021:19:18:43 +0900] "realpano.net(SG) GET /gl/index.php?mid=human_vr&m=0&page=4&listStyle=viewer&document_srl=4164 HTTP/1.1" 403 199 "-" "Mozilla/5.0 (Linux; Android 7.0;) AppleWebKit/537.36 (KHTML, like Gecko) Mobile Safari/537.36 (compatible; PetalBot;+https://webmaster.petalsearch.com/site/petalbot)"
114.119.154.39 - - [03/Oct/2021:19:24:55 +0900] "realpano.net(SG) GET /gl/index.php?mid=human_vr&search_target=tag&search_keyword=%EC%84%A0%EA%B5%90%EC%82%AC&category=3345&m=0 HTTP/1.1" 403 199 "-" "Mozilla/5.0 (Linux; Android 7.0;) AppleWebKit/537.36 (KHTML, like Gecko) Mobile Safari/537.36 (compatible; PetalBot;+https://webmaster.petalsearch.com/site/petalbot)"
114.119.154.39 - - [03/Oct/2021:19:24:55 +0900] "realpano.net(SG) GET /gl/index.php?mid=human_vr&search_target=tag&search_keyword=%EC%84%A0%EA%B5%90%EC%82%AC&category=3345&m=0 HTTP/1.1" 403 199 "-" "Mozilla/5.0 (Linux; Android 7.0;) AppleWebKit/537.36 (KHTML, like Gecko) Mobile Safari/537.36 (compatible; PetalBot;+https://webmaster.petalsearch.com/site/petalbot)"
114.119.154.26 - - [03/Oct/2021:19:31:17 +0900] "realpano.net(SG) GET /gl/index.php?mid=human_vr&m=1&page=6&listStyle=viewer&document_srl=44589&sort_index=readed_count&order_type=desc HTTP/1.1" 403 199 "-" "Mozilla/5.0 (Linux; Android 7.0;) AppleWebKit/537.36 (KHTML, like Gecko) Mobile Safari/537.36 (compatible; PetalBot;+https://webmaster.petalsearch.com/site/petalbot)"
114.119.154.26 - - [03/Oct/2021:19:31:17 +0900] "realpano.net(SG) GET /gl/index.php?mid=human_vr&m=1&page=6&listStyle=viewer&document_srl=44589&sort_index=readed_count&order_type=desc HTTP/1.1" 403 199 "-" "Mozilla/5.0 (Linux; Android 7.0;) AppleWebKit/537.36 (KHTML, like Gecko) Mobile Safari/537.36 (compatible; PetalBot;+https://webmaster.petalsearch.com/site/petalbot)"
114.119.154.6 - - [03/Oct/2021:19:37:47 +0900] "realpano.net(SG) GET /gl/index.php?mid=human_vr&m=1&listStyle=viewer&sort_index=regdate&order_type=desc&category=3348&search_target=tag&search_keyword=%EC%9B%A8%EB%94%A9%EC%BF%A8 HTTP/1.1" 403 199 "-" "Mozilla/5.0 (Linux; Android 7.0;) AppleWebKit/537.36 (KHTML, like Gecko) Mobile Safari/537.36 (compatible; PetalBot;+https://webmaster.petalsearch.com/site/petalbot)"
114.119.154.6 - - [03/Oct/2021:19:37:47 +0900] "realpano.net(SG) GET /gl/index.php?mid=human_vr&m=1&listStyle=viewer&sort_index=regdate&order_type=desc&category=3348&search_target=tag&search_keyword=%EC%9B%A8%EB%94%A9%EC%BF%A8 HTTP/1.1" 403 199 "-" "Mozilla/5.0 (Linux; Android 7.0;) AppleWebKit/537.36 (KHTML, like Gecko) Mobile Safari/537.36 (compatible; PetalBot;+https://webmaster.petalsearch.com/site/petalbot)"
114.119.154.26 - - [03/Oct/2021:19:44:04 +0900] "realpano.net(SG) GET /gl/index.php?mid=human_vr&m=0&listStyle=list&category=3342&document_srl=4158&sort_index=title&order_type=desc HTTP/1.1" 403 199 "-" "Mozilla/5.0 (Linux; Android 7.0;) AppleWebKit/537.36 (KHTML, like Gecko) Mobile Safari/537.36 (compatible; PetalBot;+https://webmaster.petalsearch.com/site/petalbot)"
114.119.154.26 - - [03/Oct/2021:19:44:04 +0900] "realpano.net(SG) GET /gl/index.php?mid=human_vr&m=0&listStyle=list&category=3342&document_srl=4158&sort_index=title&order_type=desc HTTP/1.1" 403 199 "-" "Mozilla/5.0 (Linux; Android 7.0;) AppleWebKit/537.36 (KHTML, like Gecko) Mobile Safari/537.36 (compatible; PetalBot;+https://webmaster.petalsearch.com/site/petalbot)"
207.46.13.95 - - [03/Oct/2021:19:45:59 +0900] "realpano.net(US) GET /gl/air_vr/45134 HTTP/2.0" 404 196 "-" "Mozilla/5.0 (compatible; bingbot/2.0; +http://www.bing.com/bingbot.htm)"
207.46.13.95 - - [03/Oct/2021:19:45:59 +0900] "realpano.net(US) GET /gl/air_vr/45134 HTTP/2.0" 404 196 "-" "Mozilla/5.0 (compatible; bingbot/2.0; +http://www.bing.com/bingbot.htm)"
114.119.154.67 - - [03/Oct/2021:19:50:18 +0900] "realpano.net(SG) GET /gl/index.php?mid=human_vr&m=1&category=3357&listStyle=viewer&sort_index=title&order_type=asc&search_target=tag&search_keyword=%EB%AA%85%EB%AC%BC%EA%B3%A8%EB%AA%A9 HTTP/1.1" 403 199 "-" "Mozilla/5.0 (Linux; Android 7.0;) AppleWebKit/537.36 (KHTML, like Gecko) Mobile Safari/537.36 (compatible; PetalBot;+https://webmaster.petalsearch.com/site/petalbot)"
114.119.154.67 - - [03/Oct/2021:19:50:18 +0900] "realpano.net(SG) GET /gl/index.php?mid=human_vr&m=1&category=3357&listStyle=viewer&sort_index=title&order_type=asc&search_target=tag&search_keyword=%EB%AA%85%EB%AC%BC%EA%B3%A8%EB%AA%A9 HTTP/1.1" 403 199 "-" "Mozilla/5.0 (Linux; Android 7.0;) AppleWebKit/537.36 (KHTML, like Gecko) Mobile Safari/537.36 (compatible; PetalBot;+https://webmaster.petalsearch.com/site/petalbot)"
207.46.13.29 - - [03/Oct/2021:19:55:28 +0900] "realpano.net(US) GET /_vr/waba/ HTTP/2.0" 404 196 "-" "Mozilla/5.0 (compatible; bingbot/2.0; +http://www.bing.com/bingbot.htm)"
207.46.13.29 - - [03/Oct/2021:19:55:28 +0900] "realpano.net(US) GET /_vr/waba/ HTTP/2.0" 404 196 "-" "Mozilla/5.0 (compatible; bingbot/2.0; +http://www.bing.com/bingbot.htm)"
114.119.154.67 - - [03/Oct/2021:19:56:41 +0900] "realpano.net(SG) GET /gl/index.php?mid=human_vr&search_target=tag&search_keyword=%EC%98%88%EC%8B%9D%EC%9E%A5&document_srl=3878 HTTP/1.1" 403 199 "-" "Mozilla/5.0 (Linux; Android 7.0;) AppleWebKit/537.36 (KHTML, like Gecko) Mobile Safari/537.36 (compatible; PetalBot;+https://webmaster.petalsearch.com/site/petalbot)"
114.119.154.67 - - [03/Oct/2021:19:56:41 +0900] "realpano.net(SG) GET /gl/index.php?mid=human_vr&search_target=tag&search_keyword=%EC%98%88%EC%8B%9D%EC%9E%A5&document_srl=3878 HTTP/1.1" 403 199 "-" "Mozilla/5.0 (Linux; Android 7.0;) AppleWebKit/537.36 (KHTML, like Gecko) Mobile Safari/537.36 (compatible; PetalBot;+https://webmaster.petalsearch.com/site/petalbot)"
66.249.68.56 - - [03/Oct/2021:20:00:18 +0900] "realpano.net(US) GET /gl/index.php?mid=human_vr&page=7&document_srl=3917 HTTP/1.1" 404 196 "-" "Mozilla/5.0 (Linux; Android 6.0.1; Nexus 5X Build/MMB29P) AppleWebKit/537.36 (KHTML, like Gecko) Chrome/94.0.4606.54 Mobile Safari/537.36 (compatible; Googlebot/2.1; +http://www.google.com/bot.html)"
66.249.68.56 - - [03/Oct/2021:20:00:18 +0900] "realpano.net(US) GET /gl/index.php?mid=human_vr&page=7&document_srl=3917 HTTP/1.1" 404 196 "-" "Mozilla/5.0 (Linux; Android 6.0.1; Nexus 5X Build/MMB29P) AppleWebKit/537.36 (KHTML, like Gecko) Chrome/94.0.4606.54 Mobile Safari/537.36 (compatible; Googlebot/2.1; +http://www.google.com/bot.html)"
114.119.154.39 - - [03/Oct/2021:20:02:41 +0900] "realpano.net(SG) GET /gl/index.php?mid=human_vr&m=1&search_target=tag&search_keyword=%EC%A4%91%EA%B5%AC%EC%B2%AD&document_srl=44693&act=dispMemberLoginForm HTTP/1.1" 403 199 "-" "Mozilla/5.0 (Linux; Android 7.0;) AppleWebKit/537.36 (KHTML, like Gecko) Mobile Safari/537.36 (compatible; PetalBot;+https://webmaster.petalsearch.com/site/petalbot)"
114.119.154.39 - - [03/Oct/2021:20:02:41 +0900] "realpano.net(SG) GET /gl/index.php?mid=human_vr&m=1&search_target=tag&search_keyword=%EC%A4%91%EA%B5%AC%EC%B2%AD&document_srl=44693&act=dispMemberLoginForm HTTP/1.1" 403 199 "-" "Mozilla/5.0 (Linux; Android 7.0;) AppleWebKit/537.36 (KHTML, like Gecko) Mobile Safari/537.36 (compatible; PetalBot;+https://webmaster.petalsearch.com/site/petalbot)"
66.249.68.60 - - [03/Oct/2021:20:05:20 +0900] "realpano.net(US) GET /gl/human_vr/4182 HTTP/1.1" 404 196 "-" "Mozilla/5.0 (Linux; Android 6.0.1; Nexus 5X Build/MMB29P) AppleWebKit/537.36 (KHTML, like Gecko) Chrome/94.0.4606.54 Mobile Safari/537.36 (compatible; Googlebot/2.1; +http://www.google.com/bot.html)"
66.249.68.60 - - [03/Oct/2021:20:05:20 +0900] "realpano.net(US) GET /gl/human_vr/4182 HTTP/1.1" 404 196 "-" "Mozilla/5.0 (Linux; Android 6.0.1; Nexus 5X Build/MMB29P) AppleWebKit/537.36 (KHTML, like Gecko) Chrome/94.0.4606.54 Mobile Safari/537.36 (compatible; Googlebot/2.1; +http://www.google.com/bot.html)"
207.46.13.70 - - [03/Oct/2021:20:06:10 +0900] "realpano.net(US) GET /gl/3788 HTTP/2.0" 404 196 "-" "Mozilla/5.0 (compatible; bingbot/2.0; +http://www.bing.com/bingbot.htm)"
207.46.13.70 - - [03/Oct/2021:20:06:10 +0900] "realpano.net(US) GET /gl/3788 HTTP/2.0" 404 196 "-" "Mozilla/5.0 (compatible; bingbot/2.0; +http://www.bing.com/bingbot.htm)"
114.119.154.26 - - [03/Oct/2021:20:09:11 +0900] "realpano.net(SG) GET /gl/index.php?mid=human_vr&m=1&page=4&document_srl=44589 HTTP/1.1" 403 199 "-" "Mozilla/5.0 (Linux; Android 7.0;) AppleWebKit/537.36 (KHTML, like Gecko) Mobile Safari/537.36 (compatible; PetalBot;+https://webmaster.petalsearch.com/site/petalbot)"
114.119.154.26 - - [03/Oct/2021:20:09:11 +0900] "realpano.net(SG) GET /gl/index.php?mid=human_vr&m=1&page=4&document_srl=44589 HTTP/1.1" 403 199 "-" "Mozilla/5.0 (Linux; Android 7.0;) AppleWebKit/537.36 (KHTML, like Gecko) Mobile Safari/537.36 (compatible; PetalBot;+https://webmaster.petalsearch.com/site/petalbot)"
114.119.154.41 - - [03/Oct/2021:20:15:32 +0900] "realpano.net(SG) GET /gl/index.php?mid=human_vr&m=0&category=3348&listStyle=list&search_target=tag&search_keyword=%EB%8C%80%EA%B5%AC%EC%A4%91%EA%B5%AC HTTP/1.1" 403 199 "-" "Mozilla/5.0 (Linux; Android 7.0;) AppleWebKit/537.36 (KHTML, like Gecko) Mobile Safari/537.36 (compatible; PetalBot;+https://webmaster.petalsearch.com/site/petalbot)"
114.119.154.41 - - [03/Oct/2021:20:15:32 +0900] "realpano.net(SG) GET /gl/index.php?mid=human_vr&m=0&category=3348&listStyle=list&search_target=tag&search_keyword=%EB%8C%80%EA%B5%AC%EC%A4%91%EA%B5%AC HTTP/1.1" 403 199 "-" "Mozilla/5.0 (Linux; Android 7.0;) AppleWebKit/537.36 (KHTML, like Gecko) Mobile Safari/537.36 (compatible; PetalBot;+https://webmaster.petalsearch.com/site/petalbot)"
203.212.131.211 - - [03/Oct/2021:20:15:59 +0900] "realpano.net(AU) GET /robots.txt HTTP/1.1" 403 199 "-" "Mozilla/5.0 (compatible; MJ12bot/v1.4.8; http://mj12bot.com/)"
203.212.131.211 - - [03/Oct/2021:20:15:59 +0900] "realpano.net(AU) GET /robots.txt HTTP/1.1" 403 199 "-" "Mozilla/5.0 (compatible; MJ12bot/v1.4.8; http://mj12bot.com/)"
203.212.131.211 - - [03/Oct/2021:20:18:21 +0900] "www.realpano.net(AU) GET /robots.txt HTTP/1.1" 403 199 "-" "Mozilla/5.0 (compatible; MJ12bot/v1.4.8; http://mj12bot.com/)"
203.212.131.211 - - [03/Oct/2021:20:18:21 +0900] "www.realpano.net(AU) GET /robots.txt HTTP/1.1" 403 199 "-" "Mozilla/5.0 (compatible; MJ12bot/v1.4.8; http://mj12bot.com/)"
114.119.154.26 - - [03/Oct/2021:20:21:47 +0900] "realpano.net(SG) GET /gl/index.php?mid=human_vr&m=1&listStyle=list&search_target=tag&search_keyword=1%EB%B0%95%2B2%EC%9D%BC&category=3352 HTTP/1.1" 403 199 "-" "Mozilla/5.0 (Linux; Android 7.0;) AppleWebKit/537.36 (KHTML, like Gecko) Mobile Safari/537.36 (compatible; PetalBot;+https://webmaster.petalsearch.com/site/petalbot)"
114.119.154.26 - - [03/Oct/2021:20:21:47 +0900] "realpano.net(SG) GET /gl/index.php?mid=human_vr&m=1&listStyle=list&search_target=tag&search_keyword=1%EB%B0%95%2B2%EC%9D%BC&category=3352 HTTP/1.1" 403 199 "-" "Mozilla/5.0 (Linux; Android 7.0;) AppleWebKit/537.36 (KHTML, like Gecko) Mobile Safari/537.36 (compatible; PetalBot;+https://webmaster.petalsearch.com/site/petalbot)"
17.121.114.2 - - [03/Oct/2021:20:25:37 +0900] "realpano.net(US) GET /gl/consultation1/45170 HTTP/1.1" 404 196 "-" "Mozilla/5.0 (Macintosh; Intel Mac OS X 10_15_5) AppleWebKit/605.1.15 (KHTML, like Gecko) Version/13.1.1 Safari/605.1.15 (Applebot/0.1; +http://www.apple.com/go/applebot)"
17.121.114.2 - - [03/Oct/2021:20:25:37 +0900] "realpano.net(US) GET /gl/consultation1/45170 HTTP/1.1" 404 196 "-" "Mozilla/5.0 (Macintosh; Intel Mac OS X 10_15_5) AppleWebKit/605.1.15 (KHTML, like Gecko) Version/13.1.1 Safari/605.1.15 (Applebot/0.1; +http://www.apple.com/go/applebot)"
114.119.154.26 - - [03/Oct/2021:20:28:04 +0900] "realpano.net(SG) GET /gl/index.php?mid=human_vr&listStyle=list&search_target=tag&search_keyword=%EC%8A%A4%ED%8A%9C%EB%94%94%EC%98%A4&m=0&category=3357 HTTP/1.1" 403 199 "-" "Mozilla/5.0 (Linux; Android 7.0;) AppleWebKit/537.36 (KHTML, like Gecko) Mobile Safari/537.36 (compatible; PetalBot;+https://webmaster.petalsearch.com/site/petalbot)"
114.119.154.26 - - [03/Oct/2021:20:28:04 +0900] "realpano.net(SG) GET /gl/index.php?mid=human_vr&listStyle=list&search_target=tag&search_keyword=%EC%8A%A4%ED%8A%9C%EB%94%94%EC%98%A4&m=0&category=3357 HTTP/1.1" 403 199 "-" "Mozilla/5.0 (Linux; Android 7.0;) AppleWebKit/537.36 (KHTML, like Gecko) Mobile Safari/537.36 (compatible; PetalBot;+https://webmaster.petalsearch.com/site/petalbot)"
114.119.154.30 - - [03/Oct/2021:20:34:37 +0900] "realpano.net(SG) GET /gl/index.php?mid=human_vr&m=1&category=3339&listStyle=gallery&search_target=tag&search_keyword=%EC%88%98%EC%A0%9C%ED%99%94&division=-45271&last_division=0 HTTP/1.1" 403 199 "-" "Mozilla/5.0 (Linux; Android 7.0;) AppleWebKit/537.36 (KHTML, like Gecko) Mobile Safari/537.36 (compatible; PetalBot;+https://webmaster.petalsearch.com/site/petalbot)"
114.119.154.30 - - [03/Oct/2021:20:34:37 +0900] "realpano.net(SG) GET /gl/index.php?mid=human_vr&m=1&category=3339&listStyle=gallery&search_target=tag&search_keyword=%EC%88%98%EC%A0%9C%ED%99%94&division=-45271&last_division=0 HTTP/1.1" 403 199 "-" "Mozilla/5.0 (Linux; Android 7.0;) AppleWebKit/537.36 (KHTML, like Gecko) Mobile Safari/537.36 (compatible; PetalBot;+https://webmaster.petalsearch.com/site/petalbot)"
114.119.154.6 - - [03/Oct/2021:20:41:00 +0900] "realpano.net(SG) GET /gl/index.php?mid=human_vr&m=1&page=5&listStyle=list&document_srl=4089 HTTP/1.1" 403 199 "-" "Mozilla/5.0 (Linux; Android 7.0;) AppleWebKit/537.36 (KHTML, like Gecko) Mobile Safari/537.36 (compatible; PetalBot;+https://webmaster.petalsearch.com/site/petalbot)"
114.119.154.6 - - [03/Oct/2021:20:41:00 +0900] "realpano.net(SG) GET /gl/index.php?mid=human_vr&m=1&page=5&listStyle=list&document_srl=4089 HTTP/1.1" 403 199 "-" "Mozilla/5.0 (Linux; Android 7.0;) AppleWebKit/537.36 (KHTML, like Gecko) Mobile Safari/537.36 (compatible; PetalBot;+https://webmaster.petalsearch.com/site/petalbot)"
207.46.13.70 - - [03/Oct/2021:20:45:14 +0900] "www.realpano.net(US) GET /gl/files/attach/images/43506/121/045/3fa8f4a6e09e72d66362c1753d31476c.jpg HTTP/1.1" 200 33793 "-" "Mozilla/5.0 (compatible; bingbot/2.0; +http://www.bing.com/bingbot.htm)"
207.46.13.70 - - [03/Oct/2021:20:45:14 +0900] "www.realpano.net(US) GET /gl/files/attach/images/43506/121/045/3fa8f4a6e09e72d66362c1753d31476c.jpg HTTP/1.1" 200 33793 "-" "Mozilla/5.0 (compatible; bingbot/2.0; +http://www.bing.com/bingbot.htm)"
114.119.154.65 - - [03/Oct/2021:20:47:32 +0900] "realpano.net(SG) GET /gl/index.php?mid=human_vr&m=1&category=3342&page=2&document_srl=45181&act=dispMemberFindAccount HTTP/1.1" 403 199 "-" "Mozilla/5.0 (Linux; Android 7.0;) AppleWebKit/537.36 (KHTML, like Gecko) Mobile Safari/537.36 (compatible; PetalBot;+https://webmaster.petalsearch.com/site/petalbot)"
114.119.154.65 - - [03/Oct/2021:20:47:32 +0900] "realpano.net(SG) GET /gl/index.php?mid=human_vr&m=1&category=3342&page=2&document_srl=45181&act=dispMemberFindAccount HTTP/1.1" 403 199 "-" "Mozilla/5.0 (Linux; Android 7.0;) AppleWebKit/537.36 (KHTML, like Gecko) Mobile Safari/537.36 (compatible; PetalBot;+https://webmaster.petalsearch.com/site/petalbot)"
114.119.154.30 - - [03/Oct/2021:20:53:57 +0900] "realpano.net(SG) GET /gl/index.php?mid=human_vr&search_target=tag&search_keyword=%EC%98%A4%ED%94%BC%EC%8A%A4%ED%85%94&category=3352&division=-45271&last_division=0&m=0 HTTP/1.1" 403 199 "-" "Mozilla/5.0 (Linux; Android 7.0;) AppleWebKit/537.36 (KHTML, like Gecko) Mobile Safari/537.36 (compatible; PetalBot;+https://webmaster.petalsearch.com/site/petalbot)"
114.119.154.30 - - [03/Oct/2021:20:53:57 +0900] "realpano.net(SG) GET /gl/index.php?mid=human_vr&search_target=tag&search_keyword=%EC%98%A4%ED%94%BC%EC%8A%A4%ED%85%94&category=3352&division=-45271&last_division=0&m=0 HTTP/1.1" 403 199 "-" "Mozilla/5.0 (Linux; Android 7.0;) AppleWebKit/537.36 (KHTML, like Gecko) Mobile Safari/537.36 (compatible; PetalBot;+https://webmaster.petalsearch.com/site/petalbot)"
207.46.13.85 - - [03/Oct/2021:20:58:16 +0900] "realpano.net(US) GET /gl/street_vr HTTP/2.0" 404 196 "-" "Mozilla/5.0 (compatible; bingbot/2.0; +http://www.bing.com/bingbot.htm)"
207.46.13.85 - - [03/Oct/2021:20:58:16 +0900] "realpano.net(US) GET /gl/street_vr HTTP/2.0" 404 196 "-" "Mozilla/5.0 (compatible; bingbot/2.0; +http://www.bing.com/bingbot.htm)"
114.119.154.30 - - [03/Oct/2021:21:00:25 +0900] "realpano.net(SG) GET /gl/index.php?mid=human_vr&listStyle=list&m=0&sort_index=readed_count&order_type=desc&search_target=tag&search_keyword=%EB%8D%95%EC%82%B0&act=dispMemberLoginForm HTTP/1.1" 403 199 "-" "Mozilla/5.0 (Linux; Android 7.0;) AppleWebKit/537.36 (KHTML, like Gecko) Mobile Safari/537.36 (compatible; PetalBot;+https://webmaster.petalsearch.com/site/petalbot)"
114.119.154.30 - - [03/Oct/2021:21:00:25 +0900] "realpano.net(SG) GET /gl/index.php?mid=human_vr&listStyle=list&m=0&sort_index=readed_count&order_type=desc&search_target=tag&search_keyword=%EB%8D%95%EC%82%B0&act=dispMemberLoginForm HTTP/1.1" 403 199 "-" "Mozilla/5.0 (Linux; Android 7.0;) AppleWebKit/537.36 (KHTML, like Gecko) Mobile Safari/537.36 (compatible; PetalBot;+https://webmaster.petalsearch.com/site/petalbot)"
157.55.39.94 - - [03/Oct/2021:21:03:37 +0900] "www.realpano.net(US) GET /gl/files/attach/menu_button/40123/40135.20140511202800.menu_normal_btn.png HTTP/2.0" 404 196 "-" "Mozilla/5.0 (compatible; bingbot/2.0; +http://www.bing.com/bingbot.htm)"
157.55.39.94 - - [03/Oct/2021:21:03:37 +0900] "www.realpano.net(US) GET /gl/files/attach/menu_button/40123/40135.20140511202800.menu_normal_btn.png HTTP/2.0" 404 196 "-" "Mozilla/5.0 (compatible; bingbot/2.0; +http://www.bing.com/bingbot.htm)"
114.119.154.26 - - [03/Oct/2021:21:06:43 +0900] "realpano.net(SG) GET /gl/index.php?mid=human_vr&m=0&category=3349&listStyle=webzine&order_type=asc&search_target=tag&search_keyword=%EA%B3%A8%EB%AA%A9%ED%88%AC%EC%96%B4&division=-45271&last_division=0&sort_index=title HTTP/1.1" 403 199 "-" "Mozilla/5.0 (Linux; Android 7.0;) AppleWebKit/537.36 (KHTML, like Gecko) Mobile Safari/537.36 (compatible; PetalBot;+https://webmaster.petalsearch.com/site/petalbot)"
114.119.154.26 - - [03/Oct/2021:21:06:43 +0900] "realpano.net(SG) GET /gl/index.php?mid=human_vr&m=0&category=3349&listStyle=webzine&order_type=asc&search_target=tag&search_keyword=%EA%B3%A8%EB%AA%A9%ED%88%AC%EC%96%B4&division=-45271&last_division=0&sort_index=title HTTP/1.1" 403 199 "-" "Mozilla/5.0 (Linux; Android 7.0;) AppleWebKit/537.36 (KHTML, like Gecko) Mobile Safari/537.36 (compatible; PetalBot;+https://webmaster.petalsearch.com/site/petalbot)"
114.119.154.39 - - [03/Oct/2021:21:12:56 +0900] "realpano.net(SG) GET /gl/index.php?mid=human_vr&m=1&listStyle=viewer&search_target=tag&search_keyword=%EB%8C%80%EA%B5%AC%EC%A4%91%EA%B5%AC&category=3354&division=-45271&last_division=0 HTTP/1.1" 403 199 "-" "Mozilla/5.0 (Linux; Android 7.0;) AppleWebKit/537.36 (KHTML, like Gecko) Mobile Safari/537.36 (compatible; PetalBot;+https://webmaster.petalsearch.com/site/petalbot)"
114.119.154.39 - - [03/Oct/2021:21:12:56 +0900] "realpano.net(SG) GET /gl/index.php?mid=human_vr&m=1&listStyle=viewer&search_target=tag&search_keyword=%EB%8C%80%EA%B5%AC%EC%A4%91%EA%B5%AC&category=3354&division=-45271&last_division=0 HTTP/1.1" 403 199 "-" "Mozilla/5.0 (Linux; Android 7.0;) AppleWebKit/537.36 (KHTML, like Gecko) Mobile Safari/537.36 (compatible; PetalBot;+https://webmaster.petalsearch.com/site/petalbot)"
114.119.154.67 - - [03/Oct/2021:21:19:17 +0900] "realpano.net(SG) GET /gl/index.php?mid=human_vr&search_target=tag&search_keyword=%EA%B0%80%EA%B5%AC&category=3355&division=-45271&last_division=0 HTTP/1.1" 403 199 "-" "Mozilla/5.0 (Linux; Android 7.0;) AppleWebKit/537.36 (KHTML, like Gecko) Mobile Safari/537.36 (compatible; PetalBot;+https://webmaster.petalsearch.com/site/petalbot)"
114.119.154.67 - - [03/Oct/2021:21:19:17 +0900] "realpano.net(SG) GET /gl/index.php?mid=human_vr&search_target=tag&search_keyword=%EA%B0%80%EA%B5%AC&category=3355&division=-45271&last_division=0 HTTP/1.1" 403 199 "-" "Mozilla/5.0 (Linux; Android 7.0;) AppleWebKit/537.36 (KHTML, like Gecko) Mobile Safari/537.36 (compatible; PetalBot;+https://webmaster.petalsearch.com/site/petalbot)"
114.119.154.26 - - [03/Oct/2021:21:25:35 +0900] "realpano.net(SG) GET /gl/index.php?mid=human_vr&m=0&listStyle=list&search_target=tag&search_keyword=%EC%A4%91%EA%B5%AC%EC%B2%AD&sort_index=regdate&order_type=asc&division=-45271&last_division=0 HTTP/1.1" 403 199 "-" "Mozilla/5.0 (Linux; Android 7.0;) AppleWebKit/537.36 (KHTML, like Gecko) Mobile Safari/537.36 (compatible; PetalBot;+https://webmaster.petalsearch.com/site/petalbot)"
114.119.154.26 - - [03/Oct/2021:21:25:35 +0900] "realpano.net(SG) GET /gl/index.php?mid=human_vr&m=0&listStyle=list&search_target=tag&search_keyword=%EC%A4%91%EA%B5%AC%EC%B2%AD&sort_index=regdate&order_type=asc&division=-45271&last_division=0 HTTP/1.1" 403 199 "-" "Mozilla/5.0 (Linux; Android 7.0;) AppleWebKit/537.36 (KHTML, like Gecko) Mobile Safari/537.36 (compatible; PetalBot;+https://webmaster.petalsearch.com/site/petalbot)"
66.249.68.58 - - [03/Oct/2021:21:26:47 +0900] "realpano.net(US) GET /gl/3965 HTTP/1.1" 404 196 "-" "Mozilla/5.0 (Linux; Android 6.0.1; Nexus 5X Build/MMB29P) AppleWebKit/537.36 (KHTML, like Gecko) Chrome/94.0.4606.61 Mobile Safari/537.36 (compatible; Googlebot/2.1; +http://www.google.com/bot.html)"
66.249.68.58 - - [03/Oct/2021:21:26:47 +0900] "realpano.net(US) GET /gl/3965 HTTP/1.1" 404 196 "-" "Mozilla/5.0 (Linux; Android 6.0.1; Nexus 5X Build/MMB29P) AppleWebKit/537.36 (KHTML, like Gecko) Chrome/94.0.4606.61 Mobile Safari/537.36 (compatible; Googlebot/2.1; +http://www.google.com/bot.html)"
114.119.154.6 - - [03/Oct/2021:21:32:13 +0900] "realpano.net(SG) GET /gl/index.php?mid=human_vr&m=1&listStyle=viewer&search_target=tag&search_keyword=%EA%B3%84%EC%82%B0%EC%98%88%EA%B0%80&division=-45271&last_division=0 HTTP/1.1" 403 199 "-" "Mozilla/5.0 (Linux; Android 7.0;) AppleWebKit/537.36 (KHTML, like Gecko) Mobile Safari/537.36 (compatible; PetalBot;+https://webmaster.petalsearch.com/site/petalbot)"
114.119.154.6 - - [03/Oct/2021:21:32:13 +0900] "realpano.net(SG) GET /gl/index.php?mid=human_vr&m=1&listStyle=viewer&search_target=tag&search_keyword=%EA%B3%84%EC%82%B0%EC%98%88%EA%B0%80&division=-45271&last_division=0 HTTP/1.1" 403 199 "-" "Mozilla/5.0 (Linux; Android 7.0;) AppleWebKit/537.36 (KHTML, like Gecko) Mobile Safari/537.36 (compatible; PetalBot;+https://webmaster.petalsearch.com/site/petalbot)"
114.119.154.30 - - [03/Oct/2021:21:38:13 +0900] "realpano.net(SG) GET /gl/index.php?mid=human_vr&page=4&listStyle=list&m=0&document_srl=44472 HTTP/1.1" 403 199 "-" "Mozilla/5.0 (Linux; Android 7.0;) AppleWebKit/537.36 (KHTML, like Gecko) Mobile Safari/537.36 (compatible; PetalBot;+https://webmaster.petalsearch.com/site/petalbot)"
114.119.154.30 - - [03/Oct/2021:21:38:13 +0900] "realpano.net(SG) GET /gl/index.php?mid=human_vr&page=4&listStyle=list&m=0&document_srl=44472 HTTP/1.1" 403 199 "-" "Mozilla/5.0 (Linux; Android 7.0;) AppleWebKit/537.36 (KHTML, like Gecko) Mobile Safari/537.36 (compatible; PetalBot;+https://webmaster.petalsearch.com/site/petalbot)"
66.249.68.58 - - [03/Oct/2021:21:39:23 +0900] "realpano.net(US) GET /gl/index.php?mid=human_vr&document_srl=44742&listStyle=viewer HTTP/1.1" 404 196 "-" "Mozilla/5.0 (Linux; Android 6.0.1; Nexus 5X Build/MMB29P) AppleWebKit/537.36 (KHTML, like Gecko) Chrome/94.0.4606.61 Mobile Safari/537.36 (compatible; Googlebot/2.1; +http://www.google.com/bot.html)"
66.249.68.58 - - [03/Oct/2021:21:39:23 +0900] "realpano.net(US) GET /gl/index.php?mid=human_vr&document_srl=44742&listStyle=viewer HTTP/1.1" 404 196 "-" "Mozilla/5.0 (Linux; Android 6.0.1; Nexus 5X Build/MMB29P) AppleWebKit/537.36 (KHTML, like Gecko) Chrome/94.0.4606.61 Mobile Safari/537.36 (compatible; Googlebot/2.1; +http://www.google.com/bot.html)"
138.128.118.130 - - [03/Oct/2021:21:44:04 +0900] "realpano.net(CA) GET / HTTP/1.1" 200 64 "-" "Mozilla/5.0 (Windows NT 10.0; Win64; x64) AppleWebKit/537.36 (KHTML, like Gecko) Chrome/88.0.4324.190 Safari/537.36"
138.128.118.130 - - [03/Oct/2021:21:44:04 +0900] "realpano.net(CA) GET / HTTP/1.1" 200 64 "-" "Mozilla/5.0 (Windows NT 10.0; Win64; x64) AppleWebKit/537.36 (KHTML, like Gecko) Chrome/88.0.4324.190 Safari/537.36"
138.128.118.130 - - [03/Oct/2021:21:44:06 +0900] "realpano.net(CA) GET /robots.txt HTTP/1.1" 404 196 "-" "Mozilla/5.0 (Windows NT 10.0; Win64; x64) AppleWebKit/537.36 (KHTML, like Gecko) Chrome/88.0.4324.190 Safari/537.36"
138.128.118.130 - - [03/Oct/2021:21:44:06 +0900] "realpano.net(CA) GET /robots.txt HTTP/1.1" 404 196 "-" "Mozilla/5.0 (Windows NT 10.0; Win64; x64) AppleWebKit/537.36 (KHTML, like Gecko) Chrome/88.0.4324.190 Safari/537.36"
138.128.118.130 - - [03/Oct/2021:21:44:07 +0900] "realpano.net(CA) GET /ads.txt HTTP/1.1" 404 196 "-" "Mozilla/5.0 (Windows NT 10.0; Win64; x64) AppleWebKit/537.36 (KHTML, like Gecko) Chrome/88.0.4324.190 Safari/537.36"
138.128.118.130 - - [03/Oct/2021:21:44:07 +0900] "realpano.net(CA) GET /ads.txt HTTP/1.1" 404 196 "-" "Mozilla/5.0 (Windows NT 10.0; Win64; x64) AppleWebKit/537.36 (KHTML, like Gecko) Chrome/88.0.4324.190 Safari/537.36"
138.128.118.130 - - [03/Oct/2021:21:44:07 +0900] "realpano.net(CA) GET / HTTP/1.1" 200 687 "-" "Mozilla/5.0 (Windows NT 10.0; Win64; x64) AppleWebKit/537.36 (KHTML, like Gecko) Chrome/88.0.4324.190 Safari/537.36"
138.128.118.130 - - [03/Oct/2021:21:44:07 +0900] "realpano.net(CA) GET / HTTP/1.1" 200 687 "-" "Mozilla/5.0 (Windows NT 10.0; Win64; x64) AppleWebKit/537.36 (KHTML, like Gecko) Chrome/88.0.4324.190 Safari/537.36"
114.119.154.65 - - [03/Oct/2021:21:44:51 +0900] "realpano.net(SG) GET /gl/index.php?mid=human_vr&page=3&listStyle=webzine&m=1&document_srl=44875 HTTP/1.1" 403 199 "-" "Mozilla/5.0 (Linux; Android 7.0;) AppleWebKit/537.36 (KHTML, like Gecko) Mobile Safari/537.36 (compatible; PetalBot;+https://webmaster.petalsearch.com/site/petalbot)"
114.119.154.65 - - [03/Oct/2021:21:44:51 +0900] "realpano.net(SG) GET /gl/index.php?mid=human_vr&page=3&listStyle=webzine&m=1&document_srl=44875 HTTP/1.1" 403 199 "-" "Mozilla/5.0 (Linux; Android 7.0;) AppleWebKit/537.36 (KHTML, like Gecko) Mobile Safari/537.36 (compatible; PetalBot;+https://webmaster.petalsearch.com/site/petalbot)"
207.46.13.85 - - [03/Oct/2021:21:47:50 +0900] "realpano.net(US) GET /gl/ HTTP/2.0" 404 196 "-" "Mozilla/5.0 (compatible; bingbot/2.0; +http://www.bing.com/bingbot.htm)"
207.46.13.85 - - [03/Oct/2021:21:47:50 +0900] "realpano.net(US) GET /gl/ HTTP/2.0" 404 196 "-" "Mozilla/5.0 (compatible; bingbot/2.0; +http://www.bing.com/bingbot.htm)"
17.121.113.222 - - [03/Oct/2021:21:48:14 +0900] "realpano.net(US) GET /gl/cooperation/43112 HTTP/1.1" 404 196 "-" "Mozilla/5.0 (Macintosh; Intel Mac OS X 10_15_5) AppleWebKit/605.1.15 (KHTML, like Gecko) Version/13.1.1 Safari/605.1.15 (Applebot/0.1; +http://www.apple.com/go/applebot)"
17.121.113.222 - - [03/Oct/2021:21:48:14 +0900] "realpano.net(US) GET /gl/cooperation/43112 HTTP/1.1" 404 196 "-" "Mozilla/5.0 (Macintosh; Intel Mac OS X 10_15_5) AppleWebKit/605.1.15 (KHTML, like Gecko) Version/13.1.1 Safari/605.1.15 (Applebot/0.1; +http://www.apple.com/go/applebot)"
114.119.154.30 - - [03/Oct/2021:21:51:18 +0900] "realpano.net(SG) GET /gl/index.php?mid=human_vr&listStyle=list&m=1&sort_index=readed_count&order_type=asc&search_target=tag&search_keyword=%EA%B3%A8%EB%AA%A9%ED%88%AC%EC%96%B4&category=3354&division=-45271&last_division=0 HTTP/1.1" 403 199 "-" "Mozilla/5.0 (Linux; Android 7.0;) AppleWebKit/537.36 (KHTML, like Gecko) Mobile Safari/537.36 (compatible; PetalBot;+https://webmaster.petalsearch.com/site/petalbot)"
114.119.154.30 - - [03/Oct/2021:21:51:18 +0900] "realpano.net(SG) GET /gl/index.php?mid=human_vr&listStyle=list&m=1&sort_index=readed_count&order_type=asc&search_target=tag&search_keyword=%EA%B3%A8%EB%AA%A9%ED%88%AC%EC%96%B4&category=3354&division=-45271&last_division=0 HTTP/1.1" 403 199 "-" "Mozilla/5.0 (Linux; Android 7.0;) AppleWebKit/537.36 (KHTML, like Gecko) Mobile Safari/537.36 (compatible; PetalBot;+https://webmaster.petalsearch.com/site/petalbot)"
157.55.39.121 - - [03/Oct/2021:21:52:10 +0900] "realpano.net(US) GET /gl/ovject_vr HTTP/2.0" 404 196 "-" "Mozilla/5.0 (compatible; bingbot/2.0; +http://www.bing.com/bingbot.htm)"
157.55.39.121 - - [03/Oct/2021:21:52:10 +0900] "realpano.net(US) GET /gl/ovject_vr HTTP/2.0" 404 196 "-" "Mozilla/5.0 (compatible; bingbot/2.0; +http://www.bing.com/bingbot.htm)"
114.119.154.41 - - [03/Oct/2021:21:57:13 +0900] "realpano.net(SG) GET /gl/index.php?mid=human_vr&m=0&listStyle=list&sort_index=title&order_type=asc&search_target=tag&search_keyword=%EB%88%84%EC%97%90&category=3352 HTTP/1.1" 403 199 "-" "Mozilla/5.0 (Linux; Android 7.0;) AppleWebKit/537.36 (KHTML, like Gecko) Mobile Safari/537.36 (compatible; PetalBot;+https://webmaster.petalsearch.com/site/petalbot)"
114.119.154.41 - - [03/Oct/2021:21:57:13 +0900] "realpano.net(SG) GET /gl/index.php?mid=human_vr&m=0&listStyle=list&sort_index=title&order_type=asc&search_target=tag&search_keyword=%EB%88%84%EC%97%90&category=3352 HTTP/1.1" 403 199 "-" "Mozilla/5.0 (Linux; Android 7.0;) AppleWebKit/537.36 (KHTML, like Gecko) Mobile Safari/537.36 (compatible; PetalBot;+https://webmaster.petalsearch.com/site/petalbot)"
157.55.39.119 - - [03/Oct/2021:21:57:42 +0900] "www.realpano.net(US) GET /robots.txt HTTP/1.1" 404 196 "-" "Mozilla/5.0 (compatible; bingbot/2.0; +http://www.bing.com/bingbot.htm)"
157.55.39.119 - - [03/Oct/2021:21:57:42 +0900] "www.realpano.net(US) GET /robots.txt HTTP/1.1" 404 196 "-" "Mozilla/5.0 (compatible; bingbot/2.0; +http://www.bing.com/bingbot.htm)"
207.46.13.70 - - [03/Oct/2021:21:57:52 +0900] "www.realpano.net(US) GET /gl/air_vr/3127 HTTP/1.1" 200 67487 "-" "Mozilla/5.0 (compatible; bingbot/2.0; +http://www.bing.com/bingbot.htm)"
207.46.13.70 - - [03/Oct/2021:21:57:52 +0900] "www.realpano.net(US) GET /gl/air_vr/3127 HTTP/1.1" 200 67487 "-" "Mozilla/5.0 (compatible; bingbot/2.0; +http://www.bing.com/bingbot.htm)"
114.119.154.65 - - [03/Oct/2021:22:04:10 +0900] "realpano.net(SG) GET /gl/index.php?mid=human_vr&m=0&category=3354&listStyle=viewer&order_type=asc&document_srl=44633 HTTP/1.1" 403 199 "-" "Mozilla/5.0 (Linux; Android 7.0;) AppleWebKit/537.36 (KHTML, like Gecko) Mobile Safari/537.36 (compatible; PetalBot;+https://webmaster.petalsearch.com/site/petalbot)"
114.119.154.65 - - [03/Oct/2021:22:04:10 +0900] "realpano.net(SG) GET /gl/index.php?mid=human_vr&m=0&category=3354&listStyle=viewer&order_type=asc&document_srl=44633 HTTP/1.1" 403 199 "-" "Mozilla/5.0 (Linux; Android 7.0;) AppleWebKit/537.36 (KHTML, like Gecko) Mobile Safari/537.36 (compatible; PetalBot;+https://webmaster.petalsearch.com/site/petalbot)"
157.55.39.20 - - [03/Oct/2021:22:06:23 +0900] "www.realpano.net(US) GET / HTTP/1.1" 200 64 "-" "Mozilla/5.0 (compatible; bingbot/2.0; +http://www.bing.com/bingbot.htm)"
157.55.39.20 - - [03/Oct/2021:22:06:23 +0900] "www.realpano.net(US) GET / HTTP/1.1" 200 64 "-" "Mozilla/5.0 (compatible; bingbot/2.0; +http://www.bing.com/bingbot.htm)"
114.119.154.41 - - [03/Oct/2021:22:10:20 +0900] "realpano.net(SG) GET /gl/index.php?mid=human_vr&search_target=tag&search_keyword=%EC%B0%9C%EA%B0%88%EB%B9%84&category=3352 HTTP/1.1" 403 199 "-" "Mozilla/5.0 (Linux; Android 7.0;) AppleWebKit/537.36 (KHTML, like Gecko) Mobile Safari/537.36 (compatible; PetalBot;+https://webmaster.petalsearch.com/site/petalbot)"
114.119.154.41 - - [03/Oct/2021:22:10:20 +0900] "realpano.net(SG) GET /gl/index.php?mid=human_vr&search_target=tag&search_keyword=%EC%B0%9C%EA%B0%88%EB%B9%84&category=3352 HTTP/1.1" 403 199 "-" "Mozilla/5.0 (Linux; Android 7.0;) AppleWebKit/537.36 (KHTML, like Gecko) Mobile Safari/537.36 (compatible; PetalBot;+https://webmaster.petalsearch.com/site/petalbot)"
114.119.154.26 - - [03/Oct/2021:22:16:31 +0900] "realpano.net(SG) GET /gl/index.php?mid=human_vr&category=3357&m=1&search_target=tag&search_keyword=%EC%96%B4%EB%A6%B0%EC%9D%B4%EA%B3%B5%EC%9B%90&act=dispMemberSignUpForm HTTP/1.1" 403 199 "-" "Mozilla/5.0 (Linux; Android 7.0;) AppleWebKit/537.36 (KHTML, like Gecko) Mobile Safari/537.36 (compatible; PetalBot;+https://webmaster.petalsearch.com/site/petalbot)"
114.119.154.26 - - [03/Oct/2021:22:16:31 +0900] "realpano.net(SG) GET /gl/index.php?mid=human_vr&category=3357&m=1&search_target=tag&search_keyword=%EC%96%B4%EB%A6%B0%EC%9D%B4%EA%B3%B5%EC%9B%90&act=dispMemberSignUpForm HTTP/1.1" 403 199 "-" "Mozilla/5.0 (Linux; Android 7.0;) AppleWebKit/537.36 (KHTML, like Gecko) Mobile Safari/537.36 (compatible; PetalBot;+https://webmaster.petalsearch.com/site/petalbot)"
17.121.113.246 - - [03/Oct/2021:22:22:36 +0900] "realpano.net(US) GET /gl/consultation1/45041 HTTP/1.1" 404 196 "-" "Mozilla/5.0 (Macintosh; Intel Mac OS X 10_15_5) AppleWebKit/605.1.15 (KHTML, like Gecko) Version/13.1.1 Safari/605.1.15 (Applebot/0.1; +http://www.apple.com/go/applebot)"
17.121.113.246 - - [03/Oct/2021:22:22:36 +0900] "realpano.net(US) GET /gl/consultation1/45041 HTTP/1.1" 404 196 "-" "Mozilla/5.0 (Macintosh; Intel Mac OS X 10_15_5) AppleWebKit/605.1.15 (KHTML, like Gecko) Version/13.1.1 Safari/605.1.15 (Applebot/0.1; +http://www.apple.com/go/applebot)"
114.119.154.30 - - [03/Oct/2021:22:23:00 +0900] "realpano.net(SG) GET /gl/index.php?mid=human_vr&category=3342&m=0&listStyle=viewer&document_srl=45261&page=1 HTTP/1.1" 403 199 "-" "Mozilla/5.0 (Linux; Android 7.0;) AppleWebKit/537.36 (KHTML, like Gecko) Mobile Safari/537.36 (compatible; PetalBot;+https://webmaster.petalsearch.com/site/petalbot)"
114.119.154.30 - - [03/Oct/2021:22:23:00 +0900] "realpano.net(SG) GET /gl/index.php?mid=human_vr&category=3342&m=0&listStyle=viewer&document_srl=45261&page=1 HTTP/1.1" 403 199 "-" "Mozilla/5.0 (Linux; Android 7.0;) AppleWebKit/537.36 (KHTML, like Gecko) Mobile Safari/537.36 (compatible; PetalBot;+https://webmaster.petalsearch.com/site/petalbot)"
114.119.154.39 - - [03/Oct/2021:22:29:30 +0900] "realpano.net(SG) GET /gl/human_vr/4083 HTTP/1.1" 403 199 "-" "Mozilla/5.0 (Linux; Android 7.0;) AppleWebKit/537.36 (KHTML, like Gecko) Mobile Safari/537.36 (compatible; PetalBot;+https://webmaster.petalsearch.com/site/petalbot)"
114.119.154.39 - - [03/Oct/2021:22:29:30 +0900] "realpano.net(SG) GET /gl/human_vr/4083 HTTP/1.1" 403 199 "-" "Mozilla/5.0 (Linux; Android 7.0;) AppleWebKit/537.36 (KHTML, like Gecko) Mobile Safari/537.36 (compatible; PetalBot;+https://webmaster.petalsearch.com/site/petalbot)"
114.119.154.41 - - [03/Oct/2021:22:36:02 +0900] "realpano.net(SG) GET /gl/index.php?mid=human_vr&m=0&search_target=tag&search_keyword=%EC%9D%B4%EC%83%81%ED%99%94&division=-45271&last_division=0&listStyle=webzine&category=3352 HTTP/1.1" 403 199 "-" "Mozilla/5.0 (Linux; Android 7.0;) AppleWebKit/537.36 (KHTML, like Gecko) Mobile Safari/537.36 (compatible; PetalBot;+https://webmaster.petalsearch.com/site/petalbot)"
114.119.154.41 - - [03/Oct/2021:22:36:02 +0900] "realpano.net(SG) GET /gl/index.php?mid=human_vr&m=0&search_target=tag&search_keyword=%EC%9D%B4%EC%83%81%ED%99%94&division=-45271&last_division=0&listStyle=webzine&category=3352 HTTP/1.1" 403 199 "-" "Mozilla/5.0 (Linux; Android 7.0;) AppleWebKit/537.36 (KHTML, like Gecko) Mobile Safari/537.36 (compatible; PetalBot;+https://webmaster.petalsearch.com/site/petalbot)"
203.159.80.220 - - [03/Oct/2021:22:36:55 +0900] "realpano.net(NL) GET /wp-admin/css/ HTTP/1.1" 404 196 "binance.com" "Mozilla/5.0 (Windows NT 10.0; Win64; x64) AppleWebKit/537.36 (KHTML, like Gecko) Chrome/90.0.4430.85 Safari/537.36"
203.159.80.220 - - [03/Oct/2021:22:36:55 +0900] "realpano.net(NL) GET /wp-admin/css/ HTTP/1.1" 404 196 "binance.com" "Mozilla/5.0 (Windows NT 10.0; Win64; x64) AppleWebKit/537.36 (KHTML, like Gecko) Chrome/90.0.4430.85 Safari/537.36"
203.159.80.220 - - [03/Oct/2021:22:36:55 +0900] "realpano.net(NL) GET /.well-known/ HTTP/1.1" 404 196 "binance.com" "Mozilla/5.0 (Windows NT 10.0; Win64; x64) AppleWebKit/537.36 (KHTML, like Gecko) Chrome/90.0.4430.85 Safari/537.36"
203.159.80.220 - - [03/Oct/2021:22:36:55 +0900] "realpano.net(NL) GET /.well-known/ HTTP/1.1" 404 196 "binance.com" "Mozilla/5.0 (Windows NT 10.0; Win64; x64) AppleWebKit/537.36 (KHTML, like Gecko) Chrome/90.0.4430.85 Safari/537.36"
203.159.80.220 - - [03/Oct/2021:22:36:56 +0900] "realpano.net(NL) GET /sites/default/files/ HTTP/1.1" 404 196 "binance.com" "Mozilla/5.0 (Windows NT 10.0; Win64; x64) AppleWebKit/537.36 (KHTML, like Gecko) Chrome/90.0.4430.85 Safari/537.36"
203.159.80.220 - - [03/Oct/2021:22:36:56 +0900] "realpano.net(NL) GET /sites/default/files/ HTTP/1.1" 404 196 "binance.com" "Mozilla/5.0 (Windows NT 10.0; Win64; x64) AppleWebKit/537.36 (KHTML, like Gecko) Chrome/90.0.4430.85 Safari/537.36"
203.159.80.220 - - [03/Oct/2021:22:36:57 +0900] "realpano.net(NL) GET /admin/controller/extension/extension/ HTTP/1.1" 404 196 "binance.com" "Mozilla/5.0 (Windows NT 10.0; Win64; x64) AppleWebKit/537.36 (KHTML, like Gecko) Chrome/90.0.4430.85 Safari/537.36"
203.159.80.220 - - [03/Oct/2021:22:36:57 +0900] "realpano.net(NL) GET /admin/controller/extension/extension/ HTTP/1.1" 404 196 "binance.com" "Mozilla/5.0 (Windows NT 10.0; Win64; x64) AppleWebKit/537.36 (KHTML, like Gecko) Chrome/90.0.4430.85 Safari/537.36"
203.159.80.220 - - [03/Oct/2021:22:37:02 +0900] "realpano.net(NL) GET /uploads/ HTTP/1.1" 404 196 "binance.com" "Mozilla/5.0 (Windows NT 10.0; Win64; x64) AppleWebKit/537.36 (KHTML, like Gecko) Chrome/90.0.4430.85 Safari/537.36"
203.159.80.220 - - [03/Oct/2021:22:37:02 +0900] "realpano.net(NL) GET /uploads/ HTTP/1.1" 404 196 "binance.com" "Mozilla/5.0 (Windows NT 10.0; Win64; x64) AppleWebKit/537.36 (KHTML, like Gecko) Chrome/90.0.4430.85 Safari/537.36"
203.159.80.220 - - [03/Oct/2021:22:37:02 +0900] "realpano.net(NL) GET /images/ HTTP/1.1" 403 199 "binance.com" "Mozilla/5.0 (Windows NT 10.0; Win64; x64) AppleWebKit/537.36 (KHTML, like Gecko) Chrome/90.0.4430.85 Safari/537.36"
203.159.80.220 - - [03/Oct/2021:22:37:02 +0900] "realpano.net(NL) GET /images/ HTTP/1.1" 403 199 "binance.com" "Mozilla/5.0 (Windows NT 10.0; Win64; x64) AppleWebKit/537.36 (KHTML, like Gecko) Chrome/90.0.4430.85 Safari/537.36"
66.249.68.60 - - [03/Oct/2021:22:41:25 +0900] "realpano.net(US) GET /gl/air_vr/45140 HTTP/1.1" 404 196 "-" "Mozilla/5.0 (Linux; Android 6.0.1; Nexus 5X Build/MMB29P) AppleWebKit/537.36 (KHTML, like Gecko) Chrome/94.0.4606.54 Mobile Safari/537.36 (compatible; Googlebot/2.1; +http://www.google.com/bot.html)"
66.249.68.60 - - [03/Oct/2021:22:41:25 +0900] "realpano.net(US) GET /gl/air_vr/45140 HTTP/1.1" 404 196 "-" "Mozilla/5.0 (Linux; Android 6.0.1; Nexus 5X Build/MMB29P) AppleWebKit/537.36 (KHTML, like Gecko) Chrome/94.0.4606.54 Mobile Safari/537.36 (compatible; Googlebot/2.1; +http://www.google.com/bot.html)"
114.119.154.30 - - [03/Oct/2021:22:48:29 +0900] "realpano.net(SG) GET /gl/index.php?mid=human_vr&m=0&document_srl=44611 HTTP/1.1" 403 199 "-" "Mozilla/5.0 (Linux; Android 7.0;) AppleWebKit/537.36 (KHTML, like Gecko) Mobile Safari/537.36 (compatible; PetalBot;+https://webmaster.petalsearch.com/site/petalbot)"
114.119.154.30 - - [03/Oct/2021:22:48:29 +0900] "realpano.net(SG) GET /gl/index.php?mid=human_vr&m=0&document_srl=44611 HTTP/1.1" 403 199 "-" "Mozilla/5.0 (Linux; Android 7.0;) AppleWebKit/537.36 (KHTML, like Gecko) Mobile Safari/537.36 (compatible; PetalBot;+https://webmaster.petalsearch.com/site/petalbot)"
114.119.154.67 - - [03/Oct/2021:22:54:50 +0900] "realpano.net(SG) GET /gl/index.php?mid=human_vr&page=2&listStyle=list&m=0&document_srl=3978&sort_index=readed_count&order_type=desc HTTP/1.1" 403 199 "-" "Mozilla/5.0 (Linux; Android 7.0;) AppleWebKit/537.36 (KHTML, like Gecko) Mobile Safari/537.36 (compatible; PetalBot;+https://webmaster.petalsearch.com/site/petalbot)"
114.119.154.67 - - [03/Oct/2021:22:54:50 +0900] "realpano.net(SG) GET /gl/index.php?mid=human_vr&page=2&listStyle=list&m=0&document_srl=3978&sort_index=readed_count&order_type=desc HTTP/1.1" 403 199 "-" "Mozilla/5.0 (Linux; Android 7.0;) AppleWebKit/537.36 (KHTML, like Gecko) Mobile Safari/537.36 (compatible; PetalBot;+https://webmaster.petalsearch.com/site/petalbot)"
157.55.39.20 - - [03/Oct/2021:22:57:17 +0900] "www.realpano.net(US) GET / HTTP/1.1" 200 64 "-" "Mozilla/5.0 (compatible; bingbot/2.0; +http://www.bing.com/bingbot.htm)"
157.55.39.20 - - [03/Oct/2021:22:57:17 +0900] "www.realpano.net(US) GET / HTTP/1.1" 200 64 "-" "Mozilla/5.0 (compatible; bingbot/2.0; +http://www.bing.com/bingbot.htm)"
114.119.154.41 - - [03/Oct/2021:23:01:09 +0900] "realpano.net(SG) GET /gl/index.php?mid=human_vr&m=1&listStyle=list&order_type=asc&search_target=tag&search_keyword=%EC%A4%91%EA%B5%AC%EC%B2%AD&document_srl=44633&act=dispMemberSignUpForm HTTP/1.1" 403 199 "-" "Mozilla/5.0 (Linux; Android 7.0;) AppleWebKit/537.36 (KHTML, like Gecko) Mobile Safari/537.36 (compatible; PetalBot;+https://webmaster.petalsearch.com/site/petalbot)"
114.119.154.41 - - [03/Oct/2021:23:01:09 +0900] "realpano.net(SG) GET /gl/index.php?mid=human_vr&m=1&listStyle=list&order_type=asc&search_target=tag&search_keyword=%EC%A4%91%EA%B5%AC%EC%B2%AD&document_srl=44633&act=dispMemberSignUpForm HTTP/1.1" 403 199 "-" "Mozilla/5.0 (Linux; Android 7.0;) AppleWebKit/537.36 (KHTML, like Gecko) Mobile Safari/537.36 (compatible; PetalBot;+https://webmaster.petalsearch.com/site/petalbot)"
114.119.154.26 - - [03/Oct/2021:23:07:23 +0900] "realpano.net(SG) GET /gl/index.php?mid=human_vr&search_target=tag&search_keyword=%EB%A7%88%EC%9A%B4%ED%8B%B4%ED%94%8C%EB%9F%AC%EC%8A%A4&m=0 HTTP/1.1" 403 199 "-" "Mozilla/5.0 (Linux; Android 7.0;) AppleWebKit/537.36 (KHTML, like Gecko) Mobile Safari/537.36 (compatible; PetalBot;+https://webmaster.petalsearch.com/site/petalbot)"
114.119.154.26 - - [03/Oct/2021:23:07:23 +0900] "realpano.net(SG) GET /gl/index.php?mid=human_vr&search_target=tag&search_keyword=%EB%A7%88%EC%9A%B4%ED%8B%B4%ED%94%8C%EB%9F%AC%EC%8A%A4&m=0 HTTP/1.1" 403 199 "-" "Mozilla/5.0 (Linux; Android 7.0;) AppleWebKit/537.36 (KHTML, like Gecko) Mobile Safari/537.36 (compatible; PetalBot;+https://webmaster.petalsearch.com/site/petalbot)"
114.119.154.26 - - [03/Oct/2021:23:13:42 +0900] "realpano.net(SG) GET /gl/human_vr/44542 HTTP/1.1" 403 199 "-" "Mozilla/5.0 (Linux; Android 7.0;) AppleWebKit/537.36 (KHTML, like Gecko) Mobile Safari/537.36 (compatible; PetalBot;+https://webmaster.petalsearch.com/site/petalbot)"
114.119.154.26 - - [03/Oct/2021:23:13:42 +0900] "realpano.net(SG) GET /gl/human_vr/44542 HTTP/1.1" 403 199 "-" "Mozilla/5.0 (Linux; Android 7.0;) AppleWebKit/537.36 (KHTML, like Gecko) Mobile Safari/537.36 (compatible; PetalBot;+https://webmaster.petalsearch.com/site/petalbot)"
17.121.114.122 - - [03/Oct/2021:23:16:01 +0900] "realpano.net(US) GET /gl/human_vr/3807 HTTP/1.1" 404 196 "-" "Mozilla/5.0 (Macintosh; Intel Mac OS X 10_15_5) AppleWebKit/605.1.15 (KHTML, like Gecko) Version/13.1.1 Safari/605.1.15 (Applebot/0.1; +http://www.apple.com/go/applebot)"
17.121.114.122 - - [03/Oct/2021:23:16:01 +0900] "realpano.net(US) GET /gl/human_vr/3807 HTTP/1.1" 404 196 "-" "Mozilla/5.0 (Macintosh; Intel Mac OS X 10_15_5) AppleWebKit/605.1.15 (KHTML, like Gecko) Version/13.1.1 Safari/605.1.15 (Applebot/0.1; +http://www.apple.com/go/applebot)"
167.114.116.38 - - [03/Oct/2021:23:19:14 +0900] "realpano.net(CA) GET /robots.txt HTTP/1.1" 403 199 "-" "Mozilla/5.0 (compatible; MJ12bot/v1.4.8; http://mj12bot.com/)"
167.114.116.38 - - [03/Oct/2021:23:19:14 +0900] "realpano.net(CA) GET /robots.txt HTTP/1.1" 403 199 "-" "Mozilla/5.0 (compatible; MJ12bot/v1.4.8; http://mj12bot.com/)"
114.119.154.26 - - [03/Oct/2021:23:19:53 +0900] "realpano.net(SG) GET /gl/index.php?mid=human_vr&category=3350&m=0&act=dispMemberSignUpForm HTTP/1.1" 403 199 "-" "Mozilla/5.0 (Linux; Android 7.0;) AppleWebKit/537.36 (KHTML, like Gecko) Mobile Safari/537.36 (compatible; PetalBot;+https://webmaster.petalsearch.com/site/petalbot)"
114.119.154.26 - - [03/Oct/2021:23:19:53 +0900] "realpano.net(SG) GET /gl/index.php?mid=human_vr&category=3350&m=0&act=dispMemberSignUpForm HTTP/1.1" 403 199 "-" "Mozilla/5.0 (Linux; Android 7.0;) AppleWebKit/537.36 (KHTML, like Gecko) Mobile Safari/537.36 (compatible; PetalBot;+https://webmaster.petalsearch.com/site/petalbot)"
167.114.116.38 - - [03/Oct/2021:23:20:40 +0900] "www.realpano.net(CA) GET /robots.txt HTTP/1.1" 403 199 "-" "Mozilla/5.0 (compatible; MJ12bot/v1.4.8; http://mj12bot.com/)"
167.114.116.38 - - [03/Oct/2021:23:20:40 +0900] "www.realpano.net(CA) GET /robots.txt HTTP/1.1" 403 199 "-" "Mozilla/5.0 (compatible; MJ12bot/v1.4.8; http://mj12bot.com/)"
114.119.154.39 - - [03/Oct/2021:23:26:12 +0900] "realpano.net(SG) GET /gl/index.php?mid=human_vr&m=0&listStyle=webzine&search_target=tag&search_keyword=%EC%A4%91%EA%B5%AC%EC%B2%AD&division=-45271&last_division=0&sort_index=readed_count&order_type=asc HTTP/1.1" 403 199 "-" "Mozilla/5.0 (Linux; Android 7.0;) AppleWebKit/537.36 (KHTML, like Gecko) Mobile Safari/537.36 (compatible; PetalBot;+https://webmaster.petalsearch.com/site/petalbot)"
114.119.154.39 - - [03/Oct/2021:23:26:12 +0900] "realpano.net(SG) GET /gl/index.php?mid=human_vr&m=0&listStyle=webzine&search_target=tag&search_keyword=%EC%A4%91%EA%B5%AC%EC%B2%AD&division=-45271&last_division=0&sort_index=readed_count&order_type=asc HTTP/1.1" 403 199 "-" "Mozilla/5.0 (Linux; Android 7.0;) AppleWebKit/537.36 (KHTML, like Gecko) Mobile Safari/537.36 (compatible; PetalBot;+https://webmaster.petalsearch.com/site/petalbot)"
106.12.77.101 - - [03/Oct/2021:23:31:53 +0900] "realpano.net(CN) GET /wp-login.php HTTP/1.1" 404 196 "-" "Mozilla/5.0 (X11; Ubuntu; Linux x86_64; rv:62.0) Gecko/20100101 Firefox/62.0"
106.12.77.101 - - [03/Oct/2021:23:31:53 +0900] "realpano.net(CN) GET /wp-login.php HTTP/1.1" 404 196 "-" "Mozilla/5.0 (X11; Ubuntu; Linux x86_64; rv:62.0) Gecko/20100101 Firefox/62.0"
114.119.154.26 - - [03/Oct/2021:23:32:05 +0900] "realpano.net(SG) GET /gl/index.php?mid=human_vr&search_target=tag&search_keyword=%ED%95%9C%EC%9D%98%EC%9B%90&category=3344&m=0 HTTP/1.1" 403 199 "-" "Mozilla/5.0 (Linux; Android 7.0;) AppleWebKit/537.36 (KHTML, like Gecko) Mobile Safari/537.36 (compatible; PetalBot;+https://webmaster.petalsearch.com/site/petalbot)"
114.119.154.26 - - [03/Oct/2021:23:32:05 +0900] "realpano.net(SG) GET /gl/index.php?mid=human_vr&search_target=tag&search_keyword=%ED%95%9C%EC%9D%98%EC%9B%90&category=3344&m=0 HTTP/1.1" 403 199 "-" "Mozilla/5.0 (Linux; Android 7.0;) AppleWebKit/537.36 (KHTML, like Gecko) Mobile Safari/537.36 (compatible; PetalBot;+https://webmaster.petalsearch.com/site/petalbot)"
207.46.13.29 - - [03/Oct/2021:23:33:28 +0900] "realpano.net(US) GET /gl/maps HTTP/2.0" 404 196 "-" "Mozilla/5.0 (compatible; bingbot/2.0; +http://www.bing.com/bingbot.htm)"
207.46.13.29 - - [03/Oct/2021:23:33:28 +0900] "realpano.net(US) GET /gl/maps HTTP/2.0" 404 196 "-" "Mozilla/5.0 (compatible; bingbot/2.0; +http://www.bing.com/bingbot.htm)"
157.55.39.20 - - [03/Oct/2021:23:37:03 +0900] "realpano.net(US) GET /gl/human_vr/45149 HTTP/2.0" 404 196 "-" "Mozilla/5.0 (compatible; bingbot/2.0; +http://www.bing.com/bingbot.htm)"
157.55.39.20 - - [03/Oct/2021:23:37:03 +0900] "realpano.net(US) GET /gl/human_vr/45149 HTTP/2.0" 404 196 "-" "Mozilla/5.0 (compatible; bingbot/2.0; +http://www.bing.com/bingbot.htm)"
114.119.154.26 - - [03/Oct/2021:23:38:41 +0900] "realpano.net(SG) GET /gl/index.php?mid=human_vr&m=1&category=3357&listStyle=webzine&sort_index=readed_count&order_type=desc&search_target=tag&search_keyword=%EB%8C%80%EA%B5%AC%EC%A4%91%EA%B5%AC&document_srl=44906&act=dispMemberLoginForm HTTP/1.1" 403 199 "-" "Mozilla/5.0 (Linux; Android 7.0;) AppleWebKit/537.36 (KHTML, like Gecko) Mobile Safari/537.36 (compatible; PetalBot;+https://webmaster.petalsearch.com/site/petalbot)"
114.119.154.26 - - [03/Oct/2021:23:38:41 +0900] "realpano.net(SG) GET /gl/index.php?mid=human_vr&m=1&category=3357&listStyle=webzine&sort_index=readed_count&order_type=desc&search_target=tag&search_keyword=%EB%8C%80%EA%B5%AC%EC%A4%91%EA%B5%AC&document_srl=44906&act=dispMemberLoginForm HTTP/1.1" 403 199 "-" "Mozilla/5.0 (Linux; Android 7.0;) AppleWebKit/537.36 (KHTML, like Gecko) Mobile Safari/537.36 (compatible; PetalBot;+https://webmaster.petalsearch.com/site/petalbot)"
114.119.154.67 - - [03/Oct/2021:23:44:22 +0900] "realpano.net(SG) GET /gl/index.php?mid=human_vr&document_srl=45163&m=0 HTTP/1.1" 403 199 "-" "Mozilla/5.0 (Linux; Android 7.0;) AppleWebKit/537.36 (KHTML, like Gecko) Mobile Safari/537.36 (compatible; PetalBot;+https://webmaster.petalsearch.com/site/petalbot)"
114.119.154.67 - - [03/Oct/2021:23:44:22 +0900] "realpano.net(SG) GET /gl/index.php?mid=human_vr&document_srl=45163&m=0 HTTP/1.1" 403 199 "-" "Mozilla/5.0 (Linux; Android 7.0;) AppleWebKit/537.36 (KHTML, like Gecko) Mobile Safari/537.36 (compatible; PetalBot;+https://webmaster.petalsearch.com/site/petalbot)"
64.21.98.41 - - [03/Oct/2021:23:45:42 +0900] "realpano.net(US) GET / HTTP/1.1" 200 687 "-" "Mozilla/5.0 (compatible; Googlebot/2.1; +http://www.google.com/bot.html)"
64.21.98.41 - - [03/Oct/2021:23:45:42 +0900] "realpano.net(US) GET / HTTP/1.1" 200 687 "-" "Mozilla/5.0 (compatible; Googlebot/2.1; +http://www.google.com/bot.html)"
157.55.39.20 - - [03/Oct/2021:23:48:03 +0900] "realpano.net(US) GET / HTTP/1.1" 200 64 "-" "Mozilla/5.0 (compatible; bingbot/2.0; +http://www.bing.com/bingbot.htm)"
157.55.39.20 - - [03/Oct/2021:23:48:03 +0900] "realpano.net(US) GET / HTTP/1.1" 200 64 "-" "Mozilla/5.0 (compatible; bingbot/2.0; +http://www.bing.com/bingbot.htm)"
