114.119.154.65 - - [01/Oct/2021:22:05:03 +0900] "realpano.net(SG) GET /gl/index.php?mid=human_vr&m=0&category=3348&listStyle=list&document_srl=3886&sort_index=readed_count&order_type=asc HTTP/1.1" 403 199 "-" "Mozilla/5.0 (Linux; Android 7.0;) AppleWebKit/537.36 (KHTML, like Gecko) Mobile Safari/537.36 (compatible; PetalBot;+https://webmaster.petalsearch.com/site/petalbot)"
114.119.154.65 - - [01/Oct/2021:22:11:25 +0900] "realpano.net(SG) GET /gl/index.php?mid=human_vr&search_target=tag&search_keyword=%EC%9D%B8%ED%85%8C%EB%9D%BC%EB%B1%85&category=3357&m=1&listStyle=webzine HTTP/1.1" 403 199 "-" "Mozilla/5.0 (Linux; Android 7.0;) AppleWebKit/537.36 (KHTML, like Gecko) Mobile Safari/537.36 (compatible; PetalBot;+https://webmaster.petalsearch.com/site/petalbot)"
114.119.154.65 - - [01/Oct/2021:22:11:25 +0900] "realpano.net(SG) GET /gl/index.php?mid=human_vr&search_target=tag&search_keyword=%EC%9D%B8%ED%85%8C%EB%9D%BC%EB%B1%85&category=3357&m=1&listStyle=webzine HTTP/1.1" 403 199 "-" "Mozilla/5.0 (Linux; Android 7.0;) AppleWebKit/537.36 (KHTML, like Gecko) Mobile Safari/537.36 (compatible; PetalBot;+https://webmaster.petalsearch.com/site/petalbot)"
114.119.154.6 - - [01/Oct/2021:22:18:10 +0900] "realpano.net(SG) GET /gl/index.php?mid=human_vr&m=1&listStyle=viewer&order_type=desc&sort_index=regdate&document_srl=44885 HTTP/1.1" 403 199 "-" "Mozilla/5.0 (Linux; Android 7.0;) AppleWebKit/537.36 (KHTML, like Gecko) Mobile Safari/537.36 (compatible; PetalBot;+https://webmaster.petalsearch.com/site/petalbot)"
114.119.154.6 - - [01/Oct/2021:22:18:10 +0900] "realpano.net(SG) GET /gl/index.php?mid=human_vr&m=1&listStyle=viewer&order_type=desc&sort_index=regdate&document_srl=44885 HTTP/1.1" 403 199 "-" "Mozilla/5.0 (Linux; Android 7.0;) AppleWebKit/537.36 (KHTML, like Gecko) Mobile Safari/537.36 (compatible; PetalBot;+https://webmaster.petalsearch.com/site/petalbot)"
114.119.154.67 - - [01/Oct/2021:22:24:57 +0900] "realpano.net(SG) GET /gl/index.php?mid=human_vr&m=0&category=3354&listStyle=list&search_target=tag&search_keyword=%EB%8C%80%EA%B5%AC%EC%A4%91%EA%B5%AC&sort_index=regdate&order_type=desc&act=dispMemberSignUpForm HTTP/1.1" 403 199 "-" "Mozilla/5.0 (Linux; Android 7.0;) AppleWebKit/537.36 (KHTML, like Gecko) Mobile Safari/537.36 (compatible; PetalBot;+https://webmaster.petalsearch.com/site/petalbot)"
114.119.154.67 - - [01/Oct/2021:22:24:57 +0900] "realpano.net(SG) GET /gl/index.php?mid=human_vr&m=0&category=3354&listStyle=list&search_target=tag&search_keyword=%EB%8C%80%EA%B5%AC%EC%A4%91%EA%B5%AC&sort_index=regdate&order_type=desc&act=dispMemberSignUpForm HTTP/1.1" 403 199 "-" "Mozilla/5.0 (Linux; Android 7.0;) AppleWebKit/537.36 (KHTML, like Gecko) Mobile Safari/537.36 (compatible; PetalBot;+https://webmaster.petalsearch.com/site/petalbot)"
17.121.115.162 - - [01/Oct/2021:22:30:57 +0900] "realpano.net(US) GET /gl/human_vr/category/3346 HTTP/1.1" 404 196 "-" "Mozilla/5.0 (Macintosh; Intel Mac OS X 10_15_5) AppleWebKit/605.1.15 (KHTML, like Gecko) Version/13.1.1 Safari/605.1.15 (Applebot/0.1; +http://www.apple.com/go/applebot)"
17.121.115.162 - - [01/Oct/2021:22:30:57 +0900] "realpano.net(US) GET /gl/human_vr/category/3346 HTTP/1.1" 404 196 "-" "Mozilla/5.0 (Macintosh; Intel Mac OS X 10_15_5) AppleWebKit/605.1.15 (KHTML, like Gecko) Version/13.1.1 Safari/605.1.15 (Applebot/0.1; +http://www.apple.com/go/applebot)"
114.119.154.30 - - [01/Oct/2021:22:31:28 +0900] "realpano.net(SG) GET /gl/index.php?mid=human_vr&m=1&category=3354&listStyle=gallery&search_target=tag&search_keyword=%EB%8C%80%EA%B5%AC%EC%A4%91%EA%B5%AC&division=-45271&last_division=0&sort_index=regdate&order_type=desc&act=dispMemberSignUpForm HTTP/1.1" 403 199 "-" "Mozilla/5.0 (Linux; Android 7.0;) AppleWebKit/537.36 (KHTML, like Gecko) Mobile Safari/537.36 (compatible; PetalBot;+https://webmaster.petalsearch.com/site/petalbot)"
114.119.154.30 - - [01/Oct/2021:22:31:28 +0900] "realpano.net(SG) GET /gl/index.php?mid=human_vr&m=1&category=3354&listStyle=gallery&search_target=tag&search_keyword=%EB%8C%80%EA%B5%AC%EC%A4%91%EA%B5%AC&division=-45271&last_division=0&sort_index=regdate&order_type=desc&act=dispMemberSignUpForm HTTP/1.1" 403 199 "-" "Mozilla/5.0 (Linux; Android 7.0;) AppleWebKit/537.36 (KHTML, like Gecko) Mobile Safari/537.36 (compatible; PetalBot;+https://webmaster.petalsearch.com/site/petalbot)"
114.119.154.26 - - [01/Oct/2021:22:38:08 +0900] "realpano.net(SG) GET /gl/index.php?mid=human_vr&listStyle=list&m=1&search_target=tag&search_keyword=%EB%B0%9C%EB%A6%AC&act=dispMemberSignUpForm HTTP/1.1" 403 199 "-" "Mozilla/5.0 (Linux; Android 7.0;) AppleWebKit/537.36 (KHTML, like Gecko) Mobile Safari/537.36 (compatible; PetalBot;+https://webmaster.petalsearch.com/site/petalbot)"
114.119.154.26 - - [01/Oct/2021:22:38:08 +0900] "realpano.net(SG) GET /gl/index.php?mid=human_vr&listStyle=list&m=1&search_target=tag&search_keyword=%EB%B0%9C%EB%A6%AC&act=dispMemberSignUpForm HTTP/1.1" 403 199 "-" "Mozilla/5.0 (Linux; Android 7.0;) AppleWebKit/537.36 (KHTML, like Gecko) Mobile Safari/537.36 (compatible; PetalBot;+https://webmaster.petalsearch.com/site/petalbot)"
114.119.154.30 - - [01/Oct/2021:22:44:29 +0900] "realpano.net(SG) GET /gl/index.php?mid=human_vr&m=1&page=2&listStyle=gallery&document_srl=45190 HTTP/1.1" 403 199 "-" "Mozilla/5.0 (Linux; Android 7.0;) AppleWebKit/537.36 (KHTML, like Gecko) Mobile Safari/537.36 (compatible; PetalBot;+https://webmaster.petalsearch.com/site/petalbot)"
114.119.154.30 - - [01/Oct/2021:22:44:29 +0900] "realpano.net(SG) GET /gl/index.php?mid=human_vr&m=1&page=2&listStyle=gallery&document_srl=45190 HTTP/1.1" 403 199 "-" "Mozilla/5.0 (Linux; Android 7.0;) AppleWebKit/537.36 (KHTML, like Gecko) Mobile Safari/537.36 (compatible; PetalBot;+https://webmaster.petalsearch.com/site/petalbot)"
114.119.154.41 - - [01/Oct/2021:22:51:11 +0900] "realpano.net(SG) GET /gl/index.php?mid=human_vr&category=3350&m=0&search_target=tag&search_keyword=%EB%B3%B4%EC%84%9D&division=-45271&last_division=0&act=dispMemberLoginForm HTTP/1.1" 403 199 "-" "Mozilla/5.0 (Linux; Android 7.0;) AppleWebKit/537.36 (KHTML, like Gecko) Mobile Safari/537.36 (compatible; PetalBot;+https://webmaster.petalsearch.com/site/petalbot)"
114.119.154.41 - - [01/Oct/2021:22:51:11 +0900] "realpano.net(SG) GET /gl/index.php?mid=human_vr&category=3350&m=0&search_target=tag&search_keyword=%EB%B3%B4%EC%84%9D&division=-45271&last_division=0&act=dispMemberLoginForm HTTP/1.1" 403 199 "-" "Mozilla/5.0 (Linux; Android 7.0;) AppleWebKit/537.36 (KHTML, like Gecko) Mobile Safari/537.36 (compatible; PetalBot;+https://webmaster.petalsearch.com/site/petalbot)"
114.119.139.48 - - [01/Oct/2021:22:57:03 +0900] "realpano.net(SG) GET /robots.txt HTTP/1.1" 403 199 "-" "Mozilla/5.0 (compatible;PetalBot;+https://webmaster.petalsearch.com/site/petalbot)"
114.119.139.48 - - [01/Oct/2021:22:57:03 +0900] "realpano.net(SG) GET /robots.txt HTTP/1.1" 403 199 "-" "Mozilla/5.0 (compatible;PetalBot;+https://webmaster.petalsearch.com/site/petalbot)"
119.207.72.84 - - [01/Oct/2021:23:01:32 +0900] "realpano.net(KR) GET /gl HTTP/1.1" 301 231 "-" "Mozilla/5.0 (compatible; MSIE 10.0; Windows NT 6.2; Trident/6.0)"
119.207.72.84 - - [01/Oct/2021:23:01:32 +0900] "realpano.net(KR) GET /gl HTTP/1.1" 301 231 "-" "Mozilla/5.0 (compatible; MSIE 10.0; Windows NT 6.2; Trident/6.0)"
119.207.72.84 - - [01/Oct/2021:23:01:32 +0900] "realpano.net(KR) GET /gl/ HTTP/1.1" 404 2293 "-" "Mozilla/5.0 (compatible; MSIE 10.0; Windows NT 6.2; Trident/6.0)"
119.207.72.84 - - [01/Oct/2021:23:01:32 +0900] "realpano.net(KR) GET /gl/ HTTP/1.1" 404 2293 "-" "Mozilla/5.0 (compatible; MSIE 10.0; Windows NT 6.2; Trident/6.0)"
66.249.68.58 - - [01/Oct/2021:23:02:20 +0900] "realpano.net(US) GET /gl/air_vr/45136 HTTP/1.1" 404 196 "-" "Mozilla/5.0 (Linux; Android 6.0.1; Nexus 5X Build/MMB29P) AppleWebKit/537.36 (KHTML, like Gecko) Chrome/94.0.4606.54 Mobile Safari/537.36 (compatible; Googlebot/2.1; +http://www.google.com/bot.html)"
66.249.68.58 - - [01/Oct/2021:23:02:20 +0900] "realpano.net(US) GET /gl/air_vr/45136 HTTP/1.1" 404 196 "-" "Mozilla/5.0 (Linux; Android 6.0.1; Nexus 5X Build/MMB29P) AppleWebKit/537.36 (KHTML, like Gecko) Chrome/94.0.4606.54 Mobile Safari/537.36 (compatible; Googlebot/2.1; +http://www.google.com/bot.html)"
157.55.39.121 - - [01/Oct/2021:23:03:29 +0900] "realpano.net(US) GET /gl/?module=file&act=procFileDownload&file_srl=3984&module_srl=2684 HTTP/2.0" 404 196 "-" "Mozilla/5.0 (compatible; bingbot/2.0; +http://www.bing.com/bingbot.htm)"
157.55.39.121 - - [01/Oct/2021:23:03:29 +0900] "realpano.net(US) GET /gl/?module=file&act=procFileDownload&file_srl=3984&module_srl=2684 HTTP/2.0" 404 196 "-" "Mozilla/5.0 (compatible; bingbot/2.0; +http://www.bing.com/bingbot.htm)"
114.119.154.41 - - [01/Oct/2021:23:03:36 +0900] "realpano.net(SG) GET /gl/index.php?mid=human_vr&m=0&page=4&listStyle=list&act=dispMemberLoginForm HTTP/1.1" 403 199 "-" "Mozilla/5.0 (Linux; Android 7.0;) AppleWebKit/537.36 (KHTML, like Gecko) Mobile Safari/537.36 (compatible; PetalBot;+https://webmaster.petalsearch.com/site/petalbot)"
114.119.154.41 - - [01/Oct/2021:23:03:36 +0900] "realpano.net(SG) GET /gl/index.php?mid=human_vr&m=0&page=4&listStyle=list&act=dispMemberLoginForm HTTP/1.1" 403 199 "-" "Mozilla/5.0 (Linux; Android 7.0;) AppleWebKit/537.36 (KHTML, like Gecko) Mobile Safari/537.36 (compatible; PetalBot;+https://webmaster.petalsearch.com/site/petalbot)"
222.122.190.40 - - [01/Oct/2021:23:09:04 +0900] "www.realpano.net(KR) GET / HTTP/1.1" 403 199 "-" "Mozilla/5.0 (Windows NT 10.0; ZumBot/1.0; Win64; x64) AppleWebKit/537.36 (KHTML, like Gecko) Chrome/79.0.3945.130 Safari/537.36"
222.122.190.40 - - [01/Oct/2021:23:09:04 +0900] "www.realpano.net(KR) GET / HTTP/1.1" 403 199 "-" "Mozilla/5.0 (Windows NT 10.0; ZumBot/1.0; Win64; x64) AppleWebKit/537.36 (KHTML, like Gecko) Chrome/79.0.3945.130 Safari/537.36"
222.122.190.40 - - [01/Oct/2021:23:09:04 +0900] "www.realpano.net(KR) GET / HTTP/1.1" 403 199 "-" "Mozilla/5.0 (Windows NT 10.0; ZumBot/1.0; Win64; x64) AppleWebKit/537.36 (KHTML, like Gecko) Chrome/79.0.3945.130 Safari/537.36"
222.122.190.40 - - [01/Oct/2021:23:09:04 +0900] "www.realpano.net(KR) GET / HTTP/1.1" 403 199 "-" "Mozilla/5.0 (Windows NT 10.0; ZumBot/1.0; Win64; x64) AppleWebKit/537.36 (KHTML, like Gecko) Chrome/79.0.3945.130 Safari/537.36"
114.119.154.67 - - [01/Oct/2021:23:10:17 +0900] "realpano.net(SG) GET /gl/index.php?mid=human_vr&category=3343&m=0&listStyle=gallery&act=dispMemberSignUpForm HTTP/1.1" 403 199 "-" "Mozilla/5.0 (Linux; Android 7.0;) AppleWebKit/537.36 (KHTML, like Gecko) Mobile Safari/537.36 (compatible; PetalBot;+https://webmaster.petalsearch.com/site/petalbot)"
114.119.154.67 - - [01/Oct/2021:23:10:17 +0900] "realpano.net(SG) GET /gl/index.php?mid=human_vr&category=3343&m=0&listStyle=gallery&act=dispMemberSignUpForm HTTP/1.1" 403 199 "-" "Mozilla/5.0 (Linux; Android 7.0;) AppleWebKit/537.36 (KHTML, like Gecko) Mobile Safari/537.36 (compatible; PetalBot;+https://webmaster.petalsearch.com/site/petalbot)"
114.119.154.67 - - [01/Oct/2021:23:16:45 +0900] "realpano.net(SG) GET /gl/index.php?mid=human_vr&search_target=tag&search_keyword=%EB%8C%80%EA%B5%AC%2B%EC%8A%A4%ED%83%80%EB%94%94%EC%9B%80&division=-45271&last_division=0&category=3349 HTTP/1.1" 403 199 "-" "Mozilla/5.0 (Linux; Android 7.0;) AppleWebKit/537.36 (KHTML, like Gecko) Mobile Safari/537.36 (compatible; PetalBot;+https://webmaster.petalsearch.com/site/petalbot)"
114.119.154.67 - - [01/Oct/2021:23:16:45 +0900] "realpano.net(SG) GET /gl/index.php?mid=human_vr&search_target=tag&search_keyword=%EB%8C%80%EA%B5%AC%2B%EC%8A%A4%ED%83%80%EB%94%94%EC%9B%80&division=-45271&last_division=0&category=3349 HTTP/1.1" 403 199 "-" "Mozilla/5.0 (Linux; Android 7.0;) AppleWebKit/537.36 (KHTML, like Gecko) Mobile Safari/537.36 (compatible; PetalBot;+https://webmaster.petalsearch.com/site/petalbot)"
114.119.154.41 - - [01/Oct/2021:23:23:00 +0900] "realpano.net(SG) GET /gl/index.php?mid=human_vr&search_target=tag&search_keyword=%ED%8C%A8%EB%B0%80%EB%A6%AC%2B%EB%A0%88%EC%8A%A4%ED%86%A0%EB%9E%91&division=-45271&last_division=0&category=3348 HTTP/1.1" 403 199 "-" "Mozilla/5.0 (Linux; Android 7.0;) AppleWebKit/537.36 (KHTML, like Gecko) Mobile Safari/537.36 (compatible; PetalBot;+https://webmaster.petalsearch.com/site/petalbot)"
114.119.154.41 - - [01/Oct/2021:23:23:00 +0900] "realpano.net(SG) GET /gl/index.php?mid=human_vr&search_target=tag&search_keyword=%ED%8C%A8%EB%B0%80%EB%A6%AC%2B%EB%A0%88%EC%8A%A4%ED%86%A0%EB%9E%91&division=-45271&last_division=0&category=3348 HTTP/1.1" 403 199 "-" "Mozilla/5.0 (Linux; Android 7.0;) AppleWebKit/537.36 (KHTML, like Gecko) Mobile Safari/537.36 (compatible; PetalBot;+https://webmaster.petalsearch.com/site/petalbot)"
114.119.154.39 - - [01/Oct/2021:23:29:25 +0900] "realpano.net(SG) GET /gl/index.php?mid=human_vr&category=3344&search_target=tag&search_keyword=%EB%8C%80%EA%B5%AC%2B%EC%A4%91%EA%B5%AC HTTP/1.1" 403 199 "-" "Mozilla/5.0 (Linux; Android 7.0;) AppleWebKit/537.36 (KHTML, like Gecko) Mobile Safari/537.36 (compatible; PetalBot;+https://webmaster.petalsearch.com/site/petalbot)"
114.119.154.39 - - [01/Oct/2021:23:29:25 +0900] "realpano.net(SG) GET /gl/index.php?mid=human_vr&category=3344&search_target=tag&search_keyword=%EB%8C%80%EA%B5%AC%2B%EC%A4%91%EA%B5%AC HTTP/1.1" 403 199 "-" "Mozilla/5.0 (Linux; Android 7.0;) AppleWebKit/537.36 (KHTML, like Gecko) Mobile Safari/537.36 (compatible; PetalBot;+https://webmaster.petalsearch.com/site/petalbot)"
17.121.115.252 - - [01/Oct/2021:23:33:20 +0900] "realpano.net(US) GET /gl/files/thumbnails/924/044/204x102.crop.jpg?20150622005018 HTTP/1.1" 404 196 "-" "Mozilla/5.0 (Macintosh; Intel Mac OS X 10_15_5) AppleWebKit/605.1.15 (KHTML, like Gecko) Version/13.1.1 Safari/605.1.15 (Applebot/0.1; +http://www.apple.com/go/applebot)"
17.121.115.252 - - [01/Oct/2021:23:33:20 +0900] "realpano.net(US) GET /gl/files/thumbnails/924/044/204x102.crop.jpg?20150622005018 HTTP/1.1" 404 196 "-" "Mozilla/5.0 (Macintosh; Intel Mac OS X 10_15_5) AppleWebKit/605.1.15 (KHTML, like Gecko) Version/13.1.1 Safari/605.1.15 (Applebot/0.1; +http://www.apple.com/go/applebot)"
114.119.154.41 - - [01/Oct/2021:23:35:55 +0900] "realpano.net(SG) GET /gl/index.php?mid=human_vr&m=0&category=3353&listStyle=list&order_type=desc&sort_index=title&document_srl=45149 HTTP/1.1" 403 199 "-" "Mozilla/5.0 (Linux; Android 7.0;) AppleWebKit/537.36 (KHTML, like Gecko) Mobile Safari/537.36 (compatible; PetalBot;+https://webmaster.petalsearch.com/site/petalbot)"
114.119.154.41 - - [01/Oct/2021:23:35:55 +0900] "realpano.net(SG) GET /gl/index.php?mid=human_vr&m=0&category=3353&listStyle=list&order_type=desc&sort_index=title&document_srl=45149 HTTP/1.1" 403 199 "-" "Mozilla/5.0 (Linux; Android 7.0;) AppleWebKit/537.36 (KHTML, like Gecko) Mobile Safari/537.36 (compatible; PetalBot;+https://webmaster.petalsearch.com/site/petalbot)"
114.119.137.217 - - [01/Oct/2021:23:41:29 +0900] "realpano.net(SG) GET /robots.txt HTTP/1.1" 403 199 "-" "Mozilla/5.0 (compatible;PetalBot;+https://webmaster.petalsearch.com/site/petalbot)"
114.119.137.217 - - [01/Oct/2021:23:41:29 +0900] "realpano.net(SG) GET /robots.txt HTTP/1.1" 403 199 "-" "Mozilla/5.0 (compatible;PetalBot;+https://webmaster.petalsearch.com/site/petalbot)"
207.46.13.95 - - [01/Oct/2021:23:46:06 +0900] "realpano.net(US) GET / HTTP/2.0" 200 687 "-" "Mozilla/5.0 (compatible; bingbot/2.0; +http://www.bing.com/bingbot.htm)"
207.46.13.95 - - [01/Oct/2021:23:46:06 +0900] "realpano.net(US) GET / HTTP/2.0" 200 687 "-" "Mozilla/5.0 (compatible; bingbot/2.0; +http://www.bing.com/bingbot.htm)"
114.119.154.30 - - [01/Oct/2021:23:47:32 +0900] "realpano.net(SG) GET /gl/index.php?mid=human_vr&search_target=tag&search_keyword=bali&category=3349&m=0&division=-45271&last_division=0 HTTP/1.1" 403 199 "-" "Mozilla/5.0 (Linux; Android 7.0;) AppleWebKit/537.36 (KHTML, like Gecko) Mobile Safari/537.36 (compatible; PetalBot;+https://webmaster.petalsearch.com/site/petalbot)"
114.119.154.30 - - [01/Oct/2021:23:47:32 +0900] "realpano.net(SG) GET /gl/index.php?mid=human_vr&search_target=tag&search_keyword=bali&category=3349&m=0&division=-45271&last_division=0 HTTP/1.1" 403 199 "-" "Mozilla/5.0 (Linux; Android 7.0;) AppleWebKit/537.36 (KHTML, like Gecko) Mobile Safari/537.36 (compatible; PetalBot;+https://webmaster.petalsearch.com/site/petalbot)"
114.119.154.67 - - [01/Oct/2021:23:54:04 +0900] "realpano.net(SG) GET /gl/index.php?mid=human_vr&document_srl=4158&listStyle=viewer&act=dispMemberSignUpForm HTTP/1.1" 403 199 "-" "Mozilla/5.0 (Linux; Android 7.0;) AppleWebKit/537.36 (KHTML, like Gecko) Mobile Safari/537.36 (compatible; PetalBot;+https://webmaster.petalsearch.com/site/petalbot)"
114.119.154.67 - - [01/Oct/2021:23:54:04 +0900] "realpano.net(SG) GET /gl/index.php?mid=human_vr&document_srl=4158&listStyle=viewer&act=dispMemberSignUpForm HTTP/1.1" 403 199 "-" "Mozilla/5.0 (Linux; Android 7.0;) AppleWebKit/537.36 (KHTML, like Gecko) Mobile Safari/537.36 (compatible; PetalBot;+https://webmaster.petalsearch.com/site/petalbot)"
114.119.154.41 - - [02/Oct/2021:00:00:39 +0900] "realpano.net(SG) GET /gl/index.php?mid=human_vr&m=1&page=4&document_srl=3866&act=dispMemberLoginForm HTTP/1.1" 403 199 "-" "Mozilla/5.0 (Linux; Android 7.0;) AppleWebKit/537.36 (KHTML, like Gecko) Mobile Safari/537.36 (compatible; PetalBot;+https://webmaster.petalsearch.com/site/petalbot)"
114.119.154.41 - - [02/Oct/2021:00:00:39 +0900] "realpano.net(SG) GET /gl/index.php?mid=human_vr&m=1&page=4&document_srl=3866&act=dispMemberLoginForm HTTP/1.1" 403 199 "-" "Mozilla/5.0 (Linux; Android 7.0;) AppleWebKit/537.36 (KHTML, like Gecko) Mobile Safari/537.36 (compatible; PetalBot;+https://webmaster.petalsearch.com/site/petalbot)"
17.121.114.163 - - [02/Oct/2021:00:01:52 +0900] "realpano.net(US) GET /gl/files/attach/images/2684/603/043/2c7029d65580aa97b66b2912758f1a90.jpg HTTP/1.1" 404 196 "-" "Mozilla/5.0 (Macintosh; Intel Mac OS X 10_15_5) AppleWebKit/605.1.15 (KHTML, like Gecko) Version/13.1.1 Safari/605.1.15 (Applebot/0.1; +http://www.apple.com/go/applebot)"
17.121.114.163 - - [02/Oct/2021:00:01:52 +0900] "realpano.net(US) GET /gl/files/attach/images/2684/603/043/2c7029d65580aa97b66b2912758f1a90.jpg HTTP/1.1" 404 196 "-" "Mozilla/5.0 (Macintosh; Intel Mac OS X 10_15_5) AppleWebKit/605.1.15 (KHTML, like Gecko) Version/13.1.1 Safari/605.1.15 (Applebot/0.1; +http://www.apple.com/go/applebot)"
66.249.68.56 - - [02/Oct/2021:00:01:53 +0900] "realpano.net(US) GET /gl/human_vr/45251 HTTP/1.1" 404 196 "-" "Mozilla/5.0 (compatible; Googlebot/2.1; +http://www.google.com/bot.html)"
66.249.68.56 - - [02/Oct/2021:00:01:53 +0900] "realpano.net(US) GET /gl/human_vr/45251 HTTP/1.1" 404 196 "-" "Mozilla/5.0 (compatible; Googlebot/2.1; +http://www.google.com/bot.html)"
27.42.158.31 - - [02/Oct/2021:00:06:54 +0900] "www.realpano.net(CN) POST /coon.php HTTP/1.1" 404 196 "http://misc.yahoo.com.cn/" "Mozilla/5.0+(compatible;+Baispider/2.0;++http://www.bai.com/search/spider.html)"
27.42.158.31 - - [02/Oct/2021:00:06:54 +0900] "www.realpano.net(CN) POST /coon.php HTTP/1.1" 404 196 "http://misc.yahoo.com.cn/" "Mozilla/5.0+(compatible;+Baispider/2.0;++http://www.bai.com/search/spider.html)"
27.42.158.31 - - [02/Oct/2021:00:06:55 +0900] "www.realpano.net(CN) POST /coon.php HTTP/1.1" 404 196 "http://misc.yahoo.com.cn/" "Mozilla/5.0+(compatible;+Baispider/2.0;++http://www.bai.com/search/spider.html)"
27.42.158.31 - - [02/Oct/2021:00:06:55 +0900] "www.realpano.net(CN) POST /coon.php HTTP/1.1" 404 196 "http://misc.yahoo.com.cn/" "Mozilla/5.0+(compatible;+Baispider/2.0;++http://www.bai.com/search/spider.html)"
27.42.158.31 - - [02/Oct/2021:00:06:55 +0900] "www.realpano.net(CN) POST /coon.php HTTP/1.1" 404 196 "http://misc.yahoo.com.cn/" "Mozilla/5.0+(compatible;+Baispider/2.0;++http://www.bai.com/search/spider.html)"
27.42.158.31 - - [02/Oct/2021:00:06:55 +0900] "www.realpano.net(CN) POST /coon.php HTTP/1.1" 404 196 "http://misc.yahoo.com.cn/" "Mozilla/5.0+(compatible;+Baispider/2.0;++http://www.bai.com/search/spider.html)"
27.42.158.31 - - [02/Oct/2021:00:06:55 +0900] "www.realpano.net(CN) POST /coon.php HTTP/1.1" 404 196 "http://misc.yahoo.com.cn/" "Mozilla/5.0+(compatible;+Baispider/2.0;++http://www.bai.com/search/spider.html)"
27.42.158.31 - - [02/Oct/2021:00:06:55 +0900] "www.realpano.net(CN) POST /coon.php HTTP/1.1" 404 196 "http://misc.yahoo.com.cn/" "Mozilla/5.0+(compatible;+Baispider/2.0;++http://www.bai.com/search/spider.html)"
27.42.158.31 - - [02/Oct/2021:00:06:56 +0900] "www.realpano.net(CN) POST /coon.php HTTP/1.1" 404 196 "http://misc.yahoo.com.cn/" "Mozilla/5.0+(compatible;+Baispider/2.0;++http://www.bai.com/search/spider.html)"
27.42.158.31 - - [02/Oct/2021:00:06:56 +0900] "www.realpano.net(CN) POST /coon.php HTTP/1.1" 404 196 "http://misc.yahoo.com.cn/" "Mozilla/5.0+(compatible;+Baispider/2.0;++http://www.bai.com/search/spider.html)"
114.119.154.41 - - [02/Oct/2021:00:07:08 +0900] "realpano.net(SG) GET /gl/index.php?mid=human_vr&category=3342&m=0&listStyle=list&sort_index=regdate&order_type=asc&document_srl=4095 HTTP/1.1" 403 199 "-" "Mozilla/5.0 (Linux; Android 7.0;) AppleWebKit/537.36 (KHTML, like Gecko) Mobile Safari/537.36 (compatible; PetalBot;+https://webmaster.petalsearch.com/site/petalbot)"
114.119.154.41 - - [02/Oct/2021:00:07:08 +0900] "realpano.net(SG) GET /gl/index.php?mid=human_vr&category=3342&m=0&listStyle=list&sort_index=regdate&order_type=asc&document_srl=4095 HTTP/1.1" 403 199 "-" "Mozilla/5.0 (Linux; Android 7.0;) AppleWebKit/537.36 (KHTML, like Gecko) Mobile Safari/537.36 (compatible; PetalBot;+https://webmaster.petalsearch.com/site/petalbot)"
114.119.154.65 - - [02/Oct/2021:00:13:33 +0900] "realpano.net(SG) GET /gl/index.php?mid=human_vr&m=1&listStyle=viewer&document_srl=4119&page=6 HTTP/1.1" 403 199 "-" "Mozilla/5.0 (Linux; Android 7.0;) AppleWebKit/537.36 (KHTML, like Gecko) Mobile Safari/537.36 (compatible; PetalBot;+https://webmaster.petalsearch.com/site/petalbot)"
114.119.154.65 - - [02/Oct/2021:00:13:33 +0900] "realpano.net(SG) GET /gl/index.php?mid=human_vr&m=1&listStyle=viewer&document_srl=4119&page=6 HTTP/1.1" 403 199 "-" "Mozilla/5.0 (Linux; Android 7.0;) AppleWebKit/537.36 (KHTML, like Gecko) Mobile Safari/537.36 (compatible; PetalBot;+https://webmaster.petalsearch.com/site/petalbot)"
207.46.13.70 - - [02/Oct/2021:00:18:46 +0900] "www.realpano.net(US) GET /gl/45198 HTTP/1.1" 301 - "-" "Mozilla/5.0 (compatible; bingbot/2.0; +http://www.bing.com/bingbot.htm)"
207.46.13.70 - - [02/Oct/2021:00:18:46 +0900] "www.realpano.net(US) GET /gl/45198 HTTP/1.1" 301 - "-" "Mozilla/5.0 (compatible; bingbot/2.0; +http://www.bing.com/bingbot.htm)"
114.119.154.67 - - [02/Oct/2021:00:19:57 +0900] "realpano.net(SG) GET /gl/index.php?mid=human_vr&category=3350&listStyle=viewer&search_target=tag&search_keyword=%EC%A0%84%EC%B1%84 HTTP/1.1" 403 199 "-" "Mozilla/5.0 (Linux; Android 7.0;) AppleWebKit/537.36 (KHTML, like Gecko) Mobile Safari/537.36 (compatible; PetalBot;+https://webmaster.petalsearch.com/site/petalbot)"
114.119.154.67 - - [02/Oct/2021:00:19:57 +0900] "realpano.net(SG) GET /gl/index.php?mid=human_vr&category=3350&listStyle=viewer&search_target=tag&search_keyword=%EC%A0%84%EC%B1%84 HTTP/1.1" 403 199 "-" "Mozilla/5.0 (Linux; Android 7.0;) AppleWebKit/537.36 (KHTML, like Gecko) Mobile Safari/537.36 (compatible; PetalBot;+https://webmaster.petalsearch.com/site/petalbot)"
114.119.154.39 - - [02/Oct/2021:00:26:09 +0900] "realpano.net(SG) GET /gl/index.php?mid=human_vr&m=0&document_srl=44472&act=dispBoardTagList HTTP/1.1" 403 199 "-" "Mozilla/5.0 (Linux; Android 7.0;) AppleWebKit/537.36 (KHTML, like Gecko) Mobile Safari/537.36 (compatible; PetalBot;+https://webmaster.petalsearch.com/site/petalbot)"
114.119.154.39 - - [02/Oct/2021:00:26:09 +0900] "realpano.net(SG) GET /gl/index.php?mid=human_vr&m=0&document_srl=44472&act=dispBoardTagList HTTP/1.1" 403 199 "-" "Mozilla/5.0 (Linux; Android 7.0;) AppleWebKit/537.36 (KHTML, like Gecko) Mobile Safari/537.36 (compatible; PetalBot;+https://webmaster.petalsearch.com/site/petalbot)"
114.119.154.67 - - [02/Oct/2021:00:32:35 +0900] "realpano.net(SG) GET /gl/index.php?mid=human_vr&search_target=tag&search_keyword=%ED%95%9C%EA%B5%AD%EC%9D%80%ED%96%89&category=3347 HTTP/1.1" 403 199 "-" "Mozilla/5.0 (Linux; Android 7.0;) AppleWebKit/537.36 (KHTML, like Gecko) Mobile Safari/537.36 (compatible; PetalBot;+https://webmaster.petalsearch.com/site/petalbot)"
114.119.154.67 - - [02/Oct/2021:00:32:35 +0900] "realpano.net(SG) GET /gl/index.php?mid=human_vr&search_target=tag&search_keyword=%ED%95%9C%EA%B5%AD%EC%9D%80%ED%96%89&category=3347 HTTP/1.1" 403 199 "-" "Mozilla/5.0 (Linux; Android 7.0;) AppleWebKit/537.36 (KHTML, like Gecko) Mobile Safari/537.36 (compatible; PetalBot;+https://webmaster.petalsearch.com/site/petalbot)"
17.121.114.142 - - [02/Oct/2021:00:35:32 +0900] "realpano.net(US) GET /gl/files/thumbnails/143/004/204x102.crop.jpg?20140501200004 HTTP/1.1" 404 196 "-" "Mozilla/5.0 (Macintosh; Intel Mac OS X 10_15_5) AppleWebKit/605.1.15 (KHTML, like Gecko) Version/13.1.1 Safari/605.1.15 (Applebot/0.1; +http://www.apple.com/go/applebot)"
17.121.114.142 - - [02/Oct/2021:00:35:32 +0900] "realpano.net(US) GET /gl/files/thumbnails/143/004/204x102.crop.jpg?20140501200004 HTTP/1.1" 404 196 "-" "Mozilla/5.0 (Macintosh; Intel Mac OS X 10_15_5) AppleWebKit/605.1.15 (KHTML, like Gecko) Version/13.1.1 Safari/605.1.15 (Applebot/0.1; +http://www.apple.com/go/applebot)"
114.119.154.26 - - [02/Oct/2021:00:39:07 +0900] "realpano.net(SG) GET /gl/index.php?mid=human_vr&m=0&listStyle=viewer&sort_index=regdate&order_type=asc&page=6&document_srl=45239 HTTP/1.1" 403 199 "-" "Mozilla/5.0 (Linux; Android 7.0;) AppleWebKit/537.36 (KHTML, like Gecko) Mobile Safari/537.36 (compatible; PetalBot;+https://webmaster.petalsearch.com/site/petalbot)"
114.119.154.26 - - [02/Oct/2021:00:39:07 +0900] "realpano.net(SG) GET /gl/index.php?mid=human_vr&m=0&listStyle=viewer&sort_index=regdate&order_type=asc&page=6&document_srl=45239 HTTP/1.1" 403 199 "-" "Mozilla/5.0 (Linux; Android 7.0;) AppleWebKit/537.36 (KHTML, like Gecko) Mobile Safari/537.36 (compatible; PetalBot;+https://webmaster.petalsearch.com/site/petalbot)"
114.119.154.67 - - [02/Oct/2021:00:45:22 +0900] "realpano.net(SG) GET /gl/index.php?mid=human_vr&m=1&category=3357&listStyle=viewer&search_target=tag&search_keyword=%EB%AA%85%EB%AC%BC%EA%B3%A8%EB%AA%A9&document_srl=44866 HTTP/1.1" 403 199 "-" "Mozilla/5.0 (Linux; Android 7.0;) AppleWebKit/537.36 (KHTML, like Gecko) Mobile Safari/537.36 (compatible; PetalBot;+https://webmaster.petalsearch.com/site/petalbot)"
114.119.154.67 - - [02/Oct/2021:00:45:22 +0900] "realpano.net(SG) GET /gl/index.php?mid=human_vr&m=1&category=3357&listStyle=viewer&search_target=tag&search_keyword=%EB%AA%85%EB%AC%BC%EA%B3%A8%EB%AA%A9&document_srl=44866 HTTP/1.1" 403 199 "-" "Mozilla/5.0 (Linux; Android 7.0;) AppleWebKit/537.36 (KHTML, like Gecko) Mobile Safari/537.36 (compatible; PetalBot;+https://webmaster.petalsearch.com/site/petalbot)"
114.119.154.67 - - [02/Oct/2021:00:52:13 +0900] "realpano.net(SG) GET /gl/index.php?mid=human_vr&m=1&listStyle=list&order_type=desc&sort_index=regdate&search_target=tag&search_keyword=%EB%AC%B8%ED%99%94%EA%B3%B5%EA%B0%84&division=-45271&last_division=0&category=3355 HTTP/1.1" 403 199 "-" "Mozilla/5.0 (Linux; Android 7.0;) AppleWebKit/537.36 (KHTML, like Gecko) Mobile Safari/537.36 (compatible; PetalBot;+https://webmaster.petalsearch.com/site/petalbot)"
114.119.154.67 - - [02/Oct/2021:00:52:13 +0900] "realpano.net(SG) GET /gl/index.php?mid=human_vr&m=1&listStyle=list&order_type=desc&sort_index=regdate&search_target=tag&search_keyword=%EB%AC%B8%ED%99%94%EA%B3%B5%EA%B0%84&division=-45271&last_division=0&category=3355 HTTP/1.1" 403 199 "-" "Mozilla/5.0 (Linux; Android 7.0;) AppleWebKit/537.36 (KHTML, like Gecko) Mobile Safari/537.36 (compatible; PetalBot;+https://webmaster.petalsearch.com/site/petalbot)"
114.119.154.30 - - [02/Oct/2021:00:58:14 +0900] "realpano.net(SG) GET /gl/index.php?mid=human_vr&page=2&document_srl=45203&m=0&listStyle=viewer HTTP/1.1" 403 199 "-" "Mozilla/5.0 (Linux; Android 7.0;) AppleWebKit/537.36 (KHTML, like Gecko) Mobile Safari/537.36 (compatible; PetalBot;+https://webmaster.petalsearch.com/site/petalbot)"
114.119.154.30 - - [02/Oct/2021:00:58:14 +0900] "realpano.net(SG) GET /gl/index.php?mid=human_vr&page=2&document_srl=45203&m=0&listStyle=viewer HTTP/1.1" 403 199 "-" "Mozilla/5.0 (Linux; Android 7.0;) AppleWebKit/537.36 (KHTML, like Gecko) Mobile Safari/537.36 (compatible; PetalBot;+https://webmaster.petalsearch.com/site/petalbot)"
114.119.154.65 - - [02/Oct/2021:01:04:51 +0900] "realpano.net(SG) GET /gl/index.php?mid=human_vr&m=1&listStyle=list&order_type=desc&sort_index=regdate&search_target=tag&search_keyword=%EB%B0%95%EB%AC%BC%EA%B4%80&category=3357&division=-45271&last_division=0 HTTP/1.1" 403 199 "-" "Mozilla/5.0 (Linux; Android 7.0;) AppleWebKit/537.36 (KHTML, like Gecko) Mobile Safari/537.36 (compatible; PetalBot;+https://webmaster.petalsearch.com/site/petalbot)"
114.119.154.65 - - [02/Oct/2021:01:04:51 +0900] "realpano.net(SG) GET /gl/index.php?mid=human_vr&m=1&listStyle=list&order_type=desc&sort_index=regdate&search_target=tag&search_keyword=%EB%B0%95%EB%AC%BC%EA%B4%80&category=3357&division=-45271&last_division=0 HTTP/1.1" 403 199 "-" "Mozilla/5.0 (Linux; Android 7.0;) AppleWebKit/537.36 (KHTML, like Gecko) Mobile Safari/537.36 (compatible; PetalBot;+https://webmaster.petalsearch.com/site/petalbot)"
157.55.39.20 - - [02/Oct/2021:01:07:43 +0900] "www.realpano.net(US) GET / HTTP/1.1" 200 64 "-" "Mozilla/5.0 (compatible; bingbot/2.0; +http://www.bing.com/bingbot.htm)"
157.55.39.20 - - [02/Oct/2021:01:07:43 +0900] "www.realpano.net(US) GET / HTTP/1.1" 200 64 "-" "Mozilla/5.0 (compatible; bingbot/2.0; +http://www.bing.com/bingbot.htm)"
114.119.154.26 - - [02/Oct/2021:01:11:16 +0900] "realpano.net(SG) GET /gl/index.php?mid=human_vr&m=0&category=3348&listStyle=gallery&search_target=tag&search_keyword=%EB%8C%80%EA%B5%AC%EC%A4%91%EA%B5%AC&sort_index=regdate&order_type=desc&act=dispMemberSignUpForm HTTP/1.1" 403 199 "-" "Mozilla/5.0 (Linux; Android 7.0;) AppleWebKit/537.36 (KHTML, like Gecko) Mobile Safari/537.36 (compatible; PetalBot;+https://webmaster.petalsearch.com/site/petalbot)"
114.119.154.26 - - [02/Oct/2021:01:11:16 +0900] "realpano.net(SG) GET /gl/index.php?mid=human_vr&m=0&category=3348&listStyle=gallery&search_target=tag&search_keyword=%EB%8C%80%EA%B5%AC%EC%A4%91%EA%B5%AC&sort_index=regdate&order_type=desc&act=dispMemberSignUpForm HTTP/1.1" 403 199 "-" "Mozilla/5.0 (Linux; Android 7.0;) AppleWebKit/537.36 (KHTML, like Gecko) Mobile Safari/537.36 (compatible; PetalBot;+https://webmaster.petalsearch.com/site/petalbot)"
114.119.154.65 - - [02/Oct/2021:01:17:37 +0900] "realpano.net(SG) GET /gl/index.php?mid=human_vr&m=0&category=3355&listStyle=gallery&search_target=tag&search_keyword=%EC%A4%91%EA%B5%AC%EC%B2%AD&sort_index=regdate&order_type=desc&act=dispMemberLoginForm HTTP/1.1" 403 199 "-" "Mozilla/5.0 (Linux; Android 7.0;) AppleWebKit/537.36 (KHTML, like Gecko) Mobile Safari/537.36 (compatible; PetalBot;+https://webmaster.petalsearch.com/site/petalbot)"
114.119.154.65 - - [02/Oct/2021:01:17:37 +0900] "realpano.net(SG) GET /gl/index.php?mid=human_vr&m=0&category=3355&listStyle=gallery&search_target=tag&search_keyword=%EC%A4%91%EA%B5%AC%EC%B2%AD&sort_index=regdate&order_type=desc&act=dispMemberLoginForm HTTP/1.1" 403 199 "-" "Mozilla/5.0 (Linux; Android 7.0;) AppleWebKit/537.36 (KHTML, like Gecko) Mobile Safari/537.36 (compatible; PetalBot;+https://webmaster.petalsearch.com/site/petalbot)"
114.119.154.39 - - [02/Oct/2021:01:24:11 +0900] "realpano.net(SG) GET /gl/index.php?mid=human_vr&m=0&listStyle=list&sort_index=title&order_type=asc&search_target=tag&search_keyword=%EB%88%84%EC%97%90&category=3343 HTTP/1.1" 403 199 "-" "Mozilla/5.0 (Linux; Android 7.0;) AppleWebKit/537.36 (KHTML, like Gecko) Mobile Safari/537.36 (compatible; PetalBot;+https://webmaster.petalsearch.com/site/petalbot)"
114.119.154.39 - - [02/Oct/2021:01:24:11 +0900] "realpano.net(SG) GET /gl/index.php?mid=human_vr&m=0&listStyle=list&sort_index=title&order_type=asc&search_target=tag&search_keyword=%EB%88%84%EC%97%90&category=3343 HTTP/1.1" 403 199 "-" "Mozilla/5.0 (Linux; Android 7.0;) AppleWebKit/537.36 (KHTML, like Gecko) Mobile Safari/537.36 (compatible; PetalBot;+https://webmaster.petalsearch.com/site/petalbot)"
114.119.154.65 - - [02/Oct/2021:01:31:03 +0900] "realpano.net(SG) GET /gl/cooperation HTTP/1.1" 403 199 "-" "Mozilla/5.0 (Linux; Android 7.0;) AppleWebKit/537.36 (KHTML, like Gecko) Mobile Safari/537.36 (compatible; PetalBot;+https://webmaster.petalsearch.com/site/petalbot)"
114.119.154.65 - - [02/Oct/2021:01:31:03 +0900] "realpano.net(SG) GET /gl/cooperation HTTP/1.1" 403 199 "-" "Mozilla/5.0 (Linux; Android 7.0;) AppleWebKit/537.36 (KHTML, like Gecko) Mobile Safari/537.36 (compatible; PetalBot;+https://webmaster.petalsearch.com/site/petalbot)"
157.55.39.161 - - [02/Oct/2021:01:33:38 +0900] "realpano.net(US) GET /rpv2/130329jns/ HTTP/2.0" 404 196 "-" "Mozilla/5.0 (compatible; bingbot/2.0; +http://www.bing.com/bingbot.htm)"
157.55.39.161 - - [02/Oct/2021:01:33:38 +0900] "realpano.net(US) GET /rpv2/130329jns/ HTTP/2.0" 404 196 "-" "Mozilla/5.0 (compatible; bingbot/2.0; +http://www.bing.com/bingbot.htm)"
66.249.79.5 - - [02/Oct/2021:01:36:34 +0900] "www.realpano.net(US) GET /gl/human_vr/45239 HTTP/1.1" 200 55794 "-" "Mozilla/5.0 (Linux; Android 6.0.1; Nexus 5X Build/MMB29P) AppleWebKit/537.36 (KHTML, like Gecko) Chrome/94.0.4606.54 Mobile Safari/537.36 (compatible; Googlebot/2.1; +http://www.google.com/bot.html)"
66.249.79.5 - - [02/Oct/2021:01:36:34 +0900] "www.realpano.net(US) GET /gl/human_vr/45239 HTTP/1.1" 200 55794 "-" "Mozilla/5.0 (Linux; Android 6.0.1; Nexus 5X Build/MMB29P) AppleWebKit/537.36 (KHTML, like Gecko) Chrome/94.0.4606.54 Mobile Safari/537.36 (compatible; Googlebot/2.1; +http://www.google.com/bot.html)"
66.249.79.31 - - [02/Oct/2021:01:36:53 +0900] "www.realpano.net(US) GET /gl/m.layouts/xenara_mlayout_realpano/js/bxslider/plugins/jquery.easing.1.3.js?20140528195909 HTTP/1.1" 200 8097 "http://www.realpano.net/gl/human_vr/45239" "Mozilla/5.0 (Linux; Android 6.0.1; Nexus 5X Build/MMB29P) AppleWebKit/537.36 (KHTML, like Gecko) Chrome/94.0.4606.61 Mobile Safari/537.36 (compatible; Googlebot/2.1; +http://www.google.com/bot.html)"
66.249.79.31 - - [02/Oct/2021:01:36:53 +0900] "www.realpano.net(US) GET /gl/m.layouts/xenara_mlayout_realpano/js/bxslider/plugins/jquery.easing.1.3.js?20140528195909 HTTP/1.1" 200 8097 "http://www.realpano.net/gl/human_vr/45239" "Mozilla/5.0 (Linux; Android 6.0.1; Nexus 5X Build/MMB29P) AppleWebKit/537.36 (KHTML, like Gecko) Chrome/94.0.4606.61 Mobile Safari/537.36 (compatible; Googlebot/2.1; +http://www.google.com/bot.html)"
66.249.79.5 - - [02/Oct/2021:01:37:03 +0900] "www.realpano.net(US) GET /gl/files/cache/js_filter_compiled/d046d1841b9c79c545b82d3be892699d.ko.compiled.js?20201120233637 HTTP/1.1" 200 2531 "http://www.realpano.net/gl/human_vr/45239" "Mozilla/5.0 (Linux; Android 6.0.1; Nexus 5X Build/MMB29P) AppleWebKit/537.36 (KHTML, like Gecko) Chrome/94.0.4606.61 Mobile Safari/537.36 (compatible; Googlebot/2.1; +http://www.google.com/bot.html)"
66.249.79.5 - - [02/Oct/2021:01:37:03 +0900] "www.realpano.net(US) GET /gl/files/cache/js_filter_compiled/d046d1841b9c79c545b82d3be892699d.ko.compiled.js?20201120233637 HTTP/1.1" 200 2531 "http://www.realpano.net/gl/human_vr/45239" "Mozilla/5.0 (Linux; Android 6.0.1; Nexus 5X Build/MMB29P) AppleWebKit/537.36 (KHTML, like Gecko) Chrome/94.0.4606.61 Mobile Safari/537.36 (compatible; Googlebot/2.1; +http://www.google.com/bot.html)"
114.119.154.39 - - [02/Oct/2021:01:37:15 +0900] "realpano.net(SG) GET /gl/index.php?mid=human_vr&listStyle=gallery&m=0&sort_index=title&order_type=desc&search_target=tag&search_keyword=%EB%AC%B8%ED%99%94%EA%B4%80&category=3348 HTTP/1.1" 403 199 "-" "Mozilla/5.0 (Linux; Android 7.0;) AppleWebKit/537.36 (KHTML, like Gecko) Mobile Safari/537.36 (compatible; PetalBot;+https://webmaster.petalsearch.com/site/petalbot)"
114.119.154.39 - - [02/Oct/2021:01:37:15 +0900] "realpano.net(SG) GET /gl/index.php?mid=human_vr&listStyle=gallery&m=0&sort_index=title&order_type=desc&search_target=tag&search_keyword=%EB%AC%B8%ED%99%94%EA%B4%80&category=3348 HTTP/1.1" 403 199 "-" "Mozilla/5.0 (Linux; Android 7.0;) AppleWebKit/537.36 (KHTML, like Gecko) Mobile Safari/537.36 (compatible; PetalBot;+https://webmaster.petalsearch.com/site/petalbot)"
114.119.135.42 - - [02/Oct/2021:01:43:25 +0900] "realpano.net(SG) GET /robots.txt HTTP/1.1" 403 199 "-" "Mozilla/5.0 (compatible;PetalBot;+https://webmaster.petalsearch.com/site/petalbot)"
114.119.135.42 - - [02/Oct/2021:01:43:25 +0900] "realpano.net(SG) GET /robots.txt HTTP/1.1" 403 199 "-" "Mozilla/5.0 (compatible;PetalBot;+https://webmaster.petalsearch.com/site/petalbot)"
192.203.140.172 - - [02/Oct/2021:01:46:56 +0900] "realpano.net(KR) GET /clubview/_tour/kummorae/main.html HTTP/1.1" 404 196 "http://www.kummorae.com/" "Mozilla/5.0 (X11; Linux x86_64) AppleWebKit/537.36 (KHTML, like Gecko) Chrome/44.0.2403.157 Safari/537.36"
192.203.140.172 - - [02/Oct/2021:01:46:56 +0900] "realpano.net(KR) GET /clubview/_tour/kummorae/main.html HTTP/1.1" 404 196 "http://www.kummorae.com/" "Mozilla/5.0 (X11; Linux x86_64) AppleWebKit/537.36 (KHTML, like Gecko) Chrome/44.0.2403.157 Safari/537.36"
192.203.140.121 - - [02/Oct/2021:01:46:58 +0900] "realpano.net(KR) GET /clubview/_tour/kummorae/main.html HTTP/1.1" 404 196 "http://www.kummorae.com/" "Mozilla/5.0 (X11; Linux x86_64) AppleWebKit/537.36 (KHTML, like Gecko) Chrome/44.0.2403.157 Safari/537.36"
192.203.140.121 - - [02/Oct/2021:01:46:58 +0900] "realpano.net(KR) GET /clubview/_tour/kummorae/main.html HTTP/1.1" 404 196 "http://www.kummorae.com/" "Mozilla/5.0 (X11; Linux x86_64) AppleWebKit/537.36 (KHTML, like Gecko) Chrome/44.0.2403.157 Safari/537.36"
114.119.154.6 - - [02/Oct/2021:01:49:51 +0900] "realpano.net(SG) GET /gl/index.php?mid=human_vr&document_srl=3843&listStyle=viewer HTTP/1.1" 403 199 "-" "Mozilla/5.0 (Linux; Android 7.0;) AppleWebKit/537.36 (KHTML, like Gecko) Mobile Safari/537.36 (compatible; PetalBot;+https://webmaster.petalsearch.com/site/petalbot)"
114.119.154.6 - - [02/Oct/2021:01:49:51 +0900] "realpano.net(SG) GET /gl/index.php?mid=human_vr&document_srl=3843&listStyle=viewer HTTP/1.1" 403 199 "-" "Mozilla/5.0 (Linux; Android 7.0;) AppleWebKit/537.36 (KHTML, like Gecko) Mobile Safari/537.36 (compatible; PetalBot;+https://webmaster.petalsearch.com/site/petalbot)"
207.46.13.95 - - [02/Oct/2021:01:51:27 +0900] "www.realpano.net(US) GET / HTTP/2.0" 200 687 "-" "Mozilla/5.0 (compatible; bingbot/2.0; +http://www.bing.com/bingbot.htm)"
207.46.13.95 - - [02/Oct/2021:01:51:27 +0900] "www.realpano.net(US) GET / HTTP/2.0" 200 687 "-" "Mozilla/5.0 (compatible; bingbot/2.0; +http://www.bing.com/bingbot.htm)"
114.119.154.65 - - [02/Oct/2021:01:56:21 +0900] "realpano.net(SG) GET /gl/index.php?mid=human_vr&document_srl=44574&m=0&listStyle=viewer&page=2 HTTP/1.1" 403 199 "-" "Mozilla/5.0 (Linux; Android 7.0;) AppleWebKit/537.36 (KHTML, like Gecko) Mobile Safari/537.36 (compatible; PetalBot;+https://webmaster.petalsearch.com/site/petalbot)"
114.119.154.65 - - [02/Oct/2021:01:56:21 +0900] "realpano.net(SG) GET /gl/index.php?mid=human_vr&document_srl=44574&m=0&listStyle=viewer&page=2 HTTP/1.1" 403 199 "-" "Mozilla/5.0 (Linux; Android 7.0;) AppleWebKit/537.36 (KHTML, like Gecko) Mobile Safari/537.36 (compatible; PetalBot;+https://webmaster.petalsearch.com/site/petalbot)"
114.119.154.41 - - [02/Oct/2021:02:03:00 +0900] "realpano.net(SG) GET /gl/index.php?mid=human_vr&m=1&listStyle=viewer&search_target=tag&search_keyword=%EB%AA%A8%ED%85%94&category=3349 HTTP/1.1" 403 199 "-" "Mozilla/5.0 (Linux; Android 7.0;) AppleWebKit/537.36 (KHTML, like Gecko) Mobile Safari/537.36 (compatible; PetalBot;+https://webmaster.petalsearch.com/site/petalbot)"
114.119.154.41 - - [02/Oct/2021:02:03:00 +0900] "realpano.net(SG) GET /gl/index.php?mid=human_vr&m=1&listStyle=viewer&search_target=tag&search_keyword=%EB%AA%A8%ED%85%94&category=3349 HTTP/1.1" 403 199 "-" "Mozilla/5.0 (Linux; Android 7.0;) AppleWebKit/537.36 (KHTML, like Gecko) Mobile Safari/537.36 (compatible; PetalBot;+https://webmaster.petalsearch.com/site/petalbot)"
114.119.154.6 - - [02/Oct/2021:02:09:37 +0900] "realpano.net(SG) GET /gl/index.php?mid=human_vr&listStyle=list&category=3357&m=1&document_srl=44894 HTTP/1.1" 403 199 "-" "Mozilla/5.0 (Linux; Android 7.0;) AppleWebKit/537.36 (KHTML, like Gecko) Mobile Safari/537.36 (compatible; PetalBot;+https://webmaster.petalsearch.com/site/petalbot)"
114.119.154.6 - - [02/Oct/2021:02:09:37 +0900] "realpano.net(SG) GET /gl/index.php?mid=human_vr&listStyle=list&category=3357&m=1&document_srl=44894 HTTP/1.1" 403 199 "-" "Mozilla/5.0 (Linux; Android 7.0;) AppleWebKit/537.36 (KHTML, like Gecko) Mobile Safari/537.36 (compatible; PetalBot;+https://webmaster.petalsearch.com/site/petalbot)"
114.119.154.67 - - [02/Oct/2021:02:16:40 +0900] "realpano.net(SG) GET /gl/index.php?mid=human_vr&category=3339&m=1&listStyle=list&sort_index=regdate&order_type=desc&document_srl=3854 HTTP/1.1" 403 199 "-" "Mozilla/5.0 (Linux; Android 7.0;) AppleWebKit/537.36 (KHTML, like Gecko) Mobile Safari/537.36 (compatible; PetalBot;+https://webmaster.petalsearch.com/site/petalbot)"
114.119.154.67 - - [02/Oct/2021:02:16:40 +0900] "realpano.net(SG) GET /gl/index.php?mid=human_vr&category=3339&m=1&listStyle=list&sort_index=regdate&order_type=desc&document_srl=3854 HTTP/1.1" 403 199 "-" "Mozilla/5.0 (Linux; Android 7.0;) AppleWebKit/537.36 (KHTML, like Gecko) Mobile Safari/537.36 (compatible; PetalBot;+https://webmaster.petalsearch.com/site/petalbot)"
51.222.253.14 - - [02/Oct/2021:02:17:26 +0900] "realpano.net(CA) GET /robots.txt HTTP/2.0" 403 199 "-" "Mozilla/5.0 (compatible; AhrefsBot/7.0; +http://ahrefs.com/robot/)"
51.222.253.14 - - [02/Oct/2021:02:17:26 +0900] "realpano.net(CA) GET /robots.txt HTTP/2.0" 403 199 "-" "Mozilla/5.0 (compatible; AhrefsBot/7.0; +http://ahrefs.com/robot/)"
114.119.154.65 - - [02/Oct/2021:02:23:14 +0900] "realpano.net(SG) GET /gl/index.php?mid=human_vr&m=0&category=3339&listStyle=list&search_target=tag&search_keyword=%EC%A2%85%EB%A1%9C&sort_index=readed_count&order_type=desc&act=dispMemberLoginForm HTTP/1.1" 403 199 "-" "Mozilla/5.0 (Linux; Android 7.0;) AppleWebKit/537.36 (KHTML, like Gecko) Mobile Safari/537.36 (compatible; PetalBot;+https://webmaster.petalsearch.com/site/petalbot)"
114.119.154.65 - - [02/Oct/2021:02:23:14 +0900] "realpano.net(SG) GET /gl/index.php?mid=human_vr&m=0&category=3339&listStyle=list&search_target=tag&search_keyword=%EC%A2%85%EB%A1%9C&sort_index=readed_count&order_type=desc&act=dispMemberLoginForm HTTP/1.1" 403 199 "-" "Mozilla/5.0 (Linux; Android 7.0;) AppleWebKit/537.36 (KHTML, like Gecko) Mobile Safari/537.36 (compatible; PetalBot;+https://webmaster.petalsearch.com/site/petalbot)"
66.249.79.31 - - [02/Oct/2021:02:26:53 +0900] "www.realpano.net(US) GET /gl/files/thumbnails/618/044/204x102.crop.jpg?20150621175209 HTTP/1.1" 200 20021 "-" "Googlebot-Image/1.0"
66.249.79.31 - - [02/Oct/2021:02:26:53 +0900] "www.realpano.net(US) GET /gl/files/thumbnails/618/044/204x102.crop.jpg?20150621175209 HTTP/1.1" 200 20021 "-" "Googlebot-Image/1.0"
114.119.140.170 - - [02/Oct/2021:02:28:43 +0900] "realpano.net(SG) GET /robots.txt HTTP/1.1" 403 199 "-" "Mozilla/5.0 (compatible;PetalBot;+https://webmaster.petalsearch.com/site/petalbot)"
114.119.140.170 - - [02/Oct/2021:02:28:43 +0900] "realpano.net(SG) GET /robots.txt HTTP/1.1" 403 199 "-" "Mozilla/5.0 (compatible;PetalBot;+https://webmaster.petalsearch.com/site/petalbot)"
207.46.13.85 - - [02/Oct/2021:02:28:47 +0900] "www.realpano.net(US) GET /gl/files/thumbnails/668/044/204x102.crop.jpg HTTP/1.1" 200 21171 "-" "Mozilla/5.0 (compatible; bingbot/2.0; +http://www.bing.com/bingbot.htm)"
207.46.13.85 - - [02/Oct/2021:02:28:47 +0900] "www.realpano.net(US) GET /gl/files/thumbnails/668/044/204x102.crop.jpg HTTP/1.1" 200 21171 "-" "Mozilla/5.0 (compatible; bingbot/2.0; +http://www.bing.com/bingbot.htm)"
114.119.154.41 - - [02/Oct/2021:02:35:17 +0900] "realpano.net(SG) GET /gl/index.php?mid=human_vr&search_target=tag&search_keyword=%ED%81%AC%EB%A3%A8%EC%A6%88 HTTP/1.1" 403 199 "-" "Mozilla/5.0 (Linux; Android 7.0;) AppleWebKit/537.36 (KHTML, like Gecko) Mobile Safari/537.36 (compatible; PetalBot;+https://webmaster.petalsearch.com/site/petalbot)"
114.119.154.41 - - [02/Oct/2021:02:35:17 +0900] "realpano.net(SG) GET /gl/index.php?mid=human_vr&search_target=tag&search_keyword=%ED%81%AC%EB%A3%A8%EC%A6%88 HTTP/1.1" 403 199 "-" "Mozilla/5.0 (Linux; Android 7.0;) AppleWebKit/537.36 (KHTML, like Gecko) Mobile Safari/537.36 (compatible; PetalBot;+https://webmaster.petalsearch.com/site/petalbot)"
119.207.72.84 - - [02/Oct/2021:02:37:24 +0900] "realpano.net(KR) GET / HTTP/1.1" 200 64 "-" "Mozilla/5.0 (compatible; MSIE 9.0; Windows NT 6.1; WOW64; Trident/5.0)"
119.207.72.84 - - [02/Oct/2021:02:37:24 +0900] "realpano.net(KR) GET / HTTP/1.1" 200 64 "-" "Mozilla/5.0 (compatible; MSIE 9.0; Windows NT 6.1; WOW64; Trident/5.0)"
119.207.72.84 - - [02/Oct/2021:02:37:24 +0900] "realpano.net(KR) GET /gl/ HTTP/1.1" 404 2293 "http://realpano.net/" "Mozilla/5.0 (compatible; MSIE 9.0; Windows NT 6.1; WOW64; Trident/5.0)"
119.207.72.84 - - [02/Oct/2021:02:37:24 +0900] "realpano.net(KR) GET /gl/ HTTP/1.1" 404 2293 "http://realpano.net/" "Mozilla/5.0 (compatible; MSIE 9.0; Windows NT 6.1; WOW64; Trident/5.0)"
119.207.72.84 - - [02/Oct/2021:02:37:24 +0900] "realpano.net(KR) GET /gl/common/js/jquery-2.2.4.min.js?20201113010511 HTTP/1.1" 200 85578 "http://realpano.net/gl/" "Mozilla/5.0 (compatible; MSIE 9.0; Windows NT 6.1; WOW64; Trident/5.0)"
119.207.72.84 - - [02/Oct/2021:02:37:24 +0900] "realpano.net(KR) GET /gl/common/js/jquery-2.2.4.min.js?20201113010511 HTTP/1.1" 200 85578 "http://realpano.net/gl/" "Mozilla/5.0 (compatible; MSIE 9.0; Windows NT 6.1; WOW64; Trident/5.0)"
119.207.72.84 - - [02/Oct/2021:02:37:24 +0900] "realpano.net(KR) GET /gl/files/cache/assets/compiled/12f4c8563084710f3108d5393149ba67bcaa5d9b.rhymix.less.min.css HTTP/1.1" 404 196 "http://realpano.net/gl/" "Mozilla/5.0 (compatible; MSIE 9.0; Windows NT 6.1; WOW64; Trident/5.0)"
119.207.72.84 - - [02/Oct/2021:02:37:24 +0900] "realpano.net(KR) GET /gl/files/cache/assets/compiled/12f4c8563084710f3108d5393149ba67bcaa5d9b.rhymix.less.min.css HTTP/1.1" 404 196 "http://realpano.net/gl/" "Mozilla/5.0 (compatible; MSIE 9.0; Windows NT 6.1; WOW64; Trident/5.0)"
119.207.72.84 - - [02/Oct/2021:02:37:24 +0900] "realpano.net(KR) GET /gl/addons/captcha/captcha.min.js?20200731203419 HTTP/1.1" 200 6962 "http://realpano.net/gl/" "Mozilla/5.0 (compatible; MSIE 9.0; Windows NT 6.1; WOW64; Trident/5.0)"
119.207.72.84 - - [02/Oct/2021:02:37:24 +0900] "realpano.net(KR) GET /gl/addons/captcha/captcha.min.js?20200731203419 HTTP/1.1" 200 6962 "http://realpano.net/gl/" "Mozilla/5.0 (compatible; MSIE 9.0; Windows NT 6.1; WOW64; Trident/5.0)"
119.207.72.84 - - [02/Oct/2021:02:37:24 +0900] "realpano.net(KR) GET /gl/files/cache/assets/minified/rhymix.min.js?20201120233626 HTTP/1.1" 200 120587 "http://realpano.net/gl/" "Mozilla/5.0 (compatible; MSIE 9.0; Windows NT 6.1; WOW64; Trident/5.0)"
119.207.72.84 - - [02/Oct/2021:02:37:24 +0900] "realpano.net(KR) GET /gl/files/cache/assets/minified/rhymix.min.js?20201120233626 HTTP/1.1" 200 120587 "http://realpano.net/gl/" "Mozilla/5.0 (compatible; MSIE 9.0; Windows NT 6.1; WOW64; Trident/5.0)"
207.46.13.121 - - [02/Oct/2021:02:40:27 +0900] "realpano.net(US) GET /gl/files/attach/images/40148/148/040/63aea5ae3c43c7332a1fd39e15c4c1ca.jpg HTTP/2.0" 404 196 "-" "Mozilla/5.0 (compatible; bingbot/2.0; +http://www.bing.com/bingbot.htm)"
207.46.13.121 - - [02/Oct/2021:02:40:27 +0900] "realpano.net(US) GET /gl/files/attach/images/40148/148/040/63aea5ae3c43c7332a1fd39e15c4c1ca.jpg HTTP/2.0" 404 196 "-" "Mozilla/5.0 (compatible; bingbot/2.0; +http://www.bing.com/bingbot.htm)"
114.119.154.39 - - [02/Oct/2021:02:42:00 +0900] "realpano.net(SG) GET /gl/index.php?mid=human_vr&m=0&listStyle=viewer&page=5&search_target=tag&search_keyword=%EB%93%B1%EC%82%B0%EB%A1%9C HTTP/1.1" 403 199 "-" "Mozilla/5.0 (Linux; Android 7.0;) AppleWebKit/537.36 (KHTML, like Gecko) Mobile Safari/537.36 (compatible; PetalBot;+https://webmaster.petalsearch.com/site/petalbot)"
114.119.154.39 - - [02/Oct/2021:02:42:00 +0900] "realpano.net(SG) GET /gl/index.php?mid=human_vr&m=0&listStyle=viewer&page=5&search_target=tag&search_keyword=%EB%93%B1%EC%82%B0%EB%A1%9C HTTP/1.1" 403 199 "-" "Mozilla/5.0 (Linux; Android 7.0;) AppleWebKit/537.36 (KHTML, like Gecko) Mobile Safari/537.36 (compatible; PetalBot;+https://webmaster.petalsearch.com/site/petalbot)"
114.119.154.67 - - [02/Oct/2021:02:48:50 +0900] "realpano.net(SG) GET /gl/index.php?mid=human_vr&m=0&search_target=tag&search_keyword=%EA%B3%A0%EA%B3%B5&category=3351&listStyle=webzine&division=-45271&last_division=0 HTTP/1.1" 403 199 "-" "Mozilla/5.0 (Linux; Android 7.0;) AppleWebKit/537.36 (KHTML, like Gecko) Mobile Safari/537.36 (compatible; PetalBot;+https://webmaster.petalsearch.com/site/petalbot)"
114.119.154.67 - - [02/Oct/2021:02:48:50 +0900] "realpano.net(SG) GET /gl/index.php?mid=human_vr&m=0&search_target=tag&search_keyword=%EA%B3%A0%EA%B3%B5&category=3351&listStyle=webzine&division=-45271&last_division=0 HTTP/1.1" 403 199 "-" "Mozilla/5.0 (Linux; Android 7.0;) AppleWebKit/537.36 (KHTML, like Gecko) Mobile Safari/537.36 (compatible; PetalBot;+https://webmaster.petalsearch.com/site/petalbot)"
114.119.154.6 - - [02/Oct/2021:02:55:51 +0900] "realpano.net(SG) GET /gl/index.php?mid=human_vr&m=0&category=3357&listStyle=gallery&order_type=desc&search_target=tag&search_keyword=%EC%96%91%EB%A7%90 HTTP/1.1" 403 199 "-" "Mozilla/5.0 (Linux; Android 7.0;) AppleWebKit/537.36 (KHTML, like Gecko) Mobile Safari/537.36 (compatible; PetalBot;+https://webmaster.petalsearch.com/site/petalbot)"
