66.249.79.5 - - [02/Oct/2021:21:05:15 +0900] "www.realpano.net(US) GET /gl/m.layouts/xenara_mlayout_realpano/js/mmenu/css/extensions/jquery.mmenu.effects.css?20150420190316 HTTP/1.1" 200 7531 "http://www.realpano.net/gl/?mid=human_vr&category=3354&document_srl=44668" "Mozilla/5.0 (Linux; Android 6.0.1; Nexus 5X Build/MMB29P) AppleWebKit/537.36 (KHTML, like Gecko) Chrome/94.0.4606.61 Mobile Safari/537.36 (compatible; Googlebot/2.1; +http://www.google.com/bot.html)"
66.249.79.1 - - [02/Oct/2021:21:05:16 +0900] "www.realpano.net(US) GET /gl/modules/board/m.skins/mboard_zaggumedia_portfolio_realpano/css/board.css?20140530184119 HTTP/1.1" 200 62046 "http://www.realpano.net/gl/?mid=human_vr&category=3354&document_srl=44668" "Mozilla/5.0 (Linux; Android 6.0.1; Nexus 5X Build/MMB29P) AppleWebKit/537.36 (KHTML, like Gecko) Chrome/94.0.4606.61 Mobile Safari/537.36 (compatible; Googlebot/2.1; +http://www.google.com/bot.html)"
66.249.79.1 - - [02/Oct/2021:21:05:16 +0900] "www.realpano.net(US) GET /gl/modules/board/m.skins/mboard_zaggumedia_portfolio_realpano/css/board.css?20140530184119 HTTP/1.1" 200 62046 "http://www.realpano.net/gl/?mid=human_vr&category=3354&document_srl=44668" "Mozilla/5.0 (Linux; Android 6.0.1; Nexus 5X Build/MMB29P) AppleWebKit/537.36 (KHTML, like Gecko) Chrome/94.0.4606.61 Mobile Safari/537.36 (compatible; Googlebot/2.1; +http://www.google.com/bot.html)"
66.249.79.1 - - [02/Oct/2021:21:05:17 +0900] "www.realpano.net(US) GET /gl/m.layouts/xenara_mlayout_realpano/js/mmenu/js/jquery.mmenu.min.all.js?20150420190316 HTTP/1.1" 200 22787 "http://www.realpano.net/gl/?mid=human_vr&category=3354&document_srl=44668" "Mozilla/5.0 (Linux; Android 6.0.1; Nexus 5X Build/MMB29P) AppleWebKit/537.36 (KHTML, like Gecko) Chrome/94.0.4606.61 Mobile Safari/537.36 (compatible; Googlebot/2.1; +http://www.google.com/bot.html)"
66.249.79.1 - - [02/Oct/2021:21:05:17 +0900] "www.realpano.net(US) GET /gl/m.layouts/xenara_mlayout_realpano/js/mmenu/js/jquery.mmenu.min.all.js?20150420190316 HTTP/1.1" 200 22787 "http://www.realpano.net/gl/?mid=human_vr&category=3354&document_srl=44668" "Mozilla/5.0 (Linux; Android 6.0.1; Nexus 5X Build/MMB29P) AppleWebKit/537.36 (KHTML, like Gecko) Chrome/94.0.4606.61 Mobile Safari/537.36 (compatible; Googlebot/2.1; +http://www.google.com/bot.html)"
114.119.154.41 - - [02/Oct/2021:21:05:23 +0900] "realpano.net(SG) GET /gl/index.php?mid=human_vr&search_target=tag&search_keyword=%ED%83%80%EC%98%AC&category=3346&m=1 HTTP/1.1" 403 199 "-" "Mozilla/5.0 (Linux; Android 7.0;) AppleWebKit/537.36 (KHTML, like Gecko) Mobile Safari/537.36 (compatible; PetalBot;+https://webmaster.petalsearch.com/site/petalbot)"
114.119.154.41 - - [02/Oct/2021:21:05:23 +0900] "realpano.net(SG) GET /gl/index.php?mid=human_vr&search_target=tag&search_keyword=%ED%83%80%EC%98%AC&category=3346&m=1 HTTP/1.1" 403 199 "-" "Mozilla/5.0 (Linux; Android 7.0;) AppleWebKit/537.36 (KHTML, like Gecko) Mobile Safari/537.36 (compatible; PetalBot;+https://webmaster.petalsearch.com/site/petalbot)"
157.55.39.20 - - [02/Oct/2021:21:05:29 +0900] "realpano.net(US) GET /gl/human_vr/400.png HTTP/2.0" 404 196 "-" "Mozilla/5.0 (compatible; bingbot/2.0; +http://www.bing.com/bingbot.htm)"
157.55.39.20 - - [02/Oct/2021:21:05:29 +0900] "realpano.net(US) GET /gl/human_vr/400.png HTTP/2.0" 404 196 "-" "Mozilla/5.0 (compatible; bingbot/2.0; +http://www.bing.com/bingbot.htm)"
114.119.154.65 - - [02/Oct/2021:21:10:23 +0900] "realpano.net(SG) GET /gl/index.php?mid=human_vr&search_target=tag&search_keyword=%EC%9B%A8%EB%94%A9%EC%BF%A8&m=0&category=3347 HTTP/1.1" 403 199 "-" "Mozilla/5.0 (Linux; Android 7.0;) AppleWebKit/537.36 (KHTML, like Gecko) Mobile Safari/537.36 (compatible; PetalBot;+https://webmaster.petalsearch.com/site/petalbot)"
114.119.154.65 - - [02/Oct/2021:21:10:23 +0900] "realpano.net(SG) GET /gl/index.php?mid=human_vr&search_target=tag&search_keyword=%EC%9B%A8%EB%94%A9%EC%BF%A8&m=0&category=3347 HTTP/1.1" 403 199 "-" "Mozilla/5.0 (Linux; Android 7.0;) AppleWebKit/537.36 (KHTML, like Gecko) Mobile Safari/537.36 (compatible; PetalBot;+https://webmaster.petalsearch.com/site/petalbot)"
114.119.154.26 - - [02/Oct/2021:21:15:26 +0900] "realpano.net(SG) GET /gl/index.php?mid=human_vr&m=0&listStyle=viewer&document_srl=4140&page=6 HTTP/1.1" 403 199 "-" "Mozilla/5.0 (Linux; Android 7.0;) AppleWebKit/537.36 (KHTML, like Gecko) Mobile Safari/537.36 (compatible; PetalBot;+https://webmaster.petalsearch.com/site/petalbot)"
114.119.154.26 - - [02/Oct/2021:21:15:26 +0900] "realpano.net(SG) GET /gl/index.php?mid=human_vr&m=0&listStyle=viewer&document_srl=4140&page=6 HTTP/1.1" 403 199 "-" "Mozilla/5.0 (Linux; Android 7.0;) AppleWebKit/537.36 (KHTML, like Gecko) Mobile Safari/537.36 (compatible; PetalBot;+https://webmaster.petalsearch.com/site/petalbot)"
114.119.154.39 - - [02/Oct/2021:21:20:22 +0900] "realpano.net(SG) GET /gl/index.php?mid=human_vr&m=0&listStyle=list&sort_index=regdate&order_type=desc&document_srl=45267 HTTP/1.1" 403 199 "-" "Mozilla/5.0 (Linux; Android 7.0;) AppleWebKit/537.36 (KHTML, like Gecko) Mobile Safari/537.36 (compatible; PetalBot;+https://webmaster.petalsearch.com/site/petalbot)"
114.119.154.39 - - [02/Oct/2021:21:20:22 +0900] "realpano.net(SG) GET /gl/index.php?mid=human_vr&m=0&listStyle=list&sort_index=regdate&order_type=desc&document_srl=45267 HTTP/1.1" 403 199 "-" "Mozilla/5.0 (Linux; Android 7.0;) AppleWebKit/537.36 (KHTML, like Gecko) Mobile Safari/537.36 (compatible; PetalBot;+https://webmaster.petalsearch.com/site/petalbot)"
114.119.154.39 - - [02/Oct/2021:21:25:23 +0900] "realpano.net(SG) GET /gl/index.php?mid=human_vr&listStyle=list&m=0&order_type=desc&search_target=tag&search_keyword=%EB%8C%80%EA%B5%AC%EC%A4%91%EA%B5%AC&category=3345 HTTP/1.1" 403 199 "-" "Mozilla/5.0 (Linux; Android 7.0;) AppleWebKit/537.36 (KHTML, like Gecko) Mobile Safari/537.36 (compatible; PetalBot;+https://webmaster.petalsearch.com/site/petalbot)"
114.119.154.39 - - [02/Oct/2021:21:25:23 +0900] "realpano.net(SG) GET /gl/index.php?mid=human_vr&listStyle=list&m=0&order_type=desc&search_target=tag&search_keyword=%EB%8C%80%EA%B5%AC%EC%A4%91%EA%B5%AC&category=3345 HTTP/1.1" 403 199 "-" "Mozilla/5.0 (Linux; Android 7.0;) AppleWebKit/537.36 (KHTML, like Gecko) Mobile Safari/537.36 (compatible; PetalBot;+https://webmaster.petalsearch.com/site/petalbot)"
66.249.79.7 - - [02/Oct/2021:21:30:14 +0900] "www.realpano.net(US) GET /gl/modules/board/skins/sketchbook5_relapano/js/xe_textarea.min.js?20201113013445 HTTP/1.1" 200 775 "http://www.realpano.net/gl/human_vr/43890" "Mozilla/5.0 AppleWebKit/537.36 (KHTML, like Gecko; compatible; Googlebot/2.1; +http://www.google.com/bot.html) Chrome/94.0.4606.61 Safari/537.36"
66.249.79.7 - - [02/Oct/2021:21:30:14 +0900] "www.realpano.net(US) GET /gl/modules/board/skins/sketchbook5_relapano/js/xe_textarea.min.js?20201113013445 HTTP/1.1" 200 775 "http://www.realpano.net/gl/human_vr/43890" "Mozilla/5.0 AppleWebKit/537.36 (KHTML, like Gecko; compatible; Googlebot/2.1; +http://www.google.com/bot.html) Chrome/94.0.4606.61 Safari/537.36"
66.249.79.7 - - [02/Oct/2021:21:30:15 +0900] "www.realpano.net(US) GET /gl/modules/editor/tpl/js/editor_common.js?20201113010654 HTTP/1.1" 200 13315 "http://www.realpano.net/gl/human_vr/43890" "Mozilla/5.0 AppleWebKit/537.36 (KHTML, like Gecko; compatible; Googlebot/2.1; +http://www.google.com/bot.html) Chrome/94.0.4606.61 Safari/537.36"
66.249.79.7 - - [02/Oct/2021:21:30:15 +0900] "www.realpano.net(US) GET /gl/modules/editor/tpl/js/editor_common.js?20201113010654 HTTP/1.1" 200 13315 "http://www.realpano.net/gl/human_vr/43890" "Mozilla/5.0 AppleWebKit/537.36 (KHTML, like Gecko; compatible; Googlebot/2.1; +http://www.google.com/bot.html) Chrome/94.0.4606.61 Safari/537.36"
114.119.154.30 - - [02/Oct/2021:21:30:23 +0900] "realpano.net(SG) GET /gl/index.php?mid=human_vr&m=1&listStyle=list&category=3345&search_target=tag&search_keyword=%EC%82%AC%EB%B0%A9%EA%B8%B0%EB%85%90&division=-45271&last_division=0 HTTP/1.1" 403 199 "-" "Mozilla/5.0 (Linux; Android 7.0;) AppleWebKit/537.36 (KHTML, like Gecko) Mobile Safari/537.36 (compatible; PetalBot;+https://webmaster.petalsearch.com/site/petalbot)"
114.119.154.30 - - [02/Oct/2021:21:30:23 +0900] "realpano.net(SG) GET /gl/index.php?mid=human_vr&m=1&listStyle=list&category=3345&search_target=tag&search_keyword=%EC%82%AC%EB%B0%A9%EA%B8%B0%EB%85%90&division=-45271&last_division=0 HTTP/1.1" 403 199 "-" "Mozilla/5.0 (Linux; Android 7.0;) AppleWebKit/537.36 (KHTML, like Gecko) Mobile Safari/537.36 (compatible; PetalBot;+https://webmaster.petalsearch.com/site/petalbot)"
114.119.154.65 - - [02/Oct/2021:21:35:26 +0900] "realpano.net(SG) GET /gl/index.php?mid=human_vr&m=0&search_target=tag&search_keyword=%EC%98%88%EC%8B%9D%EC%9E%A5&category=3348&listStyle=viewer&document_srl=3901 HTTP/1.1" 403 199 "-" "Mozilla/5.0 (Linux; Android 7.0;) AppleWebKit/537.36 (KHTML, like Gecko) Mobile Safari/537.36 (compatible; PetalBot;+https://webmaster.petalsearch.com/site/petalbot)"
114.119.154.65 - - [02/Oct/2021:21:35:26 +0900] "realpano.net(SG) GET /gl/index.php?mid=human_vr&m=0&search_target=tag&search_keyword=%EC%98%88%EC%8B%9D%EC%9E%A5&category=3348&listStyle=viewer&document_srl=3901 HTTP/1.1" 403 199 "-" "Mozilla/5.0 (Linux; Android 7.0;) AppleWebKit/537.36 (KHTML, like Gecko) Mobile Safari/537.36 (compatible; PetalBot;+https://webmaster.petalsearch.com/site/petalbot)"
157.55.39.94 - - [02/Oct/2021:21:39:45 +0900] "realpano.net(US) GET /gl/human_vr/45198 HTTP/2.0" 404 196 "-" "Mozilla/5.0 (compatible; bingbot/2.0; +http://www.bing.com/bingbot.htm)"
157.55.39.94 - - [02/Oct/2021:21:39:45 +0900] "realpano.net(US) GET /gl/human_vr/45198 HTTP/2.0" 404 196 "-" "Mozilla/5.0 (compatible; bingbot/2.0; +http://www.bing.com/bingbot.htm)"
114.119.154.26 - - [02/Oct/2021:21:40:25 +0900] "realpano.net(SG) GET /gl/index.php?mid=human_vr&page=6&document_srl=4140 HTTP/1.1" 403 199 "-" "Mozilla/5.0 (Linux; Android 7.0;) AppleWebKit/537.36 (KHTML, like Gecko) Mobile Safari/537.36 (compatible; PetalBot;+https://webmaster.petalsearch.com/site/petalbot)"
114.119.154.26 - - [02/Oct/2021:21:40:25 +0900] "realpano.net(SG) GET /gl/index.php?mid=human_vr&page=6&document_srl=4140 HTTP/1.1" 403 199 "-" "Mozilla/5.0 (Linux; Android 7.0;) AppleWebKit/537.36 (KHTML, like Gecko) Mobile Safari/537.36 (compatible; PetalBot;+https://webmaster.petalsearch.com/site/petalbot)"
114.119.154.30 - - [02/Oct/2021:21:45:22 +0900] "realpano.net(SG) GET /gl/index.php?mid=human_vr&search_target=tag&search_keyword=%EC%A2%85%EB%A1%9C&category=3348 HTTP/1.1" 403 199 "-" "Mozilla/5.0 (Linux; Android 7.0;) AppleWebKit/537.36 (KHTML, like Gecko) Mobile Safari/537.36 (compatible; PetalBot;+https://webmaster.petalsearch.com/site/petalbot)"
114.119.154.30 - - [02/Oct/2021:21:45:22 +0900] "realpano.net(SG) GET /gl/index.php?mid=human_vr&search_target=tag&search_keyword=%EC%A2%85%EB%A1%9C&category=3348 HTTP/1.1" 403 199 "-" "Mozilla/5.0 (Linux; Android 7.0;) AppleWebKit/537.36 (KHTML, like Gecko) Mobile Safari/537.36 (compatible; PetalBot;+https://webmaster.petalsearch.com/site/petalbot)"
114.119.154.67 - - [02/Oct/2021:21:50:23 +0900] "realpano.net(SG) GET /gl/index.php?mid=human_vr&listStyle=gallery&m=0&sort_index=readed_count&order_type=desc&page=6&document_srl=45245 HTTP/1.1" 403 199 "-" "Mozilla/5.0 (Linux; Android 7.0;) AppleWebKit/537.36 (KHTML, like Gecko) Mobile Safari/537.36 (compatible; PetalBot;+https://webmaster.petalsearch.com/site/petalbot)"
114.119.154.67 - - [02/Oct/2021:21:50:23 +0900] "realpano.net(SG) GET /gl/index.php?mid=human_vr&listStyle=gallery&m=0&sort_index=readed_count&order_type=desc&page=6&document_srl=45245 HTTP/1.1" 403 199 "-" "Mozilla/5.0 (Linux; Android 7.0;) AppleWebKit/537.36 (KHTML, like Gecko) Mobile Safari/537.36 (compatible; PetalBot;+https://webmaster.petalsearch.com/site/petalbot)"
207.46.13.95 - - [02/Oct/2021:21:50:43 +0900] "realpano.net(US) GET / HTTP/2.0" 200 687 "-" "Mozilla/5.0 (compatible; bingbot/2.0; +http://www.bing.com/bingbot.htm)"
207.46.13.95 - - [02/Oct/2021:21:50:43 +0900] "realpano.net(US) GET / HTTP/2.0" 200 687 "-" "Mozilla/5.0 (compatible; bingbot/2.0; +http://www.bing.com/bingbot.htm)"
207.46.13.85 - - [02/Oct/2021:21:55:00 +0900] "realpano.net(US) GET /gl/ HTTP/2.0" 404 196 "-" "Mozilla/5.0 (compatible; bingbot/2.0; +http://www.bing.com/bingbot.htm)"
207.46.13.85 - - [02/Oct/2021:21:55:00 +0900] "realpano.net(US) GET /gl/ HTTP/2.0" 404 196 "-" "Mozilla/5.0 (compatible; bingbot/2.0; +http://www.bing.com/bingbot.htm)"
114.119.142.243 - - [02/Oct/2021:21:55:23 +0900] "www.realpano.net(SG) GET /robots.txt HTTP/1.1" 403 199 "-" "Mozilla/5.0 (compatible;PetalBot;+https://webmaster.petalsearch.com/site/petalbot)"
114.119.142.243 - - [02/Oct/2021:21:55:23 +0900] "www.realpano.net(SG) GET /robots.txt HTTP/1.1" 403 199 "-" "Mozilla/5.0 (compatible;PetalBot;+https://webmaster.petalsearch.com/site/petalbot)"
114.119.154.6 - - [02/Oct/2021:22:00:21 +0900] "realpano.net(SG) GET /gl/index.php?mid=human_vr&listStyle=webzine&page=6&m=0&sort_index=readed_count&order_type=asc&search_target=tag&search_keyword=%EC%A4%91%EC%8B%9D HTTP/1.1" 403 199 "-" "Mozilla/5.0 (Linux; Android 7.0;) AppleWebKit/537.36 (KHTML, like Gecko) Mobile Safari/537.36 (compatible; PetalBot;+https://webmaster.petalsearch.com/site/petalbot)"
114.119.154.6 - - [02/Oct/2021:22:00:21 +0900] "realpano.net(SG) GET /gl/index.php?mid=human_vr&listStyle=webzine&page=6&m=0&sort_index=readed_count&order_type=asc&search_target=tag&search_keyword=%EC%A4%91%EC%8B%9D HTTP/1.1" 403 199 "-" "Mozilla/5.0 (Linux; Android 7.0;) AppleWebKit/537.36 (KHTML, like Gecko) Mobile Safari/537.36 (compatible; PetalBot;+https://webmaster.petalsearch.com/site/petalbot)"
114.119.154.30 - - [02/Oct/2021:22:05:23 +0900] "realpano.net(SG) GET /gl/index.php?mid=human_vr&m=0&category=3350&listStyle=list&order_type=desc&sort_index=regdate&search_target=tag&search_keyword=%EB%8C%80%EC%8B%A0%EB%8F%99&division=-45271&last_division=0 HTTP/1.1" 403 199 "-" "Mozilla/5.0 (Linux; Android 7.0;) AppleWebKit/537.36 (KHTML, like Gecko) Mobile Safari/537.36 (compatible; PetalBot;+https://webmaster.petalsearch.com/site/petalbot)"
114.119.154.30 - - [02/Oct/2021:22:05:23 +0900] "realpano.net(SG) GET /gl/index.php?mid=human_vr&m=0&category=3350&listStyle=list&order_type=desc&sort_index=regdate&search_target=tag&search_keyword=%EB%8C%80%EC%8B%A0%EB%8F%99&division=-45271&last_division=0 HTTP/1.1" 403 199 "-" "Mozilla/5.0 (Linux; Android 7.0;) AppleWebKit/537.36 (KHTML, like Gecko) Mobile Safari/537.36 (compatible; PetalBot;+https://webmaster.petalsearch.com/site/petalbot)"
114.119.154.65 - - [02/Oct/2021:22:10:22 +0900] "realpano.net(SG) GET /gl/index.php?mid=human_vr&m=0&listStyle=list&sort_index=title&order_type=asc&search_target=tag&search_keyword=%EA%B5%AC%EB%91%90&division=-45271&last_division=0&category=3351 HTTP/1.1" 403 199 "-" "Mozilla/5.0 (Linux; Android 7.0;) AppleWebKit/537.36 (KHTML, like Gecko) Mobile Safari/537.36 (compatible; PetalBot;+https://webmaster.petalsearch.com/site/petalbot)"
114.119.154.65 - - [02/Oct/2021:22:10:22 +0900] "realpano.net(SG) GET /gl/index.php?mid=human_vr&m=0&listStyle=list&sort_index=title&order_type=asc&search_target=tag&search_keyword=%EA%B5%AC%EB%91%90&division=-45271&last_division=0&category=3351 HTTP/1.1" 403 199 "-" "Mozilla/5.0 (Linux; Android 7.0;) AppleWebKit/537.36 (KHTML, like Gecko) Mobile Safari/537.36 (compatible; PetalBot;+https://webmaster.petalsearch.com/site/petalbot)"
115.68.47.10 - - [02/Oct/2021:22:14:10 +0900] "realpano.net(KR) GET / HTTP/1.1" 200 64 "-" "Mozilla/5.0 (Windows NT 10.0; Win64; x64) AppleWebKit/537.36 (KHTML, like Gecko) Chrome/94.0.4606.71 Safari/537.36"
115.68.47.10 - - [02/Oct/2021:22:14:10 +0900] "realpano.net(KR) GET / HTTP/1.1" 200 64 "-" "Mozilla/5.0 (Windows NT 10.0; Win64; x64) AppleWebKit/537.36 (KHTML, like Gecko) Chrome/94.0.4606.71 Safari/537.36"
115.68.47.10 - - [02/Oct/2021:22:14:10 +0900] "realpano.net(KR) GET /gl/ HTTP/1.1" 404 2293 "http://realpano.net/" "Mozilla/5.0 (Windows NT 10.0; Win64; x64) AppleWebKit/537.36 (KHTML, like Gecko) Chrome/94.0.4606.71 Safari/537.36"
115.68.47.10 - - [02/Oct/2021:22:14:10 +0900] "realpano.net(KR) GET /gl/ HTTP/1.1" 404 2293 "http://realpano.net/" "Mozilla/5.0 (Windows NT 10.0; Win64; x64) AppleWebKit/537.36 (KHTML, like Gecko) Chrome/94.0.4606.71 Safari/537.36"
115.68.47.10 - - [02/Oct/2021:22:14:10 +0900] "realpano.net(KR) GET /gl/files/cache/assets/compiled/12f4c8563084710f3108d5393149ba67bcaa5d9b.rhymix.less.min.css HTTP/1.1" 404 196 "http://realpano.net/gl/" "Mozilla/5.0 (Windows NT 10.0; Win64; x64) AppleWebKit/537.36 (KHTML, like Gecko) Chrome/94.0.4606.71 Safari/537.36"
115.68.47.10 - - [02/Oct/2021:22:14:10 +0900] "realpano.net(KR) GET /gl/files/cache/assets/compiled/12f4c8563084710f3108d5393149ba67bcaa5d9b.rhymix.less.min.css HTTP/1.1" 404 196 "http://realpano.net/gl/" "Mozilla/5.0 (Windows NT 10.0; Win64; x64) AppleWebKit/537.36 (KHTML, like Gecko) Chrome/94.0.4606.71 Safari/537.36"
115.68.47.10 - - [02/Oct/2021:22:14:10 +0900] "realpano.net(KR) GET /gl/addons/captcha/captcha.min.js?20200731203419 HTTP/1.1" 200 6962 "http://realpano.net/gl/" "Mozilla/5.0 (Windows NT 10.0; Win64; x64) AppleWebKit/537.36 (KHTML, like Gecko) Chrome/94.0.4606.71 Safari/537.36"
115.68.47.10 - - [02/Oct/2021:22:14:10 +0900] "realpano.net(KR) GET /gl/addons/captcha/captcha.min.js?20200731203419 HTTP/1.1" 200 6962 "http://realpano.net/gl/" "Mozilla/5.0 (Windows NT 10.0; Win64; x64) AppleWebKit/537.36 (KHTML, like Gecko) Chrome/94.0.4606.71 Safari/537.36"
115.68.47.10 - - [02/Oct/2021:22:14:10 +0900] "realpano.net(KR) GET /gl/common/js/jquery-2.2.4.min.js?20201113010511 HTTP/1.1" 200 85578 "http://realpano.net/gl/" "Mozilla/5.0 (Windows NT 10.0; Win64; x64) AppleWebKit/537.36 (KHTML, like Gecko) Chrome/94.0.4606.71 Safari/537.36"
115.68.47.10 - - [02/Oct/2021:22:14:10 +0900] "realpano.net(KR) GET /gl/common/js/jquery-2.2.4.min.js?20201113010511 HTTP/1.1" 200 85578 "http://realpano.net/gl/" "Mozilla/5.0 (Windows NT 10.0; Win64; x64) AppleWebKit/537.36 (KHTML, like Gecko) Chrome/94.0.4606.71 Safari/537.36"
115.68.47.10 - - [02/Oct/2021:22:14:10 +0900] "realpano.net(KR) GET /gl/files/cache/assets/minified/rhymix.min.js?20201120233626 HTTP/1.1" 200 120587 "http://realpano.net/gl/" "Mozilla/5.0 (Windows NT 10.0; Win64; x64) AppleWebKit/537.36 (KHTML, like Gecko) Chrome/94.0.4606.71 Safari/537.36"
115.68.47.10 - - [02/Oct/2021:22:14:10 +0900] "realpano.net(KR) GET /gl/files/cache/assets/minified/rhymix.min.js?20201120233626 HTTP/1.1" 200 120587 "http://realpano.net/gl/" "Mozilla/5.0 (Windows NT 10.0; Win64; x64) AppleWebKit/537.36 (KHTML, like Gecko) Chrome/94.0.4606.71 Safari/537.36"
115.68.47.10 - - [02/Oct/2021:22:14:10 +0900] "realpano.net(KR) GET /gl/files/attach/xeicon/favicon.ico?20131202140719 HTTP/1.1" 200 32988 "http://realpano.net/gl/" "Mozilla/5.0 (Windows NT 10.0; Win64; x64) AppleWebKit/537.36 (KHTML, like Gecko) Chrome/94.0.4606.71 Safari/537.36"
115.68.47.10 - - [02/Oct/2021:22:14:10 +0900] "realpano.net(KR) GET /gl/files/attach/xeicon/favicon.ico?20131202140719 HTTP/1.1" 200 32988 "http://realpano.net/gl/" "Mozilla/5.0 (Windows NT 10.0; Win64; x64) AppleWebKit/537.36 (KHTML, like Gecko) Chrome/94.0.4606.71 Safari/537.36"
114.119.154.67 - - [02/Oct/2021:22:15:26 +0900] "realpano.net(SG) GET /gl/index.php?mid=human_vr&search_target=tag&search_keyword=%EC%94%A8%ED%91%B8%EB%93%9C&category=3344 HTTP/1.1" 403 199 "-" "Mozilla/5.0 (Linux; Android 7.0;) AppleWebKit/537.36 (KHTML, like Gecko) Mobile Safari/537.36 (compatible; PetalBot;+https://webmaster.petalsearch.com/site/petalbot)"
114.119.154.67 - - [02/Oct/2021:22:15:26 +0900] "realpano.net(SG) GET /gl/index.php?mid=human_vr&search_target=tag&search_keyword=%EC%94%A8%ED%91%B8%EB%93%9C&category=3344 HTTP/1.1" 403 199 "-" "Mozilla/5.0 (Linux; Android 7.0;) AppleWebKit/537.36 (KHTML, like Gecko) Mobile Safari/537.36 (compatible; PetalBot;+https://webmaster.petalsearch.com/site/petalbot)"
66.249.79.5 - - [02/Oct/2021:22:15:55 +0900] "www.realpano.net(US) GET /gl/index.php?listStyle=viewer&mid=human_vr&search_target=tag&search_keyword=%EB%AC%B8%ED%99%94%EA%B4%80&category=3345 HTTP/1.1" 200 26642 "-" "Mozilla/5.0 (Linux; Android 6.0.1; Nexus 5X Build/MMB29P) AppleWebKit/537.36 (KHTML, like Gecko) Chrome/94.0.4606.54 Mobile Safari/537.36 (compatible; Googlebot/2.1; +http://www.google.com/bot.html)"
66.249.79.5 - - [02/Oct/2021:22:15:55 +0900] "www.realpano.net(US) GET /gl/index.php?listStyle=viewer&mid=human_vr&search_target=tag&search_keyword=%EB%AC%B8%ED%99%94%EA%B4%80&category=3345 HTTP/1.1" 200 26642 "-" "Mozilla/5.0 (Linux; Android 6.0.1; Nexus 5X Build/MMB29P) AppleWebKit/537.36 (KHTML, like Gecko) Chrome/94.0.4606.54 Mobile Safari/537.36 (compatible; Googlebot/2.1; +http://www.google.com/bot.html)"
223.62.188.175 - - [02/Oct/2021:22:17:45 +0900] "realpano.net(KR) GET /gl/ HTTP/1.1" 404 2837 "http://realpano.net/" "Mozilla/5.0 (Linux; Android 10; SM-N960N) AppleWebKit/537.36 (KHTML, like Gecko) Chrome/81.0.4044.138 Mobile Safari/537.36"
223.62.188.175 - - [02/Oct/2021:22:17:45 +0900] "realpano.net(KR) GET /gl/ HTTP/1.1" 404 2837 "http://realpano.net/" "Mozilla/5.0 (Linux; Android 10; SM-N960N) AppleWebKit/537.36 (KHTML, like Gecko) Chrome/81.0.4044.138 Mobile Safari/537.36"
114.119.154.6 - - [02/Oct/2021:22:20:23 +0900] "realpano.net(SG) GET /gl/index.php?mid=human_vr&search_target=tag&search_keyword=%EC%9D%B8%ED%85%8C%EB%9D%BC%EB%B1%85&category=3347&m=0 HTTP/1.1" 403 199 "-" "Mozilla/5.0 (Linux; Android 7.0;) AppleWebKit/537.36 (KHTML, like Gecko) Mobile Safari/537.36 (compatible; PetalBot;+https://webmaster.petalsearch.com/site/petalbot)"
114.119.154.6 - - [02/Oct/2021:22:20:23 +0900] "realpano.net(SG) GET /gl/index.php?mid=human_vr&search_target=tag&search_keyword=%EC%9D%B8%ED%85%8C%EB%9D%BC%EB%B1%85&category=3347&m=0 HTTP/1.1" 403 199 "-" "Mozilla/5.0 (Linux; Android 7.0;) AppleWebKit/537.36 (KHTML, like Gecko) Mobile Safari/537.36 (compatible; PetalBot;+https://webmaster.petalsearch.com/site/petalbot)"
112.146.224.246 - - [02/Oct/2021:22:23:42 +0900] "realpano.net(KR) GET / HTTP/1.1" 200 64 "-" "Mozilla/5.0 (iPhone; CPU iPhone OS 14_7_1 like Mac OS X) AppleWebKit/605.1.15 (KHTML, like Gecko) Version/14.1.2 Mobile/15E148 Safari/604.1"
112.146.224.246 - - [02/Oct/2021:22:23:42 +0900] "realpano.net(KR) GET / HTTP/1.1" 200 64 "-" "Mozilla/5.0 (iPhone; CPU iPhone OS 14_7_1 like Mac OS X) AppleWebKit/605.1.15 (KHTML, like Gecko) Version/14.1.2 Mobile/15E148 Safari/604.1"
112.146.224.246 - - [02/Oct/2021:22:23:43 +0900] "realpano.net(KR) GET /gl/ HTTP/1.1" 404 2837 "http://realpano.net/" "Mozilla/5.0 (iPhone; CPU iPhone OS 14_7_1 like Mac OS X) AppleWebKit/605.1.15 (KHTML, like Gecko) Version/14.1.2 Mobile/15E148 Safari/604.1"
112.146.224.246 - - [02/Oct/2021:22:23:43 +0900] "realpano.net(KR) GET /gl/ HTTP/1.1" 404 2837 "http://realpano.net/" "Mozilla/5.0 (iPhone; CPU iPhone OS 14_7_1 like Mac OS X) AppleWebKit/605.1.15 (KHTML, like Gecko) Version/14.1.2 Mobile/15E148 Safari/604.1"
112.146.224.246 - - [02/Oct/2021:22:23:47 +0900] "realpano.net(KR) GET /gl/files/cache/assets/compiled/12f4c8563084710f3108d5393149ba67bcaa5d9b.rhymix.less.min.css HTTP/1.1" 404 196 "http://realpano.net/gl/" "Mozilla/5.0 (iPhone; CPU iPhone OS 14_7_1 like Mac OS X) AppleWebKit/605.1.15 (KHTML, like Gecko) Version/14.1.2 Mobile/15E148 Safari/604.1"
112.146.224.246 - - [02/Oct/2021:22:23:47 +0900] "realpano.net(KR) GET /gl/files/cache/assets/compiled/12f4c8563084710f3108d5393149ba67bcaa5d9b.rhymix.less.min.css HTTP/1.1" 404 196 "http://realpano.net/gl/" "Mozilla/5.0 (iPhone; CPU iPhone OS 14_7_1 like Mac OS X) AppleWebKit/605.1.15 (KHTML, like Gecko) Version/14.1.2 Mobile/15E148 Safari/604.1"
211.36.159.96 - - [02/Oct/2021:22:23:47 +0900] "realpano.net(KR) GET /gl/files/cache/assets/compiled/12f4c8563084710f3108d5393149ba67bcaa5d9b.rhymix.less.min.css HTTP/1.1" 404 196 "http://realpano.net/gl/" "Mozilla/5.0 (iPhone; CPU iPhone OS 14_7_1 like Mac OS X) AppleWebKit/605.1.15 (KHTML, like Gecko) Version/14.1.2 Mobile/15E148 Safari/604.1"
211.36.159.96 - - [02/Oct/2021:22:23:47 +0900] "realpano.net(KR) GET /gl/files/cache/assets/compiled/12f4c8563084710f3108d5393149ba67bcaa5d9b.rhymix.less.min.css HTTP/1.1" 404 196 "http://realpano.net/gl/" "Mozilla/5.0 (iPhone; CPU iPhone OS 14_7_1 like Mac OS X) AppleWebKit/605.1.15 (KHTML, like Gecko) Version/14.1.2 Mobile/15E148 Safari/604.1"
114.119.154.39 - - [02/Oct/2021:22:25:26 +0900] "realpano.net(SG) GET /gl/index.php?mid=human_vr&m=0&category=3357&listStyle=list&search_target=tag&search_keyword=%EB%8C%80%EA%B5%AC%EC%A4%91%EA%B5%AC&document_srl=44866 HTTP/1.1" 403 199 "-" "Mozilla/5.0 (Linux; Android 7.0;) AppleWebKit/537.36 (KHTML, like Gecko) Mobile Safari/537.36 (compatible; PetalBot;+https://webmaster.petalsearch.com/site/petalbot)"
114.119.154.39 - - [02/Oct/2021:22:25:26 +0900] "realpano.net(SG) GET /gl/index.php?mid=human_vr&m=0&category=3357&listStyle=list&search_target=tag&search_keyword=%EB%8C%80%EA%B5%AC%EC%A4%91%EA%B5%AC&document_srl=44866 HTTP/1.1" 403 199 "-" "Mozilla/5.0 (Linux; Android 7.0;) AppleWebKit/537.36 (KHTML, like Gecko) Mobile Safari/537.36 (compatible; PetalBot;+https://webmaster.petalsearch.com/site/petalbot)"
114.119.154.65 - - [02/Oct/2021:22:30:24 +0900] "realpano.net(SG) GET /gl/index.php?mid=human_vr&category=3348&m=0&listStyle=list&search_target=tag&search_keyword=%EC%9B%A8%EB%94%A9%ED%99%80&sort_index=title&order_type=desc&document_srl=3901 HTTP/1.1" 403 199 "-" "Mozilla/5.0 (Linux; Android 7.0;) AppleWebKit/537.36 (KHTML, like Gecko) Mobile Safari/537.36 (compatible; PetalBot;+https://webmaster.petalsearch.com/site/petalbot)"
114.119.154.65 - - [02/Oct/2021:22:30:24 +0900] "realpano.net(SG) GET /gl/index.php?mid=human_vr&category=3348&m=0&listStyle=list&search_target=tag&search_keyword=%EC%9B%A8%EB%94%A9%ED%99%80&sort_index=title&order_type=desc&document_srl=3901 HTTP/1.1" 403 199 "-" "Mozilla/5.0 (Linux; Android 7.0;) AppleWebKit/537.36 (KHTML, like Gecko) Mobile Safari/537.36 (compatible; PetalBot;+https://webmaster.petalsearch.com/site/petalbot)"
207.46.13.70 - - [02/Oct/2021:22:31:46 +0900] "realpano.net(US) GET /_allthat_vr/food/150714ms/tour.html HTTP/1.1" 404 196 "-" "Mozilla/5.0 (compatible; MSIE 9.0; Windows NT 6.1; Trident/5.0)"
207.46.13.70 - - [02/Oct/2021:22:31:46 +0900] "realpano.net(US) GET /_allthat_vr/food/150714ms/tour.html HTTP/1.1" 404 196 "-" "Mozilla/5.0 (compatible; MSIE 9.0; Windows NT 6.1; Trident/5.0)"
114.119.154.41 - - [02/Oct/2021:22:35:27 +0900] "realpano.net(SG) GET /gl/index.php?mid=human_vr&search_target=tag&search_keyword=%EB%B6%80%EB%8F%99%EC%82%B0&m=0&category=3354&act=dispMemberSignUpForm HTTP/1.1" 403 199 "-" "Mozilla/5.0 (Linux; Android 7.0;) AppleWebKit/537.36 (KHTML, like Gecko) Mobile Safari/537.36 (compatible; PetalBot;+https://webmaster.petalsearch.com/site/petalbot)"
114.119.154.41 - - [02/Oct/2021:22:35:27 +0900] "realpano.net(SG) GET /gl/index.php?mid=human_vr&search_target=tag&search_keyword=%EB%B6%80%EB%8F%99%EC%82%B0&m=0&category=3354&act=dispMemberSignUpForm HTTP/1.1" 403 199 "-" "Mozilla/5.0 (Linux; Android 7.0;) AppleWebKit/537.36 (KHTML, like Gecko) Mobile Safari/537.36 (compatible; PetalBot;+https://webmaster.petalsearch.com/site/petalbot)"
175.112.125.42 - - [02/Oct/2021:22:38:40 +0900] "www.realpano.net(KR) GET / HTTP/1.1" 200 64 "-" "Mozilla/5.0 (Linux; Android 11; SAMSUNG SM-N971N/KSU2FUH7) AppleWebKit/537.36 (KHTML, like Gecko) SamsungBrowser/15.0 Chrome/90.0.4430.210 Mobile Safari/537.36"
175.112.125.42 - - [02/Oct/2021:22:38:40 +0900] "www.realpano.net(KR) GET / HTTP/1.1" 200 64 "-" "Mozilla/5.0 (Linux; Android 11; SAMSUNG SM-N971N/KSU2FUH7) AppleWebKit/537.36 (KHTML, like Gecko) SamsungBrowser/15.0 Chrome/90.0.4430.210 Mobile Safari/537.36"
175.112.125.42 - - [02/Oct/2021:22:38:40 +0900] "realpano.net(KR) GET /gl/ HTTP/1.1" 404 2837 "http://www.realpano.net/" "Mozilla/5.0 (Linux; Android 11; SAMSUNG SM-N971N/KSU2FUH7) AppleWebKit/537.36 (KHTML, like Gecko) SamsungBrowser/15.0 Chrome/90.0.4430.210 Mobile Safari/537.36"
175.112.125.42 - - [02/Oct/2021:22:38:40 +0900] "realpano.net(KR) GET /gl/ HTTP/1.1" 404 2837 "http://www.realpano.net/" "Mozilla/5.0 (Linux; Android 11; SAMSUNG SM-N971N/KSU2FUH7) AppleWebKit/537.36 (KHTML, like Gecko) SamsungBrowser/15.0 Chrome/90.0.4430.210 Mobile Safari/537.36"
175.112.125.42 - - [02/Oct/2021:22:38:40 +0900] "realpano.net(KR) GET /gl/files/cache/assets/compiled/12f4c8563084710f3108d5393149ba67bcaa5d9b.rhymix.less.min.css HTTP/1.1" 404 196 "http://realpano.net/gl/" "Mozilla/5.0 (Linux; Android 11; SAMSUNG SM-N971N/KSU2FUH7) AppleWebKit/537.36 (KHTML, like Gecko) SamsungBrowser/15.0 Chrome/90.0.4430.210 Mobile Safari/537.36"
175.112.125.42 - - [02/Oct/2021:22:38:40 +0900] "realpano.net(KR) GET /gl/files/cache/assets/compiled/12f4c8563084710f3108d5393149ba67bcaa5d9b.rhymix.less.min.css HTTP/1.1" 404 196 "http://realpano.net/gl/" "Mozilla/5.0 (Linux; Android 11; SAMSUNG SM-N971N/KSU2FUH7) AppleWebKit/537.36 (KHTML, like Gecko) SamsungBrowser/15.0 Chrome/90.0.4430.210 Mobile Safari/537.36"
175.112.125.42 - - [02/Oct/2021:22:38:40 +0900] "realpano.net(KR) GET /gl/common/js/jquery-2.2.4.min.js?20201113010511 HTTP/1.1" 200 85578 "http://realpano.net/gl/" "Mozilla/5.0 (Linux; Android 11; SAMSUNG SM-N971N/KSU2FUH7) AppleWebKit/537.36 (KHTML, like Gecko) SamsungBrowser/15.0 Chrome/90.0.4430.210 Mobile Safari/537.36"
175.112.125.42 - - [02/Oct/2021:22:38:40 +0900] "realpano.net(KR) GET /gl/common/js/jquery-2.2.4.min.js?20201113010511 HTTP/1.1" 200 85578 "http://realpano.net/gl/" "Mozilla/5.0 (Linux; Android 11; SAMSUNG SM-N971N/KSU2FUH7) AppleWebKit/537.36 (KHTML, like Gecko) SamsungBrowser/15.0 Chrome/90.0.4430.210 Mobile Safari/537.36"
175.112.125.42 - - [02/Oct/2021:22:38:40 +0900] "realpano.net(KR) GET /gl/addons/captcha/captcha.min.js?20200731203419 HTTP/1.1" 200 6962 "http://realpano.net/gl/" "Mozilla/5.0 (Linux; Android 11; SAMSUNG SM-N971N/KSU2FUH7) AppleWebKit/537.36 (KHTML, like Gecko) SamsungBrowser/15.0 Chrome/90.0.4430.210 Mobile Safari/537.36"
175.112.125.42 - - [02/Oct/2021:22:38:40 +0900] "realpano.net(KR) GET /gl/addons/captcha/captcha.min.js?20200731203419 HTTP/1.1" 200 6962 "http://realpano.net/gl/" "Mozilla/5.0 (Linux; Android 11; SAMSUNG SM-N971N/KSU2FUH7) AppleWebKit/537.36 (KHTML, like Gecko) SamsungBrowser/15.0 Chrome/90.0.4430.210 Mobile Safari/537.36"
175.112.125.42 - - [02/Oct/2021:22:38:40 +0900] "realpano.net(KR) GET /gl/files/cache/assets/minified/rhymix.min.js?20201120233626 HTTP/1.1" 200 120587 "http://realpano.net/gl/" "Mozilla/5.0 (Linux; Android 11; SAMSUNG SM-N971N/KSU2FUH7) AppleWebKit/537.36 (KHTML, like Gecko) SamsungBrowser/15.0 Chrome/90.0.4430.210 Mobile Safari/537.36"
175.112.125.42 - - [02/Oct/2021:22:38:40 +0900] "realpano.net(KR) GET /gl/files/cache/assets/minified/rhymix.min.js?20201120233626 HTTP/1.1" 200 120587 "http://realpano.net/gl/" "Mozilla/5.0 (Linux; Android 11; SAMSUNG SM-N971N/KSU2FUH7) AppleWebKit/537.36 (KHTML, like Gecko) SamsungBrowser/15.0 Chrome/90.0.4430.210 Mobile Safari/537.36"
175.112.125.42 - - [02/Oct/2021:22:38:40 +0900] "realpano.net(KR) GET /gl/files/attach/xeicon/favicon.ico?20131202140719 HTTP/1.1" 200 32988 "http://realpano.net/gl/" "Mozilla/5.0 (Linux; Android 11; SAMSUNG SM-N971N/KSU2FUH7) AppleWebKit/537.36 (KHTML, like Gecko) SamsungBrowser/15.0 Chrome/90.0.4430.210 Mobile Safari/537.36"
175.112.125.42 - - [02/Oct/2021:22:38:40 +0900] "realpano.net(KR) GET /gl/files/attach/xeicon/favicon.ico?20131202140719 HTTP/1.1" 200 32988 "http://realpano.net/gl/" "Mozilla/5.0 (Linux; Android 11; SAMSUNG SM-N971N/KSU2FUH7) AppleWebKit/537.36 (KHTML, like Gecko) SamsungBrowser/15.0 Chrome/90.0.4430.210 Mobile Safari/537.36"
114.119.154.65 - - [02/Oct/2021:22:40:24 +0900] "realpano.net(SG) GET /gl/index.php?mid=human_vr&document_srl=4176&m=0&act=dispMemberSignUpForm HTTP/1.1" 403 199 "-" "Mozilla/5.0 (Linux; Android 7.0;) AppleWebKit/537.36 (KHTML, like Gecko) Mobile Safari/537.36 (compatible; PetalBot;+https://webmaster.petalsearch.com/site/petalbot)"
114.119.154.65 - - [02/Oct/2021:22:40:24 +0900] "realpano.net(SG) GET /gl/index.php?mid=human_vr&document_srl=4176&m=0&act=dispMemberSignUpForm HTTP/1.1" 403 199 "-" "Mozilla/5.0 (Linux; Android 7.0;) AppleWebKit/537.36 (KHTML, like Gecko) Mobile Safari/537.36 (compatible; PetalBot;+https://webmaster.petalsearch.com/site/petalbot)"
114.119.154.39 - - [02/Oct/2021:22:45:23 +0900] "realpano.net(SG) GET /gl/index.php?mid=human_vr&listStyle=gallery&m=0&category=3351 HTTP/1.1" 403 199 "-" "Mozilla/5.0 (Linux; Android 7.0;) AppleWebKit/537.36 (KHTML, like Gecko) Mobile Safari/537.36 (compatible; PetalBot;+https://webmaster.petalsearch.com/site/petalbot)"
114.119.154.39 - - [02/Oct/2021:22:45:23 +0900] "realpano.net(SG) GET /gl/index.php?mid=human_vr&listStyle=gallery&m=0&category=3351 HTTP/1.1" 403 199 "-" "Mozilla/5.0 (Linux; Android 7.0;) AppleWebKit/537.36 (KHTML, like Gecko) Mobile Safari/537.36 (compatible; PetalBot;+https://webmaster.petalsearch.com/site/petalbot)"
66.249.79.1 - - [02/Oct/2021:22:49:17 +0900] "www.realpano.net(US) GET /gl/human_vr/3958 HTTP/1.1" 200 52722 "-" "Mozilla/5.0 (compatible; Googlebot/2.1; +http://www.google.com/bot.html)"
66.249.79.1 - - [02/Oct/2021:22:49:17 +0900] "www.realpano.net(US) GET /gl/human_vr/3958 HTTP/1.1" 200 52722 "-" "Mozilla/5.0 (compatible; Googlebot/2.1; +http://www.google.com/bot.html)"
114.119.154.30 - - [02/Oct/2021:22:50:25 +0900] "realpano.net(SG) GET /gl/index.php?mid=human_vr&m=0&category=3354&listStyle=list&search_target=tag&search_keyword=%EB%8C%80%EA%B5%AC%EC%A4%91%EA%B5%AC&document_srl=44618 HTTP/1.1" 403 199 "-" "Mozilla/5.0 (Linux; Android 7.0;) AppleWebKit/537.36 (KHTML, like Gecko) Mobile Safari/537.36 (compatible; PetalBot;+https://webmaster.petalsearch.com/site/petalbot)"
114.119.154.30 - - [02/Oct/2021:22:50:25 +0900] "realpano.net(SG) GET /gl/index.php?mid=human_vr&m=0&category=3354&listStyle=list&search_target=tag&search_keyword=%EB%8C%80%EA%B5%AC%EC%A4%91%EA%B5%AC&document_srl=44618 HTTP/1.1" 403 199 "-" "Mozilla/5.0 (Linux; Android 7.0;) AppleWebKit/537.36 (KHTML, like Gecko) Mobile Safari/537.36 (compatible; PetalBot;+https://webmaster.petalsearch.com/site/petalbot)"
157.55.39.20 - - [02/Oct/2021:22:53:19 +0900] "realpano.net(US) GET /gl/files/attach/images/2684/210/045/a0d8cfc9a94d9981c67f85213b2a9ca7.jpg HTTP/2.0" 404 196 "-" "Mozilla/5.0 (compatible; bingbot/2.0; +http://www.bing.com/bingbot.htm)"
157.55.39.20 - - [02/Oct/2021:22:53:19 +0900] "realpano.net(US) GET /gl/files/attach/images/2684/210/045/a0d8cfc9a94d9981c67f85213b2a9ca7.jpg HTTP/2.0" 404 196 "-" "Mozilla/5.0 (compatible; bingbot/2.0; +http://www.bing.com/bingbot.htm)"
114.119.154.39 - - [02/Oct/2021:22:55:25 +0900] "realpano.net(SG) GET /gl/index.php?mid=human_vr&category=3342&document_srl=45223&act=dispMemberLoginForm HTTP/1.1" 403 199 "-" "Mozilla/5.0 (Linux; Android 7.0;) AppleWebKit/537.36 (KHTML, like Gecko) Mobile Safari/537.36 (compatible; PetalBot;+https://webmaster.petalsearch.com/site/petalbot)"
114.119.154.39 - - [02/Oct/2021:22:55:25 +0900] "realpano.net(SG) GET /gl/index.php?mid=human_vr&category=3342&document_srl=45223&act=dispMemberLoginForm HTTP/1.1" 403 199 "-" "Mozilla/5.0 (Linux; Android 7.0;) AppleWebKit/537.36 (KHTML, like Gecko) Mobile Safari/537.36 (compatible; PetalBot;+https://webmaster.petalsearch.com/site/petalbot)"
207.46.13.29 - - [02/Oct/2021:22:57:17 +0900] "realpano.net(US) GET /gl/human_vr/category/3339 HTTP/2.0" 404 196 "-" "Mozilla/5.0 (compatible; bingbot/2.0; +http://www.bing.com/bingbot.htm)"
207.46.13.29 - - [02/Oct/2021:22:57:17 +0900] "realpano.net(US) GET /gl/human_vr/category/3339 HTTP/2.0" 404 196 "-" "Mozilla/5.0 (compatible; bingbot/2.0; +http://www.bing.com/bingbot.htm)"
114.119.154.6 - - [02/Oct/2021:23:00:26 +0900] "realpano.net(SG) GET /gl/index.php?mid=human_vr&search_target=tag&search_keyword=%EB%B6%81%EC%84%B1%EB%A1%9C&division=-45271&last_division=0&category=3349&m=0&listStyle=gallery HTTP/1.1" 403 199 "-" "Mozilla/5.0 (Linux; Android 7.0;) AppleWebKit/537.36 (KHTML, like Gecko) Mobile Safari/537.36 (compatible; PetalBot;+https://webmaster.petalsearch.com/site/petalbot)"
114.119.154.6 - - [02/Oct/2021:23:00:26 +0900] "realpano.net(SG) GET /gl/index.php?mid=human_vr&search_target=tag&search_keyword=%EB%B6%81%EC%84%B1%EB%A1%9C&division=-45271&last_division=0&category=3349&m=0&listStyle=gallery HTTP/1.1" 403 199 "-" "Mozilla/5.0 (Linux; Android 7.0;) AppleWebKit/537.36 (KHTML, like Gecko) Mobile Safari/537.36 (compatible; PetalBot;+https://webmaster.petalsearch.com/site/petalbot)"
115.68.47.10 - - [02/Oct/2021:23:02:30 +0900] "realpano.net(KR) GET / HTTP/1.1" 200 64 "-" "Mozilla/5.0 (Windows NT 10.0; Win64; x64) AppleWebKit/537.36 (KHTML, like Gecko) Chrome/94.0.4606.71 Safari/537.36"
115.68.47.10 - - [02/Oct/2021:23:02:30 +0900] "realpano.net(KR) GET / HTTP/1.1" 200 64 "-" "Mozilla/5.0 (Windows NT 10.0; Win64; x64) AppleWebKit/537.36 (KHTML, like Gecko) Chrome/94.0.4606.71 Safari/537.36"
115.68.47.10 - - [02/Oct/2021:23:02:30 +0900] "realpano.net(KR) GET /gl/ HTTP/1.1" 404 2293 "http://realpano.net/" "Mozilla/5.0 (Windows NT 10.0; Win64; x64) AppleWebKit/537.36 (KHTML, like Gecko) Chrome/94.0.4606.71 Safari/537.36"
115.68.47.10 - - [02/Oct/2021:23:02:30 +0900] "realpano.net(KR) GET /gl/ HTTP/1.1" 404 2293 "http://realpano.net/" "Mozilla/5.0 (Windows NT 10.0; Win64; x64) AppleWebKit/537.36 (KHTML, like Gecko) Chrome/94.0.4606.71 Safari/537.36"
115.68.47.10 - - [02/Oct/2021:23:02:30 +0900] "realpano.net(KR) GET /gl/files/cache/assets/compiled/12f4c8563084710f3108d5393149ba67bcaa5d9b.rhymix.less.min.css HTTP/1.1" 404 196 "http://realpano.net/gl/" "Mozilla/5.0 (Windows NT 10.0; Win64; x64) AppleWebKit/537.36 (KHTML, like Gecko) Chrome/94.0.4606.71 Safari/537.36"
115.68.47.10 - - [02/Oct/2021:23:02:30 +0900] "realpano.net(KR) GET /gl/files/cache/assets/compiled/12f4c8563084710f3108d5393149ba67bcaa5d9b.rhymix.less.min.css HTTP/1.1" 404 196 "http://realpano.net/gl/" "Mozilla/5.0 (Windows NT 10.0; Win64; x64) AppleWebKit/537.36 (KHTML, like Gecko) Chrome/94.0.4606.71 Safari/537.36"
115.68.47.10 - - [02/Oct/2021:23:02:30 +0900] "realpano.net(KR) GET /gl/addons/captcha/captcha.min.js?20200731203419 HTTP/1.1" 200 6962 "http://realpano.net/gl/" "Mozilla/5.0 (Windows NT 10.0; Win64; x64) AppleWebKit/537.36 (KHTML, like Gecko) Chrome/94.0.4606.71 Safari/537.36"
115.68.47.10 - - [02/Oct/2021:23:02:30 +0900] "realpano.net(KR) GET /gl/addons/captcha/captcha.min.js?20200731203419 HTTP/1.1" 200 6962 "http://realpano.net/gl/" "Mozilla/5.0 (Windows NT 10.0; Win64; x64) AppleWebKit/537.36 (KHTML, like Gecko) Chrome/94.0.4606.71 Safari/537.36"
115.68.47.10 - - [02/Oct/2021:23:02:30 +0900] "realpano.net(KR) GET /gl/files/cache/assets/minified/rhymix.min.js?20201120233626 HTTP/1.1" 200 120587 "http://realpano.net/gl/" "Mozilla/5.0 (Windows NT 10.0; Win64; x64) AppleWebKit/537.36 (KHTML, like Gecko) Chrome/94.0.4606.71 Safari/537.36"
115.68.47.10 - - [02/Oct/2021:23:02:30 +0900] "realpano.net(KR) GET /gl/files/cache/assets/minified/rhymix.min.js?20201120233626 HTTP/1.1" 200 120587 "http://realpano.net/gl/" "Mozilla/5.0 (Windows NT 10.0; Win64; x64) AppleWebKit/537.36 (KHTML, like Gecko) Chrome/94.0.4606.71 Safari/537.36"
115.68.47.10 - - [02/Oct/2021:23:02:30 +0900] "realpano.net(KR) GET /gl/common/js/jquery-2.2.4.min.js?20201113010511 HTTP/1.1" 200 85578 "http://realpano.net/gl/" "Mozilla/5.0 (Windows NT 10.0; Win64; x64) AppleWebKit/537.36 (KHTML, like Gecko) Chrome/94.0.4606.71 Safari/537.36"
115.68.47.10 - - [02/Oct/2021:23:02:30 +0900] "realpano.net(KR) GET /gl/common/js/jquery-2.2.4.min.js?20201113010511 HTTP/1.1" 200 85578 "http://realpano.net/gl/" "Mozilla/5.0 (Windows NT 10.0; Win64; x64) AppleWebKit/537.36 (KHTML, like Gecko) Chrome/94.0.4606.71 Safari/537.36"
115.68.47.10 - - [02/Oct/2021:23:02:30 +0900] "realpano.net(KR) GET /gl/files/attach/xeicon/favicon.ico?20131202140719 HTTP/1.1" 200 32988 "http://realpano.net/gl/" "Mozilla/5.0 (Windows NT 10.0; Win64; x64) AppleWebKit/537.36 (KHTML, like Gecko) Chrome/94.0.4606.71 Safari/537.36"
115.68.47.10 - - [02/Oct/2021:23:02:30 +0900] "realpano.net(KR) GET /gl/files/attach/xeicon/favicon.ico?20131202140719 HTTP/1.1" 200 32988 "http://realpano.net/gl/" "Mozilla/5.0 (Windows NT 10.0; Win64; x64) AppleWebKit/537.36 (KHTML, like Gecko) Chrome/94.0.4606.71 Safari/537.36"
115.68.47.10 - - [02/Oct/2021:23:03:14 +0900] "realpano.net(KR) GET / HTTP/1.1" 200 64 "-" "Mozilla/5.0 (Windows NT 10.0; Win64; x64) AppleWebKit/537.36 (KHTML, like Gecko) Chrome/94.0.4606.71 Safari/537.36"
115.68.47.10 - - [02/Oct/2021:23:03:14 +0900] "realpano.net(KR) GET / HTTP/1.1" 200 64 "-" "Mozilla/5.0 (Windows NT 10.0; Win64; x64) AppleWebKit/537.36 (KHTML, like Gecko) Chrome/94.0.4606.71 Safari/537.36"
115.68.47.10 - - [02/Oct/2021:23:03:14 +0900] "realpano.net(KR) GET /gl/ HTTP/1.1" 404 2293 "http://realpano.net/" "Mozilla/5.0 (Windows NT 10.0; Win64; x64) AppleWebKit/537.36 (KHTML, like Gecko) Chrome/94.0.4606.71 Safari/537.36"
115.68.47.10 - - [02/Oct/2021:23:03:14 +0900] "realpano.net(KR) GET /gl/ HTTP/1.1" 404 2293 "http://realpano.net/" "Mozilla/5.0 (Windows NT 10.0; Win64; x64) AppleWebKit/537.36 (KHTML, like Gecko) Chrome/94.0.4606.71 Safari/537.36"
115.68.47.10 - - [02/Oct/2021:23:03:14 +0900] "realpano.net(KR) GET /gl/files/cache/assets/compiled/12f4c8563084710f3108d5393149ba67bcaa5d9b.rhymix.less.min.css HTTP/1.1" 404 196 "http://realpano.net/gl/" "Mozilla/5.0 (Windows NT 10.0; Win64; x64) AppleWebKit/537.36 (KHTML, like Gecko) Chrome/94.0.4606.71 Safari/537.36"
115.68.47.10 - - [02/Oct/2021:23:03:14 +0900] "realpano.net(KR) GET /gl/files/cache/assets/compiled/12f4c8563084710f3108d5393149ba67bcaa5d9b.rhymix.less.min.css HTTP/1.1" 404 196 "http://realpano.net/gl/" "Mozilla/5.0 (Windows NT 10.0; Win64; x64) AppleWebKit/537.36 (KHTML, like Gecko) Chrome/94.0.4606.71 Safari/537.36"
157.55.39.20 - - [02/Oct/2021:23:04:02 +0900] "www.realpano.net(US) GET / HTTP/1.1" 200 64 "-" "Mozilla/5.0 (compatible; bingbot/2.0; +http://www.bing.com/bingbot.htm)"
157.55.39.20 - - [02/Oct/2021:23:04:02 +0900] "www.realpano.net(US) GET / HTTP/1.1" 200 64 "-" "Mozilla/5.0 (compatible; bingbot/2.0; +http://www.bing.com/bingbot.htm)"
207.46.13.29 - - [02/Oct/2021:23:04:38 +0900] "realpano.net(US) GET /gl/human_vr/45163 HTTP/2.0" 404 196 "-" "Mozilla/5.0 (compatible; bingbot/2.0; +http://www.bing.com/bingbot.htm)"
207.46.13.29 - - [02/Oct/2021:23:04:38 +0900] "realpano.net(US) GET /gl/human_vr/45163 HTTP/2.0" 404 196 "-" "Mozilla/5.0 (compatible; bingbot/2.0; +http://www.bing.com/bingbot.htm)"
115.68.47.10 - - [02/Oct/2021:23:05:01 +0900] "realpano.net(KR) GET / HTTP/1.1" 200 64 "-" "Mozilla/5.0 (Windows NT 10.0; Win64; x64) AppleWebKit/537.36 (KHTML, like Gecko) Chrome/94.0.4606.71 Safari/537.36"
115.68.47.10 - - [02/Oct/2021:23:05:01 +0900] "realpano.net(KR) GET / HTTP/1.1" 200 64 "-" "Mozilla/5.0 (Windows NT 10.0; Win64; x64) AppleWebKit/537.36 (KHTML, like Gecko) Chrome/94.0.4606.71 Safari/537.36"
115.68.47.10 - - [02/Oct/2021:23:05:01 +0900] "realpano.net(KR) GET /gl/ HTTP/1.1" 404 2293 "http://realpano.net/" "Mozilla/5.0 (Windows NT 10.0; Win64; x64) AppleWebKit/537.36 (KHTML, like Gecko) Chrome/94.0.4606.71 Safari/537.36"
115.68.47.10 - - [02/Oct/2021:23:05:01 +0900] "realpano.net(KR) GET /gl/ HTTP/1.1" 404 2293 "http://realpano.net/" "Mozilla/5.0 (Windows NT 10.0; Win64; x64) AppleWebKit/537.36 (KHTML, like Gecko) Chrome/94.0.4606.71 Safari/537.36"
115.68.47.10 - - [02/Oct/2021:23:05:01 +0900] "realpano.net(KR) GET /gl/files/cache/assets/compiled/12f4c8563084710f3108d5393149ba67bcaa5d9b.rhymix.less.min.css HTTP/1.1" 404 196 "http://realpano.net/gl/" "Mozilla/5.0 (Windows NT 10.0; Win64; x64) AppleWebKit/537.36 (KHTML, like Gecko) Chrome/94.0.4606.71 Safari/537.36"
115.68.47.10 - - [02/Oct/2021:23:05:01 +0900] "realpano.net(KR) GET /gl/files/cache/assets/compiled/12f4c8563084710f3108d5393149ba67bcaa5d9b.rhymix.less.min.css HTTP/1.1" 404 196 "http://realpano.net/gl/" "Mozilla/5.0 (Windows NT 10.0; Win64; x64) AppleWebKit/537.36 (KHTML, like Gecko) Chrome/94.0.4606.71 Safari/537.36"
114.119.154.41 - - [02/Oct/2021:23:05:23 +0900] "realpano.net(SG) GET /gl/index.php?mid=human_vr&search_target=tag&search_keyword=%EC%94%A8%ED%91%B8%EB%93%9C&category=3349 HTTP/1.1" 403 199 "-" "Mozilla/5.0 (Linux; Android 7.0;) AppleWebKit/537.36 (KHTML, like Gecko) Mobile Safari/537.36 (compatible; PetalBot;+https://webmaster.petalsearch.com/site/petalbot)"
114.119.154.41 - - [02/Oct/2021:23:05:23 +0900] "realpano.net(SG) GET /gl/index.php?mid=human_vr&search_target=tag&search_keyword=%EC%94%A8%ED%91%B8%EB%93%9C&category=3349 HTTP/1.1" 403 199 "-" "Mozilla/5.0 (Linux; Android 7.0;) AppleWebKit/537.36 (KHTML, like Gecko) Mobile Safari/537.36 (compatible; PetalBot;+https://webmaster.petalsearch.com/site/petalbot)"
115.68.47.10 - - [02/Oct/2021:23:07:16 +0900] "realpano.net(KR) GET /sub04.html HTTP/1.1" 200 15963 "-" "Mozilla/5.0 (Windows NT 10.0; Win64; x64) AppleWebKit/537.36 (KHTML, like Gecko) Chrome/94.0.4606.71 Safari/537.36"
115.68.47.10 - - [02/Oct/2021:23:07:16 +0900] "realpano.net(KR) GET /sub04.html HTTP/1.1" 200 15963 "-" "Mozilla/5.0 (Windows NT 10.0; Win64; x64) AppleWebKit/537.36 (KHTML, like Gecko) Chrome/94.0.4606.71 Safari/537.36"
115.68.47.10 - - [02/Oct/2021:23:07:16 +0900] "realpano.net(KR) GET /css/alik.css HTTP/1.1" 200 1306 "http://realpano.net/sub04.html" "Mozilla/5.0 (Windows NT 10.0; Win64; x64) AppleWebKit/537.36 (KHTML, like Gecko) Chrome/94.0.4606.71 Safari/537.36"
115.68.47.10 - - [02/Oct/2021:23:07:16 +0900] "realpano.net(KR) GET /css/alik.css HTTP/1.1" 200 1306 "http://realpano.net/sub04.html" "Mozilla/5.0 (Windows NT 10.0; Win64; x64) AppleWebKit/537.36 (KHTML, like Gecko) Chrome/94.0.4606.71 Safari/537.36"
115.68.47.10 - - [02/Oct/2021:23:07:16 +0900] "realpano.net(KR) GET /js/alik.js HTTP/1.1" 200 3590 "http://realpano.net/sub04.html" "Mozilla/5.0 (Windows NT 10.0; Win64; x64) AppleWebKit/537.36 (KHTML, like Gecko) Chrome/94.0.4606.71 Safari/537.36"
115.68.47.10 - - [02/Oct/2021:23:07:16 +0900] "realpano.net(KR) GET /js/alik.js HTTP/1.1" 200 3590 "http://realpano.net/sub04.html" "Mozilla/5.0 (Windows NT 10.0; Win64; x64) AppleWebKit/537.36 (KHTML, like Gecko) Chrome/94.0.4606.71 Safari/537.36"
115.68.47.10 - - [02/Oct/2021:23:07:16 +0900] "realpano.net(KR) GET /img/t-ru.gif HTTP/1.1" 200 306 "http://realpano.net/sub04.html" "Mozilla/5.0 (Windows NT 10.0; Win64; x64) AppleWebKit/537.36 (KHTML, like Gecko) Chrome/94.0.4606.71 Safari/537.36"
115.68.47.10 - - [02/Oct/2021:23:07:16 +0900] "realpano.net(KR) GET /img/t-ru.gif HTTP/1.1" 200 306 "http://realpano.net/sub04.html" "Mozilla/5.0 (Windows NT 10.0; Win64; x64) AppleWebKit/537.36 (KHTML, like Gecko) Chrome/94.0.4606.71 Safari/537.36"
115.68.47.10 - - [02/Oct/2021:23:07:16 +0900] "realpano.net(KR) GET /img/t-lu.gif HTTP/1.1" 200 306 "http://realpano.net/sub04.html" "Mozilla/5.0 (Windows NT 10.0; Win64; x64) AppleWebKit/537.36 (KHTML, like Gecko) Chrome/94.0.4606.71 Safari/537.36"
115.68.47.10 - - [02/Oct/2021:23:07:16 +0900] "realpano.net(KR) GET /img/t-lu.gif HTTP/1.1" 200 306 "http://realpano.net/sub04.html" "Mozilla/5.0 (Windows NT 10.0; Win64; x64) AppleWebKit/537.36 (KHTML, like Gecko) Chrome/94.0.4606.71 Safari/537.36"
115.68.47.10 - - [02/Oct/2021:23:07:16 +0900] "realpano.net(KR) GET /img/main_21.gif HTTP/1.1" 200 154 "http://realpano.net/sub04.html" "Mozilla/5.0 (Windows NT 10.0; Win64; x64) AppleWebKit/537.36 (KHTML, like Gecko) Chrome/94.0.4606.71 Safari/537.36"
115.68.47.10 - - [02/Oct/2021:23:07:16 +0900] "realpano.net(KR) GET /img/main_21.gif HTTP/1.1" 200 154 "http://realpano.net/sub04.html" "Mozilla/5.0 (Windows NT 10.0; Win64; x64) AppleWebKit/537.36 (KHTML, like Gecko) Chrome/94.0.4606.71 Safari/537.36"
115.68.47.10 - - [02/Oct/2021:23:07:16 +0900] "realpano.net(KR) GET /img/main_10.gif HTTP/1.1" 200 99 "http://realpano.net/sub04.html" "Mozilla/5.0 (Windows NT 10.0; Win64; x64) AppleWebKit/537.36 (KHTML, like Gecko) Chrome/94.0.4606.71 Safari/537.36"
115.68.47.10 - - [02/Oct/2021:23:07:16 +0900] "realpano.net(KR) GET /img/main_10.gif HTTP/1.1" 200 99 "http://realpano.net/sub04.html" "Mozilla/5.0 (Windows NT 10.0; Win64; x64) AppleWebKit/537.36 (KHTML, like Gecko) Chrome/94.0.4606.71 Safari/537.36"
115.68.47.10 - - [02/Oct/2021:23:07:16 +0900] "realpano.net(KR) GET /img/main_14.gif HTTP/1.1" 200 100 "http://realpano.net/sub04.html" "Mozilla/5.0 (Windows NT 10.0; Win64; x64) AppleWebKit/537.36 (KHTML, like Gecko) Chrome/94.0.4606.71 Safari/537.36"
115.68.47.10 - - [02/Oct/2021:23:07:16 +0900] "realpano.net(KR) GET /img/main_14.gif HTTP/1.1" 200 100 "http://realpano.net/sub04.html" "Mozilla/5.0 (Windows NT 10.0; Win64; x64) AppleWebKit/537.36 (KHTML, like Gecko) Chrome/94.0.4606.71 Safari/537.36"
115.68.47.10 - - [02/Oct/2021:23:07:16 +0900] "realpano.net(KR) GET /img/main_23.gif HTTP/1.1" 200 154 "http://realpano.net/sub04.html" "Mozilla/5.0 (Windows NT 10.0; Win64; x64) AppleWebKit/537.36 (KHTML, like Gecko) Chrome/94.0.4606.71 Safari/537.36"
115.68.47.10 - - [02/Oct/2021:23:07:16 +0900] "realpano.net(KR) GET /img/main_23.gif HTTP/1.1" 200 154 "http://realpano.net/sub04.html" "Mozilla/5.0 (Windows NT 10.0; Win64; x64) AppleWebKit/537.36 (KHTML, like Gecko) Chrome/94.0.4606.71 Safari/537.36"
115.68.47.10 - - [02/Oct/2021:23:07:16 +0900] "realpano.net(KR) GET /img/logo.gif HTTP/1.1" 200 2327 "http://realpano.net/sub04.html" "Mozilla/5.0 (Windows NT 10.0; Win64; x64) AppleWebKit/537.36 (KHTML, like Gecko) Chrome/94.0.4606.71 Safari/537.36"
115.68.47.10 - - [02/Oct/2021:23:07:16 +0900] "realpano.net(KR) GET /img/logo.gif HTTP/1.1" 200 2327 "http://realpano.net/sub04.html" "Mozilla/5.0 (Windows NT 10.0; Win64; x64) AppleWebKit/537.36 (KHTML, like Gecko) Chrome/94.0.4606.71 Safari/537.36"
