140.255.41.59 - - [03/Oct/2021:05:44:09 +0900] "www.realpano.net(CN) POST /fuck.php HTTP/1.1" 404 196 "http://misc.yahoo.com.cn/" "Mozilla/5.0+(compatible;+Baispider/2.0;++http://www.bai.com/search/spider.html)"
140.255.41.59 - - [03/Oct/2021:05:44:09 +0900] "www.realpano.net(CN) POST /fuck.php HTTP/1.1" 404 196 "http://misc.yahoo.com.cn/" "Mozilla/5.0+(compatible;+Baispider/2.0;++http://www.bai.com/search/spider.html)"
140.255.41.59 - - [03/Oct/2021:05:44:09 +0900] "www.realpano.net(CN) POST /fuck.php HTTP/1.1" 404 196 "http://misc.yahoo.com.cn/" "Mozilla/5.0+(compatible;+Baispider/2.0;++http://www.bai.com/search/spider.html)"
140.255.41.59 - - [03/Oct/2021:05:44:09 +0900] "www.realpano.net(CN) POST /fuck.php HTTP/1.1" 404 196 "http://misc.yahoo.com.cn/" "Mozilla/5.0+(compatible;+Baispider/2.0;++http://www.bai.com/search/spider.html)"
140.255.41.59 - - [03/Oct/2021:05:44:09 +0900] "www.realpano.net(CN) POST /fuck.php HTTP/1.1" 404 196 "http://misc.yahoo.com.cn/" "Mozilla/5.0+(compatible;+Baispider/2.0;++http://www.bai.com/search/spider.html)"
140.255.41.59 - - [03/Oct/2021:05:44:09 +0900] "www.realpano.net(CN) POST /fuck.php HTTP/1.1" 404 196 "http://misc.yahoo.com.cn/" "Mozilla/5.0+(compatible;+Baispider/2.0;++http://www.bai.com/search/spider.html)"
114.119.154.26 - - [03/Oct/2021:05:49:35 +0900] "realpano.net(SG) GET /gl/index.php?mid=human_vr&listStyle=list&m=0&category=3351&search_target=tag&search_keyword=%EB%AA%85%EB%AC%BC%EA%B3%A8%EB%AA%A9&act=dispMemberFindAccount HTTP/1.1" 403 199 "-" "Mozilla/5.0 (Linux; Android 7.0;) AppleWebKit/537.36 (KHTML, like Gecko) Mobile Safari/537.36 (compatible; PetalBot;+https://webmaster.petalsearch.com/site/petalbot)"
114.119.154.26 - - [03/Oct/2021:05:49:35 +0900] "realpano.net(SG) GET /gl/index.php?mid=human_vr&listStyle=list&m=0&category=3351&search_target=tag&search_keyword=%EB%AA%85%EB%AC%BC%EA%B3%A8%EB%AA%A9&act=dispMemberFindAccount HTTP/1.1" 403 199 "-" "Mozilla/5.0 (Linux; Android 7.0;) AppleWebKit/537.36 (KHTML, like Gecko) Mobile Safari/537.36 (compatible; PetalBot;+https://webmaster.petalsearch.com/site/petalbot)"
66.249.68.58 - - [03/Oct/2021:05:49:52 +0900] "realpano.net(US) GET /gl/index.php?mid=human_vr&search_target=tag&search_keyword=%EA%B3%A8%EB%AA%A9&document_srl=44778 HTTP/1.1" 404 196 "-" "Mozilla/5.0 (compatible; Googlebot/2.1; +http://www.google.com/bot.html)"
66.249.68.58 - - [03/Oct/2021:05:49:52 +0900] "realpano.net(US) GET /gl/index.php?mid=human_vr&search_target=tag&search_keyword=%EA%B3%A8%EB%AA%A9&document_srl=44778 HTTP/1.1" 404 196 "-" "Mozilla/5.0 (compatible; Googlebot/2.1; +http://www.google.com/bot.html)"
66.249.79.5 - - [03/Oct/2021:05:49:54 +0900] "www.realpano.net(US) GET /gl/index.php?listStyle=viewer&mid=human_vr&page=4&search_target=tag&document_srl=44699 HTTP/1.1" 200 60709 "-" "Mozilla/5.0 (Linux; Android 6.0.1; Nexus 5X Build/MMB29P) AppleWebKit/537.36 (KHTML, like Gecko) Chrome/94.0.4606.61 Mobile Safari/537.36 (compatible; Googlebot/2.1; +http://www.google.com/bot.html)"
66.249.79.5 - - [03/Oct/2021:05:49:54 +0900] "www.realpano.net(US) GET /gl/index.php?listStyle=viewer&mid=human_vr&page=4&search_target=tag&document_srl=44699 HTTP/1.1" 200 60709 "-" "Mozilla/5.0 (Linux; Android 6.0.1; Nexus 5X Build/MMB29P) AppleWebKit/537.36 (KHTML, like Gecko) Chrome/94.0.4606.61 Mobile Safari/537.36 (compatible; Googlebot/2.1; +http://www.google.com/bot.html)"
17.121.114.17 - - [03/Oct/2021:05:53:01 +0900] "realpano.net(US) GET /gl/human_vr/45225 HTTP/1.1" 404 196 "-" "Mozilla/5.0 (Macintosh; Intel Mac OS X 10_15_5) AppleWebKit/605.1.15 (KHTML, like Gecko) Version/13.1.1 Safari/605.1.15 (Applebot/0.1; +http://www.apple.com/go/applebot)"
17.121.114.17 - - [03/Oct/2021:05:53:01 +0900] "realpano.net(US) GET /gl/human_vr/45225 HTTP/1.1" 404 196 "-" "Mozilla/5.0 (Macintosh; Intel Mac OS X 10_15_5) AppleWebKit/605.1.15 (KHTML, like Gecko) Version/13.1.1 Safari/605.1.15 (Applebot/0.1; +http://www.apple.com/go/applebot)"
66.249.79.1 - - [03/Oct/2021:05:54:48 +0900] "www.realpano.net(US) GET /gl/modules/board/m.skins/mboard_zaggumedia_portfolio_realpano/css/board_custom.css?20170120181311 HTTP/1.1" 200 3381 "http://www.realpano.net/gl/index.php?listStyle=viewer&mid=human_vr&page=4&search_target=tag&document_srl=44699" "Mozilla/5.0 (Linux; Android 6.0.1; Nexus 5X Build/MMB29P) AppleWebKit/537.36 (KHTML, like Gecko) Chrome/94.0.4606.61 Mobile Safari/537.36 (compatible; Googlebot/2.1; +http://www.google.com/bot.html)"
66.249.79.1 - - [03/Oct/2021:05:54:48 +0900] "www.realpano.net(US) GET /gl/modules/board/m.skins/mboard_zaggumedia_portfolio_realpano/css/board_custom.css?20170120181311 HTTP/1.1" 200 3381 "http://www.realpano.net/gl/index.php?listStyle=viewer&mid=human_vr&page=4&search_target=tag&document_srl=44699" "Mozilla/5.0 (Linux; Android 6.0.1; Nexus 5X Build/MMB29P) AppleWebKit/537.36 (KHTML, like Gecko) Chrome/94.0.4606.61 Mobile Safari/537.36 (compatible; Googlebot/2.1; +http://www.google.com/bot.html)"
66.249.68.60 - - [03/Oct/2021:05:54:49 +0900] "realpano.net(US) GET /gl/m.layouts/xenara_mlayout_realpano/js/bxslider/plugins/jquery.easing.1.3.js?20140528195909 HTTP/1.1" 404 196 "http://www.realpano.net/gl/index.php?listStyle=viewer&mid=human_vr&page=4&search_target=tag&document_srl=44699" "Mozilla/5.0 (Linux; Android 6.0.1; Nexus 5X Build/MMB29P) AppleWebKit/537.36 (KHTML, like Gecko) Chrome/94.0.4606.61 Mobile Safari/537.36 (compatible; Googlebot/2.1; +http://www.google.com/bot.html)"
66.249.68.60 - - [03/Oct/2021:05:54:49 +0900] "realpano.net(US) GET /gl/m.layouts/xenara_mlayout_realpano/js/bxslider/plugins/jquery.easing.1.3.js?20140528195909 HTTP/1.1" 404 196 "http://www.realpano.net/gl/index.php?listStyle=viewer&mid=human_vr&page=4&search_target=tag&document_srl=44699" "Mozilla/5.0 (Linux; Android 6.0.1; Nexus 5X Build/MMB29P) AppleWebKit/537.36 (KHTML, like Gecko) Chrome/94.0.4606.61 Mobile Safari/537.36 (compatible; Googlebot/2.1; +http://www.google.com/bot.html)"
66.249.79.1 - - [03/Oct/2021:05:54:50 +0900] "www.realpano.net(US) GET /gl/m.layouts/xenara_mlayout_realpano/js/bxslider/jquery.bxslider.min.js?20140528195909 HTTP/1.1" 200 19359 "http://www.realpano.net/gl/index.php?listStyle=viewer&mid=human_vr&page=4&search_target=tag&document_srl=44699" "Mozilla/5.0 (Linux; Android 6.0.1; Nexus 5X Build/MMB29P) AppleWebKit/537.36 (KHTML, like Gecko) Chrome/94.0.4606.61 Mobile Safari/537.36 (compatible; Googlebot/2.1; +http://www.google.com/bot.html)"
66.249.79.1 - - [03/Oct/2021:05:54:50 +0900] "www.realpano.net(US) GET /gl/m.layouts/xenara_mlayout_realpano/js/bxslider/jquery.bxslider.min.js?20140528195909 HTTP/1.1" 200 19359 "http://www.realpano.net/gl/index.php?listStyle=viewer&mid=human_vr&page=4&search_target=tag&document_srl=44699" "Mozilla/5.0 (Linux; Android 6.0.1; Nexus 5X Build/MMB29P) AppleWebKit/537.36 (KHTML, like Gecko) Chrome/94.0.4606.61 Mobile Safari/537.36 (compatible; Googlebot/2.1; +http://www.google.com/bot.html)"
66.249.79.5 - - [03/Oct/2021:05:54:50 +0900] "www.realpano.net(US) GET /gl/m.layouts/xenara_mlayout_realpano/js/mmenu/css/extensions/jquery.mmenu.effects.css?20150420190316 HTTP/1.1" 200 7531 "http://www.realpano.net/gl/index.php?listStyle=viewer&mid=human_vr&page=4&search_target=tag&document_srl=44699" "Mozilla/5.0 (Linux; Android 6.0.1; Nexus 5X Build/MMB29P) AppleWebKit/537.36 (KHTML, like Gecko) Chrome/94.0.4606.61 Mobile Safari/537.36 (compatible; Googlebot/2.1; +http://www.google.com/bot.html)"
66.249.79.5 - - [03/Oct/2021:05:54:50 +0900] "www.realpano.net(US) GET /gl/m.layouts/xenara_mlayout_realpano/js/mmenu/css/extensions/jquery.mmenu.effects.css?20150420190316 HTTP/1.1" 200 7531 "http://www.realpano.net/gl/index.php?listStyle=viewer&mid=human_vr&page=4&search_target=tag&document_srl=44699" "Mozilla/5.0 (Linux; Android 6.0.1; Nexus 5X Build/MMB29P) AppleWebKit/537.36 (KHTML, like Gecko) Chrome/94.0.4606.61 Mobile Safari/537.36 (compatible; Googlebot/2.1; +http://www.google.com/bot.html)"
66.249.79.5 - - [03/Oct/2021:05:54:51 +0900] "www.realpano.net(US) GET /gl/m.layouts/xenara_mlayout_realpano/css/style_sub.css?20150423195546 HTTP/1.1" 200 1825 "http://www.realpano.net/gl/index.php?listStyle=viewer&mid=human_vr&page=4&search_target=tag&document_srl=44699" "Mozilla/5.0 (Linux; Android 6.0.1; Nexus 5X Build/MMB29P) AppleWebKit/537.36 (KHTML, like Gecko) Chrome/94.0.4606.61 Mobile Safari/537.36 (compatible; Googlebot/2.1; +http://www.google.com/bot.html)"
66.249.79.5 - - [03/Oct/2021:05:54:51 +0900] "www.realpano.net(US) GET /gl/m.layouts/xenara_mlayout_realpano/css/style_sub.css?20150423195546 HTTP/1.1" 200 1825 "http://www.realpano.net/gl/index.php?listStyle=viewer&mid=human_vr&page=4&search_target=tag&document_srl=44699" "Mozilla/5.0 (Linux; Android 6.0.1; Nexus 5X Build/MMB29P) AppleWebKit/537.36 (KHTML, like Gecko) Chrome/94.0.4606.61 Mobile Safari/537.36 (compatible; Googlebot/2.1; +http://www.google.com/bot.html)"
66.249.79.5 - - [03/Oct/2021:05:54:51 +0900] "www.realpano.net(US) GET /gl/m.layouts/xenara_mlayout_realpano/js/bxslider/plugins/jquery.easing.1.3.js?20140528195909 HTTP/1.1" 200 8097 "http://www.realpano.net/gl/index.php?listStyle=viewer&mid=human_vr&page=4&search_target=tag&document_srl=44699" "Mozilla/5.0 (Linux; Android 6.0.1; Nexus 5X Build/MMB29P) AppleWebKit/537.36 (KHTML, like Gecko) Chrome/94.0.4606.61 Mobile Safari/537.36 (compatible; Googlebot/2.1; +http://www.google.com/bot.html)"
66.249.79.5 - - [03/Oct/2021:05:54:51 +0900] "www.realpano.net(US) GET /gl/m.layouts/xenara_mlayout_realpano/js/bxslider/plugins/jquery.easing.1.3.js?20140528195909 HTTP/1.1" 200 8097 "http://www.realpano.net/gl/index.php?listStyle=viewer&mid=human_vr&page=4&search_target=tag&document_srl=44699" "Mozilla/5.0 (Linux; Android 6.0.1; Nexus 5X Build/MMB29P) AppleWebKit/537.36 (KHTML, like Gecko) Chrome/94.0.4606.61 Mobile Safari/537.36 (compatible; Googlebot/2.1; +http://www.google.com/bot.html)"
66.249.79.1 - - [03/Oct/2021:05:54:52 +0900] "www.realpano.net(US) GET /gl/modules/board/m.skins/mboard_zaggumedia_portfolio_realpano/js/board.js?20140530184123 HTTP/1.1" 200 20317 "http://www.realpano.net/gl/index.php?listStyle=viewer&mid=human_vr&page=4&search_target=tag&document_srl=44699" "Mozilla/5.0 (Linux; Android 6.0.1; Nexus 5X Build/MMB29P) AppleWebKit/537.36 (KHTML, like Gecko) Chrome/94.0.4606.61 Mobile Safari/537.36 (compatible; Googlebot/2.1; +http://www.google.com/bot.html)"
66.249.79.1 - - [03/Oct/2021:05:54:52 +0900] "www.realpano.net(US) GET /gl/modules/board/m.skins/mboard_zaggumedia_portfolio_realpano/js/board.js?20140530184123 HTTP/1.1" 200 20317 "http://www.realpano.net/gl/index.php?listStyle=viewer&mid=human_vr&page=4&search_target=tag&document_srl=44699" "Mozilla/5.0 (Linux; Android 6.0.1; Nexus 5X Build/MMB29P) AppleWebKit/537.36 (KHTML, like Gecko) Chrome/94.0.4606.61 Mobile Safari/537.36 (compatible; Googlebot/2.1; +http://www.google.com/bot.html)"
114.119.154.65 - - [03/Oct/2021:05:55:12 +0900] "realpano.net(SG) GET /gl/index.php?mid=human_vr&search_target=tag&search_keyword=%EA%B8%B0%EB%85%90%EA%B4%80&category=3346&m=0&listStyle=list&division=-45271&last_division=0 HTTP/1.1" 403 199 "-" "Mozilla/5.0 (Linux; Android 7.0;) AppleWebKit/537.36 (KHTML, like Gecko) Mobile Safari/537.36 (compatible; PetalBot;+https://webmaster.petalsearch.com/site/petalbot)"
114.119.154.65 - - [03/Oct/2021:05:55:12 +0900] "realpano.net(SG) GET /gl/index.php?mid=human_vr&search_target=tag&search_keyword=%EA%B8%B0%EB%85%90%EA%B4%80&category=3346&m=0&listStyle=list&division=-45271&last_division=0 HTTP/1.1" 403 199 "-" "Mozilla/5.0 (Linux; Android 7.0;) AppleWebKit/537.36 (KHTML, like Gecko) Mobile Safari/537.36 (compatible; PetalBot;+https://webmaster.petalsearch.com/site/petalbot)"
114.119.154.6 - - [03/Oct/2021:06:00:45 +0900] "realpano.net(SG) GET /gl/index.php?mid=human_vr&m=0&search_target=tag&search_keyword=%EC%98%88%EC%8B%9D%EC%9E%A5&category=3348&listStyle=list&order_type=desc HTTP/1.1" 403 199 "-" "Mozilla/5.0 (Linux; Android 7.0;) AppleWebKit/537.36 (KHTML, like Gecko) Mobile Safari/537.36 (compatible; PetalBot;+https://webmaster.petalsearch.com/site/petalbot)"
114.119.154.6 - - [03/Oct/2021:06:00:45 +0900] "realpano.net(SG) GET /gl/index.php?mid=human_vr&m=0&search_target=tag&search_keyword=%EC%98%88%EC%8B%9D%EC%9E%A5&category=3348&listStyle=list&order_type=desc HTTP/1.1" 403 199 "-" "Mozilla/5.0 (Linux; Android 7.0;) AppleWebKit/537.36 (KHTML, like Gecko) Mobile Safari/537.36 (compatible; PetalBot;+https://webmaster.petalsearch.com/site/petalbot)"
176.100.8.204 - - [03/Oct/2021:06:04:22 +0900] "realpano.net(UA) GET / HTTP/1.0" 200 64 "-" "Mozilla/5.0 (Windows NT 10.0; Win64; x64) AppleWebKit/537.36 (KHTML, like Gecko) Chrome/71.0.3578.98 Safari/537.36"
176.100.8.204 - - [03/Oct/2021:06:04:22 +0900] "realpano.net(UA) GET / HTTP/1.0" 200 64 "-" "Mozilla/5.0 (Windows NT 10.0; Win64; x64) AppleWebKit/537.36 (KHTML, like Gecko) Chrome/71.0.3578.98 Safari/537.36"
114.119.154.26 - - [03/Oct/2021:06:06:44 +0900] "realpano.net(SG) GET /gl/index.php?mid=human_vr&listStyle=webzine&m=0&sort_index=regdate&order_type=asc&category=3346 HTTP/1.1" 403 199 "-" "Mozilla/5.0 (Linux; Android 7.0;) AppleWebKit/537.36 (KHTML, like Gecko) Mobile Safari/537.36 (compatible; PetalBot;+https://webmaster.petalsearch.com/site/petalbot)"
114.119.154.26 - - [03/Oct/2021:06:06:44 +0900] "realpano.net(SG) GET /gl/index.php?mid=human_vr&listStyle=webzine&m=0&sort_index=regdate&order_type=asc&category=3346 HTTP/1.1" 403 199 "-" "Mozilla/5.0 (Linux; Android 7.0;) AppleWebKit/537.36 (KHTML, like Gecko) Mobile Safari/537.36 (compatible; PetalBot;+https://webmaster.petalsearch.com/site/petalbot)"
66.249.79.5 - - [03/Oct/2021:06:09:08 +0900] "www.realpano.net(US) GET /gl/modules/board/m.skins/sketchbook5/css/board.css?20150511203534 HTTP/1.1" 200 63885 "http://www.realpano.net/gl/notice/43109" "Mozilla/5.0 (Linux; Android 6.0.1; Nexus 5X Build/MMB29P) AppleWebKit/537.36 (KHTML, like Gecko) Chrome/94.0.4606.61 Mobile Safari/537.36 (compatible; Googlebot/2.1; +http://www.google.com/bot.html)"
66.249.79.5 - - [03/Oct/2021:06:09:08 +0900] "www.realpano.net(US) GET /gl/modules/board/m.skins/sketchbook5/css/board.css?20150511203534 HTTP/1.1" 200 63885 "http://www.realpano.net/gl/notice/43109" "Mozilla/5.0 (Linux; Android 6.0.1; Nexus 5X Build/MMB29P) AppleWebKit/537.36 (KHTML, like Gecko) Chrome/94.0.4606.61 Mobile Safari/537.36 (compatible; Googlebot/2.1; +http://www.google.com/bot.html)"
66.249.79.5 - - [03/Oct/2021:06:09:10 +0900] "www.realpano.net(US) GET /gl/modules/board/m.skins/sketchbook5/js/imagesloaded.pkgd.min.js?20150511203533 HTTP/1.1" 200 6949 "http://www.realpano.net/gl/notice/43109" "Mozilla/5.0 (Linux; Android 6.0.1; Nexus 5X Build/MMB29P) AppleWebKit/537.36 (KHTML, like Gecko) Chrome/94.0.4606.61 Mobile Safari/537.36 (compatible; Googlebot/2.1; +http://www.google.com/bot.html)"
66.249.79.5 - - [03/Oct/2021:06:09:10 +0900] "www.realpano.net(US) GET /gl/modules/board/m.skins/sketchbook5/js/imagesloaded.pkgd.min.js?20150511203533 HTTP/1.1" 200 6949 "http://www.realpano.net/gl/notice/43109" "Mozilla/5.0 (Linux; Android 6.0.1; Nexus 5X Build/MMB29P) AppleWebKit/537.36 (KHTML, like Gecko) Chrome/94.0.4606.61 Mobile Safari/537.36 (compatible; Googlebot/2.1; +http://www.google.com/bot.html)"
66.249.79.1 - - [03/Oct/2021:06:09:10 +0900] "www.realpano.net(US) GET /gl/modules/board/m.skins/sketchbook5/js/jquery.autogrowtextarea.min.js?20150511203533 HTTP/1.1" 200 1873 "http://www.realpano.net/gl/notice/43109" "Mozilla/5.0 (Linux; Android 6.0.1; Nexus 5X Build/MMB29P) AppleWebKit/537.36 (KHTML, like Gecko) Chrome/94.0.4606.61 Mobile Safari/537.36 (compatible; Googlebot/2.1; +http://www.google.com/bot.html)"
66.249.79.1 - - [03/Oct/2021:06:09:10 +0900] "www.realpano.net(US) GET /gl/modules/board/m.skins/sketchbook5/js/jquery.autogrowtextarea.min.js?20150511203533 HTTP/1.1" 200 1873 "http://www.realpano.net/gl/notice/43109" "Mozilla/5.0 (Linux; Android 6.0.1; Nexus 5X Build/MMB29P) AppleWebKit/537.36 (KHTML, like Gecko) Chrome/94.0.4606.61 Mobile Safari/537.36 (compatible; Googlebot/2.1; +http://www.google.com/bot.html)"
66.249.79.1 - - [03/Oct/2021:06:09:11 +0900] "www.realpano.net(US) GET /gl/modules/board/m.skins/sketchbook5/js/board.js?20150511203533 HTTP/1.1" 200 19198 "http://www.realpano.net/gl/notice/43109" "Mozilla/5.0 (Linux; Android 6.0.1; Nexus 5X Build/MMB29P) AppleWebKit/537.36 (KHTML, like Gecko) Chrome/94.0.4606.61 Mobile Safari/537.36 (compatible; Googlebot/2.1; +http://www.google.com/bot.html)"
66.249.79.1 - - [03/Oct/2021:06:09:11 +0900] "www.realpano.net(US) GET /gl/modules/board/m.skins/sketchbook5/js/board.js?20150511203533 HTTP/1.1" 200 19198 "http://www.realpano.net/gl/notice/43109" "Mozilla/5.0 (Linux; Android 6.0.1; Nexus 5X Build/MMB29P) AppleWebKit/537.36 (KHTML, like Gecko) Chrome/94.0.4606.61 Mobile Safari/537.36 (compatible; Googlebot/2.1; +http://www.google.com/bot.html)"
66.249.79.7 - - [03/Oct/2021:06:09:11 +0900] "www.realpano.net(US) GET /gl/modules/editor/skins/ckeditor/js/xe_textarea.js?20201113010715 HTTP/1.1" 200 1543 "http://www.realpano.net/gl/notice/43109" "Mozilla/5.0 (Linux; Android 6.0.1; Nexus 5X Build/MMB29P) AppleWebKit/537.36 (KHTML, like Gecko) Chrome/94.0.4606.61 Mobile Safari/537.36 (compatible; Googlebot/2.1; +http://www.google.com/bot.html)"
66.249.79.7 - - [03/Oct/2021:06:09:11 +0900] "www.realpano.net(US) GET /gl/modules/editor/skins/ckeditor/js/xe_textarea.js?20201113010715 HTTP/1.1" 200 1543 "http://www.realpano.net/gl/notice/43109" "Mozilla/5.0 (Linux; Android 6.0.1; Nexus 5X Build/MMB29P) AppleWebKit/537.36 (KHTML, like Gecko) Chrome/94.0.4606.61 Mobile Safari/537.36 (compatible; Googlebot/2.1; +http://www.google.com/bot.html)"
66.249.79.5 - - [03/Oct/2021:06:09:12 +0900] "www.realpano.net(US) GET /gl/modules/board/m.skins/sketchbook5/js/jquery.masonry.min.js?20150511203533 HTTP/1.1" 200 5483 "http://www.realpano.net/gl/notice/43109" "Mozilla/5.0 (Linux; Android 6.0.1; Nexus 5X Build/MMB29P) AppleWebKit/537.36 (KHTML, like Gecko) Chrome/94.0.4606.61 Mobile Safari/537.36 (compatible; Googlebot/2.1; +http://www.google.com/bot.html)"
66.249.79.5 - - [03/Oct/2021:06:09:12 +0900] "www.realpano.net(US) GET /gl/modules/board/m.skins/sketchbook5/js/jquery.masonry.min.js?20150511203533 HTTP/1.1" 200 5483 "http://www.realpano.net/gl/notice/43109" "Mozilla/5.0 (Linux; Android 6.0.1; Nexus 5X Build/MMB29P) AppleWebKit/537.36 (KHTML, like Gecko) Chrome/94.0.4606.61 Mobile Safari/537.36 (compatible; Googlebot/2.1; +http://www.google.com/bot.html)"
66.249.79.7 - - [03/Oct/2021:06:09:12 +0900] "www.realpano.net(US) GET /gl/modules/board/m.skins/sketchbook5/js/jquery.cookie.js?20150511203533 HTTP/1.1" 200 3121 "http://www.realpano.net/gl/notice/43109" "Mozilla/5.0 (Linux; Android 6.0.1; Nexus 5X Build/MMB29P) AppleWebKit/537.36 (KHTML, like Gecko) Chrome/94.0.4606.61 Mobile Safari/537.36 (compatible; Googlebot/2.1; +http://www.google.com/bot.html)"
66.249.79.7 - - [03/Oct/2021:06:09:12 +0900] "www.realpano.net(US) GET /gl/modules/board/m.skins/sketchbook5/js/jquery.cookie.js?20150511203533 HTTP/1.1" 200 3121 "http://www.realpano.net/gl/notice/43109" "Mozilla/5.0 (Linux; Android 6.0.1; Nexus 5X Build/MMB29P) AppleWebKit/537.36 (KHTML, like Gecko) Chrome/94.0.4606.61 Mobile Safari/537.36 (compatible; Googlebot/2.1; +http://www.google.com/bot.html)"
114.119.154.6 - - [03/Oct/2021:06:13:27 +0900] "realpano.net(SG) GET /gl/index.php?mid=human_vr&search_target=tag&search_keyword=%EB%B3%B4%EC%84%9D&category=3354&act=dispMemberSignUpForm HTTP/1.1" 403 199 "-" "Mozilla/5.0 (Linux; Android 7.0;) AppleWebKit/537.36 (KHTML, like Gecko) Mobile Safari/537.36 (compatible; PetalBot;+https://webmaster.petalsearch.com/site/petalbot)"
114.119.154.6 - - [03/Oct/2021:06:13:27 +0900] "realpano.net(SG) GET /gl/index.php?mid=human_vr&search_target=tag&search_keyword=%EB%B3%B4%EC%84%9D&category=3354&act=dispMemberSignUpForm HTTP/1.1" 403 199 "-" "Mozilla/5.0 (Linux; Android 7.0;) AppleWebKit/537.36 (KHTML, like Gecko) Mobile Safari/537.36 (compatible; PetalBot;+https://webmaster.petalsearch.com/site/petalbot)"
66.249.79.7 - - [03/Oct/2021:06:21:02 +0900] "www.realpano.net(US) GET /gl/files/thumbnails/678/044/90x90.crop.jpg HTTP/1.1" 200 9565 "-" "Googlebot-Image/1.0"
66.249.79.7 - - [03/Oct/2021:06:21:02 +0900] "www.realpano.net(US) GET /gl/files/thumbnails/678/044/90x90.crop.jpg HTTP/1.1" 200 9565 "-" "Googlebot-Image/1.0"
114.119.154.6 - - [03/Oct/2021:06:21:13 +0900] "realpano.net(SG) GET /gl/index.php?mid=human_vr&m=0&listStyle=gallery&sort_index=regdate&order_type=asc&search_target=tag&search_keyword=%EC%9E%90%EB%8F%99%EC%B0%A8&category=3353&division=-45271&last_division=0 HTTP/1.1" 403 199 "-" "Mozilla/5.0 (Linux; Android 7.0;) AppleWebKit/537.36 (KHTML, like Gecko) Mobile Safari/537.36 (compatible; PetalBot;+https://webmaster.petalsearch.com/site/petalbot)"
114.119.154.6 - - [03/Oct/2021:06:21:13 +0900] "realpano.net(SG) GET /gl/index.php?mid=human_vr&m=0&listStyle=gallery&sort_index=regdate&order_type=asc&search_target=tag&search_keyword=%EC%9E%90%EB%8F%99%EC%B0%A8&category=3353&division=-45271&last_division=0 HTTP/1.1" 403 199 "-" "Mozilla/5.0 (Linux; Android 7.0;) AppleWebKit/537.36 (KHTML, like Gecko) Mobile Safari/537.36 (compatible; PetalBot;+https://webmaster.petalsearch.com/site/petalbot)"
157.55.39.111 - - [03/Oct/2021:06:27:06 +0900] "realpano.net(US) GET /gl/45201 HTTP/2.0" 404 196 "-" "Mozilla/5.0 (compatible; bingbot/2.0; +http://www.bing.com/bingbot.htm)"
157.55.39.111 - - [03/Oct/2021:06:27:06 +0900] "realpano.net(US) GET /gl/45201 HTTP/2.0" 404 196 "-" "Mozilla/5.0 (compatible; bingbot/2.0; +http://www.bing.com/bingbot.htm)"
114.119.154.67 - - [03/Oct/2021:06:29:36 +0900] "realpano.net(SG) GET /gl/index.php?mid=human_vr&listStyle=list&m=0&sort_index=title&order_type=asc&page=1&search_target=tag&search_keyword=%EA%B4%80%EA%B4%91%EC%A7%80&division=-45271&last_division=0 HTTP/1.1" 403 199 "-" "Mozilla/5.0 (Linux; Android 7.0;) AppleWebKit/537.36 (KHTML, like Gecko) Mobile Safari/537.36 (compatible; PetalBot;+https://webmaster.petalsearch.com/site/petalbot)"
114.119.154.67 - - [03/Oct/2021:06:29:36 +0900] "realpano.net(SG) GET /gl/index.php?mid=human_vr&listStyle=list&m=0&sort_index=title&order_type=asc&page=1&search_target=tag&search_keyword=%EA%B4%80%EA%B4%91%EC%A7%80&division=-45271&last_division=0 HTTP/1.1" 403 199 "-" "Mozilla/5.0 (Linux; Android 7.0;) AppleWebKit/537.36 (KHTML, like Gecko) Mobile Safari/537.36 (compatible; PetalBot;+https://webmaster.petalsearch.com/site/petalbot)"
114.119.154.41 - - [03/Oct/2021:06:38:50 +0900] "realpano.net(SG) GET /gl/index.php?mid=human_vr&m=1&category=3356&listStyle=gallery&order_type=desc&sort_index=title HTTP/1.1" 403 199 "-" "Mozilla/5.0 (Linux; Android 7.0;) AppleWebKit/537.36 (KHTML, like Gecko) Mobile Safari/537.36 (compatible; PetalBot;+https://webmaster.petalsearch.com/site/petalbot)"
114.119.154.41 - - [03/Oct/2021:06:38:50 +0900] "realpano.net(SG) GET /gl/index.php?mid=human_vr&m=1&category=3356&listStyle=gallery&order_type=desc&sort_index=title HTTP/1.1" 403 199 "-" "Mozilla/5.0 (Linux; Android 7.0;) AppleWebKit/537.36 (KHTML, like Gecko) Mobile Safari/537.36 (compatible; PetalBot;+https://webmaster.petalsearch.com/site/petalbot)"
157.55.39.20 - - [03/Oct/2021:06:46:50 +0900] "www.realpano.net(US) GET / HTTP/1.1" 200 64 "-" "Mozilla/5.0 (compatible; bingbot/2.0; +http://www.bing.com/bingbot.htm)"
157.55.39.20 - - [03/Oct/2021:06:46:50 +0900] "www.realpano.net(US) GET / HTTP/1.1" 200 64 "-" "Mozilla/5.0 (compatible; bingbot/2.0; +http://www.bing.com/bingbot.htm)"
114.119.154.26 - - [03/Oct/2021:06:48:23 +0900] "realpano.net(SG) GET /gl/index.php?mid=human_vr&m=1&category=3348&listStyle=viewer&search_target=tag&search_keyword=%EC%A4%91%EA%B5%AC%EC%B2%AD&division=-45271&last_division=0 HTTP/1.1" 403 199 "-" "Mozilla/5.0 (Linux; Android 7.0;) AppleWebKit/537.36 (KHTML, like Gecko) Mobile Safari/537.36 (compatible; PetalBot;+https://webmaster.petalsearch.com/site/petalbot)"
114.119.154.26 - - [03/Oct/2021:06:48:23 +0900] "realpano.net(SG) GET /gl/index.php?mid=human_vr&m=1&category=3348&listStyle=viewer&search_target=tag&search_keyword=%EC%A4%91%EA%B5%AC%EC%B2%AD&division=-45271&last_division=0 HTTP/1.1" 403 199 "-" "Mozilla/5.0 (Linux; Android 7.0;) AppleWebKit/537.36 (KHTML, like Gecko) Mobile Safari/537.36 (compatible; PetalBot;+https://webmaster.petalsearch.com/site/petalbot)"
114.119.154.39 - - [03/Oct/2021:06:58:18 +0900] "realpano.net(SG) GET /gl/index.php?mid=human_vr&m=0&listStyle=list&order_type=asc&sort_index=regdate&category=3356 HTTP/1.1" 403 199 "-" "Mozilla/5.0 (Linux; Android 7.0;) AppleWebKit/537.36 (KHTML, like Gecko) Mobile Safari/537.36 (compatible; PetalBot;+https://webmaster.petalsearch.com/site/petalbot)"
114.119.154.39 - - [03/Oct/2021:06:58:18 +0900] "realpano.net(SG) GET /gl/index.php?mid=human_vr&m=0&listStyle=list&order_type=asc&sort_index=regdate&category=3356 HTTP/1.1" 403 199 "-" "Mozilla/5.0 (Linux; Android 7.0;) AppleWebKit/537.36 (KHTML, like Gecko) Mobile Safari/537.36 (compatible; PetalBot;+https://webmaster.petalsearch.com/site/petalbot)"
114.119.154.41 - - [03/Oct/2021:07:08:14 +0900] "realpano.net(SG) GET /gl/index.php?mid=human_vr&category=3357&m=0&listStyle=list&document_srl=44128&sort_index=readed_count&order_type=desc HTTP/1.1" 403 199 "-" "Mozilla/5.0 (Linux; Android 7.0;) AppleWebKit/537.36 (KHTML, like Gecko) Mobile Safari/537.36 (compatible; PetalBot;+https://webmaster.petalsearch.com/site/petalbot)"
114.119.154.41 - - [03/Oct/2021:07:08:14 +0900] "realpano.net(SG) GET /gl/index.php?mid=human_vr&category=3357&m=0&listStyle=list&document_srl=44128&sort_index=readed_count&order_type=desc HTTP/1.1" 403 199 "-" "Mozilla/5.0 (Linux; Android 7.0;) AppleWebKit/537.36 (KHTML, like Gecko) Mobile Safari/537.36 (compatible; PetalBot;+https://webmaster.petalsearch.com/site/petalbot)"
40.77.167.46 - - [03/Oct/2021:07:14:23 +0900] "realpano.net(US) GET /robots.txt HTTP/2.0" 404 196 "-" "Mozilla/5.0 (compatible; bingbot/2.0; +http://www.bing.com/bingbot.htm)"
40.77.167.46 - - [03/Oct/2021:07:14:23 +0900] "realpano.net(US) GET /robots.txt HTTP/2.0" 404 196 "-" "Mozilla/5.0 (compatible; bingbot/2.0; +http://www.bing.com/bingbot.htm)"
40.77.167.46 - - [03/Oct/2021:07:14:24 +0900] "realpano.net(US) GET /robots.txt HTTP/2.0" 404 196 "-" "Mozilla/5.0 (compatible; bingbot/2.0; +http://www.bing.com/bingbot.htm)"
40.77.167.46 - - [03/Oct/2021:07:14:24 +0900] "realpano.net(US) GET /robots.txt HTTP/2.0" 404 196 "-" "Mozilla/5.0 (compatible; bingbot/2.0; +http://www.bing.com/bingbot.htm)"
207.46.13.95 - - [03/Oct/2021:07:14:27 +0900] "realpano.net(US) GET / HTTP/2.0" 200 687 "-" "Mozilla/5.0 (compatible; bingbot/2.0; +http://www.bing.com/bingbot.htm)"
207.46.13.95 - - [03/Oct/2021:07:14:27 +0900] "realpano.net(US) GET / HTTP/2.0" 200 687 "-" "Mozilla/5.0 (compatible; bingbot/2.0; +http://www.bing.com/bingbot.htm)"
114.119.154.30 - - [03/Oct/2021:07:18:13 +0900] "realpano.net(SG) GET /gl/index.php?mid=human_vr&m=1&listStyle=viewer&search_target=tag&search_keyword=%ED%94%BC%EB%B6%80%EA%B4%80%EB%A6%AC%EC%8B%A4&category=3350&division=-45271&last_division=0 HTTP/1.1" 403 199 "-" "Mozilla/5.0 (Linux; Android 7.0;) AppleWebKit/537.36 (KHTML, like Gecko) Mobile Safari/537.36 (compatible; PetalBot;+https://webmaster.petalsearch.com/site/petalbot)"
114.119.154.30 - - [03/Oct/2021:07:18:13 +0900] "realpano.net(SG) GET /gl/index.php?mid=human_vr&m=1&listStyle=viewer&search_target=tag&search_keyword=%ED%94%BC%EB%B6%80%EA%B4%80%EB%A6%AC%EC%8B%A4&category=3350&division=-45271&last_division=0 HTTP/1.1" 403 199 "-" "Mozilla/5.0 (Linux; Android 7.0;) AppleWebKit/537.36 (KHTML, like Gecko) Mobile Safari/537.36 (compatible; PetalBot;+https://webmaster.petalsearch.com/site/petalbot)"
114.119.146.117 - - [03/Oct/2021:07:26:29 +0900] "realpano.net(SG) GET /robots.txt HTTP/1.1" 403 199 "-" "Mozilla/5.0 (compatible;PetalBot;+https://webmaster.petalsearch.com/site/petalbot)"
114.119.146.117 - - [03/Oct/2021:07:26:29 +0900] "realpano.net(SG) GET /robots.txt HTTP/1.1" 403 199 "-" "Mozilla/5.0 (compatible;PetalBot;+https://webmaster.petalsearch.com/site/petalbot)"
114.119.154.26 - - [03/Oct/2021:07:36:56 +0900] "realpano.net(SG) GET /gl/index.php?mid=human_vr&m=0&search_target=tag&search_keyword=%EC%98%88%EC%8B%9D%EC%9E%A5&category=3339 HTTP/1.1" 403 199 "-" "Mozilla/5.0 (Linux; Android 7.0;) AppleWebKit/537.36 (KHTML, like Gecko) Mobile Safari/537.36 (compatible; PetalBot;+https://webmaster.petalsearch.com/site/petalbot)"
114.119.154.26 - - [03/Oct/2021:07:36:56 +0900] "realpano.net(SG) GET /gl/index.php?mid=human_vr&m=0&search_target=tag&search_keyword=%EC%98%88%EC%8B%9D%EC%9E%A5&category=3339 HTTP/1.1" 403 199 "-" "Mozilla/5.0 (Linux; Android 7.0;) AppleWebKit/537.36 (KHTML, like Gecko) Mobile Safari/537.36 (compatible; PetalBot;+https://webmaster.petalsearch.com/site/petalbot)"
92.62.243.132 - - [03/Oct/2021:07:39:14 +0900] "realpano.net(BG) GET / HTTP/1.1" 200 64 "-" "Mozilla/5.0 (Windows NT 10.0; Win64; x64) AppleWebKit/537.36 (KHTML, like Gecko) Chrome/85.0.4183.121 Safari/537.36"
92.62.243.132 - - [03/Oct/2021:07:39:14 +0900] "realpano.net(BG) GET / HTTP/1.1" 200 64 "-" "Mozilla/5.0 (Windows NT 10.0; Win64; x64) AppleWebKit/537.36 (KHTML, like Gecko) Chrome/85.0.4183.121 Safari/537.36"
91.241.19.243 - - [03/Oct/2021:07:40:00 +0900] "realpano.net(RU) GET / HTTP/1.1" 200 64 "-" "Mozilla/5.0 (Windows NT 6.1; WOW64) AppleWebKit/537.1 (KHTML, like Gecko) Chrome/22.0.1207.1 Safari/537.1"
91.241.19.243 - - [03/Oct/2021:07:40:00 +0900] "realpano.net(RU) GET / HTTP/1.1" 200 64 "-" "Mozilla/5.0 (Windows NT 6.1; WOW64) AppleWebKit/537.1 (KHTML, like Gecko) Chrome/22.0.1207.1 Safari/537.1"
66.249.68.58 - - [03/Oct/2021:07:41:19 +0900] "realpano.net(US) GET /gl/files/thumbnails/179/004/90x90.crop.jpg?20140814203218 HTTP/1.1" 404 196 "-" "Googlebot-Image/1.0"
66.249.68.58 - - [03/Oct/2021:07:41:19 +0900] "realpano.net(US) GET /gl/files/thumbnails/179/004/90x90.crop.jpg?20140814203218 HTTP/1.1" 404 196 "-" "Googlebot-Image/1.0"
114.119.154.39 - - [03/Oct/2021:07:47:28 +0900] "realpano.net(SG) GET /gl/index.php?mid=human_vr&listStyle=gallery&m=1&sort_index=regdate&order_type=desc&category=3342&page=3&search_target=tag&search_keyword=%EB%B2%A0%EC%9D%B4%EC%BB%A4%EB%A6%AC HTTP/1.1" 403 199 "-" "Mozilla/5.0 (Linux; Android 7.0;) AppleWebKit/537.36 (KHTML, like Gecko) Mobile Safari/537.36 (compatible; PetalBot;+https://webmaster.petalsearch.com/site/petalbot)"
114.119.154.39 - - [03/Oct/2021:07:47:28 +0900] "realpano.net(SG) GET /gl/index.php?mid=human_vr&listStyle=gallery&m=1&sort_index=regdate&order_type=desc&category=3342&page=3&search_target=tag&search_keyword=%EB%B2%A0%EC%9D%B4%EC%BB%A4%EB%A6%AC HTTP/1.1" 403 199 "-" "Mozilla/5.0 (Linux; Android 7.0;) AppleWebKit/537.36 (KHTML, like Gecko) Mobile Safari/537.36 (compatible; PetalBot;+https://webmaster.petalsearch.com/site/petalbot)"
207.46.13.70 - - [03/Oct/2021:07:53:10 +0900] "www.realpano.net(US) GET /gl/company1 HTTP/1.1" 200 18052 "-" "Mozilla/5.0 (compatible; bingbot/2.0; +http://www.bing.com/bingbot.htm)"
207.46.13.70 - - [03/Oct/2021:07:53:10 +0900] "www.realpano.net(US) GET /gl/company1 HTTP/1.1" 200 18052 "-" "Mozilla/5.0 (compatible; bingbot/2.0; +http://www.bing.com/bingbot.htm)"
114.119.154.67 - - [03/Oct/2021:07:58:24 +0900] "realpano.net(SG) GET /gl/index.php?mid=human_vr&listStyle=viewer&page=6&document_srl=44128&m=0 HTTP/1.1" 403 199 "-" "Mozilla/5.0 (Linux; Android 7.0;) AppleWebKit/537.36 (KHTML, like Gecko) Mobile Safari/537.36 (compatible; PetalBot;+https://webmaster.petalsearch.com/site/petalbot)"
114.119.154.67 - - [03/Oct/2021:07:58:24 +0900] "realpano.net(SG) GET /gl/index.php?mid=human_vr&listStyle=viewer&page=6&document_srl=44128&m=0 HTTP/1.1" 403 199 "-" "Mozilla/5.0 (Linux; Android 7.0;) AppleWebKit/537.36 (KHTML, like Gecko) Mobile Safari/537.36 (compatible; PetalBot;+https://webmaster.petalsearch.com/site/petalbot)"
66.249.68.58 - - [03/Oct/2021:08:00:00 +0900] "realpano.net(US) GET /gl/files/thumbnails/182/004/204x102.crop.jpg?20140501200001 HTTP/1.1" 404 196 "-" "Googlebot-Image/1.0"
66.249.68.58 - - [03/Oct/2021:08:00:00 +0900] "realpano.net(US) GET /gl/files/thumbnails/182/004/204x102.crop.jpg?20140501200001 HTTP/1.1" 404 196 "-" "Googlebot-Image/1.0"
66.249.79.7 - - [03/Oct/2021:08:02:52 +0900] "www.realpano.net(US) GET /gl/index.php?listStyle=webzine&mid=human_vr&order_type=desc&sort_index=type&document_srl=4161 HTTP/1.1" 200 60525 "-" "Mozilla/5.0 (Linux; Android 6.0.1; Nexus 5X Build/MMB29P) AppleWebKit/537.36 (KHTML, like Gecko) Chrome/94.0.4606.61 Mobile Safari/537.36 (compatible; Googlebot/2.1; +http://www.google.com/bot.html)"
66.249.79.7 - - [03/Oct/2021:08:02:52 +0900] "www.realpano.net(US) GET /gl/index.php?listStyle=webzine&mid=human_vr&order_type=desc&sort_index=type&document_srl=4161 HTTP/1.1" 200 60525 "-" "Mozilla/5.0 (Linux; Android 6.0.1; Nexus 5X Build/MMB29P) AppleWebKit/537.36 (KHTML, like Gecko) Chrome/94.0.4606.61 Mobile Safari/537.36 (compatible; Googlebot/2.1; +http://www.google.com/bot.html)"
114.119.154.6 - - [03/Oct/2021:08:07:12 +0900] "realpano.net(SG) GET /gl/index.php?mid=human_vr&category=3342&m=1&listStyle=gallery&document_srl=45237 HTTP/1.1" 403 199 "-" "Mozilla/5.0 (Linux; Android 7.0;) AppleWebKit/537.36 (KHTML, like Gecko) Mobile Safari/537.36 (compatible; PetalBot;+https://webmaster.petalsearch.com/site/petalbot)"
114.119.154.6 - - [03/Oct/2021:08:07:12 +0900] "realpano.net(SG) GET /gl/index.php?mid=human_vr&category=3342&m=1&listStyle=gallery&document_srl=45237 HTTP/1.1" 403 199 "-" "Mozilla/5.0 (Linux; Android 7.0;) AppleWebKit/537.36 (KHTML, like Gecko) Mobile Safari/537.36 (compatible; PetalBot;+https://webmaster.petalsearch.com/site/petalbot)"
114.119.154.30 - - [03/Oct/2021:08:14:06 +0900] "realpano.net(SG) GET /gl/index.php?mid=human_vr&search_target=tag&search_keyword=%ED%83%80%EC%98%AC&category=3343&m=1 HTTP/1.1" 403 199 "-" "Mozilla/5.0 (Linux; Android 7.0;) AppleWebKit/537.36 (KHTML, like Gecko) Mobile Safari/537.36 (compatible; PetalBot;+https://webmaster.petalsearch.com/site/petalbot)"
114.119.154.30 - - [03/Oct/2021:08:14:06 +0900] "realpano.net(SG) GET /gl/index.php?mid=human_vr&search_target=tag&search_keyword=%ED%83%80%EC%98%AC&category=3343&m=1 HTTP/1.1" 403 199 "-" "Mozilla/5.0 (Linux; Android 7.0;) AppleWebKit/537.36 (KHTML, like Gecko) Mobile Safari/537.36 (compatible; PetalBot;+https://webmaster.petalsearch.com/site/petalbot)"
114.119.154.26 - - [03/Oct/2021:08:20:54 +0900] "realpano.net(SG) GET /gl/index.php?mid=human_vr&listStyle=list&document_srl=45265&m=1 HTTP/1.1" 403 199 "-" "Mozilla/5.0 (Linux; Android 7.0;) AppleWebKit/537.36 (KHTML, like Gecko) Mobile Safari/537.36 (compatible; PetalBot;+https://webmaster.petalsearch.com/site/petalbot)"
114.119.154.26 - - [03/Oct/2021:08:20:54 +0900] "realpano.net(SG) GET /gl/index.php?mid=human_vr&listStyle=list&document_srl=45265&m=1 HTTP/1.1" 403 199 "-" "Mozilla/5.0 (Linux; Android 7.0;) AppleWebKit/537.36 (KHTML, like Gecko) Mobile Safari/537.36 (compatible; PetalBot;+https://webmaster.petalsearch.com/site/petalbot)"
66.249.79.1 - - [03/Oct/2021:08:21:04 +0900] "www.realpano.net(US) GET /gl/m.layouts/xenara_mlayout_realpano/css/style_sub.css?20150423195546 HTTP/1.1" 200 1825 "http://www.realpano.net/gl/index.php?listStyle=webzine&mid=human_vr&order_type=desc&sort_index=type&document_srl=4161" "Mozilla/5.0 (Linux; Android 6.0.1; Nexus 5X Build/MMB29P) AppleWebKit/537.36 (KHTML, like Gecko) Chrome/94.0.4606.61 Mobile Safari/537.36 (compatible; Googlebot/2.1; +http://www.google.com/bot.html)"
66.249.79.1 - - [03/Oct/2021:08:21:04 +0900] "www.realpano.net(US) GET /gl/m.layouts/xenara_mlayout_realpano/css/style_sub.css?20150423195546 HTTP/1.1" 200 1825 "http://www.realpano.net/gl/index.php?listStyle=webzine&mid=human_vr&order_type=desc&sort_index=type&document_srl=4161" "Mozilla/5.0 (Linux; Android 6.0.1; Nexus 5X Build/MMB29P) AppleWebKit/537.36 (KHTML, like Gecko) Chrome/94.0.4606.61 Mobile Safari/537.36 (compatible; Googlebot/2.1; +http://www.google.com/bot.html)"
66.249.79.7 - - [03/Oct/2021:08:21:05 +0900] "www.realpano.net(US) GET /gl/m.layouts/xenara_mlayout_realpano/js/bxslider/plugins/jquery.easing.1.3.js?20140528195909 HTTP/1.1" 200 8097 "http://www.realpano.net/gl/index.php?listStyle=webzine&mid=human_vr&order_type=desc&sort_index=type&document_srl=4161" "Mozilla/5.0 (Linux; Android 6.0.1; Nexus 5X Build/MMB29P) AppleWebKit/537.36 (KHTML, like Gecko) Chrome/94.0.4606.61 Mobile Safari/537.36 (compatible; Googlebot/2.1; +http://www.google.com/bot.html)"
66.249.79.7 - - [03/Oct/2021:08:21:05 +0900] "www.realpano.net(US) GET /gl/m.layouts/xenara_mlayout_realpano/js/bxslider/plugins/jquery.easing.1.3.js?20140528195909 HTTP/1.1" 200 8097 "http://www.realpano.net/gl/index.php?listStyle=webzine&mid=human_vr&order_type=desc&sort_index=type&document_srl=4161" "Mozilla/5.0 (Linux; Android 6.0.1; Nexus 5X Build/MMB29P) AppleWebKit/537.36 (KHTML, like Gecko) Chrome/94.0.4606.61 Mobile Safari/537.36 (compatible; Googlebot/2.1; +http://www.google.com/bot.html)"
66.249.79.1 - - [03/Oct/2021:08:21:05 +0900] "www.realpano.net(US) GET /gl/modules/board/m.skins/mboard_zaggumedia_portfolio_realpano/css/board.css?20140530184119 HTTP/1.1" 200 62046 "http://www.realpano.net/gl/index.php?listStyle=webzine&mid=human_vr&order_type=desc&sort_index=type&document_srl=4161" "Mozilla/5.0 (Linux; Android 6.0.1; Nexus 5X Build/MMB29P) AppleWebKit/537.36 (KHTML, like Gecko) Chrome/94.0.4606.61 Mobile Safari/537.36 (compatible; Googlebot/2.1; +http://www.google.com/bot.html)"
66.249.79.1 - - [03/Oct/2021:08:21:05 +0900] "www.realpano.net(US) GET /gl/modules/board/m.skins/mboard_zaggumedia_portfolio_realpano/css/board.css?20140530184119 HTTP/1.1" 200 62046 "http://www.realpano.net/gl/index.php?listStyle=webzine&mid=human_vr&order_type=desc&sort_index=type&document_srl=4161" "Mozilla/5.0 (Linux; Android 6.0.1; Nexus 5X Build/MMB29P) AppleWebKit/537.36 (KHTML, like Gecko) Chrome/94.0.4606.61 Mobile Safari/537.36 (compatible; Googlebot/2.1; +http://www.google.com/bot.html)"
66.249.79.1 - - [03/Oct/2021:08:21:05 +0900] "www.realpano.net(US) GET /gl/modules/board/m.skins/mboard_zaggumedia_portfolio_realpano/css/board_custom.css?20170120181311 HTTP/1.1" 200 3381 "http://www.realpano.net/gl/index.php?listStyle=webzine&mid=human_vr&order_type=desc&sort_index=type&document_srl=4161" "Mozilla/5.0 (Linux; Android 6.0.1; Nexus 5X Build/MMB29P) AppleWebKit/537.36 (KHTML, like Gecko) Chrome/94.0.4606.61 Mobile Safari/537.36 (compatible; Googlebot/2.1; +http://www.google.com/bot.html)"
66.249.79.1 - - [03/Oct/2021:08:21:05 +0900] "www.realpano.net(US) GET /gl/modules/board/m.skins/mboard_zaggumedia_portfolio_realpano/css/board_custom.css?20170120181311 HTTP/1.1" 200 3381 "http://www.realpano.net/gl/index.php?listStyle=webzine&mid=human_vr&order_type=desc&sort_index=type&document_srl=4161" "Mozilla/5.0 (Linux; Android 6.0.1; Nexus 5X Build/MMB29P) AppleWebKit/537.36 (KHTML, like Gecko) Chrome/94.0.4606.61 Mobile Safari/537.36 (compatible; Googlebot/2.1; +http://www.google.com/bot.html)"
66.249.79.1 - - [03/Oct/2021:08:21:06 +0900] "www.realpano.net(US) GET /gl/m.layouts/xenara_mlayout_realpano/js/mmenu/css/extensions/jquery.mmenu.effects.css?20150420190316 HTTP/1.1" 200 7531 "http://www.realpano.net/gl/index.php?listStyle=webzine&mid=human_vr&order_type=desc&sort_index=type&document_srl=4161" "Mozilla/5.0 (Linux; Android 6.0.1; Nexus 5X Build/MMB29P) AppleWebKit/537.36 (KHTML, like Gecko) Chrome/94.0.4606.61 Mobile Safari/537.36 (compatible; Googlebot/2.1; +http://www.google.com/bot.html)"
66.249.79.1 - - [03/Oct/2021:08:21:06 +0900] "www.realpano.net(US) GET /gl/m.layouts/xenara_mlayout_realpano/js/mmenu/css/extensions/jquery.mmenu.effects.css?20150420190316 HTTP/1.1" 200 7531 "http://www.realpano.net/gl/index.php?listStyle=webzine&mid=human_vr&order_type=desc&sort_index=type&document_srl=4161" "Mozilla/5.0 (Linux; Android 6.0.1; Nexus 5X Build/MMB29P) AppleWebKit/537.36 (KHTML, like Gecko) Chrome/94.0.4606.61 Mobile Safari/537.36 (compatible; Googlebot/2.1; +http://www.google.com/bot.html)"
66.249.79.5 - - [03/Oct/2021:08:21:06 +0900] "www.realpano.net(US) GET /gl/m.layouts/xenara_mlayout_realpano/css/style.css?20150619165132 HTTP/1.1" 200 7210 "http://www.realpano.net/gl/index.php?listStyle=webzine&mid=human_vr&order_type=desc&sort_index=type&document_srl=4161" "Mozilla/5.0 (Linux; Android 6.0.1; Nexus 5X Build/MMB29P) AppleWebKit/537.36 (KHTML, like Gecko) Chrome/94.0.4606.61 Mobile Safari/537.36 (compatible; Googlebot/2.1; +http://www.google.com/bot.html)"
66.249.79.5 - - [03/Oct/2021:08:21:06 +0900] "www.realpano.net(US) GET /gl/m.layouts/xenara_mlayout_realpano/css/style.css?20150619165132 HTTP/1.1" 200 7210 "http://www.realpano.net/gl/index.php?listStyle=webzine&mid=human_vr&order_type=desc&sort_index=type&document_srl=4161" "Mozilla/5.0 (Linux; Android 6.0.1; Nexus 5X Build/MMB29P) AppleWebKit/537.36 (KHTML, like Gecko) Chrome/94.0.4606.61 Mobile Safari/537.36 (compatible; Googlebot/2.1; +http://www.google.com/bot.html)"
66.249.79.5 - - [03/Oct/2021:08:21:07 +0900] "www.realpano.net(US) GET /gl/m.layouts/xenara_mlayout_realpano/js/bxslider/jquery.bxslider.min.js?20140528195909 HTTP/1.1" 200 19359 "http://www.realpano.net/gl/index.php?listStyle=webzine&mid=human_vr&order_type=desc&sort_index=type&document_srl=4161" "Mozilla/5.0 (Linux; Android 6.0.1; Nexus 5X Build/MMB29P) AppleWebKit/537.36 (KHTML, like Gecko) Chrome/94.0.4606.61 Mobile Safari/537.36 (compatible; Googlebot/2.1; +http://www.google.com/bot.html)"
66.249.79.5 - - [03/Oct/2021:08:21:07 +0900] "www.realpano.net(US) GET /gl/m.layouts/xenara_mlayout_realpano/js/bxslider/jquery.bxslider.min.js?20140528195909 HTTP/1.1" 200 19359 "http://www.realpano.net/gl/index.php?listStyle=webzine&mid=human_vr&order_type=desc&sort_index=type&document_srl=4161" "Mozilla/5.0 (Linux; Android 6.0.1; Nexus 5X Build/MMB29P) AppleWebKit/537.36 (KHTML, like Gecko) Chrome/94.0.4606.61 Mobile Safari/537.36 (compatible; Googlebot/2.1; +http://www.google.com/bot.html)"
66.249.79.5 - - [03/Oct/2021:08:21:07 +0900] "www.realpano.net(US) GET /home1/realpano/public_html/html/gl/m.layouts/xenara_mlayout_realpano/js/mmenu/css/extensions/jquery.mmenu.ie8.css HTTP/1.1" 404 196 "http://www.realpano.net/gl/index.php?listStyle=webzine&mid=human_vr&order_type=desc&sort_index=type&document_srl=4161" "Mozilla/5.0 (Linux; Android 6.0.1; Nexus 5X Build/MMB29P) AppleWebKit/537.36 (KHTML, like Gecko) Chrome/94.0.4606.61 Mobile Safari/537.36 (compatible; Googlebot/2.1; +http://www.google.com/bot.html)"
66.249.79.5 - - [03/Oct/2021:08:21:07 +0900] "www.realpano.net(US) GET /home1/realpano/public_html/html/gl/m.layouts/xenara_mlayout_realpano/js/mmenu/css/extensions/jquery.mmenu.ie8.css HTTP/1.1" 404 196 "http://www.realpano.net/gl/index.php?listStyle=webzine&mid=human_vr&order_type=desc&sort_index=type&document_srl=4161" "Mozilla/5.0 (Linux; Android 6.0.1; Nexus 5X Build/MMB29P) AppleWebKit/537.36 (KHTML, like Gecko) Chrome/94.0.4606.61 Mobile Safari/537.36 (compatible; Googlebot/2.1; +http://www.google.com/bot.html)"
66.249.79.1 - - [03/Oct/2021:08:21:08 +0900] "www.realpano.net(US) GET /gl/m.layouts/xenara_mlayout_realpano/css/style_font.css?20140528195908 HTTP/1.1" 200 277 "http://www.realpano.net/gl/index.php?listStyle=webzine&mid=human_vr&order_type=desc&sort_index=type&document_srl=4161" "Mozilla/5.0 (Linux; Android 6.0.1; Nexus 5X Build/MMB29P) AppleWebKit/537.36 (KHTML, like Gecko) Chrome/94.0.4606.61 Mobile Safari/537.36 (compatible; Googlebot/2.1; +http://www.google.com/bot.html)"
66.249.79.1 - - [03/Oct/2021:08:21:08 +0900] "www.realpano.net(US) GET /gl/m.layouts/xenara_mlayout_realpano/css/style_font.css?20140528195908 HTTP/1.1" 200 277 "http://www.realpano.net/gl/index.php?listStyle=webzine&mid=human_vr&order_type=desc&sort_index=type&document_srl=4161" "Mozilla/5.0 (Linux; Android 6.0.1; Nexus 5X Build/MMB29P) AppleWebKit/537.36 (KHTML, like Gecko) Chrome/94.0.4606.61 Mobile Safari/537.36 (compatible; Googlebot/2.1; +http://www.google.com/bot.html)"
66.249.79.5 - - [03/Oct/2021:08:21:08 +0900] "www.realpano.net(US) GET /gl/modules/board/m.skins/mboard_zaggumedia_portfolio_realpano/js/board.js?20140530184123 HTTP/1.1" 200 20317 "http://www.realpano.net/gl/index.php?listStyle=webzine&mid=human_vr&order_type=desc&sort_index=type&document_srl=4161" "Mozilla/5.0 (Linux; Android 6.0.1; Nexus 5X Build/MMB29P) AppleWebKit/537.36 (KHTML, like Gecko) Chrome/94.0.4606.61 Mobile Safari/537.36 (compatible; Googlebot/2.1; +http://www.google.com/bot.html)"
66.249.79.5 - - [03/Oct/2021:08:21:08 +0900] "www.realpano.net(US) GET /gl/modules/board/m.skins/mboard_zaggumedia_portfolio_realpano/js/board.js?20140530184123 HTTP/1.1" 200 20317 "http://www.realpano.net/gl/index.php?listStyle=webzine&mid=human_vr&order_type=desc&sort_index=type&document_srl=4161" "Mozilla/5.0 (Linux; Android 6.0.1; Nexus 5X Build/MMB29P) AppleWebKit/537.36 (KHTML, like Gecko) Chrome/94.0.4606.61 Mobile Safari/537.36 (compatible; Googlebot/2.1; +http://www.google.com/bot.html)"
66.249.68.58 - - [03/Oct/2021:08:25:00 +0900] "realpano.net(US) GET /gl/pvr1 HTTP/1.1" 404 196 "-" "Mozilla/5.0 (compatible; Googlebot/2.1; +http://www.google.com/bot.html)"
66.249.68.58 - - [03/Oct/2021:08:25:00 +0900] "realpano.net(US) GET /gl/pvr1 HTTP/1.1" 404 196 "-" "Mozilla/5.0 (compatible; Googlebot/2.1; +http://www.google.com/bot.html)"
114.119.154.26 - - [03/Oct/2021:08:27:22 +0900] "realpano.net(SG) GET /gl/index.php?mid=human_vr&m=0&listStyle=list&document_srl=3843&sort_index=readed_count&order_type=desc&act=dispMemberSignUpForm HTTP/1.1" 403 199 "-" "Mozilla/5.0 (Linux; Android 7.0;) AppleWebKit/537.36 (KHTML, like Gecko) Mobile Safari/537.36 (compatible; PetalBot;+https://webmaster.petalsearch.com/site/petalbot)"
114.119.154.26 - - [03/Oct/2021:08:27:22 +0900] "realpano.net(SG) GET /gl/index.php?mid=human_vr&m=0&listStyle=list&document_srl=3843&sort_index=readed_count&order_type=desc&act=dispMemberSignUpForm HTTP/1.1" 403 199 "-" "Mozilla/5.0 (Linux; Android 7.0;) AppleWebKit/537.36 (KHTML, like Gecko) Mobile Safari/537.36 (compatible; PetalBot;+https://webmaster.petalsearch.com/site/petalbot)"
114.119.154.41 - - [03/Oct/2021:08:34:02 +0900] "realpano.net(SG) GET /gl/index.php?mid=human_vr&category=3356&m=0&listStyle=list&search_target=tag&search_keyword=%EC%9B%A8%EB%94%A9%ED%99%80&sort_index=title&order_type=desc&division=-45271&last_division=0 HTTP/1.1" 403 199 "-" "Mozilla/5.0 (Linux; Android 7.0;) AppleWebKit/537.36 (KHTML, like Gecko) Mobile Safari/537.36 (compatible; PetalBot;+https://webmaster.petalsearch.com/site/petalbot)"
114.119.154.41 - - [03/Oct/2021:08:34:02 +0900] "realpano.net(SG) GET /gl/index.php?mid=human_vr&category=3356&m=0&listStyle=list&search_target=tag&search_keyword=%EC%9B%A8%EB%94%A9%ED%99%80&sort_index=title&order_type=desc&division=-45271&last_division=0 HTTP/1.1" 403 199 "-" "Mozilla/5.0 (Linux; Android 7.0;) AppleWebKit/537.36 (KHTML, like Gecko) Mobile Safari/537.36 (compatible; PetalBot;+https://webmaster.petalsearch.com/site/petalbot)"
66.249.68.56 - - [03/Oct/2021:08:35:13 +0900] "realpano.net(US) GET /gl/pvr1 HTTP/1.1" 404 196 "-" "Mozilla/5.0 (Linux; Android 6.0.1; Nexus 5X Build/MMB29P) AppleWebKit/537.36 (KHTML, like Gecko) Chrome/94.0.4606.61 Mobile Safari/537.36 (compatible; Googlebot/2.1; +http://www.google.com/bot.html)"
66.249.68.56 - - [03/Oct/2021:08:35:13 +0900] "realpano.net(US) GET /gl/pvr1 HTTP/1.1" 404 196 "-" "Mozilla/5.0 (Linux; Android 6.0.1; Nexus 5X Build/MMB29P) AppleWebKit/537.36 (KHTML, like Gecko) Chrome/94.0.4606.61 Mobile Safari/537.36 (compatible; Googlebot/2.1; +http://www.google.com/bot.html)"
66.249.79.5 - - [03/Oct/2021:08:37:36 +0900] "www.realpano.net(US) GET /home1/realpano/public_html/html/gl/m.layouts/xenara_mlayout_realpano/images/sub/btn3.png HTTP/1.1" 404 196 "-" "Googlebot-Image/1.0"
66.249.79.5 - - [03/Oct/2021:08:37:36 +0900] "www.realpano.net(US) GET /home1/realpano/public_html/html/gl/m.layouts/xenara_mlayout_realpano/images/sub/btn3.png HTTP/1.1" 404 196 "-" "Googlebot-Image/1.0"
114.119.154.67 - - [03/Oct/2021:08:41:00 +0900] "realpano.net(SG) GET /gl/index.php?mid=human_vr&listStyle=list&m=1&search_target=tag&search_keyword=%EB%B0%9C%EB%A6%AC&document_srl=3759 HTTP/1.1" 403 199 "-" "Mozilla/5.0 (Linux; Android 7.0;) AppleWebKit/537.36 (KHTML, like Gecko) Mobile Safari/537.36 (compatible; PetalBot;+https://webmaster.petalsearch.com/site/petalbot)"
114.119.154.67 - - [03/Oct/2021:08:41:00 +0900] "realpano.net(SG) GET /gl/index.php?mid=human_vr&listStyle=list&m=1&search_target=tag&search_keyword=%EB%B0%9C%EB%A6%AC&document_srl=3759 HTTP/1.1" 403 199 "-" "Mozilla/5.0 (Linux; Android 7.0;) AppleWebKit/537.36 (KHTML, like Gecko) Mobile Safari/537.36 (compatible; PetalBot;+https://webmaster.petalsearch.com/site/petalbot)"
114.119.154.6 - - [03/Oct/2021:08:48:07 +0900] "realpano.net(SG) GET /gl/index.php?mid=human_vr&page=6&listStyle=list&m=0&document_srl=45241&order_type=desc HTTP/1.1" 403 199 "-" "Mozilla/5.0 (Linux; Android 7.0;) AppleWebKit/537.36 (KHTML, like Gecko) Mobile Safari/537.36 (compatible; PetalBot;+https://webmaster.petalsearch.com/site/petalbot)"
114.119.154.6 - - [03/Oct/2021:08:48:07 +0900] "realpano.net(SG) GET /gl/index.php?mid=human_vr&page=6&listStyle=list&m=0&document_srl=45241&order_type=desc HTTP/1.1" 403 199 "-" "Mozilla/5.0 (Linux; Android 7.0;) AppleWebKit/537.36 (KHTML, like Gecko) Mobile Safari/537.36 (compatible; PetalBot;+https://webmaster.petalsearch.com/site/petalbot)"
119.207.72.84 - - [03/Oct/2021:08:54:13 +0900] "realpano.net(KR) GET / HTTP/1.1" 200 64 "-" "Mozilla/5.0 (compatible; MSIE 9.0; Windows NT 6.1; WOW64; Trident/5.0)"
119.207.72.84 - - [03/Oct/2021:08:54:13 +0900] "realpano.net(KR) GET / HTTP/1.1" 200 64 "-" "Mozilla/5.0 (compatible; MSIE 9.0; Windows NT 6.1; WOW64; Trident/5.0)"
