115.68.229.132 - - [01/Oct/2021:18:08:52 +0900] "realpano.net(KR) GET /gl/files/cache/assets/compiled/e9249dc0e9894221d9f6ad305fc18c812fed3bed.rhymix.less.min.css HTTP/1.1" 404 196 "http://realpano.net/gl/" "Mozilla/5.0 (Windows NT 6.3; Win64; x64) AppleWebKit/537.36 (KHTML, like Gecko) Chrome/94.0.4606.71 Safari/537.36"
115.68.229.132 - - [01/Oct/2021:18:08:52 +0900] "realpano.net(KR) GET /gl/files/cache/assets/compiled/e9249dc0e9894221d9f6ad305fc18c812fed3bed.rhymix.less.min.css HTTP/1.1" 404 196 "http://realpano.net/gl/" "Mozilla/5.0 (Windows NT 6.3; Win64; x64) AppleWebKit/537.36 (KHTML, like Gecko) Chrome/94.0.4606.71 Safari/537.36"
115.68.229.132 - - [01/Oct/2021:18:08:52 +0900] "realpano.net(KR) GET /gl/files/cache/assets/minified/rhymix.min.js?20201120233626 HTTP/1.1" 200 120587 "http://realpano.net/gl/" "Mozilla/5.0 (Windows NT 6.3; Win64; x64) AppleWebKit/537.36 (KHTML, like Gecko) Chrome/94.0.4606.71 Safari/537.36"
115.68.229.132 - - [01/Oct/2021:18:08:52 +0900] "realpano.net(KR) GET /gl/files/cache/assets/minified/rhymix.min.js?20201120233626 HTTP/1.1" 200 120587 "http://realpano.net/gl/" "Mozilla/5.0 (Windows NT 6.3; Win64; x64) AppleWebKit/537.36 (KHTML, like Gecko) Chrome/94.0.4606.71 Safari/537.36"
115.68.229.132 - - [01/Oct/2021:18:08:52 +0900] "realpano.net(KR) GET /gl/files/attach/xeicon/favicon.ico?20131202140719 HTTP/1.1" 200 32988 "http://realpano.net/gl/" "Mozilla/5.0 (Windows NT 6.3; Win64; x64) AppleWebKit/537.36 (KHTML, like Gecko) Chrome/94.0.4606.71 Safari/537.36"
115.68.229.132 - - [01/Oct/2021:18:08:52 +0900] "realpano.net(KR) GET /gl/files/attach/xeicon/favicon.ico?20131202140719 HTTP/1.1" 200 32988 "http://realpano.net/gl/" "Mozilla/5.0 (Windows NT 6.3; Win64; x64) AppleWebKit/537.36 (KHTML, like Gecko) Chrome/94.0.4606.71 Safari/537.36"
115.68.229.132 - - [01/Oct/2021:18:08:55 +0900] "realpano.net(KR) GET /gl/ HTTP/1.1" 404 2293 "http://realpano.net/" "Mozilla/5.0 (Windows NT 6.3; Win64; x64) AppleWebKit/537.36 (KHTML, like Gecko) Chrome/94.0.4606.71 Safari/537.36"
115.68.229.132 - - [01/Oct/2021:18:08:55 +0900] "realpano.net(KR) GET /gl/ HTTP/1.1" 404 2293 "http://realpano.net/" "Mozilla/5.0 (Windows NT 6.3; Win64; x64) AppleWebKit/537.36 (KHTML, like Gecko) Chrome/94.0.4606.71 Safari/537.36"
115.68.229.132 - - [01/Oct/2021:18:08:55 +0900] "realpano.net(KR) GET /gl/files/cache/assets/compiled/e9249dc0e9894221d9f6ad305fc18c812fed3bed.rhymix.less.min.css HTTP/1.1" 404 196 "http://realpano.net/gl/" "Mozilla/5.0 (Windows NT 6.3; Win64; x64) AppleWebKit/537.36 (KHTML, like Gecko) Chrome/94.0.4606.71 Safari/537.36"
115.68.229.132 - - [01/Oct/2021:18:08:55 +0900] "realpano.net(KR) GET /gl/files/cache/assets/compiled/e9249dc0e9894221d9f6ad305fc18c812fed3bed.rhymix.less.min.css HTTP/1.1" 404 196 "http://realpano.net/gl/" "Mozilla/5.0 (Windows NT 6.3; Win64; x64) AppleWebKit/537.36 (KHTML, like Gecko) Chrome/94.0.4606.71 Safari/537.36"
115.68.229.132 - - [01/Oct/2021:18:08:55 +0900] "realpano.net(KR) GET /gl/files/attach/xeicon/favicon.ico?20131202140719 HTTP/1.1" 200 32988 "http://realpano.net/gl/" "Mozilla/5.0 (Windows NT 6.3; Win64; x64) AppleWebKit/537.36 (KHTML, like Gecko) Chrome/94.0.4606.71 Safari/537.36"
115.68.229.132 - - [01/Oct/2021:18:08:55 +0900] "realpano.net(KR) GET /gl/files/attach/xeicon/favicon.ico?20131202140719 HTTP/1.1" 200 32988 "http://realpano.net/gl/" "Mozilla/5.0 (Windows NT 6.3; Win64; x64) AppleWebKit/537.36 (KHTML, like Gecko) Chrome/94.0.4606.71 Safari/537.36"
114.119.154.39 - - [01/Oct/2021:18:10:21 +0900] "realpano.net(SG) GET /gl/index.php?mid=human_vr&m=0&listStyle=list&document_srl=45249&sort_index=regdate&order_type=asc HTTP/1.1" 403 199 "-" "Mozilla/5.0 (Linux; Android 7.0;) AppleWebKit/537.36 (KHTML, like Gecko) Mobile Safari/537.36 (compatible; PetalBot;+https://webmaster.petalsearch.com/site/petalbot)"
114.119.154.39 - - [01/Oct/2021:18:10:21 +0900] "realpano.net(SG) GET /gl/index.php?mid=human_vr&m=0&listStyle=list&document_srl=45249&sort_index=regdate&order_type=asc HTTP/1.1" 403 199 "-" "Mozilla/5.0 (Linux; Android 7.0;) AppleWebKit/537.36 (KHTML, like Gecko) Mobile Safari/537.36 (compatible; PetalBot;+https://webmaster.petalsearch.com/site/petalbot)"
54.39.29.64 - - [01/Oct/2021:18:11:09 +0900] "realpano.net(CA) GET / HTTP/1.0" 404 196 "http://realpano.net/" "Mozilla/5.0 (Windows NT 10.0; Win64; x64) AppleWebKit/537.36 (KHTML, like Gecko) Chrome/83.0.4098.0 Safari/537.36"
54.39.29.64 - - [01/Oct/2021:18:11:09 +0900] "realpano.net(CA) GET / HTTP/1.0" 404 196 "http://realpano.net/" "Mozilla/5.0 (Windows NT 10.0; Win64; x64) AppleWebKit/537.36 (KHTML, like Gecko) Chrome/83.0.4098.0 Safari/537.36"
54.39.29.64 - - [01/Oct/2021:18:11:10 +0900] "realpano.net(CA) GET / HTTP/1.0" 404 196 "http://realpano.net/" "Mozilla/5.0 (Windows NT 10.0; Win64; x64) AppleWebKit/537.36 (KHTML, like Gecko) Chrome/83.0.4098.0 Safari/537.36"
54.39.29.64 - - [01/Oct/2021:18:11:10 +0900] "realpano.net(CA) GET / HTTP/1.0" 404 196 "http://realpano.net/" "Mozilla/5.0 (Windows NT 10.0; Win64; x64) AppleWebKit/537.36 (KHTML, like Gecko) Chrome/83.0.4098.0 Safari/537.36"
115.68.229.132 - - [01/Oct/2021:18:11:33 +0900] "realpano.net(KR) GET /gl/ HTTP/1.1" 404 196 "http://realpano.net/" "Mozilla/5.0 (Windows NT 6.3; Win64; x64) AppleWebKit/537.36 (KHTML, like Gecko) Chrome/94.0.4606.71 Safari/537.36"
115.68.229.132 - - [01/Oct/2021:18:11:33 +0900] "realpano.net(KR) GET /gl/ HTTP/1.1" 404 196 "http://realpano.net/" "Mozilla/5.0 (Windows NT 6.3; Win64; x64) AppleWebKit/537.36 (KHTML, like Gecko) Chrome/94.0.4606.71 Safari/537.36"
115.68.229.132 - - [01/Oct/2021:18:11:34 +0900] "realpano.net(KR) GET /gl/ HTTP/1.1" 404 196 "http://realpano.net/" "Mozilla/5.0 (Windows NT 6.3; Win64; x64) AppleWebKit/537.36 (KHTML, like Gecko) Chrome/94.0.4606.71 Safari/537.36"
115.68.229.132 - - [01/Oct/2021:18:11:34 +0900] "realpano.net(KR) GET /gl/ HTTP/1.1" 404 196 "http://realpano.net/" "Mozilla/5.0 (Windows NT 6.3; Win64; x64) AppleWebKit/537.36 (KHTML, like Gecko) Chrome/94.0.4606.71 Safari/537.36"
115.68.229.132 - - [01/Oct/2021:18:11:34 +0900] "realpano.net(KR) GET /gl/ HTTP/1.1" 404 196 "http://realpano.net/" "Mozilla/5.0 (Windows NT 6.3; Win64; x64) AppleWebKit/537.36 (KHTML, like Gecko) Chrome/94.0.4606.71 Safari/537.36"
115.68.229.132 - - [01/Oct/2021:18:11:34 +0900] "realpano.net(KR) GET /gl/ HTTP/1.1" 404 196 "http://realpano.net/" "Mozilla/5.0 (Windows NT 6.3; Win64; x64) AppleWebKit/537.36 (KHTML, like Gecko) Chrome/94.0.4606.71 Safari/537.36"
115.68.229.132 - - [01/Oct/2021:18:11:34 +0900] "realpano.net(KR) GET /gl/ HTTP/1.1" 404 196 "http://realpano.net/" "Mozilla/5.0 (Windows NT 6.3; Win64; x64) AppleWebKit/537.36 (KHTML, like Gecko) Chrome/94.0.4606.71 Safari/537.36"
115.68.229.132 - - [01/Oct/2021:18:11:34 +0900] "realpano.net(KR) GET /gl/ HTTP/1.1" 404 196 "http://realpano.net/" "Mozilla/5.0 (Windows NT 6.3; Win64; x64) AppleWebKit/537.36 (KHTML, like Gecko) Chrome/94.0.4606.71 Safari/537.36"
115.68.229.132 - - [01/Oct/2021:18:11:37 +0900] "realpano.net(KR) GET / HTTP/1.1" 403 199 "-" "Mozilla/5.0 (Windows NT 6.3; Win64; x64) AppleWebKit/537.36 (KHTML, like Gecko) Chrome/94.0.4606.71 Safari/537.36"
115.68.229.132 - - [01/Oct/2021:18:11:37 +0900] "realpano.net(KR) GET / HTTP/1.1" 403 199 "-" "Mozilla/5.0 (Windows NT 6.3; Win64; x64) AppleWebKit/537.36 (KHTML, like Gecko) Chrome/94.0.4606.71 Safari/537.36"
115.68.229.132 - - [01/Oct/2021:18:11:52 +0900] "realpano.net(KR) GET / HTTP/1.1" 200 64 "-" "Mozilla/5.0 (Windows NT 6.3; Win64; x64) AppleWebKit/537.36 (KHTML, like Gecko) Chrome/94.0.4606.71 Safari/537.36"
115.68.229.132 - - [01/Oct/2021:18:11:52 +0900] "realpano.net(KR) GET / HTTP/1.1" 200 64 "-" "Mozilla/5.0 (Windows NT 6.3; Win64; x64) AppleWebKit/537.36 (KHTML, like Gecko) Chrome/94.0.4606.71 Safari/537.36"
115.68.229.132 - - [01/Oct/2021:18:11:52 +0900] "realpano.net(KR) GET /gl/ HTTP/1.1" 404 2293 "http://realpano.net/" "Mozilla/5.0 (Windows NT 6.3; Win64; x64) AppleWebKit/537.36 (KHTML, like Gecko) Chrome/94.0.4606.71 Safari/537.36"
115.68.229.132 - - [01/Oct/2021:18:11:52 +0900] "realpano.net(KR) GET /gl/ HTTP/1.1" 404 2293 "http://realpano.net/" "Mozilla/5.0 (Windows NT 6.3; Win64; x64) AppleWebKit/537.36 (KHTML, like Gecko) Chrome/94.0.4606.71 Safari/537.36"
115.68.229.132 - - [01/Oct/2021:18:11:52 +0900] "realpano.net(KR) GET /gl/files/cache/assets/compiled/12f4c8563084710f3108d5393149ba67bcaa5d9b.rhymix.less.min.css HTTP/1.1" 404 196 "http://realpano.net/gl/" "Mozilla/5.0 (Windows NT 6.3; Win64; x64) AppleWebKit/537.36 (KHTML, like Gecko) Chrome/94.0.4606.71 Safari/537.36"
115.68.229.132 - - [01/Oct/2021:18:11:52 +0900] "realpano.net(KR) GET /gl/files/cache/assets/compiled/12f4c8563084710f3108d5393149ba67bcaa5d9b.rhymix.less.min.css HTTP/1.1" 404 196 "http://realpano.net/gl/" "Mozilla/5.0 (Windows NT 6.3; Win64; x64) AppleWebKit/537.36 (KHTML, like Gecko) Chrome/94.0.4606.71 Safari/537.36"
115.68.229.132 - - [01/Oct/2021:18:12:45 +0900] "realpano.net(KR) GET / HTTP/1.1" 200 687 "-" "Mozilla/5.0 (Windows NT 6.3; WOW64; Trident/7.0; rv:11.0) like Gecko"
115.68.229.132 - - [01/Oct/2021:18:12:45 +0900] "realpano.net(KR) GET / HTTP/1.1" 200 687 "-" "Mozilla/5.0 (Windows NT 6.3; WOW64; Trident/7.0; rv:11.0) like Gecko"
115.68.229.132 - - [01/Oct/2021:18:12:59 +0900] "realpano.net(KR) GET / HTTP/1.1" 200 64 "-" "Mozilla/5.0 (Windows NT 6.3; Win64; x64) AppleWebKit/537.36 (KHTML, like Gecko) Chrome/94.0.4606.71 Safari/537.36"
115.68.229.132 - - [01/Oct/2021:18:12:59 +0900] "realpano.net(KR) GET / HTTP/1.1" 200 64 "-" "Mozilla/5.0 (Windows NT 6.3; Win64; x64) AppleWebKit/537.36 (KHTML, like Gecko) Chrome/94.0.4606.71 Safari/537.36"
115.68.229.132 - - [01/Oct/2021:18:12:59 +0900] "realpano.net(KR) GET /gl/ HTTP/1.1" 404 2293 "http://realpano.net/" "Mozilla/5.0 (Windows NT 6.3; Win64; x64) AppleWebKit/537.36 (KHTML, like Gecko) Chrome/94.0.4606.71 Safari/537.36"
115.68.229.132 - - [01/Oct/2021:18:12:59 +0900] "realpano.net(KR) GET /gl/ HTTP/1.1" 404 2293 "http://realpano.net/" "Mozilla/5.0 (Windows NT 6.3; Win64; x64) AppleWebKit/537.36 (KHTML, like Gecko) Chrome/94.0.4606.71 Safari/537.36"
115.68.229.132 - - [01/Oct/2021:18:13:00 +0900] "realpano.net(KR) GET /gl/files/cache/assets/compiled/12f4c8563084710f3108d5393149ba67bcaa5d9b.rhymix.less.min.css HTTP/1.1" 404 196 "http://realpano.net/gl/" "Mozilla/5.0 (Windows NT 6.3; Win64; x64) AppleWebKit/537.36 (KHTML, like Gecko) Chrome/94.0.4606.71 Safari/537.36"
115.68.229.132 - - [01/Oct/2021:18:13:00 +0900] "realpano.net(KR) GET /gl/files/cache/assets/compiled/12f4c8563084710f3108d5393149ba67bcaa5d9b.rhymix.less.min.css HTTP/1.1" 404 196 "http://realpano.net/gl/" "Mozilla/5.0 (Windows NT 6.3; Win64; x64) AppleWebKit/537.36 (KHTML, like Gecko) Chrome/94.0.4606.71 Safari/537.36"
17.121.112.108 - - [01/Oct/2021:18:16:41 +0900] "realpano.net(US) GET /gl/files/attach/images/2684/741/003/12ec04ac120a356325a7f45a50eb62ed.jpg HTTP/1.1" 404 196 "-" "Mozilla/5.0 (Macintosh; Intel Mac OS X 10_15_5) AppleWebKit/605.1.15 (KHTML, like Gecko) Version/13.1.1 Safari/605.1.15 (Applebot/0.1; +http://www.apple.com/go/applebot)"
17.121.112.108 - - [01/Oct/2021:18:16:41 +0900] "realpano.net(US) GET /gl/files/attach/images/2684/741/003/12ec04ac120a356325a7f45a50eb62ed.jpg HTTP/1.1" 404 196 "-" "Mozilla/5.0 (Macintosh; Intel Mac OS X 10_15_5) AppleWebKit/605.1.15 (KHTML, like Gecko) Version/13.1.1 Safari/605.1.15 (Applebot/0.1; +http://www.apple.com/go/applebot)"
114.119.154.6 - - [01/Oct/2021:18:17:23 +0900] "realpano.net(SG) GET /gl/index.php?mid=human_vr&listStyle=list&m=0&sort_index=regdate&order_type=asc&category=3346&act=dispMemberLoginForm HTTP/1.1" 403 199 "-" "Mozilla/5.0 (Linux; Android 7.0;) AppleWebKit/537.36 (KHTML, like Gecko) Mobile Safari/537.36 (compatible; PetalBot;+https://webmaster.petalsearch.com/site/petalbot)"
114.119.154.6 - - [01/Oct/2021:18:17:23 +0900] "realpano.net(SG) GET /gl/index.php?mid=human_vr&listStyle=list&m=0&sort_index=regdate&order_type=asc&category=3346&act=dispMemberLoginForm HTTP/1.1" 403 199 "-" "Mozilla/5.0 (Linux; Android 7.0;) AppleWebKit/537.36 (KHTML, like Gecko) Mobile Safari/537.36 (compatible; PetalBot;+https://webmaster.petalsearch.com/site/petalbot)"
17.121.113.2 - - [01/Oct/2021:18:20:11 +0900] "realpano.net(US) GET /gl/files/thumbnails/188/045/204x102.crop.jpg?20170213114535 HTTP/1.1" 404 196 "-" "Mozilla/5.0 (Macintosh; Intel Mac OS X 10_15_5) AppleWebKit/605.1.15 (KHTML, like Gecko) Version/13.1.1 Safari/605.1.15 (Applebot/0.1; +http://www.apple.com/go/applebot)"
17.121.113.2 - - [01/Oct/2021:18:20:11 +0900] "realpano.net(US) GET /gl/files/thumbnails/188/045/204x102.crop.jpg?20170213114535 HTTP/1.1" 404 196 "-" "Mozilla/5.0 (Macintosh; Intel Mac OS X 10_15_5) AppleWebKit/605.1.15 (KHTML, like Gecko) Version/13.1.1 Safari/605.1.15 (Applebot/0.1; +http://www.apple.com/go/applebot)"
17.121.115.38 - - [01/Oct/2021:18:22:00 +0900] "realpano.net(US) GET /gl/files/thumbnails/875/044/204x102.crop.jpg?20150622003915 HTTP/1.1" 404 196 "-" "Mozilla/5.0 (Macintosh; Intel Mac OS X 10_15_5) AppleWebKit/605.1.15 (KHTML, like Gecko) Version/13.1.1 Safari/605.1.15 (Applebot/0.1; +http://www.apple.com/go/applebot)"
17.121.115.38 - - [01/Oct/2021:18:22:00 +0900] "realpano.net(US) GET /gl/files/thumbnails/875/044/204x102.crop.jpg?20150622003915 HTTP/1.1" 404 196 "-" "Mozilla/5.0 (Macintosh; Intel Mac OS X 10_15_5) AppleWebKit/605.1.15 (KHTML, like Gecko) Version/13.1.1 Safari/605.1.15 (Applebot/0.1; +http://www.apple.com/go/applebot)"
114.119.154.39 - - [01/Oct/2021:18:24:33 +0900] "realpano.net(SG) GET /gl/index.php?mid=human_vr&category=3342&document_srl=45214&m=0 HTTP/1.1" 403 199 "-" "Mozilla/5.0 (Linux; Android 7.0;) AppleWebKit/537.36 (KHTML, like Gecko) Mobile Safari/537.36 (compatible; PetalBot;+https://webmaster.petalsearch.com/site/petalbot)"
114.119.154.39 - - [01/Oct/2021:18:24:33 +0900] "realpano.net(SG) GET /gl/index.php?mid=human_vr&category=3342&document_srl=45214&m=0 HTTP/1.1" 403 199 "-" "Mozilla/5.0 (Linux; Android 7.0;) AppleWebKit/537.36 (KHTML, like Gecko) Mobile Safari/537.36 (compatible; PetalBot;+https://webmaster.petalsearch.com/site/petalbot)"
114.119.154.67 - - [01/Oct/2021:18:31:34 +0900] "realpano.net(SG) GET /gl/index.php?mid=human_vr&m=0&search_target=tag&search_keyword=%EB%B0%95%EB%AC%BC%EA%B4%80&listStyle=webzine&sort_index=regdate&order_type=desc&category=3349 HTTP/1.1" 403 199 "-" "Mozilla/5.0 (Linux; Android 7.0;) AppleWebKit/537.36 (KHTML, like Gecko) Mobile Safari/537.36 (compatible; PetalBot;+https://webmaster.petalsearch.com/site/petalbot)"
114.119.154.67 - - [01/Oct/2021:18:31:34 +0900] "realpano.net(SG) GET /gl/index.php?mid=human_vr&m=0&search_target=tag&search_keyword=%EB%B0%95%EB%AC%BC%EA%B4%80&listStyle=webzine&sort_index=regdate&order_type=desc&category=3349 HTTP/1.1" 403 199 "-" "Mozilla/5.0 (Linux; Android 7.0;) AppleWebKit/537.36 (KHTML, like Gecko) Mobile Safari/537.36 (compatible; PetalBot;+https://webmaster.petalsearch.com/site/petalbot)"
114.119.154.65 - - [01/Oct/2021:18:38:33 +0900] "realpano.net(SG) GET /gl/index.php?mid=human_vr&search_target=tag&search_keyword=%EC%95%BD%EC%A0%84%EA%B3%A8%EB%AA%A9&m=0&category=3354&division=-45271&last_division=0 HTTP/1.1" 403 199 "-" "Mozilla/5.0 (Linux; Android 7.0;) AppleWebKit/537.36 (KHTML, like Gecko) Mobile Safari/537.36 (compatible; PetalBot;+https://webmaster.petalsearch.com/site/petalbot)"
114.119.154.65 - - [01/Oct/2021:18:38:33 +0900] "realpano.net(SG) GET /gl/index.php?mid=human_vr&search_target=tag&search_keyword=%EC%95%BD%EC%A0%84%EA%B3%A8%EB%AA%A9&m=0&category=3354&division=-45271&last_division=0 HTTP/1.1" 403 199 "-" "Mozilla/5.0 (Linux; Android 7.0;) AppleWebKit/537.36 (KHTML, like Gecko) Mobile Safari/537.36 (compatible; PetalBot;+https://webmaster.petalsearch.com/site/petalbot)"
114.119.154.67 - - [01/Oct/2021:18:45:37 +0900] "realpano.net(SG) GET /gl/index.php?mid=human_vr&page=1&listStyle=viewer&document_srl=45271 HTTP/1.1" 403 199 "-" "Mozilla/5.0 (Linux; Android 7.0;) AppleWebKit/537.36 (KHTML, like Gecko) Mobile Safari/537.36 (compatible; PetalBot;+https://webmaster.petalsearch.com/site/petalbot)"
114.119.154.67 - - [01/Oct/2021:18:45:37 +0900] "realpano.net(SG) GET /gl/index.php?mid=human_vr&page=1&listStyle=viewer&document_srl=45271 HTTP/1.1" 403 199 "-" "Mozilla/5.0 (Linux; Android 7.0;) AppleWebKit/537.36 (KHTML, like Gecko) Mobile Safari/537.36 (compatible; PetalBot;+https://webmaster.petalsearch.com/site/petalbot)"
207.46.13.95 - - [01/Oct/2021:18:48:26 +0900] "realpano.net(US) GET /gl/pvr2 HTTP/2.0" 404 196 "-" "Mozilla/5.0 (compatible; bingbot/2.0; +http://www.bing.com/bingbot.htm)"
207.46.13.95 - - [01/Oct/2021:18:48:26 +0900] "realpano.net(US) GET /gl/pvr2 HTTP/2.0" 404 196 "-" "Mozilla/5.0 (compatible; bingbot/2.0; +http://www.bing.com/bingbot.htm)"
114.119.154.26 - - [01/Oct/2021:18:52:17 +0900] "realpano.net(SG) GET /gl/index.php?mid=human_vr&category=3342&m=0&listStyle=list&sort_index=title&order_type=asc&document_srl=45216 HTTP/1.1" 403 199 "-" "Mozilla/5.0 (Linux; Android 7.0;) AppleWebKit/537.36 (KHTML, like Gecko) Mobile Safari/537.36 (compatible; PetalBot;+https://webmaster.petalsearch.com/site/petalbot)"
114.119.154.26 - - [01/Oct/2021:18:52:17 +0900] "realpano.net(SG) GET /gl/index.php?mid=human_vr&category=3342&m=0&listStyle=list&sort_index=title&order_type=asc&document_srl=45216 HTTP/1.1" 403 199 "-" "Mozilla/5.0 (Linux; Android 7.0;) AppleWebKit/537.36 (KHTML, like Gecko) Mobile Safari/537.36 (compatible; PetalBot;+https://webmaster.petalsearch.com/site/petalbot)"
157.230.53.249 - - [01/Oct/2021:18:54:17 +0900] "realpano.net(US) GET / HTTP/1.1" 200 64 "-" "-"
157.230.53.249 - - [01/Oct/2021:18:54:17 +0900] "realpano.net(US) GET / HTTP/1.1" 200 64 "-" "-"
40.77.167.106 - - [01/Oct/2021:18:56:52 +0900] "realpano.net(US) GET /_allthat_vr/office/161117ssd/tour.html HTTP/2.0" 404 196 "-" "Mozilla/5.0 (compatible; MSIE 9.0; Windows NT 6.1; Trident/5.0)"
40.77.167.106 - - [01/Oct/2021:18:56:52 +0900] "realpano.net(US) GET /_allthat_vr/office/161117ssd/tour.html HTTP/2.0" 404 196 "-" "Mozilla/5.0 (compatible; MSIE 9.0; Windows NT 6.1; Trident/5.0)"
114.119.145.187 - - [01/Oct/2021:18:58:37 +0900] "www.realpano.net(SG) GET /robots.txt HTTP/1.1" 403 199 "-" "Mozilla/5.0 (compatible;PetalBot;+https://webmaster.petalsearch.com/site/petalbot)"
114.119.145.187 - - [01/Oct/2021:18:58:37 +0900] "www.realpano.net(SG) GET /robots.txt HTTP/1.1" 403 199 "-" "Mozilla/5.0 (compatible;PetalBot;+https://webmaster.petalsearch.com/site/petalbot)"
114.119.154.67 - - [01/Oct/2021:19:05:35 +0900] "realpano.net(SG) GET /gl/index.php?mid=human_vr&m=0&listStyle=list&sort_index=readed_count&order_type=desc&search_target=tag&search_keyword=%EC%A4%91%EA%B5%AC%EC%B2%AD&division=-45271&last_division=0&document_srl=44818 HTTP/1.1" 403 199 "-" "Mozilla/5.0 (Linux; Android 7.0;) AppleWebKit/537.36 (KHTML, like Gecko) Mobile Safari/537.36 (compatible; PetalBot;+https://webmaster.petalsearch.com/site/petalbot)"
114.119.154.67 - - [01/Oct/2021:19:05:35 +0900] "realpano.net(SG) GET /gl/index.php?mid=human_vr&m=0&listStyle=list&sort_index=readed_count&order_type=desc&search_target=tag&search_keyword=%EC%A4%91%EA%B5%AC%EC%B2%AD&division=-45271&last_division=0&document_srl=44818 HTTP/1.1" 403 199 "-" "Mozilla/5.0 (Linux; Android 7.0;) AppleWebKit/537.36 (KHTML, like Gecko) Mobile Safari/537.36 (compatible; PetalBot;+https://webmaster.petalsearch.com/site/petalbot)"
114.119.154.67 - - [01/Oct/2021:19:12:14 +0900] "realpano.net(SG) GET /gl/index.php?mid=human_vr&search_target=tag&search_keyword=%EC%A4%91%EA%B5%AC%EC%B2%AD&division=-45271&last_division=0&document_srl=44818&act=dispMemberSignUpForm HTTP/1.1" 403 199 "-" "Mozilla/5.0 (Linux; Android 7.0;) AppleWebKit/537.36 (KHTML, like Gecko) Mobile Safari/537.36 (compatible; PetalBot;+https://webmaster.petalsearch.com/site/petalbot)"
114.119.154.67 - - [01/Oct/2021:19:12:14 +0900] "realpano.net(SG) GET /gl/index.php?mid=human_vr&search_target=tag&search_keyword=%EC%A4%91%EA%B5%AC%EC%B2%AD&division=-45271&last_division=0&document_srl=44818&act=dispMemberSignUpForm HTTP/1.1" 403 199 "-" "Mozilla/5.0 (Linux; Android 7.0;) AppleWebKit/537.36 (KHTML, like Gecko) Mobile Safari/537.36 (compatible; PetalBot;+https://webmaster.petalsearch.com/site/petalbot)"
114.119.154.41 - - [01/Oct/2021:19:19:06 +0900] "realpano.net(SG) GET /gl/index.php?mid=human_vr&m=0&search_target=tag&search_keyword=%EC%A4%91%EA%B5%AC%EC%B2%AD&listStyle=viewer&document_srl=44659 HTTP/1.1" 403 199 "-" "Mozilla/5.0 (Linux; Android 7.0;) AppleWebKit/537.36 (KHTML, like Gecko) Mobile Safari/537.36 (compatible; PetalBot;+https://webmaster.petalsearch.com/site/petalbot)"
114.119.154.41 - - [01/Oct/2021:19:19:06 +0900] "realpano.net(SG) GET /gl/index.php?mid=human_vr&m=0&search_target=tag&search_keyword=%EC%A4%91%EA%B5%AC%EC%B2%AD&listStyle=viewer&document_srl=44659 HTTP/1.1" 403 199 "-" "Mozilla/5.0 (Linux; Android 7.0;) AppleWebKit/537.36 (KHTML, like Gecko) Mobile Safari/537.36 (compatible; PetalBot;+https://webmaster.petalsearch.com/site/petalbot)"
114.119.154.41 - - [01/Oct/2021:19:25:17 +0900] "realpano.net(SG) GET /gl/index.php?mid=human_vr&search_target=tag&search_keyword=%EC%9D%B8%EB%8F%84%EB%84%A4%EC%8B%9C%EC%95%84&category=3349 HTTP/1.1" 403 199 "-" "Mozilla/5.0 (Linux; Android 7.0;) AppleWebKit/537.36 (KHTML, like Gecko) Mobile Safari/537.36 (compatible; PetalBot;+https://webmaster.petalsearch.com/site/petalbot)"
114.119.154.41 - - [01/Oct/2021:19:25:17 +0900] "realpano.net(SG) GET /gl/index.php?mid=human_vr&search_target=tag&search_keyword=%EC%9D%B8%EB%8F%84%EB%84%A4%EC%8B%9C%EC%95%84&category=3349 HTTP/1.1" 403 199 "-" "Mozilla/5.0 (Linux; Android 7.0;) AppleWebKit/537.36 (KHTML, like Gecko) Mobile Safari/537.36 (compatible; PetalBot;+https://webmaster.petalsearch.com/site/petalbot)"
66.249.79.7 - - [01/Oct/2021:19:29:33 +0900] "www.realpano.net(US) GET /robots.txt HTTP/1.1" 404 196 "-" "Mozilla/5.0 (compatible; Googlebot/2.1; +http://www.google.com/bot.html)"
66.249.79.7 - - [01/Oct/2021:19:29:33 +0900] "www.realpano.net(US) GET /robots.txt HTTP/1.1" 404 196 "-" "Mozilla/5.0 (compatible; Googlebot/2.1; +http://www.google.com/bot.html)"
66.249.79.5 - - [01/Oct/2021:19:29:34 +0900] "www.realpano.net(US) GET /gl/files/thumbnails/890/043/204x102.crop.jpg?20140610145737 HTTP/1.1" 200 20489 "-" "Googlebot-Image/1.0"
66.249.79.5 - - [01/Oct/2021:19:29:34 +0900] "www.realpano.net(US) GET /gl/files/thumbnails/890/043/204x102.crop.jpg?20140610145737 HTTP/1.1" 200 20489 "-" "Googlebot-Image/1.0"
114.119.154.6 - - [01/Oct/2021:19:32:07 +0900] "realpano.net(SG) GET /gl/index.php?mid=human_vr&m=0&category=3344&listStyle=webzine&search_target=tag&search_keyword=%EC%9D%B8%EA%B5%90%EB%8F%99 HTTP/1.1" 403 199 "-" "Mozilla/5.0 (Linux; Android 7.0;) AppleWebKit/537.36 (KHTML, like Gecko) Mobile Safari/537.36 (compatible; PetalBot;+https://webmaster.petalsearch.com/site/petalbot)"
114.119.154.6 - - [01/Oct/2021:19:32:07 +0900] "realpano.net(SG) GET /gl/index.php?mid=human_vr&m=0&category=3344&listStyle=webzine&search_target=tag&search_keyword=%EC%9D%B8%EA%B5%90%EB%8F%99 HTTP/1.1" 403 199 "-" "Mozilla/5.0 (Linux; Android 7.0;) AppleWebKit/537.36 (KHTML, like Gecko) Mobile Safari/537.36 (compatible; PetalBot;+https://webmaster.petalsearch.com/site/petalbot)"
207.46.13.121 - - [01/Oct/2021:19:39:27 +0900] "realpano.net(US) GET /gl/consultation1/48958 HTTP/2.0" 404 196 "-" "Mozilla/5.0 (compatible; bingbot/2.0; +http://www.bing.com/bingbot.htm)"
207.46.13.121 - - [01/Oct/2021:19:39:27 +0900] "realpano.net(US) GET /gl/consultation1/48958 HTTP/2.0" 404 196 "-" "Mozilla/5.0 (compatible; bingbot/2.0; +http://www.bing.com/bingbot.htm)"
157.55.39.20 - - [01/Oct/2021:19:39:31 +0900] "realpano.net(US) GET /gl/index.php?mid=human_vr&act=dispBoardWrite HTTP/2.0" 404 196 "-" "Mozilla/5.0 (compatible; bingbot/2.0; +http://www.bing.com/bingbot.htm)"
157.55.39.20 - - [01/Oct/2021:19:39:31 +0900] "realpano.net(US) GET /gl/index.php?mid=human_vr&act=dispBoardWrite HTTP/2.0" 404 196 "-" "Mozilla/5.0 (compatible; bingbot/2.0; +http://www.bing.com/bingbot.htm)"
207.46.13.70 - - [01/Oct/2021:19:39:31 +0900] "realpano.net(US) GET /gl/human_vr/45256 HTTP/2.0" 404 196 "-" "Mozilla/5.0 (compatible; bingbot/2.0; +http://www.bing.com/bingbot.htm)"
207.46.13.70 - - [01/Oct/2021:19:39:31 +0900] "realpano.net(US) GET /gl/human_vr/45256 HTTP/2.0" 404 196 "-" "Mozilla/5.0 (compatible; bingbot/2.0; +http://www.bing.com/bingbot.htm)"
157.55.39.161 - - [01/Oct/2021:19:39:32 +0900] "realpano.net(US) GET /gl/human_vr/45227 HTTP/2.0" 404 196 "-" "Mozilla/5.0 (compatible; bingbot/2.0; +http://www.bing.com/bingbot.htm)"
157.55.39.161 - - [01/Oct/2021:19:39:32 +0900] "realpano.net(US) GET /gl/human_vr/45227 HTTP/2.0" 404 196 "-" "Mozilla/5.0 (compatible; bingbot/2.0; +http://www.bing.com/bingbot.htm)"
40.77.167.106 - - [01/Oct/2021:19:39:35 +0900] "realpano.net(US) GET /gl/human_vr/45245 HTTP/2.0" 404 196 "-" "Mozilla/5.0 (compatible; bingbot/2.0; +http://www.bing.com/bingbot.htm)"
40.77.167.106 - - [01/Oct/2021:19:39:35 +0900] "realpano.net(US) GET /gl/human_vr/45245 HTTP/2.0" 404 196 "-" "Mozilla/5.0 (compatible; bingbot/2.0; +http://www.bing.com/bingbot.htm)"
207.46.13.29 - - [01/Oct/2021:19:39:38 +0900] "realpano.net(US) GET /gl/index.php?mid=human_vr&listStyle=list&order_type=desc&category=3343 HTTP/2.0" 404 196 "-" "Mozilla/5.0 (compatible; bingbot/2.0; +http://www.bing.com/bingbot.htm)"
207.46.13.29 - - [01/Oct/2021:19:39:38 +0900] "realpano.net(US) GET /gl/index.php?mid=human_vr&listStyle=list&order_type=desc&category=3343 HTTP/2.0" 404 196 "-" "Mozilla/5.0 (compatible; bingbot/2.0; +http://www.bing.com/bingbot.htm)"
157.55.39.111 - - [01/Oct/2021:19:39:37 +0900] "realpano.net(US) GET /gl/home HTTP/2.0" 404 196 "-" "Mozilla/5.0 (compatible; bingbot/2.0; +http://www.bing.com/bingbot.htm)"
157.55.39.111 - - [01/Oct/2021:19:39:37 +0900] "realpano.net(US) GET /gl/home HTTP/2.0" 404 196 "-" "Mozilla/5.0 (compatible; bingbot/2.0; +http://www.bing.com/bingbot.htm)"
40.77.167.106 - - [01/Oct/2021:19:39:45 +0900] "realpano.net(US) GET /gl/human_vr/category/3355 HTTP/2.0" 404 196 "-" "Mozilla/5.0 (compatible; bingbot/2.0; +http://www.bing.com/bingbot.htm)"
40.77.167.106 - - [01/Oct/2021:19:39:45 +0900] "realpano.net(US) GET /gl/human_vr/category/3355 HTTP/2.0" 404 196 "-" "Mozilla/5.0 (compatible; bingbot/2.0; +http://www.bing.com/bingbot.htm)"
40.77.167.106 - - [01/Oct/2021:19:39:45 +0900] "realpano.net(US) GET /gl/2212 HTTP/2.0" 404 196 "-" "Mozilla/5.0 (compatible; bingbot/2.0; +http://www.bing.com/bingbot.htm)"
40.77.167.106 - - [01/Oct/2021:19:39:45 +0900] "realpano.net(US) GET /gl/2212 HTTP/2.0" 404 196 "-" "Mozilla/5.0 (compatible; bingbot/2.0; +http://www.bing.com/bingbot.htm)"
207.46.13.29 - - [01/Oct/2021:19:39:58 +0900] "realpano.net(US) GET /gl/2382 HTTP/2.0" 404 196 "-" "Mozilla/5.0 (compatible; bingbot/2.0; +http://www.bing.com/bingbot.htm)"
207.46.13.29 - - [01/Oct/2021:19:39:58 +0900] "realpano.net(US) GET /gl/2382 HTTP/2.0" 404 196 "-" "Mozilla/5.0 (compatible; bingbot/2.0; +http://www.bing.com/bingbot.htm)"
17.121.115.133 - - [01/Oct/2021:19:43:14 +0900] "realpano.net(US) GET /gl/files/thumbnails/133/004/204x102.crop.jpg?20140501195859 HTTP/1.1" 404 196 "-" "Mozilla/5.0 (Macintosh; Intel Mac OS X 10_15_5) AppleWebKit/605.1.15 (KHTML, like Gecko) Version/13.1.1 Safari/605.1.15 (Applebot/0.1; +http://www.apple.com/go/applebot)"
17.121.115.133 - - [01/Oct/2021:19:43:14 +0900] "realpano.net(US) GET /gl/files/thumbnails/133/004/204x102.crop.jpg?20140501195859 HTTP/1.1" 404 196 "-" "Mozilla/5.0 (Macintosh; Intel Mac OS X 10_15_5) AppleWebKit/605.1.15 (KHTML, like Gecko) Version/13.1.1 Safari/605.1.15 (Applebot/0.1; +http://www.apple.com/go/applebot)"
157.55.39.20 - - [01/Oct/2021:19:45:10 +0900] "www.realpano.net(US) GET / HTTP/1.1" 200 64 "-" "Mozilla/5.0 (compatible; bingbot/2.0; +http://www.bing.com/bingbot.htm)"
157.55.39.20 - - [01/Oct/2021:19:45:10 +0900] "www.realpano.net(US) GET / HTTP/1.1" 200 64 "-" "Mozilla/5.0 (compatible; bingbot/2.0; +http://www.bing.com/bingbot.htm)"
114.119.154.26 - - [01/Oct/2021:19:45:17 +0900] "realpano.net(SG) GET /gl/index.php?mid=human_vr&m=1&listStyle=webzine&search_target=tag&search_keyword=%EA%B3%A8%EB%AA%A9%ED%88%AC%EC%96%B4&division=-45271&last_division=0&sort_index=readed_count&order_type=asc HTTP/1.1" 403 199 "-" "Mozilla/5.0 (Linux; Android 7.0;) AppleWebKit/537.36 (KHTML, like Gecko) Mobile Safari/537.36 (compatible; PetalBot;+https://webmaster.petalsearch.com/site/petalbot)"
114.119.154.26 - - [01/Oct/2021:19:45:17 +0900] "realpano.net(SG) GET /gl/index.php?mid=human_vr&m=1&listStyle=webzine&search_target=tag&search_keyword=%EA%B3%A8%EB%AA%A9%ED%88%AC%EC%96%B4&division=-45271&last_division=0&sort_index=readed_count&order_type=asc HTTP/1.1" 403 199 "-" "Mozilla/5.0 (Linux; Android 7.0;) AppleWebKit/537.36 (KHTML, like Gecko) Mobile Safari/537.36 (compatible; PetalBot;+https://webmaster.petalsearch.com/site/petalbot)"
114.119.154.65 - - [01/Oct/2021:19:51:31 +0900] "realpano.net(SG) GET /gl/index.php?mid=human_vr&category=3342&listStyle=viewer&page=2&m=1&document_srl=45210 HTTP/1.1" 403 199 "-" "Mozilla/5.0 (Linux; Android 7.0;) AppleWebKit/537.36 (KHTML, like Gecko) Mobile Safari/537.36 (compatible; PetalBot;+https://webmaster.petalsearch.com/site/petalbot)"
114.119.154.65 - - [01/Oct/2021:19:51:31 +0900] "realpano.net(SG) GET /gl/index.php?mid=human_vr&category=3342&listStyle=viewer&page=2&m=1&document_srl=45210 HTTP/1.1" 403 199 "-" "Mozilla/5.0 (Linux; Android 7.0;) AppleWebKit/537.36 (KHTML, like Gecko) Mobile Safari/537.36 (compatible; PetalBot;+https://webmaster.petalsearch.com/site/petalbot)"
114.119.154.30 - - [01/Oct/2021:19:58:42 +0900] "realpano.net(SG) GET /gl/index.php?mid=human_vr&category=3348&m=0&listStyle=list&search_target=tag&search_keyword=%EC%98%88%EC%8B%9D%EC%9E%A5&sort_index=title&order_type=desc&document_srl=3891&act=dispBoardTagList HTTP/1.1" 403 199 "-" "Mozilla/5.0 (Linux; Android 7.0;) AppleWebKit/537.36 (KHTML, like Gecko) Mobile Safari/537.36 (compatible; PetalBot;+https://webmaster.petalsearch.com/site/petalbot)"
114.119.154.30 - - [01/Oct/2021:19:58:42 +0900] "realpano.net(SG) GET /gl/index.php?mid=human_vr&category=3348&m=0&listStyle=list&search_target=tag&search_keyword=%EC%98%88%EC%8B%9D%EC%9E%A5&sort_index=title&order_type=desc&document_srl=3891&act=dispBoardTagList HTTP/1.1" 403 199 "-" "Mozilla/5.0 (Linux; Android 7.0;) AppleWebKit/537.36 (KHTML, like Gecko) Mobile Safari/537.36 (compatible; PetalBot;+https://webmaster.petalsearch.com/site/petalbot)"
106.101.128.6 - - [01/Oct/2021:20:04:05 +0900] "realpano.net(KR) GET /clubview/_tour/kummorae/main.html HTTP/1.1" 404 196 "http://www.kummorae.com/" "Mozilla/5.0 (iPhone; CPU iPhone OS 14_7_1 like Mac OS X) AppleWebKit/605.1.15 (KHTML, like Gecko) Mobile/15E148 NAVER(inapp; map; 101; 5.13.5)"
106.101.128.6 - - [01/Oct/2021:20:04:05 +0900] "realpano.net(KR) GET /clubview/_tour/kummorae/main.html HTTP/1.1" 404 196 "http://www.kummorae.com/" "Mozilla/5.0 (iPhone; CPU iPhone OS 14_7_1 like Mac OS X) AppleWebKit/605.1.15 (KHTML, like Gecko) Mobile/15E148 NAVER(inapp; map; 101; 5.13.5)"
17.121.112.84 - - [01/Oct/2021:20:04:42 +0900] "realpano.net(US) GET /gl/files/attach/images/2684/866/044/ba9c7ef4f4e3d04f364c812308dcfe71.jpg HTTP/1.1" 404 196 "-" "Mozilla/5.0 (Macintosh; Intel Mac OS X 10_15_5) AppleWebKit/605.1.15 (KHTML, like Gecko) Version/13.1.1 Safari/605.1.15 (Applebot/0.1; +http://www.apple.com/go/applebot)"
17.121.112.84 - - [01/Oct/2021:20:04:42 +0900] "realpano.net(US) GET /gl/files/attach/images/2684/866/044/ba9c7ef4f4e3d04f364c812308dcfe71.jpg HTTP/1.1" 404 196 "-" "Mozilla/5.0 (Macintosh; Intel Mac OS X 10_15_5) AppleWebKit/605.1.15 (KHTML, like Gecko) Version/13.1.1 Safari/605.1.15 (Applebot/0.1; +http://www.apple.com/go/applebot)"
114.119.154.26 - - [01/Oct/2021:20:05:14 +0900] "realpano.net(SG) GET /gl/index.php?mid=human_vr&m=0&listStyle=viewer&document_srl=4152&page=6 HTTP/1.1" 403 199 "-" "Mozilla/5.0 (Linux; Android 7.0;) AppleWebKit/537.36 (KHTML, like Gecko) Mobile Safari/537.36 (compatible; PetalBot;+https://webmaster.petalsearch.com/site/petalbot)"
114.119.154.26 - - [01/Oct/2021:20:05:14 +0900] "realpano.net(SG) GET /gl/index.php?mid=human_vr&m=0&listStyle=viewer&document_srl=4152&page=6 HTTP/1.1" 403 199 "-" "Mozilla/5.0 (Linux; Android 7.0;) AppleWebKit/537.36 (KHTML, like Gecko) Mobile Safari/537.36 (compatible; PetalBot;+https://webmaster.petalsearch.com/site/petalbot)"
157.55.39.121 - - [01/Oct/2021:20:11:41 +0900] "realpano.net(US) GET /gl/ovject_vr/44084 HTTP/2.0" 404 196 "-" "Mozilla/5.0 (compatible; bingbot/2.0; +http://www.bing.com/bingbot.htm)"
157.55.39.121 - - [01/Oct/2021:20:11:41 +0900] "realpano.net(US) GET /gl/ovject_vr/44084 HTTP/2.0" 404 196 "-" "Mozilla/5.0 (compatible; bingbot/2.0; +http://www.bing.com/bingbot.htm)"
114.119.154.6 - - [01/Oct/2021:20:11:59 +0900] "realpano.net(SG) GET /gl/index.php?mid=human_vr&listStyle=webzine&m=1&act=dispMemberLoginForm HTTP/1.1" 403 199 "-" "Mozilla/5.0 (Linux; Android 7.0;) AppleWebKit/537.36 (KHTML, like Gecko) Mobile Safari/537.36 (compatible; PetalBot;+https://webmaster.petalsearch.com/site/petalbot)"
114.119.154.6 - - [01/Oct/2021:20:11:59 +0900] "realpano.net(SG) GET /gl/index.php?mid=human_vr&listStyle=webzine&m=1&act=dispMemberLoginForm HTTP/1.1" 403 199 "-" "Mozilla/5.0 (Linux; Android 7.0;) AppleWebKit/537.36 (KHTML, like Gecko) Mobile Safari/537.36 (compatible; PetalBot;+https://webmaster.petalsearch.com/site/petalbot)"
114.119.154.26 - - [01/Oct/2021:20:18:48 +0900] "realpano.net(SG) GET /gl/index.php?mid=human_vr&m=1&category=3346&listStyle=viewer&act=dispMemberSignUpForm HTTP/1.1" 403 199 "-" "Mozilla/5.0 (Linux; Android 7.0;) AppleWebKit/537.36 (KHTML, like Gecko) Mobile Safari/537.36 (compatible; PetalBot;+https://webmaster.petalsearch.com/site/petalbot)"
114.119.154.26 - - [01/Oct/2021:20:18:48 +0900] "realpano.net(SG) GET /gl/index.php?mid=human_vr&m=1&category=3346&listStyle=viewer&act=dispMemberSignUpForm HTTP/1.1" 403 199 "-" "Mozilla/5.0 (Linux; Android 7.0;) AppleWebKit/537.36 (KHTML, like Gecko) Mobile Safari/537.36 (compatible; PetalBot;+https://webmaster.petalsearch.com/site/petalbot)"
157.55.39.20 - - [01/Oct/2021:20:25:05 +0900] "www.realpano.net(US) GET / HTTP/1.1" 200 64 "-" "Mozilla/5.0 (compatible; bingbot/2.0; +http://www.bing.com/bingbot.htm)"
157.55.39.20 - - [01/Oct/2021:20:25:05 +0900] "www.realpano.net(US) GET / HTTP/1.1" 200 64 "-" "Mozilla/5.0 (compatible; bingbot/2.0; +http://www.bing.com/bingbot.htm)"
114.119.154.39 - - [01/Oct/2021:20:25:13 +0900] "realpano.net(SG) GET /gl/index.php?mid=human_vr&m=0&category=3357&listStyle=list&order_type=desc&sort_index=readed_count&search_target=tag&search_keyword=%EB%B4%89%EC%82%B0&act=dispBoardTagList HTTP/1.1" 403 199 "-" "Mozilla/5.0 (Linux; Android 7.0;) AppleWebKit/537.36 (KHTML, like Gecko) Mobile Safari/537.36 (compatible; PetalBot;+https://webmaster.petalsearch.com/site/petalbot)"
114.119.154.39 - - [01/Oct/2021:20:25:13 +0900] "realpano.net(SG) GET /gl/index.php?mid=human_vr&m=0&category=3357&listStyle=list&order_type=desc&sort_index=readed_count&search_target=tag&search_keyword=%EB%B4%89%EC%82%B0&act=dispBoardTagList HTTP/1.1" 403 199 "-" "Mozilla/5.0 (Linux; Android 7.0;) AppleWebKit/537.36 (KHTML, like Gecko) Mobile Safari/537.36 (compatible; PetalBot;+https://webmaster.petalsearch.com/site/petalbot)"
114.119.154.39 - - [01/Oct/2021:20:32:04 +0900] "realpano.net(SG) GET /gl/index.php?mid=human_vr&m=1&listStyle=gallery&document_srl=45185&act=dispMemberSignUpForm HTTP/1.1" 403 199 "-" "Mozilla/5.0 (Linux; Android 7.0;) AppleWebKit/537.36 (KHTML, like Gecko) Mobile Safari/537.36 (compatible; PetalBot;+https://webmaster.petalsearch.com/site/petalbot)"
114.119.154.39 - - [01/Oct/2021:20:32:04 +0900] "realpano.net(SG) GET /gl/index.php?mid=human_vr&m=1&listStyle=gallery&document_srl=45185&act=dispMemberSignUpForm HTTP/1.1" 403 199 "-" "Mozilla/5.0 (Linux; Android 7.0;) AppleWebKit/537.36 (KHTML, like Gecko) Mobile Safari/537.36 (compatible; PetalBot;+https://webmaster.petalsearch.com/site/petalbot)"
114.119.154.67 - - [01/Oct/2021:20:38:37 +0900] "realpano.net(SG) GET /gl/index.php?mid=human_vr&m=0&page=4&document_srl=3866&act=dispMemberLoginForm HTTP/1.1" 403 199 "-" "Mozilla/5.0 (Linux; Android 7.0;) AppleWebKit/537.36 (KHTML, like Gecko) Mobile Safari/537.36 (compatible; PetalBot;+https://webmaster.petalsearch.com/site/petalbot)"
114.119.154.67 - - [01/Oct/2021:20:38:37 +0900] "realpano.net(SG) GET /gl/index.php?mid=human_vr&m=0&page=4&document_srl=3866&act=dispMemberLoginForm HTTP/1.1" 403 199 "-" "Mozilla/5.0 (Linux; Android 7.0;) AppleWebKit/537.36 (KHTML, like Gecko) Mobile Safari/537.36 (compatible; PetalBot;+https://webmaster.petalsearch.com/site/petalbot)"
157.55.39.94 - - [01/Oct/2021:20:38:42 +0900] "realpano.net(US) GET /gl/human_vr/4149 HTTP/2.0" 404 196 "-" "Mozilla/5.0 (compatible; bingbot/2.0; +http://www.bing.com/bingbot.htm)"
157.55.39.94 - - [01/Oct/2021:20:38:42 +0900] "realpano.net(US) GET /gl/human_vr/4149 HTTP/2.0" 404 196 "-" "Mozilla/5.0 (compatible; bingbot/2.0; +http://www.bing.com/bingbot.htm)"
114.119.154.6 - - [01/Oct/2021:20:45:25 +0900] "realpano.net(SG) GET /gl/index.php?mid=human_vr&search_target=tag&search_keyword=%EC%98%A4%ED%94%BC%EC%8A%A4%ED%85%94&category=3339&division=-45271&last_division=0&m=0&listStyle=gallery HTTP/1.1" 403 199 "-" "Mozilla/5.0 (Linux; Android 7.0;) AppleWebKit/537.36 (KHTML, like Gecko) Mobile Safari/537.36 (compatible; PetalBot;+https://webmaster.petalsearch.com/site/petalbot)"
114.119.154.6 - - [01/Oct/2021:20:45:25 +0900] "realpano.net(SG) GET /gl/index.php?mid=human_vr&search_target=tag&search_keyword=%EC%98%A4%ED%94%BC%EC%8A%A4%ED%85%94&category=3339&division=-45271&last_division=0&m=0&listStyle=gallery HTTP/1.1" 403 199 "-" "Mozilla/5.0 (Linux; Android 7.0;) AppleWebKit/537.36 (KHTML, like Gecko) Mobile Safari/537.36 (compatible; PetalBot;+https://webmaster.petalsearch.com/site/petalbot)"
54.39.29.64 - - [01/Oct/2021:20:45:36 +0900] "realpano.net(CA) GET / HTTP/1.0" 200 64 "http://realpano.net/" "Mozilla/5.0 (Windows NT 10.0; Win64; x64) AppleWebKit/537.36 (KHTML, like Gecko) Chrome/83.0.4103.24 Safari/537.36"
54.39.29.64 - - [01/Oct/2021:20:45:36 +0900] "realpano.net(CA) GET / HTTP/1.0" 200 64 "http://realpano.net/" "Mozilla/5.0 (Windows NT 10.0; Win64; x64) AppleWebKit/537.36 (KHTML, like Gecko) Chrome/83.0.4103.24 Safari/537.36"
54.39.29.64 - - [01/Oct/2021:20:45:37 +0900] "realpano.net(CA) GET /gl/%22; HTTP/1.0" 404 196 "http://realpano.net/gl/%22;" "Mozilla/5.0 (Windows NT 10.0; Win64; x64) AppleWebKit/537.36 (KHTML, like Gecko) Chrome/83.0.4103.24 Safari/537.36"
54.39.29.64 - - [01/Oct/2021:20:45:37 +0900] "realpano.net(CA) GET /gl/%22; HTTP/1.0" 404 196 "http://realpano.net/gl/%22;" "Mozilla/5.0 (Windows NT 10.0; Win64; x64) AppleWebKit/537.36 (KHTML, like Gecko) Chrome/83.0.4103.24 Safari/537.36"
54.39.29.64 - - [01/Oct/2021:20:45:37 +0900] "realpano.net(CA) GET / HTTP/1.0" 200 64 "http://realpano.net/" "Mozilla/5.0 (Windows NT 10.0; Win64; x64) AppleWebKit/537.36 (KHTML, like Gecko) Chrome/83.0.4103.24 Safari/537.36"
54.39.29.64 - - [01/Oct/2021:20:45:37 +0900] "realpano.net(CA) GET / HTTP/1.0" 200 64 "http://realpano.net/" "Mozilla/5.0 (Windows NT 10.0; Win64; x64) AppleWebKit/537.36 (KHTML, like Gecko) Chrome/83.0.4103.24 Safari/537.36"
114.119.154.6 - - [01/Oct/2021:20:52:13 +0900] "realpano.net(SG) GET /gl/index.php?mid=human_vr&m=0&page=7&listStyle=viewer HTTP/1.1" 403 199 "-" "Mozilla/5.0 (Linux; Android 7.0;) AppleWebKit/537.36 (KHTML, like Gecko) Mobile Safari/537.36 (compatible; PetalBot;+https://webmaster.petalsearch.com/site/petalbot)"
114.119.154.6 - - [01/Oct/2021:20:52:13 +0900] "realpano.net(SG) GET /gl/index.php?mid=human_vr&m=0&page=7&listStyle=viewer HTTP/1.1" 403 199 "-" "Mozilla/5.0 (Linux; Android 7.0;) AppleWebKit/537.36 (KHTML, like Gecko) Mobile Safari/537.36 (compatible; PetalBot;+https://webmaster.petalsearch.com/site/petalbot)"
114.119.154.26 - - [01/Oct/2021:20:59:20 +0900] "realpano.net(SG) GET /gl/index.php?mid=human_vr&m=0&category=3350&listStyle=viewer&order_type=asc&sort_index=title&document_srl=44411 HTTP/1.1" 403 199 "-" "Mozilla/5.0 (Linux; Android 7.0;) AppleWebKit/537.36 (KHTML, like Gecko) Mobile Safari/537.36 (compatible; PetalBot;+https://webmaster.petalsearch.com/site/petalbot)"
114.119.154.26 - - [01/Oct/2021:20:59:20 +0900] "realpano.net(SG) GET /gl/index.php?mid=human_vr&m=0&category=3350&listStyle=viewer&order_type=asc&sort_index=title&document_srl=44411 HTTP/1.1" 403 199 "-" "Mozilla/5.0 (Linux; Android 7.0;) AppleWebKit/537.36 (KHTML, like Gecko) Mobile Safari/537.36 (compatible; PetalBot;+https://webmaster.petalsearch.com/site/petalbot)"
114.119.154.41 - - [01/Oct/2021:21:05:27 +0900] "realpano.net(SG) GET /gl/index.php?mid=human_vr&category=3350&document_srl=44755&m=0 HTTP/1.1" 403 199 "-" "Mozilla/5.0 (Linux; Android 7.0;) AppleWebKit/537.36 (KHTML, like Gecko) Mobile Safari/537.36 (compatible; PetalBot;+https://webmaster.petalsearch.com/site/petalbot)"
114.119.154.41 - - [01/Oct/2021:21:05:27 +0900] "realpano.net(SG) GET /gl/index.php?mid=human_vr&category=3350&document_srl=44755&m=0 HTTP/1.1" 403 199 "-" "Mozilla/5.0 (Linux; Android 7.0;) AppleWebKit/537.36 (KHTML, like Gecko) Mobile Safari/537.36 (compatible; PetalBot;+https://webmaster.petalsearch.com/site/petalbot)"
114.119.154.39 - - [01/Oct/2021:21:12:35 +0900] "realpano.net(SG) GET /gl/index.php?mid=human_vr&search_target=tag&search_keyword=%EB%A0%8C%ED%83%88%EC%8A%A4%ED%8A%9C%EB%94%94%EC%98%A4&category=3345 HTTP/1.1" 403 199 "-" "Mozilla/5.0 (Linux; Android 7.0;) AppleWebKit/537.36 (KHTML, like Gecko) Mobile Safari/537.36 (compatible; PetalBot;+https://webmaster.petalsearch.com/site/petalbot)"
114.119.154.39 - - [01/Oct/2021:21:12:35 +0900] "realpano.net(SG) GET /gl/index.php?mid=human_vr&search_target=tag&search_keyword=%EB%A0%8C%ED%83%88%EC%8A%A4%ED%8A%9C%EB%94%94%EC%98%A4&category=3345 HTTP/1.1" 403 199 "-" "Mozilla/5.0 (Linux; Android 7.0;) AppleWebKit/537.36 (KHTML, like Gecko) Mobile Safari/537.36 (compatible; PetalBot;+https://webmaster.petalsearch.com/site/petalbot)"
157.55.39.20 - - [01/Oct/2021:21:16:00 +0900] "realpano.net(US) GET / HTTP/1.1" 200 64 "-" "Mozilla/5.0 (compatible; bingbot/2.0; +http://www.bing.com/bingbot.htm)"
157.55.39.20 - - [01/Oct/2021:21:16:00 +0900] "realpano.net(US) GET / HTTP/1.1" 200 64 "-" "Mozilla/5.0 (compatible; bingbot/2.0; +http://www.bing.com/bingbot.htm)"
17.121.115.90 - - [01/Oct/2021:21:20:36 +0900] "realpano.net(US) GET /gl/files/attach/images/2684/836/044/6b7c2bf3d7d517189abfb0702de68c24.jpg HTTP/1.1" 404 196 "-" "Mozilla/5.0 (Macintosh; Intel Mac OS X 10_15_5) AppleWebKit/605.1.15 (KHTML, like Gecko) Version/13.1.1 Safari/605.1.15 (Applebot/0.1; +http://www.apple.com/go/applebot)"
17.121.115.90 - - [01/Oct/2021:21:20:36 +0900] "realpano.net(US) GET /gl/files/attach/images/2684/836/044/6b7c2bf3d7d517189abfb0702de68c24.jpg HTTP/1.1" 404 196 "-" "Mozilla/5.0 (Macintosh; Intel Mac OS X 10_15_5) AppleWebKit/605.1.15 (KHTML, like Gecko) Version/13.1.1 Safari/605.1.15 (Applebot/0.1; +http://www.apple.com/go/applebot)"
157.55.39.94 - - [01/Oct/2021:21:23:02 +0900] "realpano.net(US) GET /gl/high1 HTTP/2.0" 404 196 "-" "Mozilla/5.0 (compatible; bingbot/2.0; +http://www.bing.com/bingbot.htm)"
157.55.39.94 - - [01/Oct/2021:21:23:02 +0900] "realpano.net(US) GET /gl/high1 HTTP/2.0" 404 196 "-" "Mozilla/5.0 (compatible; bingbot/2.0; +http://www.bing.com/bingbot.htm)"
114.119.154.30 - - [01/Oct/2021:21:26:31 +0900] "realpano.net(SG) GET /gl/index.php?mid=human_vr&page=6&listStyle=viewer&m=0&document_srl=4124&sort_index=title&order_type=desc HTTP/1.1" 403 199 "-" "Mozilla/5.0 (Linux; Android 7.0;) AppleWebKit/537.36 (KHTML, like Gecko) Mobile Safari/537.36 (compatible; PetalBot;+https://webmaster.petalsearch.com/site/petalbot)"
114.119.154.30 - - [01/Oct/2021:21:26:31 +0900] "realpano.net(SG) GET /gl/index.php?mid=human_vr&page=6&listStyle=viewer&m=0&document_srl=4124&sort_index=title&order_type=desc HTTP/1.1" 403 199 "-" "Mozilla/5.0 (Linux; Android 7.0;) AppleWebKit/537.36 (KHTML, like Gecko) Mobile Safari/537.36 (compatible; PetalBot;+https://webmaster.petalsearch.com/site/petalbot)"
66.249.68.58 - - [01/Oct/2021:21:30:30 +0900] "realpano.net(US) GET /robots.txt HTTP/1.1" 404 196 "-" "Mozilla/5.0 (compatible; Googlebot/2.1; +http://www.google.com/bot.html)"
66.249.68.58 - - [01/Oct/2021:21:30:30 +0900] "realpano.net(US) GET /robots.txt HTTP/1.1" 404 196 "-" "Mozilla/5.0 (compatible; Googlebot/2.1; +http://www.google.com/bot.html)"
66.249.68.56 - - [01/Oct/2021:21:30:31 +0900] "realpano.net(US) GET /gl/index.php?mid=consultation1&page=2 HTTP/1.1" 404 196 "-" "Mozilla/5.0 (Linux; Android 6.0.1; Nexus 5X Build/MMB29P) AppleWebKit/537.36 (KHTML, like Gecko) Chrome/94.0.4606.54 Mobile Safari/537.36 (compatible; Googlebot/2.1; +http://www.google.com/bot.html)"
66.249.68.56 - - [01/Oct/2021:21:30:31 +0900] "realpano.net(US) GET /gl/index.php?mid=consultation1&page=2 HTTP/1.1" 404 196 "-" "Mozilla/5.0 (Linux; Android 6.0.1; Nexus 5X Build/MMB29P) AppleWebKit/537.36 (KHTML, like Gecko) Chrome/94.0.4606.54 Mobile Safari/537.36 (compatible; Googlebot/2.1; +http://www.google.com/bot.html)"
157.55.39.121 - - [01/Oct/2021:21:32:40 +0900] "realpano.net(US) GET /gl/air_vr/45136 HTTP/2.0" 404 196 "-" "Mozilla/5.0 (compatible; bingbot/2.0; +http://www.bing.com/bingbot.htm)"
157.55.39.121 - - [01/Oct/2021:21:32:40 +0900] "realpano.net(US) GET /gl/air_vr/45136 HTTP/2.0" 404 196 "-" "Mozilla/5.0 (compatible; bingbot/2.0; +http://www.bing.com/bingbot.htm)"
114.119.154.67 - - [01/Oct/2021:21:32:53 +0900] "realpano.net(SG) GET /gl/index.php?mid=human_vr&m=0&category=3342&listStyle=viewer&order_type=asc&document_srl=45203&sort_index=title HTTP/1.1" 403 199 "-" "Mozilla/5.0 (Linux; Android 7.0;) AppleWebKit/537.36 (KHTML, like Gecko) Mobile Safari/537.36 (compatible; PetalBot;+https://webmaster.petalsearch.com/site/petalbot)"
114.119.154.67 - - [01/Oct/2021:21:32:53 +0900] "realpano.net(SG) GET /gl/index.php?mid=human_vr&m=0&category=3342&listStyle=viewer&order_type=asc&document_srl=45203&sort_index=title HTTP/1.1" 403 199 "-" "Mozilla/5.0 (Linux; Android 7.0;) AppleWebKit/537.36 (KHTML, like Gecko) Mobile Safari/537.36 (compatible; PetalBot;+https://webmaster.petalsearch.com/site/petalbot)"
114.119.154.65 - - [01/Oct/2021:21:39:21 +0900] "realpano.net(SG) GET /gl/index.php?mid=human_vr&document_srl=3843&listStyle=viewer&act=dispMemberFindAccount HTTP/1.1" 403 199 "-" "Mozilla/5.0 (Linux; Android 7.0;) AppleWebKit/537.36 (KHTML, like Gecko) Mobile Safari/537.36 (compatible; PetalBot;+https://webmaster.petalsearch.com/site/petalbot)"
114.119.154.65 - - [01/Oct/2021:21:39:21 +0900] "realpano.net(SG) GET /gl/index.php?mid=human_vr&document_srl=3843&listStyle=viewer&act=dispMemberFindAccount HTTP/1.1" 403 199 "-" "Mozilla/5.0 (Linux; Android 7.0;) AppleWebKit/537.36 (KHTML, like Gecko) Mobile Safari/537.36 (compatible; PetalBot;+https://webmaster.petalsearch.com/site/petalbot)"
114.119.154.67 - - [01/Oct/2021:21:45:54 +0900] "realpano.net(SG) GET /gl/index.php?mid=human_vr&page=3&listStyle=gallery&m=0&sort_index=title&order_type=desc&document_srl=4185 HTTP/1.1" 403 199 "-" "Mozilla/5.0 (Linux; Android 7.0;) AppleWebKit/537.36 (KHTML, like Gecko) Mobile Safari/537.36 (compatible; PetalBot;+https://webmaster.petalsearch.com/site/petalbot)"
114.119.154.67 - - [01/Oct/2021:21:45:54 +0900] "realpano.net(SG) GET /gl/index.php?mid=human_vr&page=3&listStyle=gallery&m=0&sort_index=title&order_type=desc&document_srl=4185 HTTP/1.1" 403 199 "-" "Mozilla/5.0 (Linux; Android 7.0;) AppleWebKit/537.36 (KHTML, like Gecko) Mobile Safari/537.36 (compatible; PetalBot;+https://webmaster.petalsearch.com/site/petalbot)"
114.119.149.150 - - [01/Oct/2021:21:51:23 +0900] "www.realpano.net(SG) GET /robots.txt HTTP/1.1" 403 199 "-" "Mozilla/5.0 (compatible;PetalBot;+https://webmaster.petalsearch.com/site/petalbot)"
114.119.149.150 - - [01/Oct/2021:21:51:23 +0900] "www.realpano.net(SG) GET /robots.txt HTTP/1.1" 403 199 "-" "Mozilla/5.0 (compatible;PetalBot;+https://webmaster.petalsearch.com/site/petalbot)"
114.119.154.41 - - [01/Oct/2021:21:58:17 +0900] "realpano.net(SG) GET /gl/index.php?mid=human_vr&m=0&category=3339&listStyle=list&sort_index=title&order_type=asc&search_target=tag&search_keyword=%EC%9B%A8%EB%94%A9%ED%99%80 HTTP/1.1" 403 199 "-" "Mozilla/5.0 (Linux; Android 7.0;) AppleWebKit/537.36 (KHTML, like Gecko) Mobile Safari/537.36 (compatible; PetalBot;+https://webmaster.petalsearch.com/site/petalbot)"
114.119.154.41 - - [01/Oct/2021:21:58:17 +0900] "realpano.net(SG) GET /gl/index.php?mid=human_vr&m=0&category=3339&listStyle=list&sort_index=title&order_type=asc&search_target=tag&search_keyword=%EC%9B%A8%EB%94%A9%ED%99%80 HTTP/1.1" 403 199 "-" "Mozilla/5.0 (Linux; Android 7.0;) AppleWebKit/537.36 (KHTML, like Gecko) Mobile Safari/537.36 (compatible; PetalBot;+https://webmaster.petalsearch.com/site/petalbot)"
157.55.39.111 - - [01/Oct/2021:22:04:20 +0900] "www.realpano.net(US) GET /gl/44124 HTTP/1.1" 301 - "-" "Mozilla/5.0 (compatible; bingbot/2.0; +http://www.bing.com/bingbot.htm)"
157.55.39.111 - - [01/Oct/2021:22:04:20 +0900] "www.realpano.net(US) GET /gl/44124 HTTP/1.1" 301 - "-" "Mozilla/5.0 (compatible; bingbot/2.0; +http://www.bing.com/bingbot.htm)"
114.119.154.65 - - [01/Oct/2021:22:05:03 +0900] "realpano.net(SG) GET /gl/index.php?mid=human_vr&m=0&category=3348&listStyle=list&document_srl=3886&sort_index=readed_count&order_type=asc HTTP/1.1" 403 199 "-" "Mozilla/5.0 (Linux; Android 7.0;) AppleWebKit/537.36 (KHTML, like Gecko) Mobile Safari/537.36 (compatible; PetalBot;+https://webmaster.petalsearch.com/site/petalbot)"
