114.119.154.67 - - [05/Oct/2021:01:16:50 +0900] "realpano.net(SG) GET /gl/index.php?mid=human_vr&search_target=tag&search_keyword=%EC%9D%B8%ED%85%8C%EB%9D%BC%EB%B1%85&m=1&division=-45271&last_division=0&category=3348&act=dispMemberSignUpForm HTTP/1.1" 403 199 "-" "Mozilla/5.0 (Linux; Android 7.0;) AppleWebKit/537.36 (KHTML, like Gecko) Mobile Safari/537.36 (compatible; PetalBot;+https://webmaster.petalsearch.com/site/petalbot)"
191.101.122.240 - - [05/Oct/2021:01:22:26 +0900] "realpano.net(DE) GET / HTTP/1.1" 200 64 "-" "Go-http-client/1.1"
191.101.122.240 - - [05/Oct/2021:01:22:26 +0900] "realpano.net(DE) GET / HTTP/1.1" 200 64 "-" "Go-http-client/1.1"
154.16.38.97 - - [05/Oct/2021:01:22:26 +0900] "realpano.net(ZA) GET /favicon.ico HTTP/1.1" 404 196 "-" "Go-http-client/1.1"
154.16.38.97 - - [05/Oct/2021:01:22:26 +0900] "realpano.net(ZA) GET /favicon.ico HTTP/1.1" 404 196 "-" "Go-http-client/1.1"
45.131.95.21 - - [05/Oct/2021:01:22:27 +0900] "realpano.net(DE) GET / HTTP/1.1" 200 687 "-" "Go-http-client/1.1"
45.131.95.21 - - [05/Oct/2021:01:22:27 +0900] "realpano.net(DE) GET / HTTP/1.1" 200 687 "-" "Go-http-client/1.1"
176.113.42.202 - - [05/Oct/2021:01:22:28 +0900] "realpano.net(RU) GET /favicon.ico HTTP/1.1" 404 196 "-" "Go-http-client/1.1"
176.113.42.202 - - [05/Oct/2021:01:22:28 +0900] "realpano.net(RU) GET /favicon.ico HTTP/1.1" 404 196 "-" "Go-http-client/1.1"
45.131.93.191 - - [05/Oct/2021:01:22:28 +0900] "realpano.net(DE) GET /favicon.ico HTTP/1.1" 404 196 "-" "Go-http-client/1.1"
45.131.93.191 - - [05/Oct/2021:01:22:28 +0900] "realpano.net(DE) GET /favicon.ico HTTP/1.1" 404 196 "-" "Go-http-client/1.1"
176.113.43.199 - - [05/Oct/2021:01:22:30 +0900] "realpano.net(RU) GET /favicon.ico HTTP/1.1" 404 196 "-" "Go-http-client/1.1"
176.113.43.199 - - [05/Oct/2021:01:22:30 +0900] "realpano.net(RU) GET /favicon.ico HTTP/1.1" 404 196 "-" "Go-http-client/1.1"
114.119.154.26 - - [05/Oct/2021:01:22:55 +0900] "realpano.net(SG) GET /gl/index.php?mid=human_vr&page=5&listStyle=viewer&search_target=tag&search_keyword=%EB%AA%A8%ED%85%94 HTTP/1.1" 403 199 "-" "Mozilla/5.0 (Linux; Android 7.0;) AppleWebKit/537.36 (KHTML, like Gecko) Mobile Safari/537.36 (compatible; PetalBot;+https://webmaster.petalsearch.com/site/petalbot)"
114.119.154.26 - - [05/Oct/2021:01:22:55 +0900] "realpano.net(SG) GET /gl/index.php?mid=human_vr&page=5&listStyle=viewer&search_target=tag&search_keyword=%EB%AA%A8%ED%85%94 HTTP/1.1" 403 199 "-" "Mozilla/5.0 (Linux; Android 7.0;) AppleWebKit/537.36 (KHTML, like Gecko) Mobile Safari/537.36 (compatible; PetalBot;+https://webmaster.petalsearch.com/site/petalbot)"
157.55.39.20 - - [05/Oct/2021:01:26:20 +0900] "www.realpano.net(US) GET /gl/ovject_vr/KSW_0934.jpg HTTP/1.1" 404 196 "-" "Mozilla/5.0 (compatible; bingbot/2.0; +http://www.bing.com/bingbot.htm)"
157.55.39.20 - - [05/Oct/2021:01:26:20 +0900] "www.realpano.net(US) GET /gl/ovject_vr/KSW_0934.jpg HTTP/1.1" 404 196 "-" "Mozilla/5.0 (compatible; bingbot/2.0; +http://www.bing.com/bingbot.htm)"
114.119.154.41 - - [05/Oct/2021:01:28:55 +0900] "realpano.net(SG) GET /gl/index.php?mid=human_vr&listStyle=webzine&m=0&search_target=tag&search_keyword=%EA%B7%80%EA%B8%88%EC%86%8D&division=-45271&last_division=0&category=3350 HTTP/1.1" 403 199 "-" "Mozilla/5.0 (Linux; Android 7.0;) AppleWebKit/537.36 (KHTML, like Gecko) Mobile Safari/537.36 (compatible; PetalBot;+https://webmaster.petalsearch.com/site/petalbot)"
114.119.154.41 - - [05/Oct/2021:01:28:55 +0900] "realpano.net(SG) GET /gl/index.php?mid=human_vr&listStyle=webzine&m=0&search_target=tag&search_keyword=%EA%B7%80%EA%B8%88%EC%86%8D&division=-45271&last_division=0&category=3350 HTTP/1.1" 403 199 "-" "Mozilla/5.0 (Linux; Android 7.0;) AppleWebKit/537.36 (KHTML, like Gecko) Mobile Safari/537.36 (compatible; PetalBot;+https://webmaster.petalsearch.com/site/petalbot)"
114.119.154.30 - - [05/Oct/2021:01:35:01 +0900] "realpano.net(SG) GET /gl/index.php?mid=human_vr&m=0&page=4&document_srl=34197&listStyle=viewer HTTP/1.1" 403 199 "-" "Mozilla/5.0 (Linux; Android 7.0;) AppleWebKit/537.36 (KHTML, like Gecko) Mobile Safari/537.36 (compatible; PetalBot;+https://webmaster.petalsearch.com/site/petalbot)"
114.119.154.30 - - [05/Oct/2021:01:35:01 +0900] "realpano.net(SG) GET /gl/index.php?mid=human_vr&m=0&page=4&document_srl=34197&listStyle=viewer HTTP/1.1" 403 199 "-" "Mozilla/5.0 (Linux; Android 7.0;) AppleWebKit/537.36 (KHTML, like Gecko) Mobile Safari/537.36 (compatible; PetalBot;+https://webmaster.petalsearch.com/site/petalbot)"
114.119.154.39 - - [05/Oct/2021:01:41:16 +0900] "realpano.net(SG) GET /gl/index.php?mid=human_vr&m=0&category=3357&listStyle=gallery&order_type=desc&document_srl=44836 HTTP/1.1" 403 199 "-" "Mozilla/5.0 (Linux; Android 7.0;) AppleWebKit/537.36 (KHTML, like Gecko) Mobile Safari/537.36 (compatible; PetalBot;+https://webmaster.petalsearch.com/site/petalbot)"
114.119.154.39 - - [05/Oct/2021:01:41:16 +0900] "realpano.net(SG) GET /gl/index.php?mid=human_vr&m=0&category=3357&listStyle=gallery&order_type=desc&document_srl=44836 HTTP/1.1" 403 199 "-" "Mozilla/5.0 (Linux; Android 7.0;) AppleWebKit/537.36 (KHTML, like Gecko) Mobile Safari/537.36 (compatible; PetalBot;+https://webmaster.petalsearch.com/site/petalbot)"
114.119.154.67 - - [05/Oct/2021:01:47:34 +0900] "realpano.net(SG) GET /gl/index.php?mid=human_vr&m=1&listStyle=gallery&search_target=tag&search_keyword=%EC%95%BD%EC%97%85%EC%82%AC&category=3351 HTTP/1.1" 403 199 "-" "Mozilla/5.0 (Linux; Android 7.0;) AppleWebKit/537.36 (KHTML, like Gecko) Mobile Safari/537.36 (compatible; PetalBot;+https://webmaster.petalsearch.com/site/petalbot)"
114.119.154.67 - - [05/Oct/2021:01:47:34 +0900] "realpano.net(SG) GET /gl/index.php?mid=human_vr&m=1&listStyle=gallery&search_target=tag&search_keyword=%EC%95%BD%EC%97%85%EC%82%AC&category=3351 HTTP/1.1" 403 199 "-" "Mozilla/5.0 (Linux; Android 7.0;) AppleWebKit/537.36 (KHTML, like Gecko) Mobile Safari/537.36 (compatible; PetalBot;+https://webmaster.petalsearch.com/site/petalbot)"
54.39.29.64 - - [05/Oct/2021:01:49:22 +0900] "realpano.net(CA) GET / HTTP/1.0" 200 64 "http://realpano.net/" "Mozilla/5.0 (Windows NT 10.0; WOW64) AppleWebKit/537.36 (KHTML, like Gecko) Chrome/83.0.4103.61 Safari/537.36"
54.39.29.64 - - [05/Oct/2021:01:49:22 +0900] "realpano.net(CA) GET / HTTP/1.0" 200 64 "http://realpano.net/" "Mozilla/5.0 (Windows NT 10.0; WOW64) AppleWebKit/537.36 (KHTML, like Gecko) Chrome/83.0.4103.61 Safari/537.36"
54.39.29.64 - - [05/Oct/2021:01:49:23 +0900] "realpano.net(CA) GET /gl/%22; HTTP/1.0" 404 196 "http://realpano.net/gl/%22;" "Mozilla/5.0 (Windows NT 10.0; WOW64) AppleWebKit/537.36 (KHTML, like Gecko) Chrome/83.0.4103.61 Safari/537.36"
54.39.29.64 - - [05/Oct/2021:01:49:23 +0900] "realpano.net(CA) GET /gl/%22; HTTP/1.0" 404 196 "http://realpano.net/gl/%22;" "Mozilla/5.0 (Windows NT 10.0; WOW64) AppleWebKit/537.36 (KHTML, like Gecko) Chrome/83.0.4103.61 Safari/537.36"
54.39.29.64 - - [05/Oct/2021:01:49:24 +0900] "realpano.net(CA) GET / HTTP/1.0" 200 64 "http://realpano.net/" "Mozilla/5.0 (Windows NT 10.0; WOW64) AppleWebKit/537.36 (KHTML, like Gecko) Chrome/83.0.4103.61 Safari/537.36"
54.39.29.64 - - [05/Oct/2021:01:49:24 +0900] "realpano.net(CA) GET / HTTP/1.0" 200 64 "http://realpano.net/" "Mozilla/5.0 (Windows NT 10.0; WOW64) AppleWebKit/537.36 (KHTML, like Gecko) Chrome/83.0.4103.61 Safari/537.36"
114.119.154.39 - - [05/Oct/2021:01:53:55 +0900] "realpano.net(SG) GET /gl/index.php?mid=human_vr&m=0&category=3354&listStyle=gallery&order_type=asc&document_srl=44633 HTTP/1.1" 403 199 "-" "Mozilla/5.0 (Linux; Android 7.0;) AppleWebKit/537.36 (KHTML, like Gecko) Mobile Safari/537.36 (compatible; PetalBot;+https://webmaster.petalsearch.com/site/petalbot)"
114.119.154.39 - - [05/Oct/2021:01:53:55 +0900] "realpano.net(SG) GET /gl/index.php?mid=human_vr&m=0&category=3354&listStyle=gallery&order_type=asc&document_srl=44633 HTTP/1.1" 403 199 "-" "Mozilla/5.0 (Linux; Android 7.0;) AppleWebKit/537.36 (KHTML, like Gecko) Mobile Safari/537.36 (compatible; PetalBot;+https://webmaster.petalsearch.com/site/petalbot)"
157.55.39.121 - - [05/Oct/2021:01:54:00 +0900] "realpano.net(US) GET /gl/ovject_vr HTTP/2.0" 404 196 "-" "Mozilla/5.0 (compatible; bingbot/2.0; +http://www.bing.com/bingbot.htm)"
157.55.39.121 - - [05/Oct/2021:01:54:00 +0900] "realpano.net(US) GET /gl/ovject_vr HTTP/2.0" 404 196 "-" "Mozilla/5.0 (compatible; bingbot/2.0; +http://www.bing.com/bingbot.htm)"
122.190.192.99 - - [05/Oct/2021:01:54:30 +0900] "www.realpano.net(CN) POST /inc/AspCms_AdvJs.asp HTTP/1.1" 404 196 "http://misc.yahoo.com.cn/" "Mozilla/5.0+(compatible;+Baispider/2.0;++http://www.bai.com/search/spider.html)"
122.190.192.99 - - [05/Oct/2021:01:54:30 +0900] "www.realpano.net(CN) POST /inc/AspCms_AdvJs.asp HTTP/1.1" 404 196 "http://misc.yahoo.com.cn/" "Mozilla/5.0+(compatible;+Baispider/2.0;++http://www.bai.com/search/spider.html)"
122.190.192.99 - - [05/Oct/2021:01:54:31 +0900] "www.realpano.net(CN) POST /inc/AspCms_AdvJs.asp HTTP/1.1" 404 196 "http://misc.yahoo.com.cn/" "Mozilla/5.0+(compatible;+Baispider/2.0;++http://www.bai.com/search/spider.html)"
122.190.192.99 - - [05/Oct/2021:01:54:31 +0900] "www.realpano.net(CN) POST /inc/AspCms_AdvJs.asp HTTP/1.1" 404 196 "http://misc.yahoo.com.cn/" "Mozilla/5.0+(compatible;+Baispider/2.0;++http://www.bai.com/search/spider.html)"
114.119.154.30 - - [05/Oct/2021:02:00:17 +0900] "realpano.net(SG) GET /gl/index.php?mid=human_vr&search_target=tag&search_keyword=%EA%B3%BC%EC%9D%BC&category=3354 HTTP/1.1" 403 199 "-" "Mozilla/5.0 (Linux; Android 7.0;) AppleWebKit/537.36 (KHTML, like Gecko) Mobile Safari/537.36 (compatible; PetalBot;+https://webmaster.petalsearch.com/site/petalbot)"
114.119.154.30 - - [05/Oct/2021:02:00:17 +0900] "realpano.net(SG) GET /gl/index.php?mid=human_vr&search_target=tag&search_keyword=%EA%B3%BC%EC%9D%BC&category=3354 HTTP/1.1" 403 199 "-" "Mozilla/5.0 (Linux; Android 7.0;) AppleWebKit/537.36 (KHTML, like Gecko) Mobile Safari/537.36 (compatible; PetalBot;+https://webmaster.petalsearch.com/site/petalbot)"
114.119.154.67 - - [05/Oct/2021:02:06:35 +0900] "realpano.net(SG) GET /gl/index.php?mid=human_vr&search_target=tag&search_keyword=%EC%9B%B0%EB%B9%99 HTTP/1.1" 403 199 "-" "Mozilla/5.0 (Linux; Android 7.0;) AppleWebKit/537.36 (KHTML, like Gecko) Mobile Safari/537.36 (compatible; PetalBot;+https://webmaster.petalsearch.com/site/petalbot)"
114.119.154.67 - - [05/Oct/2021:02:06:35 +0900] "realpano.net(SG) GET /gl/index.php?mid=human_vr&search_target=tag&search_keyword=%EC%9B%B0%EB%B9%99 HTTP/1.1" 403 199 "-" "Mozilla/5.0 (Linux; Android 7.0;) AppleWebKit/537.36 (KHTML, like Gecko) Mobile Safari/537.36 (compatible; PetalBot;+https://webmaster.petalsearch.com/site/petalbot)"
114.119.154.67 - - [05/Oct/2021:02:13:05 +0900] "realpano.net(SG) GET /gl/index.php?mid=human_vr&m=1&category=3357&listStyle=list&document_srl=44836&order_type=desc HTTP/1.1" 403 199 "-" "Mozilla/5.0 (Linux; Android 7.0;) AppleWebKit/537.36 (KHTML, like Gecko) Mobile Safari/537.36 (compatible; PetalBot;+https://webmaster.petalsearch.com/site/petalbot)"
114.119.154.67 - - [05/Oct/2021:02:13:05 +0900] "realpano.net(SG) GET /gl/index.php?mid=human_vr&m=1&category=3357&listStyle=list&document_srl=44836&order_type=desc HTTP/1.1" 403 199 "-" "Mozilla/5.0 (Linux; Android 7.0;) AppleWebKit/537.36 (KHTML, like Gecko) Mobile Safari/537.36 (compatible; PetalBot;+https://webmaster.petalsearch.com/site/petalbot)"
114.119.154.67 - - [05/Oct/2021:02:19:33 +0900] "realpano.net(SG) GET /gl/index.php?mid=human_vr&m=0&search_target=tag&search_keyword=%EC%BF%A0%EB%82%98%EB%93%9C&category=3346&listStyle=webzine&act=dispMemberLoginForm HTTP/1.1" 403 199 "-" "Mozilla/5.0 (Linux; Android 7.0;) AppleWebKit/537.36 (KHTML, like Gecko) Mobile Safari/537.36 (compatible; PetalBot;+https://webmaster.petalsearch.com/site/petalbot)"
114.119.154.67 - - [05/Oct/2021:02:19:33 +0900] "realpano.net(SG) GET /gl/index.php?mid=human_vr&m=0&search_target=tag&search_keyword=%EC%BF%A0%EB%82%98%EB%93%9C&category=3346&listStyle=webzine&act=dispMemberLoginForm HTTP/1.1" 403 199 "-" "Mozilla/5.0 (Linux; Android 7.0;) AppleWebKit/537.36 (KHTML, like Gecko) Mobile Safari/537.36 (compatible; PetalBot;+https://webmaster.petalsearch.com/site/petalbot)"
207.46.13.85 - - [05/Oct/2021:02:23:24 +0900] "realpano.net(US) GET /gl/ HTTP/2.0" 404 196 "-" "Mozilla/5.0 (compatible; bingbot/2.0; +http://www.bing.com/bingbot.htm)"
207.46.13.85 - - [05/Oct/2021:02:23:24 +0900] "realpano.net(US) GET /gl/ HTTP/2.0" 404 196 "-" "Mozilla/5.0 (compatible; bingbot/2.0; +http://www.bing.com/bingbot.htm)"
114.119.154.65 - - [05/Oct/2021:02:26:16 +0900] "realpano.net(SG) GET /gl/index.php?mid=human_vr&m=0&category=3357&search_target=tag&search_keyword=%EB%82%A8%EC%82%B0 HTTP/1.1" 403 199 "-" "Mozilla/5.0 (Linux; Android 7.0;) AppleWebKit/537.36 (KHTML, like Gecko) Mobile Safari/537.36 (compatible; PetalBot;+https://webmaster.petalsearch.com/site/petalbot)"
114.119.154.65 - - [05/Oct/2021:02:26:16 +0900] "realpano.net(SG) GET /gl/index.php?mid=human_vr&m=0&category=3357&search_target=tag&search_keyword=%EB%82%A8%EC%82%B0 HTTP/1.1" 403 199 "-" "Mozilla/5.0 (Linux; Android 7.0;) AppleWebKit/537.36 (KHTML, like Gecko) Mobile Safari/537.36 (compatible; PetalBot;+https://webmaster.petalsearch.com/site/petalbot)"
114.119.154.41 - - [05/Oct/2021:02:33:04 +0900] "realpano.net(SG) GET /gl/index.php?mid=human_vr&page=2&document_srl=45175&m=0&listStyle=viewer HTTP/1.1" 403 199 "-" "Mozilla/5.0 (Linux; Android 7.0;) AppleWebKit/537.36 (KHTML, like Gecko) Mobile Safari/537.36 (compatible; PetalBot;+https://webmaster.petalsearch.com/site/petalbot)"
114.119.154.41 - - [05/Oct/2021:02:33:04 +0900] "realpano.net(SG) GET /gl/index.php?mid=human_vr&page=2&document_srl=45175&m=0&listStyle=viewer HTTP/1.1" 403 199 "-" "Mozilla/5.0 (Linux; Android 7.0;) AppleWebKit/537.36 (KHTML, like Gecko) Mobile Safari/537.36 (compatible; PetalBot;+https://webmaster.petalsearch.com/site/petalbot)"
17.121.113.173 - - [05/Oct/2021:02:36:08 +0900] "realpano.net(US) GET /gl/consultation1/44968 HTTP/1.1" 404 196 "-" "Mozilla/5.0 (Macintosh; Intel Mac OS X 10_15_5) AppleWebKit/605.1.15 (KHTML, like Gecko) Version/13.1.1 Safari/605.1.15 (Applebot/0.1; +http://www.apple.com/go/applebot)"
17.121.113.173 - - [05/Oct/2021:02:36:08 +0900] "realpano.net(US) GET /gl/consultation1/44968 HTTP/1.1" 404 196 "-" "Mozilla/5.0 (Macintosh; Intel Mac OS X 10_15_5) AppleWebKit/605.1.15 (KHTML, like Gecko) Version/13.1.1 Safari/605.1.15 (Applebot/0.1; +http://www.apple.com/go/applebot)"
114.119.154.65 - - [05/Oct/2021:02:39:48 +0900] "realpano.net(SG) GET /gl/index.php?mid=human_vr&page=3&listStyle=list&m=0&sort_index=regdate&order_type=desc&document_srl=44589 HTTP/1.1" 403 199 "-" "Mozilla/5.0 (Linux; Android 7.0;) AppleWebKit/537.36 (KHTML, like Gecko) Mobile Safari/537.36 (compatible; PetalBot;+https://webmaster.petalsearch.com/site/petalbot)"
114.119.154.65 - - [05/Oct/2021:02:39:48 +0900] "realpano.net(SG) GET /gl/index.php?mid=human_vr&page=3&listStyle=list&m=0&sort_index=regdate&order_type=desc&document_srl=44589 HTTP/1.1" 403 199 "-" "Mozilla/5.0 (Linux; Android 7.0;) AppleWebKit/537.36 (KHTML, like Gecko) Mobile Safari/537.36 (compatible; PetalBot;+https://webmaster.petalsearch.com/site/petalbot)"
207.46.13.95 - - [05/Oct/2021:02:41:36 +0900] "realpano.net(US) GET /gl/human_vr/34197 HTTP/2.0" 404 196 "-" "Mozilla/5.0 (compatible; bingbot/2.0; +http://www.bing.com/bingbot.htm)"
207.46.13.95 - - [05/Oct/2021:02:41:36 +0900] "realpano.net(US) GET /gl/human_vr/34197 HTTP/2.0" 404 196 "-" "Mozilla/5.0 (compatible; bingbot/2.0; +http://www.bing.com/bingbot.htm)"
207.46.13.121 - - [05/Oct/2021:02:41:40 +0900] "realpano.net(US) GET /gl/human_vr/3822 HTTP/2.0" 404 196 "-" "Mozilla/5.0 (compatible; bingbot/2.0; +http://www.bing.com/bingbot.htm)"
207.46.13.121 - - [05/Oct/2021:02:41:40 +0900] "realpano.net(US) GET /gl/human_vr/3822 HTTP/2.0" 404 196 "-" "Mozilla/5.0 (compatible; bingbot/2.0; +http://www.bing.com/bingbot.htm)"
114.119.154.39 - - [05/Oct/2021:02:46:28 +0900] "realpano.net(SG) GET /gl/index.php?mid=human_vr&category=3342&m=0&listStyle=list&sort_index=readed_count&order_type=desc&page=3&document_srl=45212 HTTP/1.1" 403 199 "-" "Mozilla/5.0 (Linux; Android 7.0;) AppleWebKit/537.36 (KHTML, like Gecko) Mobile Safari/537.36 (compatible; PetalBot;+https://webmaster.petalsearch.com/site/petalbot)"
114.119.154.39 - - [05/Oct/2021:02:46:28 +0900] "realpano.net(SG) GET /gl/index.php?mid=human_vr&category=3342&m=0&listStyle=list&sort_index=readed_count&order_type=desc&page=3&document_srl=45212 HTTP/1.1" 403 199 "-" "Mozilla/5.0 (Linux; Android 7.0;) AppleWebKit/537.36 (KHTML, like Gecko) Mobile Safari/537.36 (compatible; PetalBot;+https://webmaster.petalsearch.com/site/petalbot)"
114.119.154.30 - - [05/Oct/2021:02:53:19 +0900] "realpano.net(SG) GET /gl/index.php?mid=human_vr&m=0&category=3353&listStyle=webzine&search_target=tag&search_keyword=%EB%8C%80%EA%B5%AC%EC%A4%91%EA%B5%AC&division=-45271&last_division=0&sort_index=readed_count&order_type=asc&act=dispMemberLoginForm HTTP/1.1" 403 199 "-" "Mozilla/5.0 (Linux; Android 7.0;) AppleWebKit/537.36 (KHTML, like Gecko) Mobile Safari/537.36 (compatible; PetalBot;+https://webmaster.petalsearch.com/site/petalbot)"
114.119.154.30 - - [05/Oct/2021:02:53:19 +0900] "realpano.net(SG) GET /gl/index.php?mid=human_vr&m=0&category=3353&listStyle=webzine&search_target=tag&search_keyword=%EB%8C%80%EA%B5%AC%EC%A4%91%EA%B5%AC&division=-45271&last_division=0&sort_index=readed_count&order_type=asc&act=dispMemberLoginForm HTTP/1.1" 403 199 "-" "Mozilla/5.0 (Linux; Android 7.0;) AppleWebKit/537.36 (KHTML, like Gecko) Mobile Safari/537.36 (compatible; PetalBot;+https://webmaster.petalsearch.com/site/petalbot)"
114.119.154.39 - - [05/Oct/2021:03:00:16 +0900] "realpano.net(SG) GET /gl/index.php?mid=human_vr&page=3&document_srl=44742&m=0&listStyle=viewer HTTP/1.1" 403 199 "-" "Mozilla/5.0 (Linux; Android 7.0;) AppleWebKit/537.36 (KHTML, like Gecko) Mobile Safari/537.36 (compatible; PetalBot;+https://webmaster.petalsearch.com/site/petalbot)"
114.119.154.39 - - [05/Oct/2021:03:00:16 +0900] "realpano.net(SG) GET /gl/index.php?mid=human_vr&page=3&document_srl=44742&m=0&listStyle=viewer HTTP/1.1" 403 199 "-" "Mozilla/5.0 (Linux; Android 7.0;) AppleWebKit/537.36 (KHTML, like Gecko) Mobile Safari/537.36 (compatible; PetalBot;+https://webmaster.petalsearch.com/site/petalbot)"
66.249.68.60 - - [05/Oct/2021:03:01:19 +0900] "realpano.net(US) GET /robots.txt HTTP/1.1" 404 196 "-" "Mozilla/5.0 (compatible; Googlebot/2.1; +http://www.google.com/bot.html)"
66.249.68.60 - - [05/Oct/2021:03:01:19 +0900] "realpano.net(US) GET /robots.txt HTTP/1.1" 404 196 "-" "Mozilla/5.0 (compatible; Googlebot/2.1; +http://www.google.com/bot.html)"
66.249.68.60 - - [05/Oct/2021:03:01:19 +0900] "realpano.net(US) GET /gl/object1 HTTP/1.1" 404 196 "-" "Mozilla/5.0 (Linux; Android 6.0.1; Nexus 5X Build/MMB29P) AppleWebKit/537.36 (KHTML, like Gecko) Chrome/94.0.4606.61 Mobile Safari/537.36 (compatible; Googlebot/2.1; +http://www.google.com/bot.html)"
66.249.68.60 - - [05/Oct/2021:03:01:19 +0900] "realpano.net(US) GET /gl/object1 HTTP/1.1" 404 196 "-" "Mozilla/5.0 (Linux; Android 6.0.1; Nexus 5X Build/MMB29P) AppleWebKit/537.36 (KHTML, like Gecko) Chrome/94.0.4606.61 Mobile Safari/537.36 (compatible; Googlebot/2.1; +http://www.google.com/bot.html)"
114.119.154.39 - - [05/Oct/2021:03:07:26 +0900] "realpano.net(SG) GET /gl/index.php?mid=human_vr&page=2&listStyle=viewer&document_srl=44116&m=0&sort_index=readed_count&order_type=desc HTTP/1.1" 403 199 "-" "Mozilla/5.0 (Linux; Android 7.0;) AppleWebKit/537.36 (KHTML, like Gecko) Mobile Safari/537.36 (compatible; PetalBot;+https://webmaster.petalsearch.com/site/petalbot)"
114.119.154.39 - - [05/Oct/2021:03:07:26 +0900] "realpano.net(SG) GET /gl/index.php?mid=human_vr&page=2&listStyle=viewer&document_srl=44116&m=0&sort_index=readed_count&order_type=desc HTTP/1.1" 403 199 "-" "Mozilla/5.0 (Linux; Android 7.0;) AppleWebKit/537.36 (KHTML, like Gecko) Mobile Safari/537.36 (compatible; PetalBot;+https://webmaster.petalsearch.com/site/petalbot)"
207.46.13.44 - - [05/Oct/2021:03:13:09 +0900] "www.realpano.net(US) GET /robots.txt HTTP/2.0" 404 196 "-" "Mozilla/5.0 (compatible; bingbot/2.0; +http://www.bing.com/bingbot.htm)"
207.46.13.44 - - [05/Oct/2021:03:13:09 +0900] "www.realpano.net(US) GET /robots.txt HTTP/2.0" 404 196 "-" "Mozilla/5.0 (compatible; bingbot/2.0; +http://www.bing.com/bingbot.htm)"
207.46.13.44 - - [05/Oct/2021:03:13:09 +0900] "www.realpano.net(US) GET /robots.txt HTTP/2.0" 404 196 "-" "Mozilla/5.0 (compatible; bingbot/2.0; +http://www.bing.com/bingbot.htm)"
207.46.13.44 - - [05/Oct/2021:03:13:09 +0900] "www.realpano.net(US) GET /robots.txt HTTP/2.0" 404 196 "-" "Mozilla/5.0 (compatible; bingbot/2.0; +http://www.bing.com/bingbot.htm)"
207.46.13.95 - - [05/Oct/2021:03:13:19 +0900] "www.realpano.net(US) GET / HTTP/2.0" 200 687 "-" "Mozilla/5.0 (compatible; bingbot/2.0; +http://www.bing.com/bingbot.htm)"
207.46.13.95 - - [05/Oct/2021:03:13:19 +0900] "www.realpano.net(US) GET / HTTP/2.0" 200 687 "-" "Mozilla/5.0 (compatible; bingbot/2.0; +http://www.bing.com/bingbot.htm)"
114.119.154.6 - - [05/Oct/2021:03:14:16 +0900] "realpano.net(SG) GET /gl/index.php?mid=human_vr&m=0&listStyle=list&order_type=asc&sort_index=regdate&document_srl=3838 HTTP/1.1" 403 199 "-" "Mozilla/5.0 (Linux; Android 7.0;) AppleWebKit/537.36 (KHTML, like Gecko) Mobile Safari/537.36 (compatible; PetalBot;+https://webmaster.petalsearch.com/site/petalbot)"
114.119.154.6 - - [05/Oct/2021:03:14:16 +0900] "realpano.net(SG) GET /gl/index.php?mid=human_vr&m=0&listStyle=list&order_type=asc&sort_index=regdate&document_srl=3838 HTTP/1.1" 403 199 "-" "Mozilla/5.0 (Linux; Android 7.0;) AppleWebKit/537.36 (KHTML, like Gecko) Mobile Safari/537.36 (compatible; PetalBot;+https://webmaster.petalsearch.com/site/petalbot)"
114.119.154.65 - - [05/Oct/2021:03:21:29 +0900] "realpano.net(SG) GET /gl/index.php?mid=human_vr&search_target=tag&search_keyword=%EB%B6%80%EB%8F%99%EC%82%B0&m=0&category=3354&act=dispMemberSignUpForm HTTP/1.1" 403 199 "-" "Mozilla/5.0 (Linux; Android 7.0;) AppleWebKit/537.36 (KHTML, like Gecko) Mobile Safari/537.36 (compatible; PetalBot;+https://webmaster.petalsearch.com/site/petalbot)"
114.119.154.65 - - [05/Oct/2021:03:21:29 +0900] "realpano.net(SG) GET /gl/index.php?mid=human_vr&search_target=tag&search_keyword=%EB%B6%80%EB%8F%99%EC%82%B0&m=0&category=3354&act=dispMemberSignUpForm HTTP/1.1" 403 199 "-" "Mozilla/5.0 (Linux; Android 7.0;) AppleWebKit/537.36 (KHTML, like Gecko) Mobile Safari/537.36 (compatible; PetalBot;+https://webmaster.petalsearch.com/site/petalbot)"
51.77.246.206 - - [05/Oct/2021:03:25:54 +0900] "realpano.net(FR) GET / HTTP/1.1" 200 64 "http://www.maniart.com/" "Mozilla/5.0 (compatible; Dataprovider.com)"
51.77.246.206 - - [05/Oct/2021:03:25:54 +0900] "realpano.net(FR) GET / HTTP/1.1" 200 64 "http://www.maniart.com/" "Mozilla/5.0 (compatible; Dataprovider.com)"
51.77.246.206 - - [05/Oct/2021:03:25:55 +0900] "realpano.net(FR) GET /gl/ HTTP/1.1" 404 2293 "http://realpano.net/" "Mozilla/5.0 (compatible; Dataprovider.com)"
51.77.246.206 - - [05/Oct/2021:03:25:55 +0900] "realpano.net(FR) GET /gl/ HTTP/1.1" 404 2293 "http://realpano.net/" "Mozilla/5.0 (compatible; Dataprovider.com)"
51.77.246.206 - - [05/Oct/2021:03:25:55 +0900] "realpano.net(FR) GET /gl/files/cache/assets/compiled/12f4c8563084710f3108d5393149ba67bcaa5d9b.rhymix.less.min.css HTTP/1.1" 404 196 "http://realpano.net/gl/" "Mozilla/5.0 (compatible; Dataprovider.com)"
51.77.246.206 - - [05/Oct/2021:03:25:55 +0900] "realpano.net(FR) GET /gl/files/cache/assets/compiled/12f4c8563084710f3108d5393149ba67bcaa5d9b.rhymix.less.min.css HTTP/1.1" 404 196 "http://realpano.net/gl/" "Mozilla/5.0 (compatible; Dataprovider.com)"
51.77.246.206 - - [05/Oct/2021:03:25:55 +0900] "realpano.net(FR) GET /gl/addons/captcha/captcha.min.js?20200731203419 HTTP/1.1" 200 6962 "http://realpano.net/gl/" "Mozilla/5.0 (compatible; Dataprovider.com)"
51.77.246.206 - - [05/Oct/2021:03:25:55 +0900] "realpano.net(FR) GET /gl/addons/captcha/captcha.min.js?20200731203419 HTTP/1.1" 200 6962 "http://realpano.net/gl/" "Mozilla/5.0 (compatible; Dataprovider.com)"
66.249.68.58 - - [05/Oct/2021:03:27:05 +0900] "realpano.net(US) GET /gl/object1 HTTP/1.1" 404 196 "-" "Mozilla/5.0 (Linux; Android 6.0.1; Nexus 5X Build/MMB29P) AppleWebKit/537.36 (KHTML, like Gecko) Chrome/94.0.4606.61 Mobile Safari/537.36 (compatible; Googlebot/2.1; +http://www.google.com/bot.html)"
66.249.68.58 - - [05/Oct/2021:03:27:05 +0900] "realpano.net(US) GET /gl/object1 HTTP/1.1" 404 196 "-" "Mozilla/5.0 (Linux; Android 6.0.1; Nexus 5X Build/MMB29P) AppleWebKit/537.36 (KHTML, like Gecko) Chrome/94.0.4606.61 Mobile Safari/537.36 (compatible; Googlebot/2.1; +http://www.google.com/bot.html)"
114.119.154.39 - - [05/Oct/2021:03:28:52 +0900] "realpano.net(SG) GET /gl/index.php?mid=human_vr&category=3339&m=1&listStyle=list&sort_index=regdate&order_type=desc&act=dispMemberFindAccount HTTP/1.1" 403 199 "-" "Mozilla/5.0 (Linux; Android 7.0;) AppleWebKit/537.36 (KHTML, like Gecko) Mobile Safari/537.36 (compatible; PetalBot;+https://webmaster.petalsearch.com/site/petalbot)"
114.119.154.39 - - [05/Oct/2021:03:28:52 +0900] "realpano.net(SG) GET /gl/index.php?mid=human_vr&category=3339&m=1&listStyle=list&sort_index=regdate&order_type=desc&act=dispMemberFindAccount HTTP/1.1" 403 199 "-" "Mozilla/5.0 (Linux; Android 7.0;) AppleWebKit/537.36 (KHTML, like Gecko) Mobile Safari/537.36 (compatible; PetalBot;+https://webmaster.petalsearch.com/site/petalbot)"
66.249.68.58 - - [05/Oct/2021:03:31:36 +0900] "realpano.net(US) GET /gl/object1 HTTP/1.1" 404 196 "-" "Mozilla/5.0 (compatible; Googlebot/2.1; +http://www.google.com/bot.html)"
66.249.68.58 - - [05/Oct/2021:03:31:36 +0900] "realpano.net(US) GET /gl/object1 HTTP/1.1" 404 196 "-" "Mozilla/5.0 (compatible; Googlebot/2.1; +http://www.google.com/bot.html)"
207.46.13.121 - - [05/Oct/2021:03:32:54 +0900] "realpano.net(US) GET /gl/index.php?module=module&act=dispModuleSkinInfo&selected_module=board&skin=xe_official HTTP/2.0" 404 196 "-" "Mozilla/5.0 (compatible; bingbot/2.0; +http://www.bing.com/bingbot.htm)"
207.46.13.121 - - [05/Oct/2021:03:32:54 +0900] "realpano.net(US) GET /gl/index.php?module=module&act=dispModuleSkinInfo&selected_module=board&skin=xe_official HTTP/2.0" 404 196 "-" "Mozilla/5.0 (compatible; bingbot/2.0; +http://www.bing.com/bingbot.htm)"
114.119.154.39 - - [05/Oct/2021:03:36:25 +0900] "realpano.net(SG) GET /gl/index.php?mid=human_vr&search_target=tag&search_keyword=%EC%94%A8%ED%91%B8%EB%93%9C&category=3344 HTTP/1.1" 403 199 "-" "Mozilla/5.0 (Linux; Android 7.0;) AppleWebKit/537.36 (KHTML, like Gecko) Mobile Safari/537.36 (compatible; PetalBot;+https://webmaster.petalsearch.com/site/petalbot)"
114.119.154.39 - - [05/Oct/2021:03:36:25 +0900] "realpano.net(SG) GET /gl/index.php?mid=human_vr&search_target=tag&search_keyword=%EC%94%A8%ED%91%B8%EB%93%9C&category=3344 HTTP/1.1" 403 199 "-" "Mozilla/5.0 (Linux; Android 7.0;) AppleWebKit/537.36 (KHTML, like Gecko) Mobile Safari/537.36 (compatible; PetalBot;+https://webmaster.petalsearch.com/site/petalbot)"
114.119.154.67 - - [05/Oct/2021:03:44:10 +0900] "realpano.net(SG) GET /gl/index.php?mid=human_vr&m=0&listStyle=list&sort_index=regdate&order_type=asc&category=3353&search_target=tag&search_keyword=%EC%9E%90%EB%8F%99%EC%B0%A8%EB%B6%80%EC%86%8D HTTP/1.1" 403 199 "-" "Mozilla/5.0 (Linux; Android 7.0;) AppleWebKit/537.36 (KHTML, like Gecko) Mobile Safari/537.36 (compatible; PetalBot;+https://webmaster.petalsearch.com/site/petalbot)"
114.119.154.67 - - [05/Oct/2021:03:44:10 +0900] "realpano.net(SG) GET /gl/index.php?mid=human_vr&m=0&listStyle=list&sort_index=regdate&order_type=asc&category=3353&search_target=tag&search_keyword=%EC%9E%90%EB%8F%99%EC%B0%A8%EB%B6%80%EC%86%8D HTTP/1.1" 403 199 "-" "Mozilla/5.0 (Linux; Android 7.0;) AppleWebKit/537.36 (KHTML, like Gecko) Mobile Safari/537.36 (compatible; PetalBot;+https://webmaster.petalsearch.com/site/petalbot)"
114.119.154.6 - - [05/Oct/2021:03:51:59 +0900] "realpano.net(SG) GET /gl/index.php?mid=human_vr&m=0&search_target=tag&search_keyword=%EA%B5%90%EC%9C%A1%EC%97%AD%EC%82%AC%2B%EB%B0%95%EB%AC%BC%EA%B4%80&listStyle=list HTTP/1.1" 403 199 "-" "Mozilla/5.0 (Linux; Android 7.0;) AppleWebKit/537.36 (KHTML, like Gecko) Mobile Safari/537.36 (compatible; PetalBot;+https://webmaster.petalsearch.com/site/petalbot)"
114.119.154.6 - - [05/Oct/2021:03:51:59 +0900] "realpano.net(SG) GET /gl/index.php?mid=human_vr&m=0&search_target=tag&search_keyword=%EA%B5%90%EC%9C%A1%EC%97%AD%EC%82%AC%2B%EB%B0%95%EB%AC%BC%EA%B4%80&listStyle=list HTTP/1.1" 403 199 "-" "Mozilla/5.0 (Linux; Android 7.0;) AppleWebKit/537.36 (KHTML, like Gecko) Mobile Safari/537.36 (compatible; PetalBot;+https://webmaster.petalsearch.com/site/petalbot)"
207.46.13.121 - - [05/Oct/2021:03:59:25 +0900] "realpano.net(US) GET /gl/files/attach/images/2684/263/045/fa0df99c323f02ac110ff15819e3247b.jpg HTTP/2.0" 404 196 "-" "Mozilla/5.0 (compatible; bingbot/2.0; +http://www.bing.com/bingbot.htm)"
207.46.13.121 - - [05/Oct/2021:03:59:25 +0900] "realpano.net(US) GET /gl/files/attach/images/2684/263/045/fa0df99c323f02ac110ff15819e3247b.jpg HTTP/2.0" 404 196 "-" "Mozilla/5.0 (compatible; bingbot/2.0; +http://www.bing.com/bingbot.htm)"
114.119.139.66 - - [05/Oct/2021:03:59:57 +0900] "realpano.net(SG) GET /robots.txt HTTP/1.1" 403 199 "-" "Mozilla/5.0 (compatible;PetalBot;+https://webmaster.petalsearch.com/site/petalbot)"
114.119.139.66 - - [05/Oct/2021:03:59:57 +0900] "realpano.net(SG) GET /robots.txt HTTP/1.1" 403 199 "-" "Mozilla/5.0 (compatible;PetalBot;+https://webmaster.petalsearch.com/site/petalbot)"
114.119.154.6 - - [05/Oct/2021:04:08:27 +0900] "realpano.net(SG) GET /gl/index.php?mid=human_vr&category=3348&m=0&listStyle=webzine&document_srl=43093&act=dispBoardTagList HTTP/1.1" 403 199 "-" "Mozilla/5.0 (Linux; Android 7.0;) AppleWebKit/537.36 (KHTML, like Gecko) Mobile Safari/537.36 (compatible; PetalBot;+https://webmaster.petalsearch.com/site/petalbot)"
114.119.154.6 - - [05/Oct/2021:04:08:27 +0900] "realpano.net(SG) GET /gl/index.php?mid=human_vr&category=3348&m=0&listStyle=webzine&document_srl=43093&act=dispBoardTagList HTTP/1.1" 403 199 "-" "Mozilla/5.0 (Linux; Android 7.0;) AppleWebKit/537.36 (KHTML, like Gecko) Mobile Safari/537.36 (compatible; PetalBot;+https://webmaster.petalsearch.com/site/petalbot)"
114.119.154.41 - - [05/Oct/2021:04:17:11 +0900] "realpano.net(SG) GET /gl/index.php?mid=human_vr&search_target=tag&search_keyword=%EC%A4%91%EC%8B%9D&category=3346&m=0&listStyle=webzine&division=-45271&last_division=0 HTTP/1.1" 403 199 "-" "Mozilla/5.0 (Linux; Android 7.0;) AppleWebKit/537.36 (KHTML, like Gecko) Mobile Safari/537.36 (compatible; PetalBot;+https://webmaster.petalsearch.com/site/petalbot)"
114.119.154.41 - - [05/Oct/2021:04:17:11 +0900] "realpano.net(SG) GET /gl/index.php?mid=human_vr&search_target=tag&search_keyword=%EC%A4%91%EC%8B%9D&category=3346&m=0&listStyle=webzine&division=-45271&last_division=0 HTTP/1.1" 403 199 "-" "Mozilla/5.0 (Linux; Android 7.0;) AppleWebKit/537.36 (KHTML, like Gecko) Mobile Safari/537.36 (compatible; PetalBot;+https://webmaster.petalsearch.com/site/petalbot)"
114.119.154.41 - - [05/Oct/2021:04:26:15 +0900] "realpano.net(SG) GET /gl/index.php?mid=human_vr&m=0&page=4&listStyle=viewer&document_srl=44875&sort_index=readed_count&order_type=desc HTTP/1.1" 403 199 "-" "Mozilla/5.0 (Linux; Android 7.0;) AppleWebKit/537.36 (KHTML, like Gecko) Mobile Safari/537.36 (compatible; PetalBot;+https://webmaster.petalsearch.com/site/petalbot)"
114.119.154.41 - - [05/Oct/2021:04:26:15 +0900] "realpano.net(SG) GET /gl/index.php?mid=human_vr&m=0&page=4&listStyle=viewer&document_srl=44875&sort_index=readed_count&order_type=desc HTTP/1.1" 403 199 "-" "Mozilla/5.0 (Linux; Android 7.0;) AppleWebKit/537.36 (KHTML, like Gecko) Mobile Safari/537.36 (compatible; PetalBot;+https://webmaster.petalsearch.com/site/petalbot)"
207.46.13.121 - - [05/Oct/2021:04:33:19 +0900] "realpano.net(US) GET /gl/index.php?mid=human_vr&page=2&document_srl=45196 HTTP/2.0" 404 196 "-" "Mozilla/5.0 (compatible; bingbot/2.0; +http://www.bing.com/bingbot.htm)"
207.46.13.121 - - [05/Oct/2021:04:33:19 +0900] "realpano.net(US) GET /gl/index.php?mid=human_vr&page=2&document_srl=45196 HTTP/2.0" 404 196 "-" "Mozilla/5.0 (compatible; bingbot/2.0; +http://www.bing.com/bingbot.htm)"
114.119.154.6 - - [05/Oct/2021:04:35:23 +0900] "realpano.net(SG) GET /gl/index.php?mid=human_vr&m=1&category=3357&listStyle=list&sort_index=title&order_type=desc&search_target=tag&search_keyword=%EA%B3%A8%EB%AA%A9&act=dispMemberFindAccount HTTP/1.1" 403 199 "-" "Mozilla/5.0 (Linux; Android 7.0;) AppleWebKit/537.36 (KHTML, like Gecko) Mobile Safari/537.36 (compatible; PetalBot;+https://webmaster.petalsearch.com/site/petalbot)"
114.119.154.6 - - [05/Oct/2021:04:35:23 +0900] "realpano.net(SG) GET /gl/index.php?mid=human_vr&m=1&category=3357&listStyle=list&sort_index=title&order_type=desc&search_target=tag&search_keyword=%EA%B3%A8%EB%AA%A9&act=dispMemberFindAccount HTTP/1.1" 403 199 "-" "Mozilla/5.0 (Linux; Android 7.0;) AppleWebKit/537.36 (KHTML, like Gecko) Mobile Safari/537.36 (compatible; PetalBot;+https://webmaster.petalsearch.com/site/petalbot)"
66.249.68.56 - - [05/Oct/2021:04:43:19 +0900] "realpano.net(US) GET /gl/object1 HTTP/1.1" 404 196 "-" "Mozilla/5.0 (compatible; Googlebot/2.1; +http://www.google.com/bot.html)"
66.249.68.56 - - [05/Oct/2021:04:43:19 +0900] "realpano.net(US) GET /gl/object1 HTTP/1.1" 404 196 "-" "Mozilla/5.0 (compatible; Googlebot/2.1; +http://www.google.com/bot.html)"
114.119.154.30 - - [05/Oct/2021:04:44:52 +0900] "realpano.net(SG) GET /gl/index.php?mid=human_vr&search_target=tag&search_keyword=%ED%9C%98%ED%8A%B8%EB%8B%88%EC%8A%A4&m=0 HTTP/1.1" 403 199 "-" "Mozilla/5.0 (Linux; Android 7.0;) AppleWebKit/537.36 (KHTML, like Gecko) Mobile Safari/537.36 (compatible; PetalBot;+https://webmaster.petalsearch.com/site/petalbot)"
114.119.154.30 - - [05/Oct/2021:04:44:52 +0900] "realpano.net(SG) GET /gl/index.php?mid=human_vr&search_target=tag&search_keyword=%ED%9C%98%ED%8A%B8%EB%8B%88%EC%8A%A4&m=0 HTTP/1.1" 403 199 "-" "Mozilla/5.0 (Linux; Android 7.0;) AppleWebKit/537.36 (KHTML, like Gecko) Mobile Safari/537.36 (compatible; PetalBot;+https://webmaster.petalsearch.com/site/petalbot)"
114.119.154.65 - - [05/Oct/2021:04:54:38 +0900] "realpano.net(SG) GET /gl/index.php?mid=human_vr&m=0&category=3356&listStyle=webzine&sort_index=readed_count&order_type=desc&search_target=tag&search_keyword=%EC%B1%94%EB%8B%88%EC%8A%A4 HTTP/1.1" 403 199 "-" "Mozilla/5.0 (Linux; Android 7.0;) AppleWebKit/537.36 (KHTML, like Gecko) Mobile Safari/537.36 (compatible; PetalBot;+https://webmaster.petalsearch.com/site/petalbot)"
114.119.154.65 - - [05/Oct/2021:04:54:38 +0900] "realpano.net(SG) GET /gl/index.php?mid=human_vr&m=0&category=3356&listStyle=webzine&sort_index=readed_count&order_type=desc&search_target=tag&search_keyword=%EC%B1%94%EB%8B%88%EC%8A%A4 HTTP/1.1" 403 199 "-" "Mozilla/5.0 (Linux; Android 7.0;) AppleWebKit/537.36 (KHTML, like Gecko) Mobile Safari/537.36 (compatible; PetalBot;+https://webmaster.petalsearch.com/site/petalbot)"
66.249.79.5 - - [05/Oct/2021:05:03:53 +0900] "www.realpano.net(US) GET /home1/realpano/public_html/html/gl/m.layouts/xenara_mlayout_realpano/images/sub/sub_logo.png HTTP/1.1" 404 196 "-" "Googlebot-Image/1.0"
66.249.79.5 - - [05/Oct/2021:05:03:53 +0900] "www.realpano.net(US) GET /home1/realpano/public_html/html/gl/m.layouts/xenara_mlayout_realpano/images/sub/sub_logo.png HTTP/1.1" 404 196 "-" "Googlebot-Image/1.0"
114.119.154.26 - - [05/Oct/2021:05:05:07 +0900] "realpano.net(SG) GET /gl/index.php?mid=human_vr&m=0&category=3357&listStyle=viewer&sort_index=title&order_type=asc&search_target=tag&search_keyword=%EC%95%BD%EC%97%85%EC%82%AC HTTP/1.1" 403 199 "-" "Mozilla/5.0 (Linux; Android 7.0;) AppleWebKit/537.36 (KHTML, like Gecko) Mobile Safari/537.36 (compatible; PetalBot;+https://webmaster.petalsearch.com/site/petalbot)"
114.119.154.26 - - [05/Oct/2021:05:05:07 +0900] "realpano.net(SG) GET /gl/index.php?mid=human_vr&m=0&category=3357&listStyle=viewer&sort_index=title&order_type=asc&search_target=tag&search_keyword=%EC%95%BD%EC%97%85%EC%82%AC HTTP/1.1" 403 199 "-" "Mozilla/5.0 (Linux; Android 7.0;) AppleWebKit/537.36 (KHTML, like Gecko) Mobile Safari/537.36 (compatible; PetalBot;+https://webmaster.petalsearch.com/site/petalbot)"
157.55.39.119 - - [05/Oct/2021:05:11:12 +0900] "www.realpano.net(US) GET /robots.txt HTTP/1.1" 404 196 "-" "Mozilla/5.0 (compatible; bingbot/2.0; +http://www.bing.com/bingbot.htm)"
157.55.39.119 - - [05/Oct/2021:05:11:12 +0900] "www.realpano.net(US) GET /robots.txt HTTP/1.1" 404 196 "-" "Mozilla/5.0 (compatible; bingbot/2.0; +http://www.bing.com/bingbot.htm)"
157.55.39.94 - - [05/Oct/2021:05:11:21 +0900] "www.realpano.net(US) GET /gl/human_vr/44542 HTTP/1.1" 200 70783 "-" "Mozilla/5.0 (compatible; bingbot/2.0; +http://www.bing.com/bingbot.htm)"
157.55.39.94 - - [05/Oct/2021:05:11:21 +0900] "www.realpano.net(US) GET /gl/human_vr/44542 HTTP/1.1" 200 70783 "-" "Mozilla/5.0 (compatible; bingbot/2.0; +http://www.bing.com/bingbot.htm)"
114.119.154.26 - - [05/Oct/2021:05:16:06 +0900] "realpano.net(SG) GET /gl/index.php?mid=human_vr&m=0&category=3345&listStyle=list&search_target=tag&search_keyword=%EC%A2%85%EB%A1%9C HTTP/1.1" 403 199 "-" "Mozilla/5.0 (Linux; Android 7.0;) AppleWebKit/537.36 (KHTML, like Gecko) Mobile Safari/537.36 (compatible; PetalBot;+https://webmaster.petalsearch.com/site/petalbot)"
114.119.154.26 - - [05/Oct/2021:05:16:06 +0900] "realpano.net(SG) GET /gl/index.php?mid=human_vr&m=0&category=3345&listStyle=list&search_target=tag&search_keyword=%EC%A2%85%EB%A1%9C HTTP/1.1" 403 199 "-" "Mozilla/5.0 (Linux; Android 7.0;) AppleWebKit/537.36 (KHTML, like Gecko) Mobile Safari/537.36 (compatible; PetalBot;+https://webmaster.petalsearch.com/site/petalbot)"
114.119.154.41 - - [05/Oct/2021:05:27:33 +0900] "realpano.net(SG) GET /gl/index.php?mid=human_vr&search_target=tag&search_keyword=%EC%84%A0%EB%B0%95&category=3347 HTTP/1.1" 403 199 "-" "Mozilla/5.0 (Linux; Android 7.0;) AppleWebKit/537.36 (KHTML, like Gecko) Mobile Safari/537.36 (compatible; PetalBot;+https://webmaster.petalsearch.com/site/petalbot)"
114.119.154.41 - - [05/Oct/2021:05:27:33 +0900] "realpano.net(SG) GET /gl/index.php?mid=human_vr&search_target=tag&search_keyword=%EC%84%A0%EB%B0%95&category=3347 HTTP/1.1" 403 199 "-" "Mozilla/5.0 (Linux; Android 7.0;) AppleWebKit/537.36 (KHTML, like Gecko) Mobile Safari/537.36 (compatible; PetalBot;+https://webmaster.petalsearch.com/site/petalbot)"
66.249.79.5 - - [05/Oct/2021:05:30:52 +0900] "www.realpano.net(US) GET /home1/realpano/public_html/html/gl/m.layouts/xenara_mlayout_realpano/images/header/icon_login.png HTTP/1.1" 404 196 "-" "Googlebot-Image/1.0"
66.249.79.5 - - [05/Oct/2021:05:30:52 +0900] "www.realpano.net(US) GET /home1/realpano/public_html/html/gl/m.layouts/xenara_mlayout_realpano/images/header/icon_login.png HTTP/1.1" 404 196 "-" "Googlebot-Image/1.0"
66.249.68.60 - - [05/Oct/2021:05:39:07 +0900] "realpano.net(US) GET /gl/44686 HTTP/1.1" 404 196 "-" "Mozilla/5.0 (Linux; Android 6.0.1; Nexus 5X Build/MMB29P) AppleWebKit/537.36 (KHTML, like Gecko) Chrome/94.0.4606.61 Mobile Safari/537.36 (compatible; Googlebot/2.1; +http://www.google.com/bot.html)"
66.249.68.60 - - [05/Oct/2021:05:39:07 +0900] "realpano.net(US) GET /gl/44686 HTTP/1.1" 404 196 "-" "Mozilla/5.0 (Linux; Android 6.0.1; Nexus 5X Build/MMB29P) AppleWebKit/537.36 (KHTML, like Gecko) Chrome/94.0.4606.61 Mobile Safari/537.36 (compatible; Googlebot/2.1; +http://www.google.com/bot.html)"
114.119.154.30 - - [05/Oct/2021:05:39:13 +0900] "realpano.net(SG) GET /gl/index.php?mid=human_vr&category=3350&listStyle=viewer&document_srl=44742 HTTP/1.1" 403 199 "-" "Mozilla/5.0 (Linux; Android 7.0;) AppleWebKit/537.36 (KHTML, like Gecko) Mobile Safari/537.36 (compatible; PetalBot;+https://webmaster.petalsearch.com/site/petalbot)"
114.119.154.30 - - [05/Oct/2021:05:39:13 +0900] "realpano.net(SG) GET /gl/index.php?mid=human_vr&category=3350&listStyle=viewer&document_srl=44742 HTTP/1.1" 403 199 "-" "Mozilla/5.0 (Linux; Android 7.0;) AppleWebKit/537.36 (KHTML, like Gecko) Mobile Safari/537.36 (compatible; PetalBot;+https://webmaster.petalsearch.com/site/petalbot)"
66.249.68.59 - - [05/Oct/2021:05:48:04 +0900] "realpano.net(US) GET /robots.txt HTTP/1.1" 404 196 "-" "Mozilla/5.0 (compatible; Googlebot/2.1; +http://www.google.com/bot.html)"
66.249.68.59 - - [05/Oct/2021:05:48:04 +0900] "realpano.net(US) GET /robots.txt HTTP/1.1" 404 196 "-" "Mozilla/5.0 (compatible; Googlebot/2.1; +http://www.google.com/bot.html)"
66.249.68.57 - - [05/Oct/2021:05:48:05 +0900] "realpano.net(US) GET / HTTP/1.1" 200 64 "-" "Mozilla/5.0 (compatible; Googlebot/2.1; +http://www.google.com/bot.html)"
66.249.68.57 - - [05/Oct/2021:05:48:05 +0900] "realpano.net(US) GET / HTTP/1.1" 200 64 "-" "Mozilla/5.0 (compatible; Googlebot/2.1; +http://www.google.com/bot.html)"
66.249.68.61 - - [05/Oct/2021:05:48:08 +0900] "realpano.net(US) GET /gl/ HTTP/1.1" 404 2293 "http://realpano.net/" "Mozilla/5.0 AppleWebKit/537.36 (KHTML, like Gecko; compatible; Googlebot/2.1; +http://www.google.com/bot.html) Chrome/94.0.4606.61 Safari/537.36"
66.249.68.61 - - [05/Oct/2021:05:48:08 +0900] "realpano.net(US) GET /gl/ HTTP/1.1" 404 2293 "http://realpano.net/" "Mozilla/5.0 AppleWebKit/537.36 (KHTML, like Gecko; compatible; Googlebot/2.1; +http://www.google.com/bot.html) Chrome/94.0.4606.61 Safari/537.36"
66.249.68.57 - - [05/Oct/2021:05:48:09 +0900] "realpano.net(US) GET /gl/ HTTP/1.1" 404 2293 "http://realpano.net/" "Mozilla/5.0 AppleWebKit/537.36 (KHTML, like Gecko; compatible; Googlebot/2.1; +http://www.google.com/bot.html) Chrome/94.0.4606.61 Safari/537.36"
66.249.68.57 - - [05/Oct/2021:05:48:09 +0900] "realpano.net(US) GET /gl/ HTTP/1.1" 404 2293 "http://realpano.net/" "Mozilla/5.0 AppleWebKit/537.36 (KHTML, like Gecko; compatible; Googlebot/2.1; +http://www.google.com/bot.html) Chrome/94.0.4606.61 Safari/537.36"
66.249.68.57 - - [05/Oct/2021:05:48:10 +0900] "realpano.net(US) GET /gl/files/cache/assets/compiled/12f4c8563084710f3108d5393149ba67bcaa5d9b.rhymix.less.min.css HTTP/1.1" 404 196 "http://realpano.net/gl/" "Mozilla/5.0 AppleWebKit/537.36 (KHTML, like Gecko; compatible; Googlebot/2.1; +http://www.google.com/bot.html) Chrome/94.0.4606.61 Safari/537.36"
66.249.68.57 - - [05/Oct/2021:05:48:10 +0900] "realpano.net(US) GET /gl/files/cache/assets/compiled/12f4c8563084710f3108d5393149ba67bcaa5d9b.rhymix.less.min.css HTTP/1.1" 404 196 "http://realpano.net/gl/" "Mozilla/5.0 AppleWebKit/537.36 (KHTML, like Gecko; compatible; Googlebot/2.1; +http://www.google.com/bot.html) Chrome/94.0.4606.61 Safari/537.36"
114.119.154.30 - - [05/Oct/2021:05:50:56 +0900] "realpano.net(SG) GET /gl/index.php?mid=human_vr&m=0&listStyle=list&sort_index=readed_count&order_type=asc&document_srl=45179 HTTP/1.1" 403 199 "-" "Mozilla/5.0 (Linux; Android 7.0;) AppleWebKit/537.36 (KHTML, like Gecko) Mobile Safari/537.36 (compatible; PetalBot;+https://webmaster.petalsearch.com/site/petalbot)"
114.119.154.30 - - [05/Oct/2021:05:50:56 +0900] "realpano.net(SG) GET /gl/index.php?mid=human_vr&m=0&listStyle=list&sort_index=readed_count&order_type=asc&document_srl=45179 HTTP/1.1" 403 199 "-" "Mozilla/5.0 (Linux; Android 7.0;) AppleWebKit/537.36 (KHTML, like Gecko) Mobile Safari/537.36 (compatible; PetalBot;+https://webmaster.petalsearch.com/site/petalbot)"
114.119.154.30 - - [05/Oct/2021:06:03:11 +0900] "realpano.net(SG) GET /gl/index.php?mid=human_vr&m=1&listStyle=viewer&search_target=tag&search_keyword=%EB%B7%B0%ED%8B%B0&category=3354 HTTP/1.1" 403 199 "-" "Mozilla/5.0 (Linux; Android 7.0;) AppleWebKit/537.36 (KHTML, like Gecko) Mobile Safari/537.36 (compatible; PetalBot;+https://webmaster.petalsearch.com/site/petalbot)"
114.119.154.30 - - [05/Oct/2021:06:03:11 +0900] "realpano.net(SG) GET /gl/index.php?mid=human_vr&m=1&listStyle=viewer&search_target=tag&search_keyword=%EB%B7%B0%ED%8B%B0&category=3354 HTTP/1.1" 403 199 "-" "Mozilla/5.0 (Linux; Android 7.0;) AppleWebKit/537.36 (KHTML, like Gecko) Mobile Safari/537.36 (compatible; PetalBot;+https://webmaster.petalsearch.com/site/petalbot)"
66.249.79.7 - - [05/Oct/2021:06:03:52 +0900] "www.realpano.net(US) GET /home1/realpano/public_html/html/gl/m.layouts/xenara_mlayout_realpano/images/header/btn_close.png HTTP/1.1" 404 196 "-" "Googlebot-Image/1.0"
66.249.79.7 - - [05/Oct/2021:06:03:52 +0900] "www.realpano.net(US) GET /home1/realpano/public_html/html/gl/m.layouts/xenara_mlayout_realpano/images/header/btn_close.png HTTP/1.1" 404 196 "-" "Googlebot-Image/1.0"
114.119.154.39 - - [05/Oct/2021:06:15:30 +0900] "realpano.net(SG) GET /gl/index.php?mid=human_vr&m=1&category=3342&listStyle=list&order_type=asc&sort_index=regdate HTTP/1.1" 403 199 "-" "Mozilla/5.0 (Linux; Android 7.0;) AppleWebKit/537.36 (KHTML, like Gecko) Mobile Safari/537.36 (compatible; PetalBot;+https://webmaster.petalsearch.com/site/petalbot)"
114.119.154.39 - - [05/Oct/2021:06:15:30 +0900] "realpano.net(SG) GET /gl/index.php?mid=human_vr&m=1&category=3342&listStyle=list&order_type=asc&sort_index=regdate HTTP/1.1" 403 199 "-" "Mozilla/5.0 (Linux; Android 7.0;) AppleWebKit/537.36 (KHTML, like Gecko) Mobile Safari/537.36 (compatible; PetalBot;+https://webmaster.petalsearch.com/site/petalbot)"
114.119.154.6 - - [05/Oct/2021:06:28:09 +0900] "realpano.net(SG) GET /gl/index.php?mid=human_vr&m=1&search_target=tag&search_keyword=%EB%AC%B8%ED%99%94%EA%B3%B5%EA%B0%84&division=-45271&last_division=0&document_srl=44546 HTTP/1.1" 403 199 "-" "Mozilla/5.0 (Linux; Android 7.0;) AppleWebKit/537.36 (KHTML, like Gecko) Mobile Safari/537.36 (compatible; PetalBot;+https://webmaster.petalsearch.com/site/petalbot)"
114.119.154.6 - - [05/Oct/2021:06:28:09 +0900] "realpano.net(SG) GET /gl/index.php?mid=human_vr&m=1&search_target=tag&search_keyword=%EB%AC%B8%ED%99%94%EA%B3%B5%EA%B0%84&division=-45271&last_division=0&document_srl=44546 HTTP/1.1" 403 199 "-" "Mozilla/5.0 (Linux; Android 7.0;) AppleWebKit/537.36 (KHTML, like Gecko) Mobile Safari/537.36 (compatible; PetalBot;+https://webmaster.petalsearch.com/site/petalbot)"
66.249.79.1 - - [05/Oct/2021:06:33:52 +0900] "www.realpano.net(US) GET /home1/realpano/public_html/html/gl/m.layouts/xenara_mlayout_realpano/images/sub/btn1.png HTTP/1.1" 404 196 "-" "Googlebot-Image/1.0"
66.249.79.1 - - [05/Oct/2021:06:33:52 +0900] "www.realpano.net(US) GET /home1/realpano/public_html/html/gl/m.layouts/xenara_mlayout_realpano/images/sub/btn1.png HTTP/1.1" 404 196 "-" "Googlebot-Image/1.0"
114.119.131.131 - - [05/Oct/2021:06:35:45 +0900] "realpano.net(SG) GET /robots.txt HTTP/1.1" 403 199 "-" "Mozilla/5.0 (compatible;PetalBot;+https://webmaster.petalsearch.com/site/petalbot)"
114.119.131.131 - - [05/Oct/2021:06:35:45 +0900] "realpano.net(SG) GET /robots.txt HTTP/1.1" 403 199 "-" "Mozilla/5.0 (compatible;PetalBot;+https://webmaster.petalsearch.com/site/petalbot)"
207.46.13.70 - - [05/Oct/2021:06:47:33 +0900] "realpano.net(US) GET /gl/files/attach/images/43506/138/045/2d03219780c7ce031d0f9b9fcb0c2cb4.jpg HTTP/2.0" 404 196 "-" "Mozilla/5.0 (compatible; bingbot/2.0; +http://www.bing.com/bingbot.htm)"
207.46.13.70 - - [05/Oct/2021:06:47:33 +0900] "realpano.net(US) GET /gl/files/attach/images/43506/138/045/2d03219780c7ce031d0f9b9fcb0c2cb4.jpg HTTP/2.0" 404 196 "-" "Mozilla/5.0 (compatible; bingbot/2.0; +http://www.bing.com/bingbot.htm)"
114.119.154.39 - - [05/Oct/2021:06:49:03 +0900] "realpano.net(SG) GET /gl/index.php?mid=human_vr&category=3343&m=1&listStyle=viewer&search_target=tag&search_keyword=%EC%A4%91%EA%B5%AC%EC%B2%AD&document_srl=44567 HTTP/1.1" 403 199 "-" "Mozilla/5.0 (Linux; Android 7.0;) AppleWebKit/537.36 (KHTML, like Gecko) Mobile Safari/537.36 (compatible; PetalBot;+https://webmaster.petalsearch.com/site/petalbot)"
114.119.154.39 - - [05/Oct/2021:06:49:03 +0900] "realpano.net(SG) GET /gl/index.php?mid=human_vr&category=3343&m=1&listStyle=viewer&search_target=tag&search_keyword=%EC%A4%91%EA%B5%AC%EC%B2%AD&document_srl=44567 HTTP/1.1" 403 199 "-" "Mozilla/5.0 (Linux; Android 7.0;) AppleWebKit/537.36 (KHTML, like Gecko) Mobile Safari/537.36 (compatible; PetalBot;+https://webmaster.petalsearch.com/site/petalbot)"
207.46.13.29 - - [05/Oct/2021:06:50:27 +0900] "realpano.net(US) GET /gl/files/thumbnails/140/044/204x102.crop.jpg?20140814223447 HTTP/2.0" 404 196 "-" "Mozilla/5.0 (compatible; bingbot/2.0; +http://www.bing.com/bingbot.htm)"
207.46.13.29 - - [05/Oct/2021:06:50:27 +0900] "realpano.net(US) GET /gl/files/thumbnails/140/044/204x102.crop.jpg?20140814223447 HTTP/2.0" 404 196 "-" "Mozilla/5.0 (compatible; bingbot/2.0; +http://www.bing.com/bingbot.htm)"
47.242.95.113 - - [05/Oct/2021:06:59:31 +0900] "realpano.net(US) GET / HTTP/1.1" 200 64 "-" "Mozilla/5.0 (Macintosh; Intel Mac OS X 10_14_6) AppleWebKit/537.36 (KHTML, like Gecko) Chrome/76.0.3809.132 Safari/537.36"
47.242.95.113 - - [05/Oct/2021:06:59:31 +0900] "realpano.net(US) GET / HTTP/1.1" 200 64 "-" "Mozilla/5.0 (Macintosh; Intel Mac OS X 10_14_6) AppleWebKit/537.36 (KHTML, like Gecko) Chrome/76.0.3809.132 Safari/537.36"
114.119.154.6 - - [05/Oct/2021:07:02:30 +0900] "realpano.net(SG) GET /gl/index.php?mid=human_vr&m=1&search_target=tag&search_keyword=%EC%BF%A0%EB%82%98%EB%93%9C&division=-45271&last_division=0 HTTP/1.1" 403 199 "-" "Mozilla/5.0 (Linux; Android 7.0;) AppleWebKit/537.36 (KHTML, like Gecko) Mobile Safari/537.36 (compatible; PetalBot;+https://webmaster.petalsearch.com/site/petalbot)"
114.119.154.6 - - [05/Oct/2021:07:02:30 +0900] "realpano.net(SG) GET /gl/index.php?mid=human_vr&m=1&search_target=tag&search_keyword=%EC%BF%A0%EB%82%98%EB%93%9C&division=-45271&last_division=0 HTTP/1.1" 403 199 "-" "Mozilla/5.0 (Linux; Android 7.0;) AppleWebKit/537.36 (KHTML, like Gecko) Mobile Safari/537.36 (compatible; PetalBot;+https://webmaster.petalsearch.com/site/petalbot)"
