66.249.68.60 - - [05/Oct/2021:07:07:11 +0900] "realpano.net(US) GET /gl/index.php?mid=home&act=dispMemberLoginForm HTTP/1.1" 404 196 "-" "Mozilla/5.0 (Linux; Android 6.0.1; Nexus 5X Build/MMB29P) AppleWebKit/537.36 (KHTML, like Gecko) Chrome/94.0.4606.61 Mobile Safari/537.36 (compatible; Googlebot/2.1; +http://www.google.com/bot.html)"
66.249.68.60 - - [05/Oct/2021:07:07:11 +0900] "realpano.net(US) GET /gl/index.php?mid=home&act=dispMemberLoginForm HTTP/1.1" 404 196 "-" "Mozilla/5.0 (Linux; Android 6.0.1; Nexus 5X Build/MMB29P) AppleWebKit/537.36 (KHTML, like Gecko) Chrome/94.0.4606.61 Mobile Safari/537.36 (compatible; Googlebot/2.1; +http://www.google.com/bot.html)"
122.190.192.38 - - [05/Oct/2021:07:15:59 +0900] "www.realpano.net(CN) POST /images/conns.php HTTP/1.1" 404 196 "http://misc.yahoo.com.cn/" "Mozilla/5.0+(compatible;+Baispider/2.0;++http://www.bai.com/search/spider.html)"
122.190.192.38 - - [05/Oct/2021:07:15:59 +0900] "www.realpano.net(CN) POST /images/conns.php HTTP/1.1" 404 196 "http://misc.yahoo.com.cn/" "Mozilla/5.0+(compatible;+Baispider/2.0;++http://www.bai.com/search/spider.html)"
122.190.192.38 - - [05/Oct/2021:07:15:59 +0900] "www.realpano.net(CN) POST /images/conns.php HTTP/1.1" 404 196 "http://misc.yahoo.com.cn/" "Mozilla/5.0+(compatible;+Baispider/2.0;++http://www.bai.com/search/spider.html)"
122.190.192.38 - - [05/Oct/2021:07:15:59 +0900] "www.realpano.net(CN) POST /images/conns.php HTTP/1.1" 404 196 "http://misc.yahoo.com.cn/" "Mozilla/5.0+(compatible;+Baispider/2.0;++http://www.bai.com/search/spider.html)"
122.190.192.38 - - [05/Oct/2021:07:15:59 +0900] "www.realpano.net(CN) POST /images/conns.php HTTP/1.1" 404 196 "http://misc.yahoo.com.cn/" "Mozilla/5.0+(compatible;+Baispider/2.0;++http://www.bai.com/search/spider.html)"
122.190.192.38 - - [05/Oct/2021:07:15:59 +0900] "www.realpano.net(CN) POST /images/conns.php HTTP/1.1" 404 196 "http://misc.yahoo.com.cn/" "Mozilla/5.0+(compatible;+Baispider/2.0;++http://www.bai.com/search/spider.html)"
122.190.192.38 - - [05/Oct/2021:07:15:59 +0900] "www.realpano.net(CN) POST /images/conns.php HTTP/1.1" 404 196 "http://misc.yahoo.com.cn/" "Mozilla/5.0+(compatible;+Baispider/2.0;++http://www.bai.com/search/spider.html)"
122.190.192.38 - - [05/Oct/2021:07:15:59 +0900] "www.realpano.net(CN) POST /images/conns.php HTTP/1.1" 404 196 "http://misc.yahoo.com.cn/" "Mozilla/5.0+(compatible;+Baispider/2.0;++http://www.bai.com/search/spider.html)"
114.119.154.67 - - [05/Oct/2021:07:16:00 +0900] "realpano.net(SG) GET /gl/index.php?mid=human_vr&m=0&listStyle=viewer&document_srl=4136&page=6 HTTP/1.1" 403 199 "-" "Mozilla/5.0 (Linux; Android 7.0;) AppleWebKit/537.36 (KHTML, like Gecko) Mobile Safari/537.36 (compatible; PetalBot;+https://webmaster.petalsearch.com/site/petalbot)"
114.119.154.67 - - [05/Oct/2021:07:16:00 +0900] "realpano.net(SG) GET /gl/index.php?mid=human_vr&m=0&listStyle=viewer&document_srl=4136&page=6 HTTP/1.1" 403 199 "-" "Mozilla/5.0 (Linux; Android 7.0;) AppleWebKit/537.36 (KHTML, like Gecko) Mobile Safari/537.36 (compatible; PetalBot;+https://webmaster.petalsearch.com/site/petalbot)"
122.190.192.38 - - [05/Oct/2021:07:16:00 +0900] "www.realpano.net(CN) POST /images/conns.php HTTP/1.1" 404 196 "http://misc.yahoo.com.cn/" "Mozilla/5.0+(compatible;+Baispider/2.0;++http://www.bai.com/search/spider.html)"
122.190.192.38 - - [05/Oct/2021:07:16:00 +0900] "www.realpano.net(CN) POST /images/conns.php HTTP/1.1" 404 196 "http://misc.yahoo.com.cn/" "Mozilla/5.0+(compatible;+Baispider/2.0;++http://www.bai.com/search/spider.html)"
114.119.154.30 - - [05/Oct/2021:07:29:48 +0900] "www.realpano.net(SG) GET /rpv5/bali_rven/ HTTP/1.1" 403 199 "-" "Mozilla/5.0 (compatible;PetalBot;+https://webmaster.petalsearch.com/site/petalbot)"
114.119.154.30 - - [05/Oct/2021:07:29:48 +0900] "www.realpano.net(SG) GET /rpv5/bali_rven/ HTTP/1.1" 403 199 "-" "Mozilla/5.0 (compatible;PetalBot;+https://webmaster.petalsearch.com/site/petalbot)"
66.249.68.60 - - [05/Oct/2021:07:37:05 +0900] "realpano.net(US) GET /gl/files/thumbnails/152/045/90x90.crop.jpg?20201207135335 HTTP/1.1" 404 196 "-" "Googlebot-Image/1.0"
66.249.68.60 - - [05/Oct/2021:07:37:05 +0900] "realpano.net(US) GET /gl/files/thumbnails/152/045/90x90.crop.jpg?20201207135335 HTTP/1.1" 404 196 "-" "Googlebot-Image/1.0"
114.119.154.6 - - [05/Oct/2021:07:43:41 +0900] "realpano.net(SG) GET /gl/index.php?mid=human_vr&search_target=tag&search_keyword=%EA%B8%B0%EB%85%90%EA%B4%80&category=3346&m=0 HTTP/1.1" 403 199 "-" "Mozilla/5.0 (Linux; Android 7.0;) AppleWebKit/537.36 (KHTML, like Gecko) Mobile Safari/537.36 (compatible; PetalBot;+https://webmaster.petalsearch.com/site/petalbot)"
114.119.154.6 - - [05/Oct/2021:07:43:41 +0900] "realpano.net(SG) GET /gl/index.php?mid=human_vr&search_target=tag&search_keyword=%EA%B8%B0%EB%85%90%EA%B4%80&category=3346&m=0 HTTP/1.1" 403 199 "-" "Mozilla/5.0 (Linux; Android 7.0;) AppleWebKit/537.36 (KHTML, like Gecko) Mobile Safari/537.36 (compatible; PetalBot;+https://webmaster.petalsearch.com/site/petalbot)"
66.249.79.5 - - [05/Oct/2021:07:55:28 +0900] "www.realpano.net(US) GET /home1/realpano/public_html/html/gl/m.layouts/xenara_mlayout_realpano/images/header/icon_signup.png HTTP/1.1" 404 196 "-" "Googlebot-Image/1.0"
66.249.79.5 - - [05/Oct/2021:07:55:28 +0900] "www.realpano.net(US) GET /home1/realpano/public_html/html/gl/m.layouts/xenara_mlayout_realpano/images/header/icon_signup.png HTTP/1.1" 404 196 "-" "Googlebot-Image/1.0"
114.119.154.67 - - [05/Oct/2021:07:57:30 +0900] "realpano.net(SG) GET /gl/index.php?mid=human_vr&search_target=tag&search_keyword=%EC%94%A8%ED%91%B8%EB%93%9C&category=3345&m=0 HTTP/1.1" 403 199 "-" "Mozilla/5.0 (Linux; Android 7.0;) AppleWebKit/537.36 (KHTML, like Gecko) Mobile Safari/537.36 (compatible; PetalBot;+https://webmaster.petalsearch.com/site/petalbot)"
114.119.154.67 - - [05/Oct/2021:07:57:30 +0900] "realpano.net(SG) GET /gl/index.php?mid=human_vr&search_target=tag&search_keyword=%EC%94%A8%ED%91%B8%EB%93%9C&category=3345&m=0 HTTP/1.1" 403 199 "-" "Mozilla/5.0 (Linux; Android 7.0;) AppleWebKit/537.36 (KHTML, like Gecko) Mobile Safari/537.36 (compatible; PetalBot;+https://webmaster.petalsearch.com/site/petalbot)"
157.55.39.119 - - [05/Oct/2021:07:58:43 +0900] "www.realpano.net(US) GET /robots.txt HTTP/1.1" 404 196 "-" "Mozilla/5.0 (compatible; bingbot/2.0; +http://www.bing.com/bingbot.htm)"
157.55.39.119 - - [05/Oct/2021:07:58:43 +0900] "www.realpano.net(US) GET /robots.txt HTTP/1.1" 404 196 "-" "Mozilla/5.0 (compatible; bingbot/2.0; +http://www.bing.com/bingbot.htm)"
157.55.39.20 - - [05/Oct/2021:07:58:47 +0900] "www.realpano.net(US) GET / HTTP/1.1" 200 64 "-" "Mozilla/5.0 (compatible; bingbot/2.0; +http://www.bing.com/bingbot.htm)"
157.55.39.20 - - [05/Oct/2021:07:58:47 +0900] "www.realpano.net(US) GET / HTTP/1.1" 200 64 "-" "Mozilla/5.0 (compatible; bingbot/2.0; +http://www.bing.com/bingbot.htm)"
115.68.62.59 - - [05/Oct/2021:08:03:39 +0900] "realpano.net(KR) GET / HTTP/1.1" 200 64 "-" "Mozilla/5.0 (X11; Linux x86_64) AppleWebKit/537.36 (KHTML, like Gecko) Chrome/92.0.4515.107 Safari/537.36"
115.68.62.59 - - [05/Oct/2021:08:03:39 +0900] "realpano.net(KR) GET / HTTP/1.1" 200 64 "-" "Mozilla/5.0 (X11; Linux x86_64) AppleWebKit/537.36 (KHTML, like Gecko) Chrome/92.0.4515.107 Safari/537.36"
115.68.62.59 - - [05/Oct/2021:08:03:39 +0900] "realpano.net(KR) GET /gl/ HTTP/1.1" 404 2293 "http://realpano.net/" "Mozilla/5.0 (X11; Linux x86_64) AppleWebKit/537.36 (KHTML, like Gecko) Chrome/92.0.4515.107 Safari/537.36"
115.68.62.59 - - [05/Oct/2021:08:03:39 +0900] "realpano.net(KR) GET /gl/ HTTP/1.1" 404 2293 "http://realpano.net/" "Mozilla/5.0 (X11; Linux x86_64) AppleWebKit/537.36 (KHTML, like Gecko) Chrome/92.0.4515.107 Safari/537.36"
115.68.62.59 - - [05/Oct/2021:08:03:39 +0900] "realpano.net(KR) GET /gl/common/js/jquery-2.2.4.min.js?20201113010511 HTTP/1.1" 200 85578 "http://realpano.net/gl/" "Mozilla/5.0 (X11; Linux x86_64) AppleWebKit/537.36 (KHTML, like Gecko) Chrome/92.0.4515.107 Safari/537.36"
115.68.62.59 - - [05/Oct/2021:08:03:39 +0900] "realpano.net(KR) GET /gl/common/js/jquery-2.2.4.min.js?20201113010511 HTTP/1.1" 200 85578 "http://realpano.net/gl/" "Mozilla/5.0 (X11; Linux x86_64) AppleWebKit/537.36 (KHTML, like Gecko) Chrome/92.0.4515.107 Safari/537.36"
115.68.62.59 - - [05/Oct/2021:08:03:39 +0900] "realpano.net(KR) GET /gl/addons/captcha/captcha.min.js?20200731203419 HTTP/1.1" 200 6962 "http://realpano.net/gl/" "Mozilla/5.0 (X11; Linux x86_64) AppleWebKit/537.36 (KHTML, like Gecko) Chrome/92.0.4515.107 Safari/537.36"
115.68.62.59 - - [05/Oct/2021:08:03:39 +0900] "realpano.net(KR) GET /gl/addons/captcha/captcha.min.js?20200731203419 HTTP/1.1" 200 6962 "http://realpano.net/gl/" "Mozilla/5.0 (X11; Linux x86_64) AppleWebKit/537.36 (KHTML, like Gecko) Chrome/92.0.4515.107 Safari/537.36"
115.68.62.59 - - [05/Oct/2021:08:03:39 +0900] "realpano.net(KR) GET /gl/files/cache/assets/compiled/12f4c8563084710f3108d5393149ba67bcaa5d9b.rhymix.less.min.css HTTP/1.1" 404 196 "http://realpano.net/gl/" "Mozilla/5.0 (X11; Linux x86_64) AppleWebKit/537.36 (KHTML, like Gecko) Chrome/92.0.4515.107 Safari/537.36"
115.68.62.59 - - [05/Oct/2021:08:03:39 +0900] "realpano.net(KR) GET /gl/files/cache/assets/compiled/12f4c8563084710f3108d5393149ba67bcaa5d9b.rhymix.less.min.css HTTP/1.1" 404 196 "http://realpano.net/gl/" "Mozilla/5.0 (X11; Linux x86_64) AppleWebKit/537.36 (KHTML, like Gecko) Chrome/92.0.4515.107 Safari/537.36"
115.68.62.59 - - [05/Oct/2021:08:03:39 +0900] "realpano.net(KR) GET /gl/files/cache/assets/minified/rhymix.min.js?20201120233626 HTTP/1.1" 200 120587 "http://realpano.net/gl/" "Mozilla/5.0 (X11; Linux x86_64) AppleWebKit/537.36 (KHTML, like Gecko) Chrome/92.0.4515.107 Safari/537.36"
115.68.62.59 - - [05/Oct/2021:08:03:39 +0900] "realpano.net(KR) GET /gl/files/cache/assets/minified/rhymix.min.js?20201120233626 HTTP/1.1" 200 120587 "http://realpano.net/gl/" "Mozilla/5.0 (X11; Linux x86_64) AppleWebKit/537.36 (KHTML, like Gecko) Chrome/92.0.4515.107 Safari/537.36"
115.68.62.59 - - [05/Oct/2021:08:03:40 +0900] "realpano.net(KR) GET /gl/files/attach/xeicon/favicon.ico?20131202140719 HTTP/1.1" 200 32988 "http://realpano.net/gl/" "Mozilla/5.0 (X11; Linux x86_64) AppleWebKit/537.36 (KHTML, like Gecko) Chrome/92.0.4515.107 Safari/537.36"
115.68.62.59 - - [05/Oct/2021:08:03:40 +0900] "realpano.net(KR) GET /gl/files/attach/xeicon/favicon.ico?20131202140719 HTTP/1.1" 200 32988 "http://realpano.net/gl/" "Mozilla/5.0 (X11; Linux x86_64) AppleWebKit/537.36 (KHTML, like Gecko) Chrome/92.0.4515.107 Safari/537.36"
114.119.154.41 - - [05/Oct/2021:08:09:33 +0900] "realpano.net(SG) GET /gl/index.php?mid=human_vr&category=3342&document_srl=45249&m=0&listStyle=viewer&page=1 HTTP/1.1" 403 199 "-" "Mozilla/5.0 (Linux; Android 7.0;) AppleWebKit/537.36 (KHTML, like Gecko) Mobile Safari/537.36 (compatible; PetalBot;+https://webmaster.petalsearch.com/site/petalbot)"
114.119.154.41 - - [05/Oct/2021:08:09:33 +0900] "realpano.net(SG) GET /gl/index.php?mid=human_vr&category=3342&document_srl=45249&m=0&listStyle=viewer&page=1 HTTP/1.1" 403 199 "-" "Mozilla/5.0 (Linux; Android 7.0;) AppleWebKit/537.36 (KHTML, like Gecko) Mobile Safari/537.36 (compatible; PetalBot;+https://webmaster.petalsearch.com/site/petalbot)"
207.46.13.44 - - [05/Oct/2021:08:10:28 +0900] "realpano.net(US) GET /robots.txt HTTP/2.0" 404 196 "-" "Mozilla/5.0 (compatible; bingbot/2.0; +http://www.bing.com/bingbot.htm)"
207.46.13.44 - - [05/Oct/2021:08:10:28 +0900] "realpano.net(US) GET /robots.txt HTTP/2.0" 404 196 "-" "Mozilla/5.0 (compatible; bingbot/2.0; +http://www.bing.com/bingbot.htm)"
207.46.13.44 - - [05/Oct/2021:08:10:29 +0900] "realpano.net(US) GET /robots.txt HTTP/2.0" 404 196 "-" "Mozilla/5.0 (compatible; bingbot/2.0; +http://www.bing.com/bingbot.htm)"
207.46.13.44 - - [05/Oct/2021:08:10:29 +0900] "realpano.net(US) GET /robots.txt HTTP/2.0" 404 196 "-" "Mozilla/5.0 (compatible; bingbot/2.0; +http://www.bing.com/bingbot.htm)"
157.55.39.161 - - [05/Oct/2021:08:10:31 +0900] "realpano.net(US) GET /gl/index.php?mid=human_vr&document_srl=43093&act=dispMemberSignUpForm HTTP/2.0" 404 196 "-" "Mozilla/5.0 (compatible; bingbot/2.0; +http://www.bing.com/bingbot.htm)"
157.55.39.161 - - [05/Oct/2021:08:10:31 +0900] "realpano.net(US) GET /gl/index.php?mid=human_vr&document_srl=43093&act=dispMemberSignUpForm HTTP/2.0" 404 196 "-" "Mozilla/5.0 (compatible; bingbot/2.0; +http://www.bing.com/bingbot.htm)"
66.249.68.60 - - [05/Oct/2021:08:19:11 +0900] "realpano.net(US) GET /gl/human_vr/3965 HTTP/1.1" 404 196 "-" "Mozilla/5.0 (Linux; Android 6.0.1; Nexus 5X Build/MMB29P) AppleWebKit/537.36 (KHTML, like Gecko) Chrome/94.0.4606.61 Mobile Safari/537.36 (compatible; Googlebot/2.1; +http://www.google.com/bot.html)"
66.249.68.60 - - [05/Oct/2021:08:19:11 +0900] "realpano.net(US) GET /gl/human_vr/3965 HTTP/1.1" 404 196 "-" "Mozilla/5.0 (Linux; Android 6.0.1; Nexus 5X Build/MMB29P) AppleWebKit/537.36 (KHTML, like Gecko) Chrome/94.0.4606.61 Mobile Safari/537.36 (compatible; Googlebot/2.1; +http://www.google.com/bot.html)"
114.119.154.26 - - [05/Oct/2021:08:20:38 +0900] "realpano.net(SG) GET /gl/index.php?mid=human_vr&m=1&listStyle=gallery&search_target=tag&search_keyword=%EC%84%A0%EA%B5%90%EC%82%AC&category=3350 HTTP/1.1" 403 199 "-" "Mozilla/5.0 (Linux; Android 7.0;) AppleWebKit/537.36 (KHTML, like Gecko) Mobile Safari/537.36 (compatible; PetalBot;+https://webmaster.petalsearch.com/site/petalbot)"
114.119.154.26 - - [05/Oct/2021:08:20:38 +0900] "realpano.net(SG) GET /gl/index.php?mid=human_vr&m=1&listStyle=gallery&search_target=tag&search_keyword=%EC%84%A0%EA%B5%90%EC%82%AC&category=3350 HTTP/1.1" 403 199 "-" "Mozilla/5.0 (Linux; Android 7.0;) AppleWebKit/537.36 (KHTML, like Gecko) Mobile Safari/537.36 (compatible; PetalBot;+https://webmaster.petalsearch.com/site/petalbot)"
66.249.79.1 - - [05/Oct/2021:08:26:09 +0900] "www.realpano.net(US) GET /home1/realpano/public_html/html/gl/layouts/xenara_layout_relapano/images/footer/btn_top.png HTTP/1.1" 404 196 "-" "Googlebot-Image/1.0"
66.249.79.1 - - [05/Oct/2021:08:26:09 +0900] "www.realpano.net(US) GET /home1/realpano/public_html/html/gl/layouts/xenara_layout_relapano/images/footer/btn_top.png HTTP/1.1" 404 196 "-" "Googlebot-Image/1.0"
66.249.68.60 - - [05/Oct/2021:08:26:32 +0900] "realpano.net(US) GET /gl/index.php?mid=human_vr&document_srl=45002&listStyle=viewer HTTP/1.1" 404 196 "-" "Mozilla/5.0 (compatible; Googlebot/2.1; +http://www.google.com/bot.html)"
66.249.68.60 - - [05/Oct/2021:08:26:32 +0900] "realpano.net(US) GET /gl/index.php?mid=human_vr&document_srl=45002&listStyle=viewer HTTP/1.1" 404 196 "-" "Mozilla/5.0 (compatible; Googlebot/2.1; +http://www.google.com/bot.html)"
114.119.154.41 - - [05/Oct/2021:08:31:34 +0900] "realpano.net(SG) GET /gl/index.php?mid=human_vr&m=0&listStyle=list&sort_index=readed_count&order_type=asc&search_target=tag&search_keyword=%EC%A4%91%EA%B5%AC%EC%B2%AD&category=3343&division=-45271&last_division=0 HTTP/1.1" 403 199 "-" "Mozilla/5.0 (Linux; Android 7.0;) AppleWebKit/537.36 (KHTML, like Gecko) Mobile Safari/537.36 (compatible; PetalBot;+https://webmaster.petalsearch.com/site/petalbot)"
114.119.154.41 - - [05/Oct/2021:08:31:34 +0900] "realpano.net(SG) GET /gl/index.php?mid=human_vr&m=0&listStyle=list&sort_index=readed_count&order_type=asc&search_target=tag&search_keyword=%EC%A4%91%EA%B5%AC%EC%B2%AD&category=3343&division=-45271&last_division=0 HTTP/1.1" 403 199 "-" "Mozilla/5.0 (Linux; Android 7.0;) AppleWebKit/537.36 (KHTML, like Gecko) Mobile Safari/537.36 (compatible; PetalBot;+https://webmaster.petalsearch.com/site/petalbot)"
114.119.154.6 - - [05/Oct/2021:08:42:34 +0900] "realpano.net(SG) GET /gl/index.php?mid=human_vr&m=1&category=3353&listStyle=list&search_target=tag&search_keyword=%EB%8C%80%EA%B5%AC%EC%A4%91%EA%B5%AC&act=dispMemberSignUpForm HTTP/1.1" 403 199 "-" "Mozilla/5.0 (Linux; Android 7.0;) AppleWebKit/537.36 (KHTML, like Gecko) Mobile Safari/537.36 (compatible; PetalBot;+https://webmaster.petalsearch.com/site/petalbot)"
114.119.154.6 - - [05/Oct/2021:08:42:34 +0900] "realpano.net(SG) GET /gl/index.php?mid=human_vr&m=1&category=3353&listStyle=list&search_target=tag&search_keyword=%EB%8C%80%EA%B5%AC%EC%A4%91%EA%B5%AC&act=dispMemberSignUpForm HTTP/1.1" 403 199 "-" "Mozilla/5.0 (Linux; Android 7.0;) AppleWebKit/537.36 (KHTML, like Gecko) Mobile Safari/537.36 (compatible; PetalBot;+https://webmaster.petalsearch.com/site/petalbot)"
114.119.154.67 - - [05/Oct/2021:08:53:43 +0900] "realpano.net(SG) GET /gl/index.php?mid=human_vr&search_target=tag&search_keyword=%ED%95%9C%EB%B3%B5&category=3350 HTTP/1.1" 403 199 "-" "Mozilla/5.0 (Linux; Android 7.0;) AppleWebKit/537.36 (KHTML, like Gecko) Mobile Safari/537.36 (compatible; PetalBot;+https://webmaster.petalsearch.com/site/petalbot)"
114.119.154.67 - - [05/Oct/2021:08:53:43 +0900] "realpano.net(SG) GET /gl/index.php?mid=human_vr&search_target=tag&search_keyword=%ED%95%9C%EB%B3%B5&category=3350 HTTP/1.1" 403 199 "-" "Mozilla/5.0 (Linux; Android 7.0;) AppleWebKit/537.36 (KHTML, like Gecko) Mobile Safari/537.36 (compatible; PetalBot;+https://webmaster.petalsearch.com/site/petalbot)"
115.68.229.132 - - [05/Oct/2021:08:56:57 +0900] "realpano.net(KR) GET / HTTP/1.1" 200 64 "-" "Mozilla/5.0 (Windows NT 6.3; Win64; x64) AppleWebKit/537.36 (KHTML, like Gecko) Chrome/94.0.4606.71 Safari/537.36"
115.68.229.132 - - [05/Oct/2021:08:56:57 +0900] "realpano.net(KR) GET / HTTP/1.1" 200 64 "-" "Mozilla/5.0 (Windows NT 6.3; Win64; x64) AppleWebKit/537.36 (KHTML, like Gecko) Chrome/94.0.4606.71 Safari/537.36"
115.68.229.132 - - [05/Oct/2021:08:56:57 +0900] "realpano.net(KR) GET /gl/ HTTP/1.1" 404 2293 "http://realpano.net/" "Mozilla/5.0 (Windows NT 6.3; Win64; x64) AppleWebKit/537.36 (KHTML, like Gecko) Chrome/94.0.4606.71 Safari/537.36"
115.68.229.132 - - [05/Oct/2021:08:56:57 +0900] "realpano.net(KR) GET /gl/ HTTP/1.1" 404 2293 "http://realpano.net/" "Mozilla/5.0 (Windows NT 6.3; Win64; x64) AppleWebKit/537.36 (KHTML, like Gecko) Chrome/94.0.4606.71 Safari/537.36"
115.68.229.132 - - [05/Oct/2021:08:56:57 +0900] "realpano.net(KR) GET /gl/files/cache/assets/compiled/12f4c8563084710f3108d5393149ba67bcaa5d9b.rhymix.less.min.css HTTP/1.1" 404 196 "http://realpano.net/gl/" "Mozilla/5.0 (Windows NT 6.3; Win64; x64) AppleWebKit/537.36 (KHTML, like Gecko) Chrome/94.0.4606.71 Safari/537.36"
115.68.229.132 - - [05/Oct/2021:08:56:57 +0900] "realpano.net(KR) GET /gl/files/cache/assets/compiled/12f4c8563084710f3108d5393149ba67bcaa5d9b.rhymix.less.min.css HTTP/1.1" 404 196 "http://realpano.net/gl/" "Mozilla/5.0 (Windows NT 6.3; Win64; x64) AppleWebKit/537.36 (KHTML, like Gecko) Chrome/94.0.4606.71 Safari/537.36"
66.249.79.1 - - [05/Oct/2021:08:57:57 +0900] "www.realpano.net(US) GET /gl/pvr1 HTTP/1.1" 200 19727 "-" "Mozilla/5.0 (compatible; Googlebot/2.1; +http://www.google.com/bot.html)"
66.249.79.1 - - [05/Oct/2021:08:57:57 +0900] "www.realpano.net(US) GET /gl/pvr1 HTTP/1.1" 200 19727 "-" "Mozilla/5.0 (compatible; Googlebot/2.1; +http://www.google.com/bot.html)"
66.249.79.31 - - [05/Oct/2021:08:58:01 +0900] "www.realpano.net(US) GET /home1/realpano/public_html/html/gl/layouts/xenara_layout_relapano//js/fancybox/source/jquery.fancybox.css?v=2.1.5 HTTP/1.1" 404 196 "http://www.realpano.net/gl/pvr1" "Mozilla/5.0 AppleWebKit/537.36 (KHTML, like Gecko; compatible; Googlebot/2.1; +http://www.google.com/bot.html) Chrome/94.0.4606.61 Safari/537.36"
66.249.79.31 - - [05/Oct/2021:08:58:01 +0900] "www.realpano.net(US) GET /home1/realpano/public_html/html/gl/layouts/xenara_layout_relapano//js/fancybox/source/jquery.fancybox.css?v=2.1.5 HTTP/1.1" 404 196 "http://www.realpano.net/gl/pvr1" "Mozilla/5.0 AppleWebKit/537.36 (KHTML, like Gecko; compatible; Googlebot/2.1; +http://www.google.com/bot.html) Chrome/94.0.4606.61 Safari/537.36"
66.249.79.1 - - [05/Oct/2021:08:58:02 +0900] "www.realpano.net(US) GET /home1/realpano/public_html/html/gl/layouts/xenara_layout_relapano//js/fancybox/lib/jquery.mousewheel-3.0.6.pack.js HTTP/1.1" 404 196 "http://www.realpano.net/gl/pvr1" "Mozilla/5.0 AppleWebKit/537.36 (KHTML, like Gecko; compatible; Googlebot/2.1; +http://www.google.com/bot.html) Chrome/94.0.4606.61 Safari/537.36"
66.249.79.1 - - [05/Oct/2021:08:58:02 +0900] "www.realpano.net(US) GET /home1/realpano/public_html/html/gl/layouts/xenara_layout_relapano//js/fancybox/lib/jquery.mousewheel-3.0.6.pack.js HTTP/1.1" 404 196 "http://www.realpano.net/gl/pvr1" "Mozilla/5.0 AppleWebKit/537.36 (KHTML, like Gecko; compatible; Googlebot/2.1; +http://www.google.com/bot.html) Chrome/94.0.4606.61 Safari/537.36"
66.249.79.5 - - [05/Oct/2021:08:58:03 +0900] "www.realpano.net(US) GET /home1/realpano/public_html/html/gl/layouts/xenara_layout_relapano//js/fancybox/source/helpers/jquery.fancybox-buttons.js?v=1.0.5 HTTP/1.1" 404 196 "http://www.realpano.net/gl/pvr1" "Mozilla/5.0 AppleWebKit/537.36 (KHTML, like Gecko; compatible; Googlebot/2.1; +http://www.google.com/bot.html) Chrome/94.0.4606.61 Safari/537.36"
66.249.79.5 - - [05/Oct/2021:08:58:03 +0900] "www.realpano.net(US) GET /home1/realpano/public_html/html/gl/layouts/xenara_layout_relapano//js/fancybox/source/helpers/jquery.fancybox-buttons.js?v=1.0.5 HTTP/1.1" 404 196 "http://www.realpano.net/gl/pvr1" "Mozilla/5.0 AppleWebKit/537.36 (KHTML, like Gecko; compatible; Googlebot/2.1; +http://www.google.com/bot.html) Chrome/94.0.4606.61 Safari/537.36"
66.249.79.5 - - [05/Oct/2021:08:58:04 +0900] "www.realpano.net(US) GET /gl/layouts/xenara_layout_relapano/css/style_sub.css?20140511211619 HTTP/1.1" 200 2464 "http://www.realpano.net/gl/pvr1" "Mozilla/5.0 AppleWebKit/537.36 (KHTML, like Gecko; compatible; Googlebot/2.1; +http://www.google.com/bot.html) Chrome/94.0.4606.61 Safari/537.36"
66.249.79.5 - - [05/Oct/2021:08:58:04 +0900] "www.realpano.net(US) GET /gl/layouts/xenara_layout_relapano/css/style_sub.css?20140511211619 HTTP/1.1" 200 2464 "http://www.realpano.net/gl/pvr1" "Mozilla/5.0 AppleWebKit/537.36 (KHTML, like Gecko; compatible; Googlebot/2.1; +http://www.google.com/bot.html) Chrome/94.0.4606.61 Safari/537.36"
66.249.79.31 - - [05/Oct/2021:08:58:04 +0900] "www.realpano.net(US) GET /home1/realpano/public_html/html/gl/layouts/xenara_layout_relapano//js/fancybox/source/helpers/jquery.fancybox-thumbs.js?v=1.0.7 HTTP/1.1" 404 196 "http://www.realpano.net/gl/pvr1" "Mozilla/5.0 AppleWebKit/537.36 (KHTML, like Gecko; compatible; Googlebot/2.1; +http://www.google.com/bot.html) Chrome/94.0.4606.61 Safari/537.36"
66.249.79.31 - - [05/Oct/2021:08:58:04 +0900] "www.realpano.net(US) GET /home1/realpano/public_html/html/gl/layouts/xenara_layout_relapano//js/fancybox/source/helpers/jquery.fancybox-thumbs.js?v=1.0.7 HTTP/1.1" 404 196 "http://www.realpano.net/gl/pvr1" "Mozilla/5.0 AppleWebKit/537.36 (KHTML, like Gecko; compatible; Googlebot/2.1; +http://www.google.com/bot.html) Chrome/94.0.4606.61 Safari/537.36"
66.249.79.31 - - [05/Oct/2021:08:58:05 +0900] "www.realpano.net(US) GET /home1/realpano/public_html/html/gl/layouts/xenara_layout_relapano//js/fancybox/source/helpers/jquery.fancybox-buttons.css?v=1.0.5 HTTP/1.1" 404 196 "http://www.realpano.net/gl/pvr1" "Mozilla/5.0 AppleWebKit/537.36 (KHTML, like Gecko; compatible; Googlebot/2.1; +http://www.google.com/bot.html) Chrome/94.0.4606.61 Safari/537.36"
66.249.79.31 - - [05/Oct/2021:08:58:05 +0900] "www.realpano.net(US) GET /home1/realpano/public_html/html/gl/layouts/xenara_layout_relapano//js/fancybox/source/helpers/jquery.fancybox-buttons.css?v=1.0.5 HTTP/1.1" 404 196 "http://www.realpano.net/gl/pvr1" "Mozilla/5.0 AppleWebKit/537.36 (KHTML, like Gecko; compatible; Googlebot/2.1; +http://www.google.com/bot.html) Chrome/94.0.4606.61 Safari/537.36"
66.249.79.31 - - [05/Oct/2021:08:58:06 +0900] "www.realpano.net(US) GET /home1/realpano/public_html/html/gl/layouts/xenara_layout_relapano//js/fancybox/source/helpers/jquery.fancybox-media.js?v=1.0.6 HTTP/1.1" 404 196 "http://www.realpano.net/gl/pvr1" "Mozilla/5.0 AppleWebKit/537.36 (KHTML, like Gecko; compatible; Googlebot/2.1; +http://www.google.com/bot.html) Chrome/94.0.4606.61 Safari/537.36"
66.249.79.31 - - [05/Oct/2021:08:58:06 +0900] "www.realpano.net(US) GET /home1/realpano/public_html/html/gl/layouts/xenara_layout_relapano//js/fancybox/source/helpers/jquery.fancybox-media.js?v=1.0.6 HTTP/1.1" 404 196 "http://www.realpano.net/gl/pvr1" "Mozilla/5.0 AppleWebKit/537.36 (KHTML, like Gecko; compatible; Googlebot/2.1; +http://www.google.com/bot.html) Chrome/94.0.4606.61 Safari/537.36"
66.249.79.31 - - [05/Oct/2021:08:58:07 +0900] "www.realpano.net(US) GET /home1/realpano/public_html/html/gl/layouts/xenara_layout_relapano//js/fancybox/source/helpers/jquery.fancybox-thumbs.css?v=1.0.7 HTTP/1.1" 404 196 "http://www.realpano.net/gl/pvr1" "Mozilla/5.0 AppleWebKit/537.36 (KHTML, like Gecko; compatible; Googlebot/2.1; +http://www.google.com/bot.html) Chrome/94.0.4606.61 Safari/537.36"
66.249.79.31 - - [05/Oct/2021:08:58:07 +0900] "www.realpano.net(US) GET /home1/realpano/public_html/html/gl/layouts/xenara_layout_relapano//js/fancybox/source/helpers/jquery.fancybox-thumbs.css?v=1.0.7 HTTP/1.1" 404 196 "http://www.realpano.net/gl/pvr1" "Mozilla/5.0 AppleWebKit/537.36 (KHTML, like Gecko; compatible; Googlebot/2.1; +http://www.google.com/bot.html) Chrome/94.0.4606.61 Safari/537.36"
114.119.154.30 - - [05/Oct/2021:09:05:47 +0900] "realpano.net(SG) GET /gl/index.php?mid=human_vr&category=3346&m=1&search_target=tag&search_keyword=%EB%8F%BC%EC%A7%80%EA%B0%88%EB%B9%84 HTTP/1.1" 403 199 "-" "Mozilla/5.0 (Linux; Android 7.0;) AppleWebKit/537.36 (KHTML, like Gecko) Mobile Safari/537.36 (compatible; PetalBot;+https://webmaster.petalsearch.com/site/petalbot)"
114.119.154.30 - - [05/Oct/2021:09:05:47 +0900] "realpano.net(SG) GET /gl/index.php?mid=human_vr&category=3346&m=1&search_target=tag&search_keyword=%EB%8F%BC%EC%A7%80%EA%B0%88%EB%B9%84 HTTP/1.1" 403 199 "-" "Mozilla/5.0 (Linux; Android 7.0;) AppleWebKit/537.36 (KHTML, like Gecko) Mobile Safari/537.36 (compatible; PetalBot;+https://webmaster.petalsearch.com/site/petalbot)"
207.46.13.44 - - [05/Oct/2021:09:10:30 +0900] "realpano.net(US) GET /robots.txt HTTP/2.0" 404 196 "-" "Mozilla/5.0 (compatible; bingbot/2.0; +http://www.bing.com/bingbot.htm)"
207.46.13.44 - - [05/Oct/2021:09:10:30 +0900] "realpano.net(US) GET /robots.txt HTTP/2.0" 404 196 "-" "Mozilla/5.0 (compatible; bingbot/2.0; +http://www.bing.com/bingbot.htm)"
207.46.13.44 - - [05/Oct/2021:09:10:31 +0900] "realpano.net(US) GET /robots.txt HTTP/2.0" 404 196 "-" "Mozilla/5.0 (compatible; bingbot/2.0; +http://www.bing.com/bingbot.htm)"
207.46.13.44 - - [05/Oct/2021:09:10:31 +0900] "realpano.net(US) GET /robots.txt HTTP/2.0" 404 196 "-" "Mozilla/5.0 (compatible; bingbot/2.0; +http://www.bing.com/bingbot.htm)"
157.55.39.111 - - [05/Oct/2021:09:10:37 +0900] "realpano.net(US) GET /gl/index.php?mid=human_vr&search_target=tag&search_keyword=%EB%8F%99%EC%9D%B8%EB%8F%99 HTTP/2.0" 404 196 "-" "Mozilla/5.0 (compatible; bingbot/2.0; +http://www.bing.com/bingbot.htm)"
157.55.39.111 - - [05/Oct/2021:09:10:37 +0900] "realpano.net(US) GET /gl/index.php?mid=human_vr&search_target=tag&search_keyword=%EB%8F%99%EC%9D%B8%EB%8F%99 HTTP/2.0" 404 196 "-" "Mozilla/5.0 (compatible; bingbot/2.0; +http://www.bing.com/bingbot.htm)"
114.119.133.108 - - [05/Oct/2021:09:13:55 +0900] "realpano.net(SG) GET /robots.txt HTTP/1.1" 403 199 "-" "Mozilla/5.0 (compatible;PetalBot;+https://webmaster.petalsearch.com/site/petalbot)"
114.119.133.108 - - [05/Oct/2021:09:13:55 +0900] "realpano.net(SG) GET /robots.txt HTTP/1.1" 403 199 "-" "Mozilla/5.0 (compatible;PetalBot;+https://webmaster.petalsearch.com/site/petalbot)"
66.249.68.58 - - [05/Oct/2021:09:24:19 +0900] "realpano.net(US) GET /gl/index.php?mid=human_vr&category=3350&m=1&document_srl=44742&listStyle=viewer HTTP/1.1" 404 196 "-" "Mozilla/5.0 (Linux; Android 6.0.1; Nexus 5X Build/MMB29P) AppleWebKit/537.36 (KHTML, like Gecko) Chrome/94.0.4606.61 Mobile Safari/537.36 (compatible; Googlebot/2.1; +http://www.google.com/bot.html)"
66.249.68.58 - - [05/Oct/2021:09:24:19 +0900] "realpano.net(US) GET /gl/index.php?mid=human_vr&category=3350&m=1&document_srl=44742&listStyle=viewer HTTP/1.1" 404 196 "-" "Mozilla/5.0 (Linux; Android 6.0.1; Nexus 5X Build/MMB29P) AppleWebKit/537.36 (KHTML, like Gecko) Chrome/94.0.4606.61 Mobile Safari/537.36 (compatible; Googlebot/2.1; +http://www.google.com/bot.html)"
114.119.154.41 - - [05/Oct/2021:09:27:45 +0900] "realpano.net(SG) GET /gl/index.php?mid=human_vr&m=0&listStyle=list&order_type=asc&sort_index=regdate&category=3351 HTTP/1.1" 403 199 "-" "Mozilla/5.0 (Linux; Android 7.0;) AppleWebKit/537.36 (KHTML, like Gecko) Mobile Safari/537.36 (compatible; PetalBot;+https://webmaster.petalsearch.com/site/petalbot)"
114.119.154.41 - - [05/Oct/2021:09:27:45 +0900] "realpano.net(SG) GET /gl/index.php?mid=human_vr&m=0&listStyle=list&order_type=asc&sort_index=regdate&category=3351 HTTP/1.1" 403 199 "-" "Mozilla/5.0 (Linux; Android 7.0;) AppleWebKit/537.36 (KHTML, like Gecko) Mobile Safari/537.36 (compatible; PetalBot;+https://webmaster.petalsearch.com/site/petalbot)"
157.55.39.20 - - [05/Oct/2021:09:34:56 +0900] "www.realpano.net(US) GET / HTTP/1.1" 200 64 "-" "Mozilla/5.0 (compatible; bingbot/2.0; +http://www.bing.com/bingbot.htm)"
157.55.39.20 - - [05/Oct/2021:09:34:56 +0900] "www.realpano.net(US) GET / HTTP/1.1" 200 64 "-" "Mozilla/5.0 (compatible; bingbot/2.0; +http://www.bing.com/bingbot.htm)"
114.119.154.6 - - [05/Oct/2021:09:42:32 +0900] "realpano.net(SG) GET /gl/index.php?mid=human_vr&m=0&page=2&listStyle=viewer&search_target=tag&search_keyword=%ED%95%AD%EA%B3%B5 HTTP/1.1" 403 199 "-" "Mozilla/5.0 (Linux; Android 7.0;) AppleWebKit/537.36 (KHTML, like Gecko) Mobile Safari/537.36 (compatible; PetalBot;+https://webmaster.petalsearch.com/site/petalbot)"
114.119.154.6 - - [05/Oct/2021:09:42:32 +0900] "realpano.net(SG) GET /gl/index.php?mid=human_vr&m=0&page=2&listStyle=viewer&search_target=tag&search_keyword=%ED%95%AD%EA%B3%B5 HTTP/1.1" 403 199 "-" "Mozilla/5.0 (Linux; Android 7.0;) AppleWebKit/537.36 (KHTML, like Gecko) Mobile Safari/537.36 (compatible; PetalBot;+https://webmaster.petalsearch.com/site/petalbot)"
66.249.68.60 - - [05/Oct/2021:09:44:55 +0900] "realpano.net(US) GET /gl/index.php?mid=human_vr&document_srl=45002&listStyle=viewer HTTP/1.1" 404 196 "-" "Mozilla/5.0 (compatible; Googlebot/2.1; +http://www.google.com/bot.html)"
66.249.68.60 - - [05/Oct/2021:09:44:55 +0900] "realpano.net(US) GET /gl/index.php?mid=human_vr&document_srl=45002&listStyle=viewer HTTP/1.1" 404 196 "-" "Mozilla/5.0 (compatible; Googlebot/2.1; +http://www.google.com/bot.html)"
218.38.51.244 - - [05/Oct/2021:09:47:09 +0900] "www.realpano.net(KR) GET / HTTP/1.1" 200 64 "-" "Mozilla/5.0 (Windows NT 10.0; Win64; x64) AppleWebKit/537.36 (KHTML, like Gecko) Chrome/94.0.4606.71 Safari/537.36 Edg/94.0.992.38"
218.38.51.244 - - [05/Oct/2021:09:47:09 +0900] "www.realpano.net(KR) GET / HTTP/1.1" 200 64 "-" "Mozilla/5.0 (Windows NT 10.0; Win64; x64) AppleWebKit/537.36 (KHTML, like Gecko) Chrome/94.0.4606.71 Safari/537.36 Edg/94.0.992.38"
218.38.51.244 - - [05/Oct/2021:09:47:09 +0900] "realpano.net(KR) GET /gl/ HTTP/1.1" 404 2293 "http://www.realpano.net/" "Mozilla/5.0 (Windows NT 10.0; Win64; x64) AppleWebKit/537.36 (KHTML, like Gecko) Chrome/94.0.4606.71 Safari/537.36 Edg/94.0.992.38"
218.38.51.244 - - [05/Oct/2021:09:47:09 +0900] "realpano.net(KR) GET /gl/ HTTP/1.1" 404 2293 "http://www.realpano.net/" "Mozilla/5.0 (Windows NT 10.0; Win64; x64) AppleWebKit/537.36 (KHTML, like Gecko) Chrome/94.0.4606.71 Safari/537.36 Edg/94.0.992.38"
218.38.51.244 - - [05/Oct/2021:09:47:09 +0900] "realpano.net(KR) GET /gl/files/cache/assets/compiled/12f4c8563084710f3108d5393149ba67bcaa5d9b.rhymix.less.min.css HTTP/1.1" 404 196 "http://realpano.net/gl/" "Mozilla/5.0 (Windows NT 10.0; Win64; x64) AppleWebKit/537.36 (KHTML, like Gecko) Chrome/94.0.4606.71 Safari/537.36 Edg/94.0.992.38"
218.38.51.244 - - [05/Oct/2021:09:47:09 +0900] "realpano.net(KR) GET /gl/files/cache/assets/compiled/12f4c8563084710f3108d5393149ba67bcaa5d9b.rhymix.less.min.css HTTP/1.1" 404 196 "http://realpano.net/gl/" "Mozilla/5.0 (Windows NT 10.0; Win64; x64) AppleWebKit/537.36 (KHTML, like Gecko) Chrome/94.0.4606.71 Safari/537.36 Edg/94.0.992.38"
218.38.51.244 - - [05/Oct/2021:09:47:09 +0900] "realpano.net(KR) GET /gl/addons/captcha/captcha.min.js?20200731203419 HTTP/1.1" 200 6962 "http://realpano.net/gl/" "Mozilla/5.0 (Windows NT 10.0; Win64; x64) AppleWebKit/537.36 (KHTML, like Gecko) Chrome/94.0.4606.71 Safari/537.36 Edg/94.0.992.38"
218.38.51.244 - - [05/Oct/2021:09:47:09 +0900] "realpano.net(KR) GET /gl/addons/captcha/captcha.min.js?20200731203419 HTTP/1.1" 200 6962 "http://realpano.net/gl/" "Mozilla/5.0 (Windows NT 10.0; Win64; x64) AppleWebKit/537.36 (KHTML, like Gecko) Chrome/94.0.4606.71 Safari/537.36 Edg/94.0.992.38"
218.38.51.244 - - [05/Oct/2021:09:47:09 +0900] "realpano.net(KR) GET /gl/common/js/jquery-2.2.4.min.js?20201113010511 HTTP/1.1" 200 85578 "http://realpano.net/gl/" "Mozilla/5.0 (Windows NT 10.0; Win64; x64) AppleWebKit/537.36 (KHTML, like Gecko) Chrome/94.0.4606.71 Safari/537.36 Edg/94.0.992.38"
218.38.51.244 - - [05/Oct/2021:09:47:09 +0900] "realpano.net(KR) GET /gl/common/js/jquery-2.2.4.min.js?20201113010511 HTTP/1.1" 200 85578 "http://realpano.net/gl/" "Mozilla/5.0 (Windows NT 10.0; Win64; x64) AppleWebKit/537.36 (KHTML, like Gecko) Chrome/94.0.4606.71 Safari/537.36 Edg/94.0.992.38"
218.38.51.244 - - [05/Oct/2021:09:47:09 +0900] "realpano.net(KR) GET /gl/files/cache/assets/minified/rhymix.min.js?20201120233626 HTTP/1.1" 200 120587 "http://realpano.net/gl/" "Mozilla/5.0 (Windows NT 10.0; Win64; x64) AppleWebKit/537.36 (KHTML, like Gecko) Chrome/94.0.4606.71 Safari/537.36 Edg/94.0.992.38"
218.38.51.244 - - [05/Oct/2021:09:47:09 +0900] "realpano.net(KR) GET /gl/files/cache/assets/minified/rhymix.min.js?20201120233626 HTTP/1.1" 200 120587 "http://realpano.net/gl/" "Mozilla/5.0 (Windows NT 10.0; Win64; x64) AppleWebKit/537.36 (KHTML, like Gecko) Chrome/94.0.4606.71 Safari/537.36 Edg/94.0.992.38"
218.38.51.244 - - [05/Oct/2021:09:47:09 +0900] "realpano.net(KR) GET /gl/files/attach/xeicon/favicon.ico?20131202140719 HTTP/1.1" 200 32988 "http://realpano.net/gl/" "Mozilla/5.0 (Windows NT 10.0; Win64; x64) AppleWebKit/537.36 (KHTML, like Gecko) Chrome/94.0.4606.71 Safari/537.36 Edg/94.0.992.38"
218.38.51.244 - - [05/Oct/2021:09:47:09 +0900] "realpano.net(KR) GET /gl/files/attach/xeicon/favicon.ico?20131202140719 HTTP/1.1" 200 32988 "http://realpano.net/gl/" "Mozilla/5.0 (Windows NT 10.0; Win64; x64) AppleWebKit/537.36 (KHTML, like Gecko) Chrome/94.0.4606.71 Safari/537.36 Edg/94.0.992.38"
115.68.229.132 - - [05/Oct/2021:09:49:59 +0900] "realpano.net(KR) GET / HTTP/1.1" 200 64 "-" "Mozilla/5.0 (Windows NT 6.3; Win64; x64) AppleWebKit/537.36 (KHTML, like Gecko) Chrome/94.0.4606.71 Safari/537.36"
115.68.229.132 - - [05/Oct/2021:09:49:59 +0900] "realpano.net(KR) GET / HTTP/1.1" 200 64 "-" "Mozilla/5.0 (Windows NT 6.3; Win64; x64) AppleWebKit/537.36 (KHTML, like Gecko) Chrome/94.0.4606.71 Safari/537.36"
115.68.229.132 - - [05/Oct/2021:09:50:00 +0900] "realpano.net(KR) GET /gl/ HTTP/1.1" 404 2293 "http://realpano.net/" "Mozilla/5.0 (Windows NT 6.3; Win64; x64) AppleWebKit/537.36 (KHTML, like Gecko) Chrome/94.0.4606.71 Safari/537.36"
115.68.229.132 - - [05/Oct/2021:09:50:00 +0900] "realpano.net(KR) GET /gl/ HTTP/1.1" 404 2293 "http://realpano.net/" "Mozilla/5.0 (Windows NT 6.3; Win64; x64) AppleWebKit/537.36 (KHTML, like Gecko) Chrome/94.0.4606.71 Safari/537.36"
115.68.229.132 - - [05/Oct/2021:09:50:00 +0900] "realpano.net(KR) GET /gl/files/cache/assets/compiled/12f4c8563084710f3108d5393149ba67bcaa5d9b.rhymix.less.min.css HTTP/1.1" 404 196 "http://realpano.net/gl/" "Mozilla/5.0 (Windows NT 6.3; Win64; x64) AppleWebKit/537.36 (KHTML, like Gecko) Chrome/94.0.4606.71 Safari/537.36"
115.68.229.132 - - [05/Oct/2021:09:50:00 +0900] "realpano.net(KR) GET /gl/files/cache/assets/compiled/12f4c8563084710f3108d5393149ba67bcaa5d9b.rhymix.less.min.css HTTP/1.1" 404 196 "http://realpano.net/gl/" "Mozilla/5.0 (Windows NT 6.3; Win64; x64) AppleWebKit/537.36 (KHTML, like Gecko) Chrome/94.0.4606.71 Safari/537.36"
157.55.39.121 - - [05/Oct/2021:09:51:27 +0900] "realpano.net(US) GET /gl/human_vr/44542 HTTP/2.0" 404 196 "-" "Mozilla/5.0 (compatible; bingbot/2.0; +http://www.bing.com/bingbot.htm)"
157.55.39.121 - - [05/Oct/2021:09:51:27 +0900] "realpano.net(US) GET /gl/human_vr/44542 HTTP/2.0" 404 196 "-" "Mozilla/5.0 (compatible; bingbot/2.0; +http://www.bing.com/bingbot.htm)"
17.121.112.141 - - [05/Oct/2021:09:54:47 +0900] "realpano.net(US) GET /robots.txt HTTP/1.1" 404 196 "-" "Mozilla/5.0 (Macintosh; Intel Mac OS X 10_15_5) AppleWebKit/605.1.15 (KHTML, like Gecko) Version/13.1.1 Safari/605.1.15 (Applebot/0.1; +http://www.apple.com/go/applebot)"
17.121.112.141 - - [05/Oct/2021:09:54:47 +0900] "realpano.net(US) GET /robots.txt HTTP/1.1" 404 196 "-" "Mozilla/5.0 (Macintosh; Intel Mac OS X 10_15_5) AppleWebKit/605.1.15 (KHTML, like Gecko) Version/13.1.1 Safari/605.1.15 (Applebot/0.1; +http://www.apple.com/go/applebot)"
17.121.112.141 - - [05/Oct/2021:09:54:48 +0900] "realpano.net(US) GET /gl/files/attach/images/2684/219/045/c6641b2a11b85f3f5f9f5e367257284d.jpg HTTP/1.1" 404 196 "-" "Mozilla/5.0 (Macintosh; Intel Mac OS X 10_15_5) AppleWebKit/605.1.15 (KHTML, like Gecko) Version/13.1.1 Safari/605.1.15 (Applebot/0.1; +http://www.apple.com/go/applebot)"
17.121.112.141 - - [05/Oct/2021:09:54:48 +0900] "realpano.net(US) GET /gl/files/attach/images/2684/219/045/c6641b2a11b85f3f5f9f5e367257284d.jpg HTTP/1.1" 404 196 "-" "Mozilla/5.0 (Macintosh; Intel Mac OS X 10_15_5) AppleWebKit/605.1.15 (KHTML, like Gecko) Version/13.1.1 Safari/605.1.15 (Applebot/0.1; +http://www.apple.com/go/applebot)"
114.119.154.26 - - [05/Oct/2021:10:00:28 +0900] "realpano.net(SG) GET /gl/index.php?mid=human_vr&category=3348&m=0&listStyle=list&document_srl=3906&act=dispMemberLoginForm HTTP/1.1" 403 199 "-" "Mozilla/5.0 (Linux; Android 7.0;) AppleWebKit/537.36 (KHTML, like Gecko) Mobile Safari/537.36 (compatible; PetalBot;+https://webmaster.petalsearch.com/site/petalbot)"
114.119.154.26 - - [05/Oct/2021:10:00:28 +0900] "realpano.net(SG) GET /gl/index.php?mid=human_vr&category=3348&m=0&listStyle=list&document_srl=3906&act=dispMemberLoginForm HTTP/1.1" 403 199 "-" "Mozilla/5.0 (Linux; Android 7.0;) AppleWebKit/537.36 (KHTML, like Gecko) Mobile Safari/537.36 (compatible; PetalBot;+https://webmaster.petalsearch.com/site/petalbot)"
17.121.112.9 - - [05/Oct/2021:10:02:05 +0900] "realpano.net(US) GET /gl/air_vr/43779 HTTP/1.1" 404 196 "-" "Mozilla/5.0 (Macintosh; Intel Mac OS X 10_15_5) AppleWebKit/605.1.15 (KHTML, like Gecko) Version/13.1.1 Safari/605.1.15 (Applebot/0.1; +http://www.apple.com/go/applebot)"
17.121.112.9 - - [05/Oct/2021:10:02:05 +0900] "realpano.net(US) GET /gl/air_vr/43779 HTTP/1.1" 404 196 "-" "Mozilla/5.0 (Macintosh; Intel Mac OS X 10_15_5) AppleWebKit/605.1.15 (KHTML, like Gecko) Version/13.1.1 Safari/605.1.15 (Applebot/0.1; +http://www.apple.com/go/applebot)"
66.249.79.5 - - [05/Oct/2021:10:06:00 +0900] "www.realpano.net(US) GET /gl/pvr1 HTTP/1.1" 200 13721 "-" "Mozilla/5.0 (Linux; Android 6.0.1; Nexus 5X Build/MMB29P) AppleWebKit/537.36 (KHTML, like Gecko) Chrome/94.0.4606.61 Mobile Safari/537.36 (compatible; Googlebot/2.1; +http://www.google.com/bot.html)"
66.249.79.5 - - [05/Oct/2021:10:06:00 +0900] "www.realpano.net(US) GET /gl/pvr1 HTTP/1.1" 200 13721 "-" "Mozilla/5.0 (Linux; Android 6.0.1; Nexus 5X Build/MMB29P) AppleWebKit/537.36 (KHTML, like Gecko) Chrome/94.0.4606.61 Mobile Safari/537.36 (compatible; Googlebot/2.1; +http://www.google.com/bot.html)"
66.249.79.5 - - [05/Oct/2021:10:06:08 +0900] "www.realpano.net(US) GET /gl/m.layouts/xenara_mlayout_realpano/js/bxslider/jquery.bxslider.min.js?20140528195909 HTTP/1.1" 200 19359 "http://www.realpano.net/gl/pvr1" "Mozilla/5.0 (Linux; Android 6.0.1; Nexus 5X Build/MMB29P) AppleWebKit/537.36 (KHTML, like Gecko) Chrome/94.0.4606.61 Mobile Safari/537.36 (compatible; Googlebot/2.1; +http://www.google.com/bot.html)"
66.249.79.5 - - [05/Oct/2021:10:06:08 +0900] "www.realpano.net(US) GET /gl/m.layouts/xenara_mlayout_realpano/js/bxslider/jquery.bxslider.min.js?20140528195909 HTTP/1.1" 200 19359 "http://www.realpano.net/gl/pvr1" "Mozilla/5.0 (Linux; Android 6.0.1; Nexus 5X Build/MMB29P) AppleWebKit/537.36 (KHTML, like Gecko) Chrome/94.0.4606.61 Mobile Safari/537.36 (compatible; Googlebot/2.1; +http://www.google.com/bot.html)"
66.249.79.5 - - [05/Oct/2021:10:06:08 +0900] "www.realpano.net(US) GET /gl/modules/page/tpl/css/mpage.css?20201113010703 HTTP/1.1" 200 245 "http://www.realpano.net/gl/pvr1" "Mozilla/5.0 (Linux; Android 6.0.1; Nexus 5X Build/MMB29P) AppleWebKit/537.36 (KHTML, like Gecko) Chrome/94.0.4606.61 Mobile Safari/537.36 (compatible; Googlebot/2.1; +http://www.google.com/bot.html)"
66.249.79.5 - - [05/Oct/2021:10:06:08 +0900] "www.realpano.net(US) GET /gl/modules/page/tpl/css/mpage.css?20201113010703 HTTP/1.1" 200 245 "http://www.realpano.net/gl/pvr1" "Mozilla/5.0 (Linux; Android 6.0.1; Nexus 5X Build/MMB29P) AppleWebKit/537.36 (KHTML, like Gecko) Chrome/94.0.4606.61 Mobile Safari/537.36 (compatible; Googlebot/2.1; +http://www.google.com/bot.html)"
66.249.79.1 - - [05/Oct/2021:10:06:09 +0900] "www.realpano.net(US) GET /home1/realpano/public_html/html/gl/m.layouts/xenara_mlayout_realpano/js/mmenu/css/extensions/jquery.mmenu.ie8.css HTTP/1.1" 404 196 "http://www.realpano.net/gl/pvr1" "Mozilla/5.0 (Linux; Android 6.0.1; Nexus 5X Build/MMB29P) AppleWebKit/537.36 (KHTML, like Gecko) Chrome/94.0.4606.61 Mobile Safari/537.36 (compatible; Googlebot/2.1; +http://www.google.com/bot.html)"
66.249.79.1 - - [05/Oct/2021:10:06:09 +0900] "www.realpano.net(US) GET /home1/realpano/public_html/html/gl/m.layouts/xenara_mlayout_realpano/js/mmenu/css/extensions/jquery.mmenu.ie8.css HTTP/1.1" 404 196 "http://www.realpano.net/gl/pvr1" "Mozilla/5.0 (Linux; Android 6.0.1; Nexus 5X Build/MMB29P) AppleWebKit/537.36 (KHTML, like Gecko) Chrome/94.0.4606.61 Mobile Safari/537.36 (compatible; Googlebot/2.1; +http://www.google.com/bot.html)"
207.46.13.121 - - [05/Oct/2021:10:17:32 +0900] "realpano.net(US) GET /img/sub2/4_title.png HTTP/2.0" 404 196 "-" "Mozilla/5.0 (compatible; bingbot/2.0; +http://www.bing.com/bingbot.htm)"
207.46.13.121 - - [05/Oct/2021:10:17:32 +0900] "realpano.net(US) GET /img/sub2/4_title.png HTTP/2.0" 404 196 "-" "Mozilla/5.0 (compatible; bingbot/2.0; +http://www.bing.com/bingbot.htm)"
114.119.154.30 - - [05/Oct/2021:10:17:34 +0900] "realpano.net(SG) GET /gl/index.php?mid=human_vr&document_srl=4002&listStyle=viewer HTTP/1.1" 403 199 "-" "Mozilla/5.0 (Linux; Android 7.0;) AppleWebKit/537.36 (KHTML, like Gecko) Mobile Safari/537.36 (compatible; PetalBot;+https://webmaster.petalsearch.com/site/petalbot)"
114.119.154.30 - - [05/Oct/2021:10:17:34 +0900] "realpano.net(SG) GET /gl/index.php?mid=human_vr&document_srl=4002&listStyle=viewer HTTP/1.1" 403 199 "-" "Mozilla/5.0 (Linux; Android 7.0;) AppleWebKit/537.36 (KHTML, like Gecko) Mobile Safari/537.36 (compatible; PetalBot;+https://webmaster.petalsearch.com/site/petalbot)"
17.121.112.218 - - [05/Oct/2021:10:17:53 +0900] "www.realpano.net(US) GET /robots.txt HTTP/1.1" 404 196 "-" "Mozilla/5.0 (Macintosh; Intel Mac OS X 10_15_5) AppleWebKit/605.1.15 (KHTML, like Gecko) Version/13.1.1 Safari/605.1.15 (Applebot/0.1; +http://www.apple.com/go/applebot)"
17.121.112.218 - - [05/Oct/2021:10:17:53 +0900] "www.realpano.net(US) GET /robots.txt HTTP/1.1" 404 196 "-" "Mozilla/5.0 (Macintosh; Intel Mac OS X 10_15_5) AppleWebKit/605.1.15 (KHTML, like Gecko) Version/13.1.1 Safari/605.1.15 (Applebot/0.1; +http://www.apple.com/go/applebot)"
17.121.112.218 - - [05/Oct/2021:10:17:53 +0900] "www.realpano.net(US) GET /gl/consultation1/44980 HTTP/1.1" 403 41349 "-" "Mozilla/5.0 (Macintosh; Intel Mac OS X 10_15_5) AppleWebKit/605.1.15 (KHTML, like Gecko) Version/13.1.1 Safari/605.1.15 (Applebot/0.1; +http://www.apple.com/go/applebot)"
17.121.112.218 - - [05/Oct/2021:10:17:53 +0900] "www.realpano.net(US) GET /gl/consultation1/44980 HTTP/1.1" 403 41349 "-" "Mozilla/5.0 (Macintosh; Intel Mac OS X 10_15_5) AppleWebKit/605.1.15 (KHTML, like Gecko) Version/13.1.1 Safari/605.1.15 (Applebot/0.1; +http://www.apple.com/go/applebot)"
66.249.79.5 - - [05/Oct/2021:10:20:52 +0900] "www.realpano.net(US) GET /xe/index.php?document_srl=3759 HTTP/1.1" 404 196 "-" "Mozilla/5.0 (compatible; Googlebot/2.1; +http://www.google.com/bot.html)"
66.249.79.5 - - [05/Oct/2021:10:20:52 +0900] "www.realpano.net(US) GET /xe/index.php?document_srl=3759 HTTP/1.1" 404 196 "-" "Mozilla/5.0 (compatible; Googlebot/2.1; +http://www.google.com/bot.html)"
66.249.68.53 - - [05/Oct/2021:10:27:55 +0900] "realpano.net(US) GET / HTTP/1.1" 200 64 "-" "Mozilla/5.0 (Linux; Android 6.0.1; Nexus 5X Build/MMB29P) AppleWebKit/537.36 (KHTML, like Gecko) Chrome/94.0.4606.61 Mobile Safari/537.36 (compatible; Googlebot/2.1; +http://www.google.com/bot.html)"
66.249.68.53 - - [05/Oct/2021:10:27:55 +0900] "realpano.net(US) GET / HTTP/1.1" 200 64 "-" "Mozilla/5.0 (Linux; Android 6.0.1; Nexus 5X Build/MMB29P) AppleWebKit/537.36 (KHTML, like Gecko) Chrome/94.0.4606.61 Mobile Safari/537.36 (compatible; Googlebot/2.1; +http://www.google.com/bot.html)"
114.119.154.39 - - [05/Oct/2021:10:32:11 +0900] "realpano.net(SG) GET /gl/index.php?mid=human_vr&m=0&category=3353&listStyle=list&order_type=desc&search_target=tag&search_keyword=%EA%B3%B5%EC%9B%90&sort_index=regdate HTTP/1.1" 403 199 "-" "Mozilla/5.0 (Linux; Android 7.0;) AppleWebKit/537.36 (KHTML, like Gecko) Mobile Safari/537.36 (compatible; PetalBot;+https://webmaster.petalsearch.com/site/petalbot)"
114.119.154.39 - - [05/Oct/2021:10:32:11 +0900] "realpano.net(SG) GET /gl/index.php?mid=human_vr&m=0&category=3353&listStyle=list&order_type=desc&search_target=tag&search_keyword=%EA%B3%B5%EC%9B%90&sort_index=regdate HTTP/1.1" 403 199 "-" "Mozilla/5.0 (Linux; Android 7.0;) AppleWebKit/537.36 (KHTML, like Gecko) Mobile Safari/537.36 (compatible; PetalBot;+https://webmaster.petalsearch.com/site/petalbot)"
157.55.39.121 - - [05/Oct/2021:10:36:31 +0900] "realpano.net(US) GET /gl/ovject_vr HTTP/2.0" 404 196 "-" "Mozilla/5.0 (compatible; bingbot/2.0; +http://www.bing.com/bingbot.htm)"
157.55.39.121 - - [05/Oct/2021:10:36:31 +0900] "realpano.net(US) GET /gl/ovject_vr HTTP/2.0" 404 196 "-" "Mozilla/5.0 (compatible; bingbot/2.0; +http://www.bing.com/bingbot.htm)"
114.119.154.65 - - [05/Oct/2021:10:48:17 +0900] "realpano.net(SG) GET /gl/index.php?mid=human_vr&listStyle=list&category=3342&m=1&document_srl=45227 HTTP/1.1" 403 199 "-" "Mozilla/5.0 (Linux; Android 7.0;) AppleWebKit/537.36 (KHTML, like Gecko) Mobile Safari/537.36 (compatible; PetalBot;+https://webmaster.petalsearch.com/site/petalbot)"
114.119.154.65 - - [05/Oct/2021:10:48:17 +0900] "realpano.net(SG) GET /gl/index.php?mid=human_vr&listStyle=list&category=3342&m=1&document_srl=45227 HTTP/1.1" 403 199 "-" "Mozilla/5.0 (Linux; Android 7.0;) AppleWebKit/537.36 (KHTML, like Gecko) Mobile Safari/537.36 (compatible; PetalBot;+https://webmaster.petalsearch.com/site/petalbot)"
207.46.13.29 - - [05/Oct/2021:10:53:53 +0900] "realpano.net(US) GET /_allthat_vr/tour/160715dgsm HTTP/1.1" 404 196 "-" "Mozilla/5.0 (compatible; MSIE 9.0; Windows NT 6.1; Trident/5.0)"
207.46.13.29 - - [05/Oct/2021:10:53:53 +0900] "realpano.net(US) GET /_allthat_vr/tour/160715dgsm HTTP/1.1" 404 196 "-" "Mozilla/5.0 (compatible; MSIE 9.0; Windows NT 6.1; Trident/5.0)"
115.68.229.132 - - [05/Oct/2021:10:56:08 +0900] "realpano.net(KR) GET /gl/ HTTP/1.1" 404 2293 "http://realpano.ivyro.net/" "Mozilla/5.0 (Windows NT 6.3; Win64; x64) AppleWebKit/537.36 (KHTML, like Gecko) Chrome/94.0.4606.71 Safari/537.36"
115.68.229.132 - - [05/Oct/2021:10:56:08 +0900] "realpano.net(KR) GET /gl/ HTTP/1.1" 404 2293 "http://realpano.ivyro.net/" "Mozilla/5.0 (Windows NT 6.3; Win64; x64) AppleWebKit/537.36 (KHTML, like Gecko) Chrome/94.0.4606.71 Safari/537.36"
115.68.229.132 - - [05/Oct/2021:10:56:08 +0900] "realpano.net(KR) GET /gl/files/cache/assets/compiled/12f4c8563084710f3108d5393149ba67bcaa5d9b.rhymix.less.min.css HTTP/1.1" 404 196 "http://realpano.net/gl/" "Mozilla/5.0 (Windows NT 6.3; Win64; x64) AppleWebKit/537.36 (KHTML, like Gecko) Chrome/94.0.4606.71 Safari/537.36"
115.68.229.132 - - [05/Oct/2021:10:56:08 +0900] "realpano.net(KR) GET /gl/files/cache/assets/compiled/12f4c8563084710f3108d5393149ba67bcaa5d9b.rhymix.less.min.css HTTP/1.1" 404 196 "http://realpano.net/gl/" "Mozilla/5.0 (Windows NT 6.3; Win64; x64) AppleWebKit/537.36 (KHTML, like Gecko) Chrome/94.0.4606.71 Safari/537.36"
115.68.229.132 - - [05/Oct/2021:10:56:08 +0900] "realpano.net(KR) GET /gl/addons/captcha/captcha.min.js?20200731203419 HTTP/1.1" 200 6962 "http://realpano.net/gl/" "Mozilla/5.0 (Windows NT 6.3; Win64; x64) AppleWebKit/537.36 (KHTML, like Gecko) Chrome/94.0.4606.71 Safari/537.36"
115.68.229.132 - - [05/Oct/2021:10:56:08 +0900] "realpano.net(KR) GET /gl/addons/captcha/captcha.min.js?20200731203419 HTTP/1.1" 200 6962 "http://realpano.net/gl/" "Mozilla/5.0 (Windows NT 6.3; Win64; x64) AppleWebKit/537.36 (KHTML, like Gecko) Chrome/94.0.4606.71 Safari/537.36"
115.68.229.132 - - [05/Oct/2021:10:56:08 +0900] "realpano.net(KR) GET /gl/common/js/jquery-2.2.4.min.js?20201113010511 HTTP/1.1" 200 85578 "http://realpano.net/gl/" "Mozilla/5.0 (Windows NT 6.3; Win64; x64) AppleWebKit/537.36 (KHTML, like Gecko) Chrome/94.0.4606.71 Safari/537.36"
115.68.229.132 - - [05/Oct/2021:10:56:08 +0900] "realpano.net(KR) GET /gl/common/js/jquery-2.2.4.min.js?20201113010511 HTTP/1.1" 200 85578 "http://realpano.net/gl/" "Mozilla/5.0 (Windows NT 6.3; Win64; x64) AppleWebKit/537.36 (KHTML, like Gecko) Chrome/94.0.4606.71 Safari/537.36"
115.68.229.132 - - [05/Oct/2021:10:56:08 +0900] "realpano.net(KR) GET /gl/files/cache/assets/minified/rhymix.min.js?20201120233626 HTTP/1.1" 200 120587 "http://realpano.net/gl/" "Mozilla/5.0 (Windows NT 6.3; Win64; x64) AppleWebKit/537.36 (KHTML, like Gecko) Chrome/94.0.4606.71 Safari/537.36"
