114.119.154.41 - - [04/Oct/2021:16:41:07 +0900] "realpano.net(SG) GET /gl/index.php?mid=human_vr&listStyle=list&m=1&sort_index=title&order_type=desc&search_target=tag&search_keyword=%EB%8C%80%EA%B5%AC%EC%A4%91%EA%B5%AC&document_srl=44875&act=dispBoardTagList HTTP/1.1" 403 199 "-" "Mozilla/5.0 (Linux; Android 7.0;) AppleWebKit/537.36 (KHTML, like Gecko) Mobile Safari/537.36 (compatible; PetalBot;+https://webmaster.petalsearch.com/site/petalbot)"
114.119.154.41 - - [04/Oct/2021:16:41:07 +0900] "realpano.net(SG) GET /gl/index.php?mid=human_vr&listStyle=list&m=1&sort_index=title&order_type=desc&search_target=tag&search_keyword=%EB%8C%80%EA%B5%AC%EC%A4%91%EA%B5%AC&document_srl=44875&act=dispBoardTagList HTTP/1.1" 403 199 "-" "Mozilla/5.0 (Linux; Android 7.0;) AppleWebKit/537.36 (KHTML, like Gecko) Mobile Safari/537.36 (compatible; PetalBot;+https://webmaster.petalsearch.com/site/petalbot)"
114.119.154.41 - - [04/Oct/2021:16:48:18 +0900] "realpano.net(SG) GET /gl/index.php?mid=human_vr&category=3347&m=0&listStyle=list&search_target=tag&search_keyword=%EC%9B%A8%EB%94%A9%ED%99%80&sort_index=title&order_type=desc&division=-45271&last_division=0 HTTP/1.1" 403 199 "-" "Mozilla/5.0 (Linux; Android 7.0;) AppleWebKit/537.36 (KHTML, like Gecko) Mobile Safari/537.36 (compatible; PetalBot;+https://webmaster.petalsearch.com/site/petalbot)"
114.119.154.41 - - [04/Oct/2021:16:48:18 +0900] "realpano.net(SG) GET /gl/index.php?mid=human_vr&category=3347&m=0&listStyle=list&search_target=tag&search_keyword=%EC%9B%A8%EB%94%A9%ED%99%80&sort_index=title&order_type=desc&division=-45271&last_division=0 HTTP/1.1" 403 199 "-" "Mozilla/5.0 (Linux; Android 7.0;) AppleWebKit/537.36 (KHTML, like Gecko) Mobile Safari/537.36 (compatible; PetalBot;+https://webmaster.petalsearch.com/site/petalbot)"
114.119.154.67 - - [04/Oct/2021:16:55:09 +0900] "realpano.net(SG) GET /gl/index.php?mid=human_vr&m=0&listStyle=viewer&search_target=tag&search_keyword=%EA%B3%B5%EA%B5%AC HTTP/1.1" 403 199 "-" "Mozilla/5.0 (Linux; Android 7.0;) AppleWebKit/537.36 (KHTML, like Gecko) Mobile Safari/537.36 (compatible; PetalBot;+https://webmaster.petalsearch.com/site/petalbot)"
114.119.154.67 - - [04/Oct/2021:16:55:09 +0900] "realpano.net(SG) GET /gl/index.php?mid=human_vr&m=0&listStyle=viewer&search_target=tag&search_keyword=%EA%B3%B5%EA%B5%AC HTTP/1.1" 403 199 "-" "Mozilla/5.0 (Linux; Android 7.0;) AppleWebKit/537.36 (KHTML, like Gecko) Mobile Safari/537.36 (compatible; PetalBot;+https://webmaster.petalsearch.com/site/petalbot)"
157.55.39.20 - - [04/Oct/2021:16:58:51 +0900] "realpano.net(US) GET /gl/index.php?mid=ovject_vr&search_target=tag&search_keyword=%EC%98%A4%EB%B8%8C%EC%A0%9D%ED%8A%B8VR HTTP/2.0" 404 196 "-" "Mozilla/5.0 (compatible; bingbot/2.0; +http://www.bing.com/bingbot.htm)"
157.55.39.20 - - [04/Oct/2021:16:58:51 +0900] "realpano.net(US) GET /gl/index.php?mid=ovject_vr&search_target=tag&search_keyword=%EC%98%A4%EB%B8%8C%EC%A0%9D%ED%8A%B8VR HTTP/2.0" 404 196 "-" "Mozilla/5.0 (compatible; bingbot/2.0; +http://www.bing.com/bingbot.htm)"
114.119.154.41 - - [04/Oct/2021:17:01:57 +0900] "realpano.net(SG) GET /gl/index.php?mid=human_vr&m=1&listStyle=list&order_type=desc&sort_index=regdate&category=3357&search_target=tag&search_keyword=%EB%8C%80%EA%B5%AC%EC%A4%91%EA%B5%AC&division=-45271&last_division=0 HTTP/1.1" 403 199 "-" "Mozilla/5.0 (Linux; Android 7.0;) AppleWebKit/537.36 (KHTML, like Gecko) Mobile Safari/537.36 (compatible; PetalBot;+https://webmaster.petalsearch.com/site/petalbot)"
114.119.154.41 - - [04/Oct/2021:17:01:57 +0900] "realpano.net(SG) GET /gl/index.php?mid=human_vr&m=1&listStyle=list&order_type=desc&sort_index=regdate&category=3357&search_target=tag&search_keyword=%EB%8C%80%EA%B5%AC%EC%A4%91%EA%B5%AC&division=-45271&last_division=0 HTTP/1.1" 403 199 "-" "Mozilla/5.0 (Linux; Android 7.0;) AppleWebKit/537.36 (KHTML, like Gecko) Mobile Safari/537.36 (compatible; PetalBot;+https://webmaster.petalsearch.com/site/petalbot)"
114.119.154.67 - - [04/Oct/2021:17:08:41 +0900] "realpano.net(SG) GET /gl/index.php?mid=human_vr&search_target=tag&search_keyword=%EB%82%A8%EC%82%B04%EB%8F%99&category=3347 HTTP/1.1" 403 199 "-" "Mozilla/5.0 (Linux; Android 7.0;) AppleWebKit/537.36 (KHTML, like Gecko) Mobile Safari/537.36 (compatible; PetalBot;+https://webmaster.petalsearch.com/site/petalbot)"
114.119.154.67 - - [04/Oct/2021:17:08:41 +0900] "realpano.net(SG) GET /gl/index.php?mid=human_vr&search_target=tag&search_keyword=%EB%82%A8%EC%82%B04%EB%8F%99&category=3347 HTTP/1.1" 403 199 "-" "Mozilla/5.0 (Linux; Android 7.0;) AppleWebKit/537.36 (KHTML, like Gecko) Mobile Safari/537.36 (compatible; PetalBot;+https://webmaster.petalsearch.com/site/petalbot)"
114.119.154.65 - - [04/Oct/2021:17:15:58 +0900] "realpano.net(SG) GET /gl/index.php?mid=human_vr&m=0&category=3349&listStyle=gallery&search_target=tag&search_keyword=%EC%B0%9C%EA%B0%88%EB%B9%84&act=dispMemberLoginForm HTTP/1.1" 403 199 "-" "Mozilla/5.0 (Linux; Android 7.0;) AppleWebKit/537.36 (KHTML, like Gecko) Mobile Safari/537.36 (compatible; PetalBot;+https://webmaster.petalsearch.com/site/petalbot)"
114.119.154.65 - - [04/Oct/2021:17:15:58 +0900] "realpano.net(SG) GET /gl/index.php?mid=human_vr&m=0&category=3349&listStyle=gallery&search_target=tag&search_keyword=%EC%B0%9C%EA%B0%88%EB%B9%84&act=dispMemberLoginForm HTTP/1.1" 403 199 "-" "Mozilla/5.0 (Linux; Android 7.0;) AppleWebKit/537.36 (KHTML, like Gecko) Mobile Safari/537.36 (compatible; PetalBot;+https://webmaster.petalsearch.com/site/petalbot)"
66.249.79.5 - - [04/Oct/2021:17:20:15 +0900] "www.realpano.net(US) GET /home1/realpano/public_html/html/gl/m.layouts/xenara_mlayout_realpano/js/mmenu/css/extensions/jquery.mmenu.ie8.css HTTP/1.1" 404 196 "http://www.realpano.net/gl/index.php?listStyle=viewer&mid=human_vr&page=4&search_target=tag&document_srl=44699" "Mozilla/5.0 (Linux; Android 6.0.1; Nexus 5X Build/MMB29P) AppleWebKit/537.36 (KHTML, like Gecko) Chrome/94.0.4606.61 Mobile Safari/537.36 (compatible; Googlebot/2.1; +http://www.google.com/bot.html)"
66.249.79.5 - - [04/Oct/2021:17:20:15 +0900] "www.realpano.net(US) GET /home1/realpano/public_html/html/gl/m.layouts/xenara_mlayout_realpano/js/mmenu/css/extensions/jquery.mmenu.ie8.css HTTP/1.1" 404 196 "http://www.realpano.net/gl/index.php?listStyle=viewer&mid=human_vr&page=4&search_target=tag&document_srl=44699" "Mozilla/5.0 (Linux; Android 6.0.1; Nexus 5X Build/MMB29P) AppleWebKit/537.36 (KHTML, like Gecko) Chrome/94.0.4606.61 Mobile Safari/537.36 (compatible; Googlebot/2.1; +http://www.google.com/bot.html)"
114.119.154.30 - - [04/Oct/2021:17:23:21 +0900] "realpano.net(SG) GET /gl/index.php?mid=human_vr&page=3&listStyle=webzine&m=0&search_target=tag&search_keyword=%EB%96%A1&act=dispBoardTagList HTTP/1.1" 403 199 "-" "Mozilla/5.0 (Linux; Android 7.0;) AppleWebKit/537.36 (KHTML, like Gecko) Mobile Safari/537.36 (compatible; PetalBot;+https://webmaster.petalsearch.com/site/petalbot)"
114.119.154.30 - - [04/Oct/2021:17:23:21 +0900] "realpano.net(SG) GET /gl/index.php?mid=human_vr&page=3&listStyle=webzine&m=0&search_target=tag&search_keyword=%EB%96%A1&act=dispBoardTagList HTTP/1.1" 403 199 "-" "Mozilla/5.0 (Linux; Android 7.0;) AppleWebKit/537.36 (KHTML, like Gecko) Mobile Safari/537.36 (compatible; PetalBot;+https://webmaster.petalsearch.com/site/petalbot)"
114.119.154.41 - - [04/Oct/2021:17:30:40 +0900] "realpano.net(SG) GET /gl/index.php?mid=human_vr&category=3351&search_target=tag&search_keyword=%EB%8C%80%EA%B5%AC%2B%EC%A4%91%EA%B5%AC&m=0&listStyle=list HTTP/1.1" 403 199 "-" "Mozilla/5.0 (Linux; Android 7.0;) AppleWebKit/537.36 (KHTML, like Gecko) Mobile Safari/537.36 (compatible; PetalBot;+https://webmaster.petalsearch.com/site/petalbot)"
114.119.154.41 - - [04/Oct/2021:17:30:40 +0900] "realpano.net(SG) GET /gl/index.php?mid=human_vr&category=3351&search_target=tag&search_keyword=%EB%8C%80%EA%B5%AC%2B%EC%A4%91%EA%B5%AC&m=0&listStyle=list HTTP/1.1" 403 199 "-" "Mozilla/5.0 (Linux; Android 7.0;) AppleWebKit/537.36 (KHTML, like Gecko) Mobile Safari/537.36 (compatible; PetalBot;+https://webmaster.petalsearch.com/site/petalbot)"
54.186.112.173 - - [04/Oct/2021:17:32:32 +0900] "realpano.net(US) GET / HTTP/1.1" 200 64 "-" "Mozilla/5.0 (X11; Linux x86_64) AppleWebKit/537.36 (KHTML, like Gecko) Chrome/83.0.4103.97 Safari/537.36"
54.186.112.173 - - [04/Oct/2021:17:32:32 +0900] "realpano.net(US) GET / HTTP/1.1" 200 64 "-" "Mozilla/5.0 (X11; Linux x86_64) AppleWebKit/537.36 (KHTML, like Gecko) Chrome/83.0.4103.97 Safari/537.36"
54.218.19.196 - - [04/Oct/2021:17:32:35 +0900] "realpano.net(US) GET / HTTP/1.1" 200 687 "-" "Mozilla/5.0 (X11; Linux x86_64) AppleWebKit/537.36 (KHTML, like Gecko) Chrome/83.0.4103.97 Safari/537.36"
54.218.19.196 - - [04/Oct/2021:17:32:35 +0900] "realpano.net(US) GET / HTTP/1.1" 200 687 "-" "Mozilla/5.0 (X11; Linux x86_64) AppleWebKit/537.36 (KHTML, like Gecko) Chrome/83.0.4103.97 Safari/537.36"
35.165.253.194 - - [04/Oct/2021:17:32:46 +0900] "realpano.net(US) GET /favicon.ico HTTP/1.1" 404 196 "-" "Mozilla/5.0 (X11; Linux x86_64) AppleWebKit/537.36 (KHTML, like Gecko) Chrome/83.0.4103.97 Safari/537.36"
35.165.253.194 - - [04/Oct/2021:17:32:46 +0900] "realpano.net(US) GET /favicon.ico HTTP/1.1" 404 196 "-" "Mozilla/5.0 (X11; Linux x86_64) AppleWebKit/537.36 (KHTML, like Gecko) Chrome/83.0.4103.97 Safari/537.36"
35.165.253.194 - - [04/Oct/2021:17:32:47 +0900] "realpano.net(US) GET / HTTP/1.1" 200 64 "-" "Mozilla/5.0 (X11; Linux x86_64) AppleWebKit/537.36 (KHTML, like Gecko) Chrome/83.0.4103.97 Safari/537.36"
35.165.253.194 - - [04/Oct/2021:17:32:47 +0900] "realpano.net(US) GET / HTTP/1.1" 200 64 "-" "Mozilla/5.0 (X11; Linux x86_64) AppleWebKit/537.36 (KHTML, like Gecko) Chrome/83.0.4103.97 Safari/537.36"
54.185.63.144 - - [04/Oct/2021:17:34:30 +0900] "realpano.net(US) GET /favicon.ico HTTP/1.1" 404 196 "-" "Mozilla/5.0 (X11; Linux x86_64) AppleWebKit/537.36 (KHTML, like Gecko) Chrome/83.0.4103.97 Safari/537.36"
54.185.63.144 - - [04/Oct/2021:17:34:30 +0900] "realpano.net(US) GET /favicon.ico HTTP/1.1" 404 196 "-" "Mozilla/5.0 (X11; Linux x86_64) AppleWebKit/537.36 (KHTML, like Gecko) Chrome/83.0.4103.97 Safari/537.36"
54.185.63.144 - - [04/Oct/2021:17:34:32 +0900] "realpano.net(US) GET / HTTP/1.1" 200 687 "-" "Mozilla/5.0 (X11; Linux x86_64) AppleWebKit/537.36 (KHTML, like Gecko) Chrome/83.0.4103.97 Safari/537.36"
54.185.63.144 - - [04/Oct/2021:17:34:32 +0900] "realpano.net(US) GET / HTTP/1.1" 200 687 "-" "Mozilla/5.0 (X11; Linux x86_64) AppleWebKit/537.36 (KHTML, like Gecko) Chrome/83.0.4103.97 Safari/537.36"
114.119.154.39 - - [04/Oct/2021:17:37:35 +0900] "realpano.net(SG) GET /gl/index.php?mid=human_vr&page=4&listStyle=list&m=0&sort_index=regdate&order_type=desc&search_target=tag&search_keyword=%EC%84%A0%EB%B0%95 HTTP/1.1" 403 199 "-" "Mozilla/5.0 (Linux; Android 7.0;) AppleWebKit/537.36 (KHTML, like Gecko) Mobile Safari/537.36 (compatible; PetalBot;+https://webmaster.petalsearch.com/site/petalbot)"
114.119.154.39 - - [04/Oct/2021:17:37:35 +0900] "realpano.net(SG) GET /gl/index.php?mid=human_vr&page=4&listStyle=list&m=0&sort_index=regdate&order_type=desc&search_target=tag&search_keyword=%EC%84%A0%EB%B0%95 HTTP/1.1" 403 199 "-" "Mozilla/5.0 (Linux; Android 7.0;) AppleWebKit/537.36 (KHTML, like Gecko) Mobile Safari/537.36 (compatible; PetalBot;+https://webmaster.petalsearch.com/site/petalbot)"
157.55.39.20 - - [04/Oct/2021:17:39:35 +0900] "www.realpano.net(US) GET / HTTP/1.1" 200 64 "-" "Mozilla/5.0 (compatible; bingbot/2.0; +http://www.bing.com/bingbot.htm)"
157.55.39.20 - - [04/Oct/2021:17:39:35 +0900] "www.realpano.net(US) GET / HTTP/1.1" 200 64 "-" "Mozilla/5.0 (compatible; bingbot/2.0; +http://www.bing.com/bingbot.htm)"
66.249.79.5 - - [04/Oct/2021:17:43:20 +0900] "www.realpano.net(US) GET /gl/files/thumbnails/560/044/204x102.crop.jpg?20150621170801 HTTP/1.1" 200 20973 "-" "Googlebot-Image/1.0"
66.249.79.5 - - [04/Oct/2021:17:43:20 +0900] "www.realpano.net(US) GET /gl/files/thumbnails/560/044/204x102.crop.jpg?20150621170801 HTTP/1.1" 200 20973 "-" "Googlebot-Image/1.0"
114.119.154.26 - - [04/Oct/2021:17:44:34 +0900] "realpano.net(SG) GET /gl/index.php?mid=human_vr&listStyle=list&m=0&search_target=tag&search_keyword=%EB%AA%85%EB%AC%BC%EA%B3%A8%EB%AA%A9 HTTP/1.1" 403 199 "-" "Mozilla/5.0 (Linux; Android 7.0;) AppleWebKit/537.36 (KHTML, like Gecko) Mobile Safari/537.36 (compatible; PetalBot;+https://webmaster.petalsearch.com/site/petalbot)"
114.119.154.26 - - [04/Oct/2021:17:44:34 +0900] "realpano.net(SG) GET /gl/index.php?mid=human_vr&listStyle=list&m=0&search_target=tag&search_keyword=%EB%AA%85%EB%AC%BC%EA%B3%A8%EB%AA%A9 HTTP/1.1" 403 199 "-" "Mozilla/5.0 (Linux; Android 7.0;) AppleWebKit/537.36 (KHTML, like Gecko) Mobile Safari/537.36 (compatible; PetalBot;+https://webmaster.petalsearch.com/site/petalbot)"
114.119.128.50 - - [04/Oct/2021:17:49:56 +0900] "realpano.net(SG) GET /robots.txt HTTP/1.1" 403 199 "-" "Mozilla/5.0 (compatible;PetalBot;+https://webmaster.petalsearch.com/site/petalbot)"
114.119.128.50 - - [04/Oct/2021:17:49:56 +0900] "realpano.net(SG) GET /robots.txt HTTP/1.1" 403 199 "-" "Mozilla/5.0 (compatible;PetalBot;+https://webmaster.petalsearch.com/site/petalbot)"
13.66.139.0 - - [04/Oct/2021:17:50:36 +0900] "realpano.net(US) GET /rpv-sync/ldr_hdr.html HTTP/2.0" 404 196 "-" "Mozilla/5.0 (compatible; bingbot/2.0; +http://www.bing.com/bingbot.htm)"
13.66.139.0 - - [04/Oct/2021:17:50:36 +0900] "realpano.net(US) GET /rpv-sync/ldr_hdr.html HTTP/2.0" 404 196 "-" "Mozilla/5.0 (compatible; bingbot/2.0; +http://www.bing.com/bingbot.htm)"
207.46.13.44 - - [04/Oct/2021:17:52:40 +0900] "www.realpano.net(US) GET /robots.txt HTTP/2.0" 404 196 "-" "Mozilla/5.0 (compatible; bingbot/2.0; +http://www.bing.com/bingbot.htm)"
207.46.13.44 - - [04/Oct/2021:17:52:40 +0900] "www.realpano.net(US) GET /robots.txt HTTP/2.0" 404 196 "-" "Mozilla/5.0 (compatible; bingbot/2.0; +http://www.bing.com/bingbot.htm)"
207.46.13.44 - - [04/Oct/2021:17:52:41 +0900] "www.realpano.net(US) GET /robots.txt HTTP/2.0" 404 196 "-" "Mozilla/5.0 (compatible; bingbot/2.0; +http://www.bing.com/bingbot.htm)"
207.46.13.44 - - [04/Oct/2021:17:52:41 +0900] "www.realpano.net(US) GET /robots.txt HTTP/2.0" 404 196 "-" "Mozilla/5.0 (compatible; bingbot/2.0; +http://www.bing.com/bingbot.htm)"
207.46.13.95 - - [04/Oct/2021:17:52:45 +0900] "www.realpano.net(US) GET / HTTP/2.0" 200 687 "-" "Mozilla/5.0 (compatible; bingbot/2.0; +http://www.bing.com/bingbot.htm)"
207.46.13.95 - - [04/Oct/2021:17:52:45 +0900] "www.realpano.net(US) GET / HTTP/2.0" 200 687 "-" "Mozilla/5.0 (compatible; bingbot/2.0; +http://www.bing.com/bingbot.htm)"
18.236.81.170 - - [04/Oct/2021:17:56:22 +0900] "realpano.net(US) GET / HTTP/1.1" 200 687 "-" "Mozilla/5.0 (X11; Linux x86_64) AppleWebKit/537.36 (KHTML, like Gecko) Chrome/83.0.4103.97 Safari/537.36"
18.236.81.170 - - [04/Oct/2021:17:56:22 +0900] "realpano.net(US) GET / HTTP/1.1" 200 687 "-" "Mozilla/5.0 (X11; Linux x86_64) AppleWebKit/537.36 (KHTML, like Gecko) Chrome/83.0.4103.97 Safari/537.36"
44.234.71.17 - - [04/Oct/2021:17:56:49 +0900] "realpano.net(US) GET /favicon.ico HTTP/1.1" 404 196 "-" "Mozilla/5.0 (X11; Linux x86_64) AppleWebKit/537.36 (KHTML, like Gecko) Chrome/83.0.4103.97 Safari/537.36"
44.234.71.17 - - [04/Oct/2021:17:56:49 +0900] "realpano.net(US) GET /favicon.ico HTTP/1.1" 404 196 "-" "Mozilla/5.0 (X11; Linux x86_64) AppleWebKit/537.36 (KHTML, like Gecko) Chrome/83.0.4103.97 Safari/537.36"
44.234.71.17 - - [04/Oct/2021:17:56:50 +0900] "realpano.net(US) GET / HTTP/1.1" 200 687 "-" "Mozilla/5.0 (X11; Linux x86_64) AppleWebKit/537.36 (KHTML, like Gecko) Chrome/83.0.4103.97 Safari/537.36"
44.234.71.17 - - [04/Oct/2021:17:56:50 +0900] "realpano.net(US) GET / HTTP/1.1" 200 687 "-" "Mozilla/5.0 (X11; Linux x86_64) AppleWebKit/537.36 (KHTML, like Gecko) Chrome/83.0.4103.97 Safari/537.36"
114.119.154.67 - - [04/Oct/2021:17:57:01 +0900] "realpano.net(SG) GET /gl/index.php?mid=human_vr&page=6&listStyle=list&m=0&document_srl=45205&order_type=desc HTTP/1.1" 403 199 "-" "Mozilla/5.0 (Linux; Android 7.0;) AppleWebKit/537.36 (KHTML, like Gecko) Mobile Safari/537.36 (compatible; PetalBot;+https://webmaster.petalsearch.com/site/petalbot)"
114.119.154.67 - - [04/Oct/2021:17:57:01 +0900] "realpano.net(SG) GET /gl/index.php?mid=human_vr&page=6&listStyle=list&m=0&document_srl=45205&order_type=desc HTTP/1.1" 403 199 "-" "Mozilla/5.0 (Linux; Android 7.0;) AppleWebKit/537.36 (KHTML, like Gecko) Mobile Safari/537.36 (compatible; PetalBot;+https://webmaster.petalsearch.com/site/petalbot)"
157.55.39.111 - - [04/Oct/2021:18:00:59 +0900] "www.realpano.net(US) GET /gl/files/attach/images/43131/a9604695effef34cab46e1b667ea9e03.png HTTP/2.0" 404 196 "-" "Mozilla/5.0 (compatible; bingbot/2.0; +http://www.bing.com/bingbot.htm)"
157.55.39.111 - - [04/Oct/2021:18:00:59 +0900] "www.realpano.net(US) GET /gl/files/attach/images/43131/a9604695effef34cab46e1b667ea9e03.png HTTP/2.0" 404 196 "-" "Mozilla/5.0 (compatible; bingbot/2.0; +http://www.bing.com/bingbot.htm)"
114.119.154.26 - - [04/Oct/2021:18:03:49 +0900] "realpano.net(SG) GET /gl/index.php?mid=human_vr&search_target=tag&search_keyword=%EB%B3%B4%EC%84%9D&category=3354 HTTP/1.1" 403 199 "-" "Mozilla/5.0 (Linux; Android 7.0;) AppleWebKit/537.36 (KHTML, like Gecko) Mobile Safari/537.36 (compatible; PetalBot;+https://webmaster.petalsearch.com/site/petalbot)"
114.119.154.26 - - [04/Oct/2021:18:03:49 +0900] "realpano.net(SG) GET /gl/index.php?mid=human_vr&search_target=tag&search_keyword=%EB%B3%B4%EC%84%9D&category=3354 HTTP/1.1" 403 199 "-" "Mozilla/5.0 (Linux; Android 7.0;) AppleWebKit/537.36 (KHTML, like Gecko) Mobile Safari/537.36 (compatible; PetalBot;+https://webmaster.petalsearch.com/site/petalbot)"
114.119.154.67 - - [04/Oct/2021:18:10:44 +0900] "realpano.net(SG) GET /gl/index.php?mid=human_vr&m=0&category=3343&search_target=tag&search_keyword=%EC%9E%90%EB%8F%99%EC%B0%A8&listStyle=gallery&act=dispMemberSignUpForm HTTP/1.1" 403 199 "-" "Mozilla/5.0 (Linux; Android 7.0;) AppleWebKit/537.36 (KHTML, like Gecko) Mobile Safari/537.36 (compatible; PetalBot;+https://webmaster.petalsearch.com/site/petalbot)"
114.119.154.67 - - [04/Oct/2021:18:10:44 +0900] "realpano.net(SG) GET /gl/index.php?mid=human_vr&m=0&category=3343&search_target=tag&search_keyword=%EC%9E%90%EB%8F%99%EC%B0%A8&listStyle=gallery&act=dispMemberSignUpForm HTTP/1.1" 403 199 "-" "Mozilla/5.0 (Linux; Android 7.0;) AppleWebKit/537.36 (KHTML, like Gecko) Mobile Safari/537.36 (compatible; PetalBot;+https://webmaster.petalsearch.com/site/petalbot)"
207.46.13.70 - - [04/Oct/2021:18:11:39 +0900] "realpano.net(US) GET /_allthat_vr/tour/walpo/tour.html HTTP/1.1" 404 196 "-" "Mozilla/5.0 (compatible; MSIE 9.0; Windows NT 6.1; Trident/5.0)"
207.46.13.70 - - [04/Oct/2021:18:11:39 +0900] "realpano.net(US) GET /_allthat_vr/tour/walpo/tour.html HTTP/1.1" 404 196 "-" "Mozilla/5.0 (compatible; MSIE 9.0; Windows NT 6.1; Trident/5.0)"
114.119.154.30 - - [04/Oct/2021:18:17:33 +0900] "realpano.net(SG) GET /gl/index.php?mid=human_vr&search_target=tag&search_keyword=%EC%9D%B4%EC%83%81%ED%99%94&category=3352&act=dispMemberFindAccount HTTP/1.1" 403 199 "-" "Mozilla/5.0 (Linux; Android 7.0;) AppleWebKit/537.36 (KHTML, like Gecko) Mobile Safari/537.36 (compatible; PetalBot;+https://webmaster.petalsearch.com/site/petalbot)"
114.119.154.30 - - [04/Oct/2021:18:17:33 +0900] "realpano.net(SG) GET /gl/index.php?mid=human_vr&search_target=tag&search_keyword=%EC%9D%B4%EC%83%81%ED%99%94&category=3352&act=dispMemberFindAccount HTTP/1.1" 403 199 "-" "Mozilla/5.0 (Linux; Android 7.0;) AppleWebKit/537.36 (KHTML, like Gecko) Mobile Safari/537.36 (compatible; PetalBot;+https://webmaster.petalsearch.com/site/petalbot)"
114.119.154.39 - - [04/Oct/2021:18:24:18 +0900] "realpano.net(SG) GET /gl/index.php?mid=human_vr&search_target=tag&search_keyword=%EA%B0%80%EA%B5%AC&m=0&category=3346&listStyle=webzine&act=dispMemberLoginForm HTTP/1.1" 403 199 "-" "Mozilla/5.0 (Linux; Android 7.0;) AppleWebKit/537.36 (KHTML, like Gecko) Mobile Safari/537.36 (compatible; PetalBot;+https://webmaster.petalsearch.com/site/petalbot)"
114.119.154.39 - - [04/Oct/2021:18:24:18 +0900] "realpano.net(SG) GET /gl/index.php?mid=human_vr&search_target=tag&search_keyword=%EA%B0%80%EA%B5%AC&m=0&category=3346&listStyle=webzine&act=dispMemberLoginForm HTTP/1.1" 403 199 "-" "Mozilla/5.0 (Linux; Android 7.0;) AppleWebKit/537.36 (KHTML, like Gecko) Mobile Safari/537.36 (compatible; PetalBot;+https://webmaster.petalsearch.com/site/petalbot)"
114.119.154.30 - - [04/Oct/2021:18:30:57 +0900] "realpano.net(SG) GET /gl/index.php?mid=human_vr&category=3339&m=1&search_target=tag&search_keyword=%EC%A4%91%EC%95%99%EA%B3%B5%EC%9B%90 HTTP/1.1" 403 199 "-" "Mozilla/5.0 (Linux; Android 7.0;) AppleWebKit/537.36 (KHTML, like Gecko) Mobile Safari/537.36 (compatible; PetalBot;+https://webmaster.petalsearch.com/site/petalbot)"
114.119.154.30 - - [04/Oct/2021:18:30:57 +0900] "realpano.net(SG) GET /gl/index.php?mid=human_vr&category=3339&m=1&search_target=tag&search_keyword=%EC%A4%91%EC%95%99%EA%B3%B5%EC%9B%90 HTTP/1.1" 403 199 "-" "Mozilla/5.0 (Linux; Android 7.0;) AppleWebKit/537.36 (KHTML, like Gecko) Mobile Safari/537.36 (compatible; PetalBot;+https://webmaster.petalsearch.com/site/petalbot)"
114.119.154.39 - - [04/Oct/2021:18:37:42 +0900] "realpano.net(SG) GET /gl/index.php?mid=human_vr&page=3&listStyle=webzine&m=0&search_target=tag&search_keyword=%EB%96%A1 HTTP/1.1" 403 199 "-" "Mozilla/5.0 (Linux; Android 7.0;) AppleWebKit/537.36 (KHTML, like Gecko) Mobile Safari/537.36 (compatible; PetalBot;+https://webmaster.petalsearch.com/site/petalbot)"
114.119.154.39 - - [04/Oct/2021:18:37:42 +0900] "realpano.net(SG) GET /gl/index.php?mid=human_vr&page=3&listStyle=webzine&m=0&search_target=tag&search_keyword=%EB%96%A1 HTTP/1.1" 403 199 "-" "Mozilla/5.0 (Linux; Android 7.0;) AppleWebKit/537.36 (KHTML, like Gecko) Mobile Safari/537.36 (compatible; PetalBot;+https://webmaster.petalsearch.com/site/petalbot)"
114.119.154.67 - - [04/Oct/2021:18:44:16 +0900] "realpano.net(SG) GET /gl/index.php?mid=human_vr&m=0&category=3348&search_target=tag&search_keyword=%EB%82%A8%EC%82%B0 HTTP/1.1" 403 199 "-" "Mozilla/5.0 (Linux; Android 7.0;) AppleWebKit/537.36 (KHTML, like Gecko) Mobile Safari/537.36 (compatible; PetalBot;+https://webmaster.petalsearch.com/site/petalbot)"
114.119.154.67 - - [04/Oct/2021:18:44:16 +0900] "realpano.net(SG) GET /gl/index.php?mid=human_vr&m=0&category=3348&search_target=tag&search_keyword=%EB%82%A8%EC%82%B0 HTTP/1.1" 403 199 "-" "Mozilla/5.0 (Linux; Android 7.0;) AppleWebKit/537.36 (KHTML, like Gecko) Mobile Safari/537.36 (compatible; PetalBot;+https://webmaster.petalsearch.com/site/petalbot)"
114.119.154.41 - - [04/Oct/2021:18:50:55 +0900] "realpano.net(SG) GET /gl/index.php?mid=human_vr&m=0&listStyle=list&sort_index=regdate&order_type=asc&document_srl=45201 HTTP/1.1" 403 199 "-" "Mozilla/5.0 (Linux; Android 7.0;) AppleWebKit/537.36 (KHTML, like Gecko) Mobile Safari/537.36 (compatible; PetalBot;+https://webmaster.petalsearch.com/site/petalbot)"
114.119.154.41 - - [04/Oct/2021:18:50:55 +0900] "realpano.net(SG) GET /gl/index.php?mid=human_vr&m=0&listStyle=list&sort_index=regdate&order_type=asc&document_srl=45201 HTTP/1.1" 403 199 "-" "Mozilla/5.0 (Linux; Android 7.0;) AppleWebKit/537.36 (KHTML, like Gecko) Mobile Safari/537.36 (compatible; PetalBot;+https://webmaster.petalsearch.com/site/petalbot)"
157.55.39.20 - - [04/Oct/2021:18:55:53 +0900] "realpano.net(US) GET /gl/files/attach/images/2684/251/045/4afb37ba60dde6ef5784930596d06dab.jpg HTTP/2.0" 404 196 "-" "Mozilla/5.0 (compatible; bingbot/2.0; +http://www.bing.com/bingbot.htm)"
157.55.39.20 - - [04/Oct/2021:18:55:53 +0900] "realpano.net(US) GET /gl/files/attach/images/2684/251/045/4afb37ba60dde6ef5784930596d06dab.jpg HTTP/2.0" 404 196 "-" "Mozilla/5.0 (compatible; bingbot/2.0; +http://www.bing.com/bingbot.htm)"
114.119.154.65 - - [04/Oct/2021:18:57:28 +0900] "realpano.net(SG) GET /gl/index.php?mid=human_vr&page=5&listStyle=list&m=0&order_type=desc&search_target=tag&search_keyword=%EB%8C%80%EA%B5%AC%EC%A4%91%EA%B5%AC HTTP/1.1" 403 199 "-" "Mozilla/5.0 (Linux; Android 7.0;) AppleWebKit/537.36 (KHTML, like Gecko) Mobile Safari/537.36 (compatible; PetalBot;+https://webmaster.petalsearch.com/site/petalbot)"
114.119.154.65 - - [04/Oct/2021:18:57:28 +0900] "realpano.net(SG) GET /gl/index.php?mid=human_vr&page=5&listStyle=list&m=0&order_type=desc&search_target=tag&search_keyword=%EB%8C%80%EA%B5%AC%EC%A4%91%EA%B5%AC HTTP/1.1" 403 199 "-" "Mozilla/5.0 (Linux; Android 7.0;) AppleWebKit/537.36 (KHTML, like Gecko) Mobile Safari/537.36 (compatible; PetalBot;+https://webmaster.petalsearch.com/site/petalbot)"
66.249.68.59 - - [04/Oct/2021:18:59:14 +0900] "realpano.net(US) GET /xe/index.php?mid=p_pvr&search_target=tag&search_keyword=%ED%94%BC%EC%9E%90%EB%B9%99%EA%B3%A0&category=135 HTTP/1.1" 404 196 "-" "Mozilla/5.0 (compatible; Googlebot/2.1; +http://www.google.com/bot.html)"
66.249.68.59 - - [04/Oct/2021:18:59:14 +0900] "realpano.net(US) GET /xe/index.php?mid=p_pvr&search_target=tag&search_keyword=%ED%94%BC%EC%9E%90%EB%B9%99%EA%B3%A0&category=135 HTTP/1.1" 404 196 "-" "Mozilla/5.0 (compatible; Googlebot/2.1; +http://www.google.com/bot.html)"
114.119.154.41 - - [04/Oct/2021:19:04:05 +0900] "realpano.net(SG) GET /gl/index.php?mid=human_vr&search_target=tag&search_keyword=%EC%98%A4%ED%94%BC%EC%8A%A4%ED%85%94&listStyle=viewer&division=-45271&last_division=0&category=3350 HTTP/1.1" 403 199 "-" "Mozilla/5.0 (Linux; Android 7.0;) AppleWebKit/537.36 (KHTML, like Gecko) Mobile Safari/537.36 (compatible; PetalBot;+https://webmaster.petalsearch.com/site/petalbot)"
114.119.154.41 - - [04/Oct/2021:19:04:05 +0900] "realpano.net(SG) GET /gl/index.php?mid=human_vr&search_target=tag&search_keyword=%EC%98%A4%ED%94%BC%EC%8A%A4%ED%85%94&listStyle=viewer&division=-45271&last_division=0&category=3350 HTTP/1.1" 403 199 "-" "Mozilla/5.0 (Linux; Android 7.0;) AppleWebKit/537.36 (KHTML, like Gecko) Mobile Safari/537.36 (compatible; PetalBot;+https://webmaster.petalsearch.com/site/petalbot)"
114.119.154.65 - - [04/Oct/2021:19:10:36 +0900] "realpano.net(SG) GET /gl/index.php?mid=human_vr&m=0&listStyle=list&search_target=tag&search_keyword=%ED%95%9C%EC%95%BD&sort_index=regdate&order_type=desc HTTP/1.1" 403 199 "-" "Mozilla/5.0 (Linux; Android 7.0;) AppleWebKit/537.36 (KHTML, like Gecko) Mobile Safari/537.36 (compatible; PetalBot;+https://webmaster.petalsearch.com/site/petalbot)"
114.119.154.65 - - [04/Oct/2021:19:10:36 +0900] "realpano.net(SG) GET /gl/index.php?mid=human_vr&m=0&listStyle=list&search_target=tag&search_keyword=%ED%95%9C%EC%95%BD&sort_index=regdate&order_type=desc HTTP/1.1" 403 199 "-" "Mozilla/5.0 (Linux; Android 7.0;) AppleWebKit/537.36 (KHTML, like Gecko) Mobile Safari/537.36 (compatible; PetalBot;+https://webmaster.petalsearch.com/site/petalbot)"
114.119.154.67 - - [04/Oct/2021:19:17:08 +0900] "realpano.net(SG) GET /gl/index.php?mid=human_vr&category=3354&m=1&document_srl=44642 HTTP/1.1" 403 199 "-" "Mozilla/5.0 (Linux; Android 7.0;) AppleWebKit/537.36 (KHTML, like Gecko) Mobile Safari/537.36 (compatible; PetalBot;+https://webmaster.petalsearch.com/site/petalbot)"
114.119.154.67 - - [04/Oct/2021:19:17:08 +0900] "realpano.net(SG) GET /gl/index.php?mid=human_vr&category=3354&m=1&document_srl=44642 HTTP/1.1" 403 199 "-" "Mozilla/5.0 (Linux; Android 7.0;) AppleWebKit/537.36 (KHTML, like Gecko) Mobile Safari/537.36 (compatible; PetalBot;+https://webmaster.petalsearch.com/site/petalbot)"
157.55.39.94 - - [04/Oct/2021:19:22:35 +0900] "www.realpano.net(US) GET /gl/files/attach/images/43824/824/043/609039e085069b3282ec711c80be2aa6.jpg HTTP/2.0" 404 196 "-" "Mozilla/5.0 (compatible; bingbot/2.0; +http://www.bing.com/bingbot.htm)"
157.55.39.94 - - [04/Oct/2021:19:22:35 +0900] "www.realpano.net(US) GET /gl/files/attach/images/43824/824/043/609039e085069b3282ec711c80be2aa6.jpg HTTP/2.0" 404 196 "-" "Mozilla/5.0 (compatible; bingbot/2.0; +http://www.bing.com/bingbot.htm)"
114.119.154.26 - - [04/Oct/2021:19:23:40 +0900] "realpano.net(SG) GET /gl/index.php?mid=human_vr&m=1&category=3342&listStyle=list&sort_index=title&order_type=asc&document_srl=45205 HTTP/1.1" 403 199 "-" "Mozilla/5.0 (Linux; Android 7.0;) AppleWebKit/537.36 (KHTML, like Gecko) Mobile Safari/537.36 (compatible; PetalBot;+https://webmaster.petalsearch.com/site/petalbot)"
114.119.154.26 - - [04/Oct/2021:19:23:40 +0900] "realpano.net(SG) GET /gl/index.php?mid=human_vr&m=1&category=3342&listStyle=list&sort_index=title&order_type=asc&document_srl=45205 HTTP/1.1" 403 199 "-" "Mozilla/5.0 (Linux; Android 7.0;) AppleWebKit/537.36 (KHTML, like Gecko) Mobile Safari/537.36 (compatible; PetalBot;+https://webmaster.petalsearch.com/site/petalbot)"
207.46.13.85 - - [04/Oct/2021:19:27:22 +0900] "realpano.net(US) GET /gl/index.php?mid=human_vr&page=2 HTTP/2.0" 404 196 "-" "Mozilla/5.0 (compatible; bingbot/2.0; +http://www.bing.com/bingbot.htm)"
207.46.13.85 - - [04/Oct/2021:19:27:22 +0900] "realpano.net(US) GET /gl/index.php?mid=human_vr&page=2 HTTP/2.0" 404 196 "-" "Mozilla/5.0 (compatible; bingbot/2.0; +http://www.bing.com/bingbot.htm)"
114.119.154.26 - - [04/Oct/2021:19:30:16 +0900] "realpano.net(SG) GET /gl/index.php?mid=human_vr&category=3352&m=0&listStyle=list&sort_index=readed_count&order_type=desc HTTP/1.1" 403 199 "-" "Mozilla/5.0 (Linux; Android 7.0;) AppleWebKit/537.36 (KHTML, like Gecko) Mobile Safari/537.36 (compatible; PetalBot;+https://webmaster.petalsearch.com/site/petalbot)"
114.119.154.26 - - [04/Oct/2021:19:30:16 +0900] "realpano.net(SG) GET /gl/index.php?mid=human_vr&category=3352&m=0&listStyle=list&sort_index=readed_count&order_type=desc HTTP/1.1" 403 199 "-" "Mozilla/5.0 (Linux; Android 7.0;) AppleWebKit/537.36 (KHTML, like Gecko) Mobile Safari/537.36 (compatible; PetalBot;+https://webmaster.petalsearch.com/site/petalbot)"
114.119.154.30 - - [04/Oct/2021:19:36:42 +0900] "realpano.net(SG) GET /gl/index.php?mid=human_vr&m=0&listStyle=list&document_srl=45249&sort_index=readed_count&order_type=desc HTTP/1.1" 403 199 "-" "Mozilla/5.0 (Linux; Android 7.0;) AppleWebKit/537.36 (KHTML, like Gecko) Mobile Safari/537.36 (compatible; PetalBot;+https://webmaster.petalsearch.com/site/petalbot)"
114.119.154.30 - - [04/Oct/2021:19:36:42 +0900] "realpano.net(SG) GET /gl/index.php?mid=human_vr&m=0&listStyle=list&document_srl=45249&sort_index=readed_count&order_type=desc HTTP/1.1" 403 199 "-" "Mozilla/5.0 (Linux; Android 7.0;) AppleWebKit/537.36 (KHTML, like Gecko) Mobile Safari/537.36 (compatible; PetalBot;+https://webmaster.petalsearch.com/site/petalbot)"
114.119.154.67 - - [04/Oct/2021:19:43:12 +0900] "realpano.net(SG) GET /gl/index.php?mid=human_vr&m=1&listStyle=list&sort_index=regdate&order_type=desc&search_target=tag&search_keyword=%ED%98%BC%EC%88%98&category=3347&division=-45271&last_division=0 HTTP/1.1" 403 199 "-" "Mozilla/5.0 (Linux; Android 7.0;) AppleWebKit/537.36 (KHTML, like Gecko) Mobile Safari/537.36 (compatible; PetalBot;+https://webmaster.petalsearch.com/site/petalbot)"
114.119.154.67 - - [04/Oct/2021:19:43:12 +0900] "realpano.net(SG) GET /gl/index.php?mid=human_vr&m=1&listStyle=list&sort_index=regdate&order_type=desc&search_target=tag&search_keyword=%ED%98%BC%EC%88%98&category=3347&division=-45271&last_division=0 HTTP/1.1" 403 199 "-" "Mozilla/5.0 (Linux; Android 7.0;) AppleWebKit/537.36 (KHTML, like Gecko) Mobile Safari/537.36 (compatible; PetalBot;+https://webmaster.petalsearch.com/site/petalbot)"
114.119.154.6 - - [04/Oct/2021:19:49:33 +0900] "realpano.net(SG) GET /gl/index.php?mid=human_vr&search_target=tag&search_keyword=%EC%B1%94%EB%8B%88%EC%8A%A4&m=0&division=-45271&last_division=0 HTTP/1.1" 403 199 "-" "Mozilla/5.0 (Linux; Android 7.0;) AppleWebKit/537.36 (KHTML, like Gecko) Mobile Safari/537.36 (compatible; PetalBot;+https://webmaster.petalsearch.com/site/petalbot)"
114.119.154.6 - - [04/Oct/2021:19:49:33 +0900] "realpano.net(SG) GET /gl/index.php?mid=human_vr&search_target=tag&search_keyword=%EC%B1%94%EB%8B%88%EC%8A%A4&m=0&division=-45271&last_division=0 HTTP/1.1" 403 199 "-" "Mozilla/5.0 (Linux; Android 7.0;) AppleWebKit/537.36 (KHTML, like Gecko) Mobile Safari/537.36 (compatible; PetalBot;+https://webmaster.petalsearch.com/site/petalbot)"
66.249.79.5 - - [04/Oct/2021:19:49:39 +0900] "www.realpano.net(US) GET /xe/index.php?mid=portfolio1&category=3342 HTTP/1.1" 404 196 "-" "Mozilla/5.0 (compatible; Googlebot/2.1; +http://www.google.com/bot.html)"
66.249.79.5 - - [04/Oct/2021:19:49:39 +0900] "www.realpano.net(US) GET /xe/index.php?mid=portfolio1&category=3342 HTTP/1.1" 404 196 "-" "Mozilla/5.0 (compatible; Googlebot/2.1; +http://www.google.com/bot.html)"
114.119.154.67 - - [04/Oct/2021:19:55:57 +0900] "realpano.net(SG) GET /gl/index.php?mid=human_vr&page=5&listStyle=viewer&m=0&document_srl=43562 HTTP/1.1" 403 199 "-" "Mozilla/5.0 (Linux; Android 7.0;) AppleWebKit/537.36 (KHTML, like Gecko) Mobile Safari/537.36 (compatible; PetalBot;+https://webmaster.petalsearch.com/site/petalbot)"
114.119.154.67 - - [04/Oct/2021:19:55:57 +0900] "realpano.net(SG) GET /gl/index.php?mid=human_vr&page=5&listStyle=viewer&m=0&document_srl=43562 HTTP/1.1" 403 199 "-" "Mozilla/5.0 (Linux; Android 7.0;) AppleWebKit/537.36 (KHTML, like Gecko) Mobile Safari/537.36 (compatible; PetalBot;+https://webmaster.petalsearch.com/site/petalbot)"
114.119.154.39 - - [04/Oct/2021:20:02:22 +0900] "realpano.net(SG) GET /gl/index.php?mid=human_vr&m=0&listStyle=webzine&sort_index=readed_count&order_type=desc&category=3355&search_target=tag&search_keyword=%EC%8B%A4%EB%82%B4%2B%EC%95%94%EB%B2%BD%EB%93%B1%EB%B0%98&act=dispBoardTagList HTTP/1.1" 403 199 "-" "Mozilla/5.0 (Linux; Android 7.0;) AppleWebKit/537.36 (KHTML, like Gecko) Mobile Safari/537.36 (compatible; PetalBot;+https://webmaster.petalsearch.com/site/petalbot)"
114.119.154.39 - - [04/Oct/2021:20:02:22 +0900] "realpano.net(SG) GET /gl/index.php?mid=human_vr&m=0&listStyle=webzine&sort_index=readed_count&order_type=desc&category=3355&search_target=tag&search_keyword=%EC%8B%A4%EB%82%B4%2B%EC%95%94%EB%B2%BD%EB%93%B1%EB%B0%98&act=dispBoardTagList HTTP/1.1" 403 199 "-" "Mozilla/5.0 (Linux; Android 7.0;) AppleWebKit/537.36 (KHTML, like Gecko) Mobile Safari/537.36 (compatible; PetalBot;+https://webmaster.petalsearch.com/site/petalbot)"
114.119.154.67 - - [04/Oct/2021:20:08:44 +0900] "realpano.net(SG) GET /gl/index.php?mid=human_vr&search_target=tag&search_keyword=%ED%9B%84%EB%A0%88%EC%89%AC%EC%83%90%EB%9F%AC%EB%93%9C&m=1&listStyle=gallery&division=-45271&last_division=0&category=3355 HTTP/1.1" 403 199 "-" "Mozilla/5.0 (Linux; Android 7.0;) AppleWebKit/537.36 (KHTML, like Gecko) Mobile Safari/537.36 (compatible; PetalBot;+https://webmaster.petalsearch.com/site/petalbot)"
114.119.154.67 - - [04/Oct/2021:20:08:44 +0900] "realpano.net(SG) GET /gl/index.php?mid=human_vr&search_target=tag&search_keyword=%ED%9B%84%EB%A0%88%EC%89%AC%EC%83%90%EB%9F%AC%EB%93%9C&m=1&listStyle=gallery&division=-45271&last_division=0&category=3355 HTTP/1.1" 403 199 "-" "Mozilla/5.0 (Linux; Android 7.0;) AppleWebKit/537.36 (KHTML, like Gecko) Mobile Safari/537.36 (compatible; PetalBot;+https://webmaster.petalsearch.com/site/petalbot)"
66.249.79.5 - - [04/Oct/2021:20:09:37 +0900] "www.realpano.net(US) GET /gl/air_vr/45136 HTTP/1.1" 200 70222 "-" "Mozilla/5.0 (Linux; Android 6.0.1; Nexus 5X Build/MMB29P) AppleWebKit/537.36 (KHTML, like Gecko) Chrome/94.0.4606.54 Mobile Safari/537.36 (compatible; Googlebot/2.1; +http://www.google.com/bot.html)"
66.249.79.5 - - [04/Oct/2021:20:09:37 +0900] "www.realpano.net(US) GET /gl/air_vr/45136 HTTP/1.1" 200 70222 "-" "Mozilla/5.0 (Linux; Android 6.0.1; Nexus 5X Build/MMB29P) AppleWebKit/537.36 (KHTML, like Gecko) Chrome/94.0.4606.54 Mobile Safari/537.36 (compatible; Googlebot/2.1; +http://www.google.com/bot.html)"
122.190.192.40 - - [04/Oct/2021:20:14:14 +0900] "www.realpano.net(CN) POST /index.php/module/aciton/param1/$%7B@eval($_POST%5Bok%5D)%7D HTTP/1.1" 404 196 "http://misc.yahoo.com.cn/" "Mozilla/5.0+(compatible;+Baispider/2.0;++http://www.bai.com/search/spider.html)"
122.190.192.40 - - [04/Oct/2021:20:14:14 +0900] "www.realpano.net(CN) POST /index.php/module/aciton/param1/$%7B@eval($_POST%5Bok%5D)%7D HTTP/1.1" 404 196 "http://misc.yahoo.com.cn/" "Mozilla/5.0+(compatible;+Baispider/2.0;++http://www.bai.com/search/spider.html)"
122.190.192.40 - - [04/Oct/2021:20:14:14 +0900] "www.realpano.net(CN) POST /index.php/module/aciton/param1/$%7B@eval($_POST%5Bok%5D)%7D HTTP/1.1" 404 196 "http://misc.yahoo.com.cn/" "Mozilla/5.0+(compatible;+Baispider/2.0;++http://www.bai.com/search/spider.html)"
122.190.192.40 - - [04/Oct/2021:20:14:14 +0900] "www.realpano.net(CN) POST /index.php/module/aciton/param1/$%7B@eval($_POST%5Bok%5D)%7D HTTP/1.1" 404 196 "http://misc.yahoo.com.cn/" "Mozilla/5.0+(compatible;+Baispider/2.0;++http://www.bai.com/search/spider.html)"
122.190.192.40 - - [04/Oct/2021:20:14:14 +0900] "www.realpano.net(CN) POST /index.php/module/aciton/param1/$%7B@eval($_POST%5Bok%5D)%7D HTTP/1.1" 404 196 "http://misc.yahoo.com.cn/" "Mozilla/5.0+(compatible;+Baispider/2.0;++http://www.bai.com/search/spider.html)"
122.190.192.40 - - [04/Oct/2021:20:14:14 +0900] "www.realpano.net(CN) POST /index.php/module/aciton/param1/$%7B@eval($_POST%5Bok%5D)%7D HTTP/1.1" 404 196 "http://misc.yahoo.com.cn/" "Mozilla/5.0+(compatible;+Baispider/2.0;++http://www.bai.com/search/spider.html)"
122.190.192.40 - - [04/Oct/2021:20:14:14 +0900] "www.realpano.net(CN) POST /index.php/module/aciton/param1/$%7B@eval($_POST%5Bok%5D)%7D HTTP/1.1" 404 196 "http://misc.yahoo.com.cn/" "Mozilla/5.0+(compatible;+Baispider/2.0;++http://www.bai.com/search/spider.html)"
122.190.192.40 - - [04/Oct/2021:20:14:14 +0900] "www.realpano.net(CN) POST /index.php/module/aciton/param1/$%7B@eval($_POST%5Bok%5D)%7D HTTP/1.1" 404 196 "http://misc.yahoo.com.cn/" "Mozilla/5.0+(compatible;+Baispider/2.0;++http://www.bai.com/search/spider.html)"
122.190.192.40 - - [04/Oct/2021:20:14:14 +0900] "www.realpano.net(CN) POST /index.php/module/aciton/param1/$%7B@eval($_POST%5Bok%5D)%7D HTTP/1.1" 404 196 "http://misc.yahoo.com.cn/" "Mozilla/5.0+(compatible;+Baispider/2.0;++http://www.bai.com/search/spider.html)"
122.190.192.40 - - [04/Oct/2021:20:14:14 +0900] "www.realpano.net(CN) POST /index.php/module/aciton/param1/$%7B@eval($_POST%5Bok%5D)%7D HTTP/1.1" 404 196 "http://misc.yahoo.com.cn/" "Mozilla/5.0+(compatible;+Baispider/2.0;++http://www.bai.com/search/spider.html)"
114.119.154.67 - - [04/Oct/2021:20:15:00 +0900] "realpano.net(SG) GET /gl/index.php?mid=human_vr&listStyle=viewer&m=0&search_target=tag&search_keyword=%EB%AA%85%EB%AC%BC%EA%B3%A8%EB%AA%A9&document_srl=44885 HTTP/1.1" 403 199 "-" "Mozilla/5.0 (Linux; Android 7.0;) AppleWebKit/537.36 (KHTML, like Gecko) Mobile Safari/537.36 (compatible; PetalBot;+https://webmaster.petalsearch.com/site/petalbot)"
114.119.154.67 - - [04/Oct/2021:20:15:00 +0900] "realpano.net(SG) GET /gl/index.php?mid=human_vr&listStyle=viewer&m=0&search_target=tag&search_keyword=%EB%AA%85%EB%AC%BC%EA%B3%A8%EB%AA%A9&document_srl=44885 HTTP/1.1" 403 199 "-" "Mozilla/5.0 (Linux; Android 7.0;) AppleWebKit/537.36 (KHTML, like Gecko) Mobile Safari/537.36 (compatible; PetalBot;+https://webmaster.petalsearch.com/site/petalbot)"
157.55.39.119 - - [04/Oct/2021:20:19:58 +0900] "www.realpano.net(US) GET /robots.txt HTTP/1.1" 404 196 "-" "Mozilla/5.0 (compatible; bingbot/2.0; +http://www.bing.com/bingbot.htm)"
157.55.39.119 - - [04/Oct/2021:20:19:58 +0900] "www.realpano.net(US) GET /robots.txt HTTP/1.1" 404 196 "-" "Mozilla/5.0 (compatible; bingbot/2.0; +http://www.bing.com/bingbot.htm)"
207.46.13.70 - - [04/Oct/2021:20:20:02 +0900] "www.realpano.net(US) GET /gl/4133 HTTP/1.1" 301 - "-" "Mozilla/5.0 (compatible; bingbot/2.0; +http://www.bing.com/bingbot.htm)"
207.46.13.70 - - [04/Oct/2021:20:20:02 +0900] "www.realpano.net(US) GET /gl/4133 HTTP/1.1" 301 - "-" "Mozilla/5.0 (compatible; bingbot/2.0; +http://www.bing.com/bingbot.htm)"
114.119.154.6 - - [04/Oct/2021:20:21:21 +0900] "realpano.net(SG) GET /gl/index.php?mid=human_vr&m=1&listStyle=viewer&search_target=tag&search_keyword=%EB%8C%80%EA%B5%AC%EA%B4%91%EC%97%AD%EC%8B%9C%2B%EC%B4%88%EB%93%B1%ED%95%99%EA%B5%90&division=-45271&last_division=0&category=3355 HTTP/1.1" 403 199 "-" "Mozilla/5.0 (Linux; Android 7.0;) AppleWebKit/537.36 (KHTML, like Gecko) Mobile Safari/537.36 (compatible; PetalBot;+https://webmaster.petalsearch.com/site/petalbot)"
114.119.154.6 - - [04/Oct/2021:20:21:21 +0900] "realpano.net(SG) GET /gl/index.php?mid=human_vr&m=1&listStyle=viewer&search_target=tag&search_keyword=%EB%8C%80%EA%B5%AC%EA%B4%91%EC%97%AD%EC%8B%9C%2B%EC%B4%88%EB%93%B1%ED%95%99%EA%B5%90&division=-45271&last_division=0&category=3355 HTTP/1.1" 403 199 "-" "Mozilla/5.0 (Linux; Android 7.0;) AppleWebKit/537.36 (KHTML, like Gecko) Mobile Safari/537.36 (compatible; PetalBot;+https://webmaster.petalsearch.com/site/petalbot)"
203.133.174.104 - - [04/Oct/2021:20:22:51 +0900] "realpano.net(KR) GET /rpv2/120330invino/ HTTP/1.1" 200 1387 "http://www.invino.co.kr/" "'Mozilla/5.0 (Unknown; Linux x86_64) AppleWebKit/538.1 (KHTML, like Gecko) Safari/538.1 Daum/4.1'"
203.133.174.104 - - [04/Oct/2021:20:22:51 +0900] "realpano.net(KR) GET /rpv2/120330invino/ HTTP/1.1" 200 1387 "http://www.invino.co.kr/" "'Mozilla/5.0 (Unknown; Linux x86_64) AppleWebKit/538.1 (KHTML, like Gecko) Safari/538.1 Daum/4.1'"
114.119.154.6 - - [04/Oct/2021:20:27:41 +0900] "realpano.net(SG) GET /gl/index.php?mid=human_vr&listStyle=list&category=3342&document_srl=4015&m=0&sort_index=title&order_type=desc HTTP/1.1" 403 199 "-" "Mozilla/5.0 (Linux; Android 7.0;) AppleWebKit/537.36 (KHTML, like Gecko) Mobile Safari/537.36 (compatible; PetalBot;+https://webmaster.petalsearch.com/site/petalbot)"
114.119.154.6 - - [04/Oct/2021:20:27:41 +0900] "realpano.net(SG) GET /gl/index.php?mid=human_vr&listStyle=list&category=3342&document_srl=4015&m=0&sort_index=title&order_type=desc HTTP/1.1" 403 199 "-" "Mozilla/5.0 (Linux; Android 7.0;) AppleWebKit/537.36 (KHTML, like Gecko) Mobile Safari/537.36 (compatible; PetalBot;+https://webmaster.petalsearch.com/site/petalbot)"
119.207.72.84 - - [04/Oct/2021:20:27:48 +0900] "realpano.net(KR) GET / HTTP/1.1" 200 64 "-" "Mozilla/4.0 (compatible; MSIE 8.0; Windows NT 5.1; Trident/4.0; InfoPath.2)"
119.207.72.84 - - [04/Oct/2021:20:27:48 +0900] "realpano.net(KR) GET / HTTP/1.1" 200 64 "-" "Mozilla/4.0 (compatible; MSIE 8.0; Windows NT 5.1; Trident/4.0; InfoPath.2)"
119.207.72.84 - - [04/Oct/2021:20:28:09 +0900] "realpano.net(KR) GET / HTTP/1.1" 200 64 "-" "Mozilla/4.0 (compatible; MSIE 6.0; Windows NT 5.1; SV1)"
119.207.72.84 - - [04/Oct/2021:20:28:09 +0900] "realpano.net(KR) GET / HTTP/1.1" 200 64 "-" "Mozilla/4.0 (compatible; MSIE 6.0; Windows NT 5.1; SV1)"
114.119.136.174 - - [04/Oct/2021:20:33:14 +0900] "realpano.net(SG) GET /robots.txt HTTP/1.1" 403 199 "-" "Mozilla/5.0 (compatible;PetalBot;+https://webmaster.petalsearch.com/site/petalbot)"
114.119.136.174 - - [04/Oct/2021:20:33:14 +0900] "realpano.net(SG) GET /robots.txt HTTP/1.1" 403 199 "-" "Mozilla/5.0 (compatible;PetalBot;+https://webmaster.petalsearch.com/site/petalbot)"
95.163.255.66 - - [04/Oct/2021:20:36:56 +0900] "realpano.net(RU) GET /robots.txt HTTP/1.0" 403 199 "-" "Mozilla/5.0 (compatible; Linux x86_64; Mail.RU_Bot/2.0; +http://go.mail.ru/help/robots)"
95.163.255.66 - - [04/Oct/2021:20:36:56 +0900] "realpano.net(RU) GET /robots.txt HTTP/1.0" 403 199 "-" "Mozilla/5.0 (compatible; Linux x86_64; Mail.RU_Bot/2.0; +http://go.mail.ru/help/robots)"
95.163.255.63 - - [04/Oct/2021:20:36:58 +0900] "realpano.net(RU) GET /xe/ HTTP/1.1" 403 199 "-" "Mozilla/5.0 (compatible; Linux x86_64; Mail.RU_Bot/2.0; +http://go.mail.ru/help/robots)"
95.163.255.63 - - [04/Oct/2021:20:36:58 +0900] "realpano.net(RU) GET /xe/ HTTP/1.1" 403 199 "-" "Mozilla/5.0 (compatible; Linux x86_64; Mail.RU_Bot/2.0; +http://go.mail.ru/help/robots)"
121.124.135.188 - - [04/Oct/2021:20:37:39 +0900] "realpano.net(KR) GET /clubview/_tour/kummorae/main.html HTTP/1.1" 404 196 "http://www.kummorae.com/" "Mozilla/5.0 (Linux; Android 10; SM-N960N Build/QP1A.190711.020; wv) AppleWebKit/537.36 (KHTML, like Gecko) Version/4.0 Chrome/94.0.4606.61 Mobile Safari/537.36 NAVER(inapp; map; 101; 5.14.0)"
121.124.135.188 - - [04/Oct/2021:20:37:39 +0900] "realpano.net(KR) GET /clubview/_tour/kummorae/main.html HTTP/1.1" 404 196 "http://www.kummorae.com/" "Mozilla/5.0 (Linux; Android 10; SM-N960N Build/QP1A.190711.020; wv) AppleWebKit/537.36 (KHTML, like Gecko) Version/4.0 Chrome/94.0.4606.61 Mobile Safari/537.36 NAVER(inapp; map; 101; 5.14.0)"
114.119.154.26 - - [04/Oct/2021:20:39:44 +0900] "realpano.net(SG) GET /gl/index.php?mid=human_vr&page=3&listStyle=webzine&m=0&act=dispMemberLoginForm HTTP/1.1" 403 199 "-" "Mozilla/5.0 (Linux; Android 7.0;) AppleWebKit/537.36 (KHTML, like Gecko) Mobile Safari/537.36 (compatible; PetalBot;+https://webmaster.petalsearch.com/site/petalbot)"
114.119.154.26 - - [04/Oct/2021:20:39:44 +0900] "realpano.net(SG) GET /gl/index.php?mid=human_vr&page=3&listStyle=webzine&m=0&act=dispMemberLoginForm HTTP/1.1" 403 199 "-" "Mozilla/5.0 (Linux; Android 7.0;) AppleWebKit/537.36 (KHTML, like Gecko) Mobile Safari/537.36 (compatible; PetalBot;+https://webmaster.petalsearch.com/site/petalbot)"
114.119.154.39 - - [04/Oct/2021:20:46:07 +0900] "realpano.net(SG) GET /gl/index.php?mid=human_vr&m=1&listStyle=webzine&search_target=tag&search_keyword=%EB%AA%85%EB%AC%BC%EA%B3%A8%EB%AA%A9&division=-45271&last_division=0&sort_index=readed_count&order_type=asc HTTP/1.1" 403 199 "-" "Mozilla/5.0 (Linux; Android 7.0;) AppleWebKit/537.36 (KHTML, like Gecko) Mobile Safari/537.36 (compatible; PetalBot;+https://webmaster.petalsearch.com/site/petalbot)"
114.119.154.39 - - [04/Oct/2021:20:46:07 +0900] "realpano.net(SG) GET /gl/index.php?mid=human_vr&m=1&listStyle=webzine&search_target=tag&search_keyword=%EB%AA%85%EB%AC%BC%EA%B3%A8%EB%AA%A9&division=-45271&last_division=0&sort_index=readed_count&order_type=asc HTTP/1.1" 403 199 "-" "Mozilla/5.0 (Linux; Android 7.0;) AppleWebKit/537.36 (KHTML, like Gecko) Mobile Safari/537.36 (compatible; PetalBot;+https://webmaster.petalsearch.com/site/petalbot)"
119.207.72.84 - - [04/Oct/2021:20:50:38 +0900] "realpano.net(KR) GET / HTTP/1.1" 200 64 "-" "Mozilla/5.0 (compatible; MSIE 10.0; Windows NT 6.2; Trident/6.0)"
119.207.72.84 - - [04/Oct/2021:20:50:38 +0900] "realpano.net(KR) GET / HTTP/1.1" 200 64 "-" "Mozilla/5.0 (compatible; MSIE 10.0; Windows NT 6.2; Trident/6.0)"
114.119.154.67 - - [04/Oct/2021:20:52:33 +0900] "realpano.net(SG) GET /gl/index.php?mid=human_vr&m=1&listStyle=gallery&search_target=tag&search_keyword=%EC%8A%A4%EC%9C%97%EC%A6%88 HTTP/1.1" 403 199 "-" "Mozilla/5.0 (Linux; Android 7.0;) AppleWebKit/537.36 (KHTML, like Gecko) Mobile Safari/537.36 (compatible; PetalBot;+https://webmaster.petalsearch.com/site/petalbot)"
114.119.154.67 - - [04/Oct/2021:20:52:33 +0900] "realpano.net(SG) GET /gl/index.php?mid=human_vr&m=1&listStyle=gallery&search_target=tag&search_keyword=%EC%8A%A4%EC%9C%97%EC%A6%88 HTTP/1.1" 403 199 "-" "Mozilla/5.0 (Linux; Android 7.0;) AppleWebKit/537.36 (KHTML, like Gecko) Mobile Safari/537.36 (compatible; PetalBot;+https://webmaster.petalsearch.com/site/petalbot)"
157.55.39.161 - - [04/Oct/2021:20:57:56 +0900] "realpano.net(US) GET /gl/4158 HTTP/2.0" 404 196 "-" "Mozilla/5.0 (compatible; bingbot/2.0; +http://www.bing.com/bingbot.htm)"
157.55.39.161 - - [04/Oct/2021:20:57:56 +0900] "realpano.net(US) GET /gl/4158 HTTP/2.0" 404 196 "-" "Mozilla/5.0 (compatible; bingbot/2.0; +http://www.bing.com/bingbot.htm)"
114.119.154.30 - - [04/Oct/2021:20:58:55 +0900] "realpano.net(SG) GET /gl/index.php?mid=human_vr&page=6&listStyle=list&m=1&document_srl=3872&sort_index=title&order_type=desc HTTP/1.1" 403 199 "-" "Mozilla/5.0 (Linux; Android 7.0;) AppleWebKit/537.36 (KHTML, like Gecko) Mobile Safari/537.36 (compatible; PetalBot;+https://webmaster.petalsearch.com/site/petalbot)"
114.119.154.30 - - [04/Oct/2021:20:58:55 +0900] "realpano.net(SG) GET /gl/index.php?mid=human_vr&page=6&listStyle=list&m=1&document_srl=3872&sort_index=title&order_type=desc HTTP/1.1" 403 199 "-" "Mozilla/5.0 (Linux; Android 7.0;) AppleWebKit/537.36 (KHTML, like Gecko) Mobile Safari/537.36 (compatible; PetalBot;+https://webmaster.petalsearch.com/site/petalbot)"
114.119.154.39 - - [04/Oct/2021:21:05:14 +0900] "realpano.net(SG) GET /gl/index.php?mid=human_vr&m=1&listStyle=list&sort_index=regdate&order_type=desc&page=6&document_srl=3896 HTTP/1.1" 403 199 "-" "Mozilla/5.0 (Linux; Android 7.0;) AppleWebKit/537.36 (KHTML, like Gecko) Mobile Safari/537.36 (compatible; PetalBot;+https://webmaster.petalsearch.com/site/petalbot)"
114.119.154.39 - - [04/Oct/2021:21:05:14 +0900] "realpano.net(SG) GET /gl/index.php?mid=human_vr&m=1&listStyle=list&sort_index=regdate&order_type=desc&page=6&document_srl=3896 HTTP/1.1" 403 199 "-" "Mozilla/5.0 (Linux; Android 7.0;) AppleWebKit/537.36 (KHTML, like Gecko) Mobile Safari/537.36 (compatible; PetalBot;+https://webmaster.petalsearch.com/site/petalbot)"
114.119.154.39 - - [04/Oct/2021:21:11:35 +0900] "realpano.net(SG) GET /gl/index.php?mid=human_vr&listStyle=list&page=6&document_srl=3917&m=0&sort_index=readed_count&order_type=desc HTTP/1.1" 403 199 "-" "Mozilla/5.0 (Linux; Android 7.0;) AppleWebKit/537.36 (KHTML, like Gecko) Mobile Safari/537.36 (compatible; PetalBot;+https://webmaster.petalsearch.com/site/petalbot)"
114.119.154.39 - - [04/Oct/2021:21:11:35 +0900] "realpano.net(SG) GET /gl/index.php?mid=human_vr&listStyle=list&page=6&document_srl=3917&m=0&sort_index=readed_count&order_type=desc HTTP/1.1" 403 199 "-" "Mozilla/5.0 (Linux; Android 7.0;) AppleWebKit/537.36 (KHTML, like Gecko) Mobile Safari/537.36 (compatible; PetalBot;+https://webmaster.petalsearch.com/site/petalbot)"
157.55.39.121 - - [04/Oct/2021:21:16:33 +0900] "realpano.net(US) GET /gl/files/thumbnails/084/044/204x102.crop.jpg?20140706142929 HTTP/2.0" 404 196 "-" "Mozilla/5.0 (compatible; bingbot/2.0; +http://www.bing.com/bingbot.htm)"
