66.249.79.1 - - [03/Oct/2021:00:43:00 +0900] "www.realpano.net(US) GET /gl/modules/board/skins/sketchbook5_relapano/css/jquery.mCustomScrollbar.css?20201113013445 HTTP/1.1" 200 5150 "http://www.realpano.net/gl/index.php?listStyle=viewer&mid=human_vr&document_srl=4124&page=2&m=0" "Mozilla/5.0 (Linux; Android 6.0.1; Nexus 5X Build/MMB29P) AppleWebKit/537.36 (KHTML, like Gecko) Chrome/94.0.4606.61 Mobile Safari/537.36 (compatible; Googlebot/2.1; +http://www.google.com/bot.html)"
66.249.79.1 - - [03/Oct/2021:00:43:00 +0900] "www.realpano.net(US) GET /gl/modules/board/skins/sketchbook5_relapano/css/jquery.mCustomScrollbar.css?20201113013445 HTTP/1.1" 200 5150 "http://www.realpano.net/gl/index.php?listStyle=viewer&mid=human_vr&document_srl=4124&page=2&m=0" "Mozilla/5.0 (Linux; Android 6.0.1; Nexus 5X Build/MMB29P) AppleWebKit/537.36 (KHTML, like Gecko) Chrome/94.0.4606.61 Mobile Safari/537.36 (compatible; Googlebot/2.1; +http://www.google.com/bot.html)"
66.249.79.7 - - [03/Oct/2021:00:43:00 +0900] "www.realpano.net(US) GET /gl/modules/board/tpl/js/board.js?20201113010651 HTTP/1.1" 200 4351 "http://www.realpano.net/gl/index.php?listStyle=viewer&mid=human_vr&document_srl=4124&page=2&m=0" "Mozilla/5.0 (Linux; Android 6.0.1; Nexus 5X Build/MMB29P) AppleWebKit/537.36 (KHTML, like Gecko) Chrome/94.0.4606.61 Mobile Safari/537.36 (compatible; Googlebot/2.1; +http://www.google.com/bot.html)"
66.249.79.7 - - [03/Oct/2021:00:43:00 +0900] "www.realpano.net(US) GET /gl/modules/board/tpl/js/board.js?20201113010651 HTTP/1.1" 200 4351 "http://www.realpano.net/gl/index.php?listStyle=viewer&mid=human_vr&document_srl=4124&page=2&m=0" "Mozilla/5.0 (Linux; Android 6.0.1; Nexus 5X Build/MMB29P) AppleWebKit/537.36 (KHTML, like Gecko) Chrome/94.0.4606.61 Mobile Safari/537.36 (compatible; Googlebot/2.1; +http://www.google.com/bot.html)"
66.249.79.5 - - [03/Oct/2021:00:43:01 +0900] "www.realpano.net(US) GET /gl/files/cache/assets/compiled/70a0a71f5980db18fbe811b68df6c8c059f60011.rhymix.less.min.css HTTP/1.1" 404 196 "http://www.realpano.net/gl/index.php?listStyle=viewer&mid=human_vr&document_srl=4124&page=2&m=0" "Mozilla/5.0 (Linux; Android 6.0.1; Nexus 5X Build/MMB29P) AppleWebKit/537.36 (KHTML, like Gecko) Chrome/94.0.4606.61 Mobile Safari/537.36 (compatible; Googlebot/2.1; +http://www.google.com/bot.html)"
66.249.79.5 - - [03/Oct/2021:00:43:01 +0900] "www.realpano.net(US) GET /gl/files/cache/assets/compiled/70a0a71f5980db18fbe811b68df6c8c059f60011.rhymix.less.min.css HTTP/1.1" 404 196 "http://www.realpano.net/gl/index.php?listStyle=viewer&mid=human_vr&document_srl=4124&page=2&m=0" "Mozilla/5.0 (Linux; Android 6.0.1; Nexus 5X Build/MMB29P) AppleWebKit/537.36 (KHTML, like Gecko) Chrome/94.0.4606.61 Mobile Safari/537.36 (compatible; Googlebot/2.1; +http://www.google.com/bot.html)"
66.249.79.1 - - [03/Oct/2021:00:43:01 +0900] "www.realpano.net(US) GET /gl/files/cache/js_filter_compiled/1bdc15d63816408b99f674eb6a6ffcea.ko.compiled.js?20201120233637 HTTP/1.1" 200 3098 "http://www.realpano.net/gl/index.php?listStyle=viewer&mid=human_vr&document_srl=4124&page=2&m=0" "Mozilla/5.0 (Linux; Android 6.0.1; Nexus 5X Build/MMB29P) AppleWebKit/537.36 (KHTML, like Gecko) Chrome/94.0.4606.61 Mobile Safari/537.36 (compatible; Googlebot/2.1; +http://www.google.com/bot.html)"
66.249.79.1 - - [03/Oct/2021:00:43:01 +0900] "www.realpano.net(US) GET /gl/files/cache/js_filter_compiled/1bdc15d63816408b99f674eb6a6ffcea.ko.compiled.js?20201120233637 HTTP/1.1" 200 3098 "http://www.realpano.net/gl/index.php?listStyle=viewer&mid=human_vr&document_srl=4124&page=2&m=0" "Mozilla/5.0 (Linux; Android 6.0.1; Nexus 5X Build/MMB29P) AppleWebKit/537.36 (KHTML, like Gecko) Chrome/94.0.4606.61 Mobile Safari/537.36 (compatible; Googlebot/2.1; +http://www.google.com/bot.html)"
66.249.79.5 - - [03/Oct/2021:00:43:02 +0900] "www.realpano.net(US) GET /gl/files/cache/js_filter_compiled/9b007ee9f2af763bb3d35e4fb16498e9.ko.compiled.js?20201120233637 HTTP/1.1" 200 2465 "http://www.realpano.net/gl/index.php?listStyle=viewer&mid=human_vr&document_srl=4124&page=2&m=0" "Mozilla/5.0 (Linux; Android 6.0.1; Nexus 5X Build/MMB29P) AppleWebKit/537.36 (KHTML, like Gecko) Chrome/94.0.4606.61 Mobile Safari/537.36 (compatible; Googlebot/2.1; +http://www.google.com/bot.html)"
66.249.79.5 - - [03/Oct/2021:00:43:02 +0900] "www.realpano.net(US) GET /gl/files/cache/js_filter_compiled/9b007ee9f2af763bb3d35e4fb16498e9.ko.compiled.js?20201120233637 HTTP/1.1" 200 2465 "http://www.realpano.net/gl/index.php?listStyle=viewer&mid=human_vr&document_srl=4124&page=2&m=0" "Mozilla/5.0 (Linux; Android 6.0.1; Nexus 5X Build/MMB29P) AppleWebKit/537.36 (KHTML, like Gecko) Chrome/94.0.4606.61 Mobile Safari/537.36 (compatible; Googlebot/2.1; +http://www.google.com/bot.html)"
66.249.79.1 - - [03/Oct/2021:00:43:02 +0900] "www.realpano.net(US) GET /gl/modules/board/skins/sketchbook5_relapano/js/jquery.mousewheel.min.js?20201113013445 HTTP/1.1" 200 1392 "http://www.realpano.net/gl/index.php?listStyle=viewer&mid=human_vr&document_srl=4124&page=2&m=0" "Mozilla/5.0 (Linux; Android 6.0.1; Nexus 5X Build/MMB29P) AppleWebKit/537.36 (KHTML, like Gecko) Chrome/94.0.4606.61 Mobile Safari/537.36 (compatible; Googlebot/2.1; +http://www.google.com/bot.html)"
66.249.79.1 - - [03/Oct/2021:00:43:02 +0900] "www.realpano.net(US) GET /gl/modules/board/skins/sketchbook5_relapano/js/jquery.mousewheel.min.js?20201113013445 HTTP/1.1" 200 1392 "http://www.realpano.net/gl/index.php?listStyle=viewer&mid=human_vr&document_srl=4124&page=2&m=0" "Mozilla/5.0 (Linux; Android 6.0.1; Nexus 5X Build/MMB29P) AppleWebKit/537.36 (KHTML, like Gecko) Chrome/94.0.4606.61 Mobile Safari/537.36 (compatible; Googlebot/2.1; +http://www.google.com/bot.html)"
66.249.79.1 - - [03/Oct/2021:00:43:03 +0900] "www.realpano.net(US) GET /gl/modules/board/skins/sketchbook5_relapano/js/jquery.mCustomScrollbar.min.js?20201113013445 HTTP/1.1" 200 15942 "http://www.realpano.net/gl/index.php?listStyle=viewer&mid=human_vr&document_srl=4124&page=2&m=0" "Mozilla/5.0 (Linux; Android 6.0.1; Nexus 5X Build/MMB29P) AppleWebKit/537.36 (KHTML, like Gecko) Chrome/94.0.4606.61 Mobile Safari/537.36 (compatible; Googlebot/2.1; +http://www.google.com/bot.html)"
66.249.79.1 - - [03/Oct/2021:00:43:03 +0900] "www.realpano.net(US) GET /gl/modules/board/skins/sketchbook5_relapano/js/jquery.mCustomScrollbar.min.js?20201113013445 HTTP/1.1" 200 15942 "http://www.realpano.net/gl/index.php?listStyle=viewer&mid=human_vr&document_srl=4124&page=2&m=0" "Mozilla/5.0 (Linux; Android 6.0.1; Nexus 5X Build/MMB29P) AppleWebKit/537.36 (KHTML, like Gecko) Chrome/94.0.4606.61 Mobile Safari/537.36 (compatible; Googlebot/2.1; +http://www.google.com/bot.html)"
66.249.79.5 - - [03/Oct/2021:00:43:03 +0900] "www.realpano.net(US) GET /gl/modules/board/skins/sketchbook5_relapano/js/viewer.js?20201113013445 HTTP/1.1" 200 952 "http://www.realpano.net/gl/index.php?listStyle=viewer&mid=human_vr&document_srl=4124&page=2&m=0" "Mozilla/5.0 (Linux; Android 6.0.1; Nexus 5X Build/MMB29P) AppleWebKit/537.36 (KHTML, like Gecko) Chrome/94.0.4606.61 Mobile Safari/537.36 (compatible; Googlebot/2.1; +http://www.google.com/bot.html)"
66.249.79.5 - - [03/Oct/2021:00:43:03 +0900] "www.realpano.net(US) GET /gl/modules/board/skins/sketchbook5_relapano/js/viewer.js?20201113013445 HTTP/1.1" 200 952 "http://www.realpano.net/gl/index.php?listStyle=viewer&mid=human_vr&document_srl=4124&page=2&m=0" "Mozilla/5.0 (Linux; Android 6.0.1; Nexus 5X Build/MMB29P) AppleWebKit/537.36 (KHTML, like Gecko) Chrome/94.0.4606.61 Mobile Safari/537.36 (compatible; Googlebot/2.1; +http://www.google.com/bot.html)"
66.249.79.1 - - [03/Oct/2021:00:43:04 +0900] "www.realpano.net(US) GET /gl/addons/autolink/autolink.js?20201113010505 HTTP/1.1" 200 3396 "http://www.realpano.net/gl/index.php?listStyle=viewer&mid=human_vr&document_srl=4124&page=2&m=0" "Mozilla/5.0 (Linux; Android 6.0.1; Nexus 5X Build/MMB29P) AppleWebKit/537.36 (KHTML, like Gecko) Chrome/94.0.4606.61 Mobile Safari/537.36 (compatible; Googlebot/2.1; +http://www.google.com/bot.html)"
66.249.79.1 - - [03/Oct/2021:00:43:04 +0900] "www.realpano.net(US) GET /gl/addons/autolink/autolink.js?20201113010505 HTTP/1.1" 200 3396 "http://www.realpano.net/gl/index.php?listStyle=viewer&mid=human_vr&document_srl=4124&page=2&m=0" "Mozilla/5.0 (Linux; Android 6.0.1; Nexus 5X Build/MMB29P) AppleWebKit/537.36 (KHTML, like Gecko) Chrome/94.0.4606.61 Mobile Safari/537.36 (compatible; Googlebot/2.1; +http://www.google.com/bot.html)"
66.249.79.5 - - [03/Oct/2021:00:43:05 +0900] "www.realpano.net(US) GET /gl/modules/board/skins/sketchbook5_relapano/css/print.css?20201113013445 HTTP/1.1" 200 442 "http://www.realpano.net/gl/index.php?listStyle=viewer&mid=human_vr&document_srl=4124&page=2&m=0" "Mozilla/5.0 (Linux; Android 6.0.1; Nexus 5X Build/MMB29P) AppleWebKit/537.36 (KHTML, like Gecko) Chrome/94.0.4606.61 Mobile Safari/537.36 (compatible; Googlebot/2.1; +http://www.google.com/bot.html)"
66.249.79.5 - - [03/Oct/2021:00:43:05 +0900] "www.realpano.net(US) GET /gl/modules/board/skins/sketchbook5_relapano/css/print.css?20201113013445 HTTP/1.1" 200 442 "http://www.realpano.net/gl/index.php?listStyle=viewer&mid=human_vr&document_srl=4124&page=2&m=0" "Mozilla/5.0 (Linux; Android 6.0.1; Nexus 5X Build/MMB29P) AppleWebKit/537.36 (KHTML, like Gecko) Chrome/94.0.4606.61 Mobile Safari/537.36 (compatible; Googlebot/2.1; +http://www.google.com/bot.html)"
66.249.68.60 - - [03/Oct/2021:00:43:05 +0900] "realpano.net(US) GET /robots.txt HTTP/1.1" 404 196 "-" "Mozilla/5.0 (compatible; Googlebot/2.1; +http://www.google.com/bot.html)"
66.249.68.60 - - [03/Oct/2021:00:43:05 +0900] "realpano.net(US) GET /robots.txt HTTP/1.1" 404 196 "-" "Mozilla/5.0 (compatible; Googlebot/2.1; +http://www.google.com/bot.html)"
66.249.79.1 - - [03/Oct/2021:00:43:05 +0900] "www.realpano.net(US) GET /gl/modules/board/skins/sketchbook5_relapano/js/board.js?20201113013445 HTTP/1.1" 200 16348 "http://www.realpano.net/gl/index.php?listStyle=viewer&mid=human_vr&document_srl=4124&page=2&m=0" "Mozilla/5.0 (Linux; Android 6.0.1; Nexus 5X Build/MMB29P) AppleWebKit/537.36 (KHTML, like Gecko) Chrome/94.0.4606.61 Mobile Safari/537.36 (compatible; Googlebot/2.1; +http://www.google.com/bot.html)"
66.249.79.1 - - [03/Oct/2021:00:43:05 +0900] "www.realpano.net(US) GET /gl/modules/board/skins/sketchbook5_relapano/js/board.js?20201113013445 HTTP/1.1" 200 16348 "http://www.realpano.net/gl/index.php?listStyle=viewer&mid=human_vr&document_srl=4124&page=2&m=0" "Mozilla/5.0 (Linux; Android 6.0.1; Nexus 5X Build/MMB29P) AppleWebKit/537.36 (KHTML, like Gecko) Chrome/94.0.4606.61 Mobile Safari/537.36 (compatible; Googlebot/2.1; +http://www.google.com/bot.html)"
66.249.79.1 - - [03/Oct/2021:00:43:06 +0900] "www.realpano.net(US) GET /gl/common/js/plugins/ui/jquery-ui.min.js?20201113010517 HTTP/1.1" 200 253669 "http://www.realpano.net/gl/index.php?listStyle=viewer&mid=human_vr&document_srl=4124&page=2&m=0" "Mozilla/5.0 (Linux; Android 6.0.1; Nexus 5X Build/MMB29P) AppleWebKit/537.36 (KHTML, like Gecko) Chrome/94.0.4606.61 Mobile Safari/537.36 (compatible; Googlebot/2.1; +http://www.google.com/bot.html)"
66.249.79.1 - - [03/Oct/2021:00:43:06 +0900] "www.realpano.net(US) GET /gl/common/js/plugins/ui/jquery-ui.min.js?20201113010517 HTTP/1.1" 200 253669 "http://www.realpano.net/gl/index.php?listStyle=viewer&mid=human_vr&document_srl=4124&page=2&m=0" "Mozilla/5.0 (Linux; Android 6.0.1; Nexus 5X Build/MMB29P) AppleWebKit/537.36 (KHTML, like Gecko) Chrome/94.0.4606.61 Mobile Safari/537.36 (compatible; Googlebot/2.1; +http://www.google.com/bot.html)"
66.249.79.1 - - [03/Oct/2021:00:43:06 +0900] "www.realpano.net(US) GET /gl/common/js/plugins/ui/rx_datepicker.js?20201113010517 HTTP/1.1" 200 539 "http://www.realpano.net/gl/index.php?listStyle=viewer&mid=human_vr&document_srl=4124&page=2&m=0" "Mozilla/5.0 (Linux; Android 6.0.1; Nexus 5X Build/MMB29P) AppleWebKit/537.36 (KHTML, like Gecko) Chrome/94.0.4606.61 Mobile Safari/537.36 (compatible; Googlebot/2.1; +http://www.google.com/bot.html)"
66.249.79.1 - - [03/Oct/2021:00:43:06 +0900] "www.realpano.net(US) GET /gl/common/js/plugins/ui/rx_datepicker.js?20201113010517 HTTP/1.1" 200 539 "http://www.realpano.net/gl/index.php?listStyle=viewer&mid=human_vr&document_srl=4124&page=2&m=0" "Mozilla/5.0 (Linux; Android 6.0.1; Nexus 5X Build/MMB29P) AppleWebKit/537.36 (KHTML, like Gecko) Chrome/94.0.4606.61 Mobile Safari/537.36 (compatible; Googlebot/2.1; +http://www.google.com/bot.html)"
66.249.68.56 - - [03/Oct/2021:00:43:07 +0900] "realpano.net(US) GET /rpv2/130419khe678/ HTTP/1.1" 404 196 "http://www.realpano.net/" "Mozilla/5.0 (Linux; Android 6.0.1; Nexus 5X Build/MMB29P) AppleWebKit/537.36 (KHTML, like Gecko) Chrome/94.0.4606.61 Mobile Safari/537.36 (compatible; Googlebot/2.1; +http://www.google.com/bot.html)"
66.249.68.56 - - [03/Oct/2021:00:43:07 +0900] "realpano.net(US) GET /rpv2/130419khe678/ HTTP/1.1" 404 196 "http://www.realpano.net/" "Mozilla/5.0 (Linux; Android 6.0.1; Nexus 5X Build/MMB29P) AppleWebKit/537.36 (KHTML, like Gecko) Chrome/94.0.4606.61 Mobile Safari/537.36 (compatible; Googlebot/2.1; +http://www.google.com/bot.html)"
66.249.68.56 - - [03/Oct/2021:00:43:08 +0900] "realpano.net(US) GET /rpv2/130419khe678/ HTTP/1.1" 404 196 "http://www.realpano.net/" "Mozilla/5.0 (Linux; Android 6.0.1; Nexus 5X Build/MMB29P) AppleWebKit/537.36 (KHTML, like Gecko) Chrome/94.0.4606.61 Mobile Safari/537.36 (compatible; Googlebot/2.1; +http://www.google.com/bot.html)"
66.249.68.56 - - [03/Oct/2021:00:43:08 +0900] "realpano.net(US) GET /rpv2/130419khe678/ HTTP/1.1" 404 196 "http://www.realpano.net/" "Mozilla/5.0 (Linux; Android 6.0.1; Nexus 5X Build/MMB29P) AppleWebKit/537.36 (KHTML, like Gecko) Chrome/94.0.4606.61 Mobile Safari/537.36 (compatible; Googlebot/2.1; +http://www.google.com/bot.html)"
45.145.116.201 - - [03/Oct/2021:00:44:29 +0900] "www.realpano.net(RU) GET /gl/ovject_vr/44140 HTTP/1.0" 200 44917 "http://www.realpano.net/" "Mozilla/5.0 (Windows NT 6.3; Win64; x64) AppleWebKit/537.36 (KHTML, like Gecko) Chrome/66.0.3359.117 Safari/537.36"
45.145.116.201 - - [03/Oct/2021:00:44:29 +0900] "www.realpano.net(RU) GET /gl/ovject_vr/44140 HTTP/1.0" 200 44917 "http://www.realpano.net/" "Mozilla/5.0 (Windows NT 6.3; Win64; x64) AppleWebKit/537.36 (KHTML, like Gecko) Chrome/66.0.3359.117 Safari/537.36"
114.119.154.65 - - [03/Oct/2021:00:45:21 +0900] "realpano.net(SG) GET /gl/index.php?mid=human_vr&m=1&listStyle=list&order_type=desc&sort_index=regdate&search_target=tag&search_keyword=%EB%AC%B8%ED%99%94%EA%B3%B5%EA%B0%84&document_srl=44618 HTTP/1.1" 403 199 "-" "Mozilla/5.0 (Linux; Android 7.0;) AppleWebKit/537.36 (KHTML, like Gecko) Mobile Safari/537.36 (compatible; PetalBot;+https://webmaster.petalsearch.com/site/petalbot)"
114.119.154.65 - - [03/Oct/2021:00:45:21 +0900] "realpano.net(SG) GET /gl/index.php?mid=human_vr&m=1&listStyle=list&order_type=desc&sort_index=regdate&search_target=tag&search_keyword=%EB%AC%B8%ED%99%94%EA%B3%B5%EA%B0%84&document_srl=44618 HTTP/1.1" 403 199 "-" "Mozilla/5.0 (Linux; Android 7.0;) AppleWebKit/537.36 (KHTML, like Gecko) Mobile Safari/537.36 (compatible; PetalBot;+https://webmaster.petalsearch.com/site/petalbot)"
114.119.154.30 - - [03/Oct/2021:00:50:22 +0900] "realpano.net(SG) GET /gl/index.php?mid=human_vr&m=1&page=6&listStyle=viewer&document_srl=43890&sort_index=readed_count&order_type=desc HTTP/1.1" 403 199 "-" "Mozilla/5.0 (Linux; Android 7.0;) AppleWebKit/537.36 (KHTML, like Gecko) Mobile Safari/537.36 (compatible; PetalBot;+https://webmaster.petalsearch.com/site/petalbot)"
114.119.154.30 - - [03/Oct/2021:00:50:22 +0900] "realpano.net(SG) GET /gl/index.php?mid=human_vr&m=1&page=6&listStyle=viewer&document_srl=43890&sort_index=readed_count&order_type=desc HTTP/1.1" 403 199 "-" "Mozilla/5.0 (Linux; Android 7.0;) AppleWebKit/537.36 (KHTML, like Gecko) Mobile Safari/537.36 (compatible; PetalBot;+https://webmaster.petalsearch.com/site/petalbot)"
114.119.154.6 - - [03/Oct/2021:00:55:22 +0900] "realpano.net(SG) GET /gl/index.php?mid=human_vr&category=3350&m=0&search_target=tag&search_keyword=%EB%8F%99%EB%AC%BC%EC%9B%90&act=dispMemberLoginForm HTTP/1.1" 403 199 "-" "Mozilla/5.0 (Linux; Android 7.0;) AppleWebKit/537.36 (KHTML, like Gecko) Mobile Safari/537.36 (compatible; PetalBot;+https://webmaster.petalsearch.com/site/petalbot)"
114.119.154.6 - - [03/Oct/2021:00:55:22 +0900] "realpano.net(SG) GET /gl/index.php?mid=human_vr&category=3350&m=0&search_target=tag&search_keyword=%EB%8F%99%EB%AC%BC%EC%9B%90&act=dispMemberLoginForm HTTP/1.1" 403 199 "-" "Mozilla/5.0 (Linux; Android 7.0;) AppleWebKit/537.36 (KHTML, like Gecko) Mobile Safari/537.36 (compatible; PetalBot;+https://webmaster.petalsearch.com/site/petalbot)"
66.249.68.60 - - [03/Oct/2021:00:56:57 +0900] "realpano.net(US) GET /gl/index.php?listStyle=viewer&mid=human_vr&order_type=asc&sort_index=title&page=1&search_target=tag&search_keyword=%EB%B0%95%EB%AC%BC%EA%B4%80 HTTP/1.1" 404 196 "-" "Mozilla/5.0 (Linux; Android 6.0.1; Nexus 5X Build/MMB29P) AppleWebKit/537.36 (KHTML, like Gecko) Chrome/94.0.4606.54 Mobile Safari/537.36 (compatible; Googlebot/2.1; +http://www.google.com/bot.html)"
66.249.68.60 - - [03/Oct/2021:00:56:57 +0900] "realpano.net(US) GET /gl/index.php?listStyle=viewer&mid=human_vr&order_type=asc&sort_index=title&page=1&search_target=tag&search_keyword=%EB%B0%95%EB%AC%BC%EA%B4%80 HTTP/1.1" 404 196 "-" "Mozilla/5.0 (Linux; Android 6.0.1; Nexus 5X Build/MMB29P) AppleWebKit/537.36 (KHTML, like Gecko) Chrome/94.0.4606.54 Mobile Safari/537.36 (compatible; Googlebot/2.1; +http://www.google.com/bot.html)"
66.249.68.60 - - [03/Oct/2021:00:57:09 +0900] "realpano.net(US) GET /gl/index.php?mid=human_vr&search_target=tag&search_keyword=%ED%98%B8%EB%9E%91%EC%9D%B4&listStyle=webzine&m=0 HTTP/1.1" 404 196 "-" "Mozilla/5.0 (Linux; Android 6.0.1; Nexus 5X Build/MMB29P) AppleWebKit/537.36 (KHTML, like Gecko) Chrome/94.0.4606.54 Mobile Safari/537.36 (compatible; Googlebot/2.1; +http://www.google.com/bot.html)"
66.249.68.60 - - [03/Oct/2021:00:57:09 +0900] "realpano.net(US) GET /gl/index.php?mid=human_vr&search_target=tag&search_keyword=%ED%98%B8%EB%9E%91%EC%9D%B4&listStyle=webzine&m=0 HTTP/1.1" 404 196 "-" "Mozilla/5.0 (Linux; Android 6.0.1; Nexus 5X Build/MMB29P) AppleWebKit/537.36 (KHTML, like Gecko) Chrome/94.0.4606.54 Mobile Safari/537.36 (compatible; Googlebot/2.1; +http://www.google.com/bot.html)"
114.119.154.41 - - [03/Oct/2021:01:00:21 +0900] "realpano.net(SG) GET /gl/index.php?mid=human_vr&listStyle=viewer&page=3&document_srl=44659 HTTP/1.1" 403 199 "-" "Mozilla/5.0 (Linux; Android 7.0;) AppleWebKit/537.36 (KHTML, like Gecko) Mobile Safari/537.36 (compatible; PetalBot;+https://webmaster.petalsearch.com/site/petalbot)"
114.119.154.41 - - [03/Oct/2021:01:00:21 +0900] "realpano.net(SG) GET /gl/index.php?mid=human_vr&listStyle=viewer&page=3&document_srl=44659 HTTP/1.1" 403 199 "-" "Mozilla/5.0 (Linux; Android 7.0;) AppleWebKit/537.36 (KHTML, like Gecko) Mobile Safari/537.36 (compatible; PetalBot;+https://webmaster.petalsearch.com/site/petalbot)"
157.55.39.20 - - [03/Oct/2021:01:00:52 +0900] "www.realpano.net(US) GET /gl/files/thumbnails/256/045/204x102.crop.jpg?20170214084209 HTTP/1.1" 200 23022 "-" "Mozilla/5.0 (compatible; bingbot/2.0; +http://www.bing.com/bingbot.htm)"
157.55.39.20 - - [03/Oct/2021:01:00:52 +0900] "www.realpano.net(US) GET /gl/files/thumbnails/256/045/204x102.crop.jpg?20170214084209 HTTP/1.1" 200 23022 "-" "Mozilla/5.0 (compatible; bingbot/2.0; +http://www.bing.com/bingbot.htm)"
114.119.154.30 - - [03/Oct/2021:01:05:23 +0900] "realpano.net(SG) GET /gl/index.php?mid=human_vr&search_target=tag&search_keyword=%EC%A2%85%EB%A1%9C&category=3350&act=dispMemberFindAccount HTTP/1.1" 403 199 "-" "Mozilla/5.0 (Linux; Android 7.0;) AppleWebKit/537.36 (KHTML, like Gecko) Mobile Safari/537.36 (compatible; PetalBot;+https://webmaster.petalsearch.com/site/petalbot)"
114.119.154.30 - - [03/Oct/2021:01:05:23 +0900] "realpano.net(SG) GET /gl/index.php?mid=human_vr&search_target=tag&search_keyword=%EC%A2%85%EB%A1%9C&category=3350&act=dispMemberFindAccount HTTP/1.1" 403 199 "-" "Mozilla/5.0 (Linux; Android 7.0;) AppleWebKit/537.36 (KHTML, like Gecko) Mobile Safari/537.36 (compatible; PetalBot;+https://webmaster.petalsearch.com/site/petalbot)"
114.119.154.30 - - [03/Oct/2021:01:10:22 +0900] "realpano.net(SG) GET /gl/index.php?mid=human_vr&m=0&listStyle=list&sort_index=readed_count&order_type=desc&search_target=tag&search_keyword=%EC%9E%90%EB%8F%99%EC%B0%A8%EB%B6%80%EC%86%8D&category=3342 HTTP/1.1" 403 199 "-" "Mozilla/5.0 (Linux; Android 7.0;) AppleWebKit/537.36 (KHTML, like Gecko) Mobile Safari/537.36 (compatible; PetalBot;+https://webmaster.petalsearch.com/site/petalbot)"
114.119.154.30 - - [03/Oct/2021:01:10:22 +0900] "realpano.net(SG) GET /gl/index.php?mid=human_vr&m=0&listStyle=list&sort_index=readed_count&order_type=desc&search_target=tag&search_keyword=%EC%9E%90%EB%8F%99%EC%B0%A8%EB%B6%80%EC%86%8D&category=3342 HTTP/1.1" 403 199 "-" "Mozilla/5.0 (Linux; Android 7.0;) AppleWebKit/537.36 (KHTML, like Gecko) Mobile Safari/537.36 (compatible; PetalBot;+https://webmaster.petalsearch.com/site/petalbot)"
114.119.154.39 - - [03/Oct/2021:01:15:23 +0900] "realpano.net(SG) GET /gl/human_vr/3891/fdf/trackback HTTP/1.1" 403 199 "-" "Mozilla/5.0 (Linux; Android 7.0;) AppleWebKit/537.36 (KHTML, like Gecko) Mobile Safari/537.36 (compatible; PetalBot;+https://webmaster.petalsearch.com/site/petalbot)"
114.119.154.39 - - [03/Oct/2021:01:15:23 +0900] "realpano.net(SG) GET /gl/human_vr/3891/fdf/trackback HTTP/1.1" 403 199 "-" "Mozilla/5.0 (Linux; Android 7.0;) AppleWebKit/537.36 (KHTML, like Gecko) Mobile Safari/537.36 (compatible; PetalBot;+https://webmaster.petalsearch.com/site/petalbot)"
114.119.154.41 - - [03/Oct/2021:01:20:23 +0900] "realpano.net(SG) GET /gl/index.php?mid=human_vr&page=4&listStyle=viewer&m=0&document_srl=4124&sort_index=title&order_type=desc HTTP/1.1" 403 199 "-" "Mozilla/5.0 (Linux; Android 7.0;) AppleWebKit/537.36 (KHTML, like Gecko) Mobile Safari/537.36 (compatible; PetalBot;+https://webmaster.petalsearch.com/site/petalbot)"
114.119.154.41 - - [03/Oct/2021:01:20:23 +0900] "realpano.net(SG) GET /gl/index.php?mid=human_vr&page=4&listStyle=viewer&m=0&document_srl=4124&sort_index=title&order_type=desc HTTP/1.1" 403 199 "-" "Mozilla/5.0 (Linux; Android 7.0;) AppleWebKit/537.36 (KHTML, like Gecko) Mobile Safari/537.36 (compatible; PetalBot;+https://webmaster.petalsearch.com/site/petalbot)"
114.119.154.6 - - [03/Oct/2021:01:25:25 +0900] "realpano.net(SG) GET /gl/index.php?mid=human_vr&m=1&listStyle=viewer&search_target=tag&search_keyword=%EB%8C%80%EA%B5%AC%EC%A4%91%EA%B5%AC&category=3352 HTTP/1.1" 403 199 "-" "Mozilla/5.0 (Linux; Android 7.0;) AppleWebKit/537.36 (KHTML, like Gecko) Mobile Safari/537.36 (compatible; PetalBot;+https://webmaster.petalsearch.com/site/petalbot)"
114.119.154.6 - - [03/Oct/2021:01:25:25 +0900] "realpano.net(SG) GET /gl/index.php?mid=human_vr&m=1&listStyle=viewer&search_target=tag&search_keyword=%EB%8C%80%EA%B5%AC%EC%A4%91%EA%B5%AC&category=3352 HTTP/1.1" 403 199 "-" "Mozilla/5.0 (Linux; Android 7.0;) AppleWebKit/537.36 (KHTML, like Gecko) Mobile Safari/537.36 (compatible; PetalBot;+https://webmaster.petalsearch.com/site/petalbot)"
66.249.68.58 - - [03/Oct/2021:01:29:57 +0900] "realpano.net(US) GET /_vr/tstar_arc/ HTTP/1.1" 404 196 "http://www.realpano.net/" "Mozilla/5.0 AppleWebKit/537.36 (KHTML, like Gecko; compatible; Googlebot/2.1; +http://www.google.com/bot.html) Chrome/94.0.4606.61 Safari/537.36"
66.249.68.58 - - [03/Oct/2021:01:29:57 +0900] "realpano.net(US) GET /_vr/tstar_arc/ HTTP/1.1" 404 196 "http://www.realpano.net/" "Mozilla/5.0 AppleWebKit/537.36 (KHTML, like Gecko; compatible; Googlebot/2.1; +http://www.google.com/bot.html) Chrome/94.0.4606.61 Safari/537.36"
66.249.68.56 - - [03/Oct/2021:01:29:58 +0900] "realpano.net(US) GET /_vr/tstar_arc/ HTTP/1.1" 404 196 "http://www.realpano.net/" "Mozilla/5.0 AppleWebKit/537.36 (KHTML, like Gecko; compatible; Googlebot/2.1; +http://www.google.com/bot.html) Chrome/94.0.4606.61 Safari/537.36"
66.249.68.56 - - [03/Oct/2021:01:29:58 +0900] "realpano.net(US) GET /_vr/tstar_arc/ HTTP/1.1" 404 196 "http://www.realpano.net/" "Mozilla/5.0 AppleWebKit/537.36 (KHTML, like Gecko; compatible; Googlebot/2.1; +http://www.google.com/bot.html) Chrome/94.0.4606.61 Safari/537.36"
114.119.154.67 - - [03/Oct/2021:01:30:25 +0900] "realpano.net(SG) GET /gl/index.php?mid=human_vr&m=1&listStyle=viewer&search_target=tag&search_keyword=%EB%AA%85%EB%AC%BC%EA%B3%A8%EB%AA%A9&category=3353&division=-45271&last_division=0 HTTP/1.1" 403 199 "-" "Mozilla/5.0 (Linux; Android 7.0;) AppleWebKit/537.36 (KHTML, like Gecko) Mobile Safari/537.36 (compatible; PetalBot;+https://webmaster.petalsearch.com/site/petalbot)"
114.119.154.67 - - [03/Oct/2021:01:30:25 +0900] "realpano.net(SG) GET /gl/index.php?mid=human_vr&m=1&listStyle=viewer&search_target=tag&search_keyword=%EB%AA%85%EB%AC%BC%EA%B3%A8%EB%AA%A9&category=3353&division=-45271&last_division=0 HTTP/1.1" 403 199 "-" "Mozilla/5.0 (Linux; Android 7.0;) AppleWebKit/537.36 (KHTML, like Gecko) Mobile Safari/537.36 (compatible; PetalBot;+https://webmaster.petalsearch.com/site/petalbot)"
114.119.154.26 - - [03/Oct/2021:01:35:26 +0900] "realpano.net(SG) GET /gl/index.php?mid=human_vr&m=0&category=3357&listStyle=viewer&document_srl=44770&sort_index=title&order_type=asc HTTP/1.1" 403 199 "-" "Mozilla/5.0 (Linux; Android 7.0;) AppleWebKit/537.36 (KHTML, like Gecko) Mobile Safari/537.36 (compatible; PetalBot;+https://webmaster.petalsearch.com/site/petalbot)"
114.119.154.26 - - [03/Oct/2021:01:35:26 +0900] "realpano.net(SG) GET /gl/index.php?mid=human_vr&m=0&category=3357&listStyle=viewer&document_srl=44770&sort_index=title&order_type=asc HTTP/1.1" 403 199 "-" "Mozilla/5.0 (Linux; Android 7.0;) AppleWebKit/537.36 (KHTML, like Gecko) Mobile Safari/537.36 (compatible; PetalBot;+https://webmaster.petalsearch.com/site/petalbot)"
114.119.154.30 - - [03/Oct/2021:01:40:25 +0900] "realpano.net(SG) GET /gl/index.php?mid=human_vr&listStyle=viewer&search_target=tag&search_keyword=%EC%83%9D%ED%83%9C%EC%9B%90&category=3357&division=-45271&last_division=0 HTTP/1.1" 403 199 "-" "Mozilla/5.0 (Linux; Android 7.0;) AppleWebKit/537.36 (KHTML, like Gecko) Mobile Safari/537.36 (compatible; PetalBot;+https://webmaster.petalsearch.com/site/petalbot)"
114.119.154.30 - - [03/Oct/2021:01:40:25 +0900] "realpano.net(SG) GET /gl/index.php?mid=human_vr&listStyle=viewer&search_target=tag&search_keyword=%EC%83%9D%ED%83%9C%EC%9B%90&category=3357&division=-45271&last_division=0 HTTP/1.1" 403 199 "-" "Mozilla/5.0 (Linux; Android 7.0;) AppleWebKit/537.36 (KHTML, like Gecko) Mobile Safari/537.36 (compatible; PetalBot;+https://webmaster.petalsearch.com/site/petalbot)"
114.119.133.34 - - [03/Oct/2021:01:45:23 +0900] "realpano.net(SG) GET /robots.txt HTTP/1.1" 403 199 "-" "Mozilla/5.0 (compatible;PetalBot;+https://webmaster.petalsearch.com/site/petalbot)"
114.119.133.34 - - [03/Oct/2021:01:45:23 +0900] "realpano.net(SG) GET /robots.txt HTTP/1.1" 403 199 "-" "Mozilla/5.0 (compatible;PetalBot;+https://webmaster.petalsearch.com/site/petalbot)"
207.46.13.95 - - [03/Oct/2021:01:46:05 +0900] "www.realpano.net(US) GET /gl/45210 HTTP/1.1" 301 - "-" "Mozilla/5.0 (compatible; bingbot/2.0; +http://www.bing.com/bingbot.htm)"
207.46.13.95 - - [03/Oct/2021:01:46:05 +0900] "www.realpano.net(US) GET /gl/45210 HTTP/1.1" 301 - "-" "Mozilla/5.0 (compatible; bingbot/2.0; +http://www.bing.com/bingbot.htm)"
114.119.154.26 - - [03/Oct/2021:01:50:24 +0900] "realpano.net(SG) GET /gl/index.php?mid=human_vr&m=1&search_target=tag&search_keyword=%EC%BF%A0%EB%82%98%EB%93%9C&division=-45271&last_division=0 HTTP/1.1" 403 199 "-" "Mozilla/5.0 (Linux; Android 7.0;) AppleWebKit/537.36 (KHTML, like Gecko) Mobile Safari/537.36 (compatible; PetalBot;+https://webmaster.petalsearch.com/site/petalbot)"
114.119.154.26 - - [03/Oct/2021:01:50:24 +0900] "realpano.net(SG) GET /gl/index.php?mid=human_vr&m=1&search_target=tag&search_keyword=%EC%BF%A0%EB%82%98%EB%93%9C&division=-45271&last_division=0 HTTP/1.1" 403 199 "-" "Mozilla/5.0 (Linux; Android 7.0;) AppleWebKit/537.36 (KHTML, like Gecko) Mobile Safari/537.36 (compatible; PetalBot;+https://webmaster.petalsearch.com/site/petalbot)"
207.46.13.70 - - [03/Oct/2021:01:50:54 +0900] "realpano.net(US) GET /gl/ HTTP/1.1" 404 2293 "-" "Mozilla/5.0 (compatible; bingbot/2.0; +http://www.bing.com/bingbot.htm)"
207.46.13.70 - - [03/Oct/2021:01:50:54 +0900] "realpano.net(US) GET /gl/ HTTP/1.1" 404 2293 "-" "Mozilla/5.0 (compatible; bingbot/2.0; +http://www.bing.com/bingbot.htm)"
207.46.13.70 - - [03/Oct/2021:01:54:15 +0900] "www.realpano.net(US) GET /gl/index.php?mid=human_vr&page=2 HTTP/1.1" 200 60238 "-" "Mozilla/5.0 (compatible; bingbot/2.0; +http://www.bing.com/bingbot.htm)"
207.46.13.70 - - [03/Oct/2021:01:54:15 +0900] "www.realpano.net(US) GET /gl/index.php?mid=human_vr&page=2 HTTP/1.1" 200 60238 "-" "Mozilla/5.0 (compatible; bingbot/2.0; +http://www.bing.com/bingbot.htm)"
114.119.154.67 - - [03/Oct/2021:01:55:27 +0900] "realpano.net(SG) GET /gl/index.php?mid=human_vr&search_target=tag&search_keyword=%EA%B3%B5%EC%9B%90&listStyle=viewer&category=3351 HTTP/1.1" 403 199 "-" "Mozilla/5.0 (Linux; Android 7.0;) AppleWebKit/537.36 (KHTML, like Gecko) Mobile Safari/537.36 (compatible; PetalBot;+https://webmaster.petalsearch.com/site/petalbot)"
114.119.154.67 - - [03/Oct/2021:01:55:27 +0900] "realpano.net(SG) GET /gl/index.php?mid=human_vr&search_target=tag&search_keyword=%EA%B3%B5%EC%9B%90&listStyle=viewer&category=3351 HTTP/1.1" 403 199 "-" "Mozilla/5.0 (Linux; Android 7.0;) AppleWebKit/537.36 (KHTML, like Gecko) Mobile Safari/537.36 (compatible; PetalBot;+https://webmaster.petalsearch.com/site/petalbot)"
114.119.154.65 - - [03/Oct/2021:02:00:23 +0900] "realpano.net(SG) GET /gl/index.php?mid=human_vr&listStyle=viewer&m=1&document_srl=44116 HTTP/1.1" 403 199 "-" "Mozilla/5.0 (Linux; Android 7.0;) AppleWebKit/537.36 (KHTML, like Gecko) Mobile Safari/537.36 (compatible; PetalBot;+https://webmaster.petalsearch.com/site/petalbot)"
114.119.154.65 - - [03/Oct/2021:02:00:23 +0900] "realpano.net(SG) GET /gl/index.php?mid=human_vr&listStyle=viewer&m=1&document_srl=44116 HTTP/1.1" 403 199 "-" "Mozilla/5.0 (Linux; Android 7.0;) AppleWebKit/537.36 (KHTML, like Gecko) Mobile Safari/537.36 (compatible; PetalBot;+https://webmaster.petalsearch.com/site/petalbot)"
114.119.154.67 - - [03/Oct/2021:02:05:29 +0900] "realpano.net(SG) GET /gl/index.php?mid=human_vr&m=1&category=3342&listStyle=list&order_type=asc&sort_index=regdate HTTP/1.1" 403 199 "-" "Mozilla/5.0 (Linux; Android 7.0;) AppleWebKit/537.36 (KHTML, like Gecko) Mobile Safari/537.36 (compatible; PetalBot;+https://webmaster.petalsearch.com/site/petalbot)"
114.119.154.67 - - [03/Oct/2021:02:05:29 +0900] "realpano.net(SG) GET /gl/index.php?mid=human_vr&m=1&category=3342&listStyle=list&order_type=asc&sort_index=regdate HTTP/1.1" 403 199 "-" "Mozilla/5.0 (Linux; Android 7.0;) AppleWebKit/537.36 (KHTML, like Gecko) Mobile Safari/537.36 (compatible; PetalBot;+https://webmaster.petalsearch.com/site/petalbot)"
114.119.154.65 - - [03/Oct/2021:02:10:29 +0900] "realpano.net(SG) GET /gl/index.php?mid=human_vr&m=0&category=3339&listStyle=list&order_type=desc&sort_index=regdate&search_target=tag&search_keyword=%EB%8C%80%EC%8B%A0%EB%8F%99 HTTP/1.1" 403 199 "-" "Mozilla/5.0 (Linux; Android 7.0;) AppleWebKit/537.36 (KHTML, like Gecko) Mobile Safari/537.36 (compatible; PetalBot;+https://webmaster.petalsearch.com/site/petalbot)"
114.119.154.65 - - [03/Oct/2021:02:10:29 +0900] "realpano.net(SG) GET /gl/index.php?mid=human_vr&m=0&category=3339&listStyle=list&order_type=desc&sort_index=regdate&search_target=tag&search_keyword=%EB%8C%80%EC%8B%A0%EB%8F%99 HTTP/1.1" 403 199 "-" "Mozilla/5.0 (Linux; Android 7.0;) AppleWebKit/537.36 (KHTML, like Gecko) Mobile Safari/537.36 (compatible; PetalBot;+https://webmaster.petalsearch.com/site/petalbot)"
114.119.154.6 - - [03/Oct/2021:02:15:31 +0900] "realpano.net(SG) GET /gl/index.php?mid=human_vr&m=1&search_target=tag&search_keyword=%EB%AC%B8%ED%99%94%EA%B3%B5%EA%B0%84&division=-45271&last_division=0&document_srl=44546 HTTP/1.1" 403 199 "-" "Mozilla/5.0 (Linux; Android 7.0;) AppleWebKit/537.36 (KHTML, like Gecko) Mobile Safari/537.36 (compatible; PetalBot;+https://webmaster.petalsearch.com/site/petalbot)"
114.119.154.6 - - [03/Oct/2021:02:15:31 +0900] "realpano.net(SG) GET /gl/index.php?mid=human_vr&m=1&search_target=tag&search_keyword=%EB%AC%B8%ED%99%94%EA%B3%B5%EA%B0%84&division=-45271&last_division=0&document_srl=44546 HTTP/1.1" 403 199 "-" "Mozilla/5.0 (Linux; Android 7.0;) AppleWebKit/537.36 (KHTML, like Gecko) Mobile Safari/537.36 (compatible; PetalBot;+https://webmaster.petalsearch.com/site/petalbot)"
157.55.39.121 - - [03/Oct/2021:02:18:27 +0900] "realpano.net(US) GET /gl/ovject_vr HTTP/2.0" 404 196 "-" "Mozilla/5.0 (compatible; bingbot/2.0; +http://www.bing.com/bingbot.htm)"
157.55.39.121 - - [03/Oct/2021:02:18:27 +0900] "realpano.net(US) GET /gl/ovject_vr HTTP/2.0" 404 196 "-" "Mozilla/5.0 (compatible; bingbot/2.0; +http://www.bing.com/bingbot.htm)"
114.119.154.39 - - [03/Oct/2021:02:20:39 +0900] "realpano.net(SG) GET /gl/index.php?mid=human_vr&m=0&category=3344&listStyle=list&search_target=tag&search_keyword=%EC%A2%85%EB%A1%9C&sort_index=readed_count&order_type=desc HTTP/1.1" 403 199 "-" "Mozilla/5.0 (Linux; Android 7.0;) AppleWebKit/537.36 (KHTML, like Gecko) Mobile Safari/537.36 (compatible; PetalBot;+https://webmaster.petalsearch.com/site/petalbot)"
114.119.154.39 - - [03/Oct/2021:02:20:39 +0900] "realpano.net(SG) GET /gl/index.php?mid=human_vr&m=0&category=3344&listStyle=list&search_target=tag&search_keyword=%EC%A2%85%EB%A1%9C&sort_index=readed_count&order_type=desc HTTP/1.1" 403 199 "-" "Mozilla/5.0 (Linux; Android 7.0;) AppleWebKit/537.36 (KHTML, like Gecko) Mobile Safari/537.36 (compatible; PetalBot;+https://webmaster.petalsearch.com/site/petalbot)"
40.77.202.57 - - [03/Oct/2021:02:21:45 +0900] "realpano.net(US) GET /gl/files/cache/assets/compiled/12f4c8563084710f3108d5393149ba67bcaa5d9b.rhymix.less.min.css HTTP/1.1" 404 196 "http://realpano.net/gl/" "Mozilla/5.0 (Windows NT 6.1; WOW64) AppleWebKit/534+ (KHTML, like Gecko) BingPreview/1.0b"
40.77.202.57 - - [03/Oct/2021:02:21:45 +0900] "realpano.net(US) GET /gl/files/cache/assets/compiled/12f4c8563084710f3108d5393149ba67bcaa5d9b.rhymix.less.min.css HTTP/1.1" 404 196 "http://realpano.net/gl/" "Mozilla/5.0 (Windows NT 6.1; WOW64) AppleWebKit/534+ (KHTML, like Gecko) BingPreview/1.0b"
40.77.202.57 - - [03/Oct/2021:02:21:45 +0900] "realpano.net(US) GET /gl/addons/captcha/captcha.min.js?20200731203419 HTTP/1.1" 200 6962 "http://realpano.net/gl/" "Mozilla/5.0 (Windows NT 6.1; WOW64) AppleWebKit/534+ (KHTML, like Gecko) BingPreview/1.0b"
40.77.202.57 - - [03/Oct/2021:02:21:45 +0900] "realpano.net(US) GET /gl/addons/captcha/captcha.min.js?20200731203419 HTTP/1.1" 200 6962 "http://realpano.net/gl/" "Mozilla/5.0 (Windows NT 6.1; WOW64) AppleWebKit/534+ (KHTML, like Gecko) BingPreview/1.0b"
40.77.202.57 - - [03/Oct/2021:02:21:45 +0900] "realpano.net(US) GET /gl/common/js/jquery-2.2.4.min.js?20201113010511 HTTP/1.1" 200 85578 "http://realpano.net/gl/" "Mozilla/5.0 (Windows NT 6.1; WOW64) AppleWebKit/534+ (KHTML, like Gecko) BingPreview/1.0b"
40.77.202.57 - - [03/Oct/2021:02:21:45 +0900] "realpano.net(US) GET /gl/common/js/jquery-2.2.4.min.js?20201113010511 HTTP/1.1" 200 85578 "http://realpano.net/gl/" "Mozilla/5.0 (Windows NT 6.1; WOW64) AppleWebKit/534+ (KHTML, like Gecko) BingPreview/1.0b"
40.77.202.57 - - [03/Oct/2021:02:21:45 +0900] "realpano.net(US) GET /gl/files/cache/assets/minified/rhymix.min.js?20201120233626 HTTP/1.1" 200 120587 "http://realpano.net/gl/" "Mozilla/5.0 (Windows NT 6.1; WOW64) AppleWebKit/534+ (KHTML, like Gecko) BingPreview/1.0b"
40.77.202.57 - - [03/Oct/2021:02:21:45 +0900] "realpano.net(US) GET /gl/files/cache/assets/minified/rhymix.min.js?20201120233626 HTTP/1.1" 200 120587 "http://realpano.net/gl/" "Mozilla/5.0 (Windows NT 6.1; WOW64) AppleWebKit/534+ (KHTML, like Gecko) BingPreview/1.0b"
114.119.154.67 - - [03/Oct/2021:02:26:11 +0900] "realpano.net(SG) GET /gl/index.php?mid=human_vr&category=3343&m=1&listStyle=viewer&search_target=tag&search_keyword=%EC%A4%91%EA%B5%AC%EC%B2%AD&document_srl=44567 HTTP/1.1" 403 199 "-" "Mozilla/5.0 (Linux; Android 7.0;) AppleWebKit/537.36 (KHTML, like Gecko) Mobile Safari/537.36 (compatible; PetalBot;+https://webmaster.petalsearch.com/site/petalbot)"
114.119.154.67 - - [03/Oct/2021:02:26:11 +0900] "realpano.net(SG) GET /gl/index.php?mid=human_vr&category=3343&m=1&listStyle=viewer&search_target=tag&search_keyword=%EC%A4%91%EA%B5%AC%EC%B2%AD&document_srl=44567 HTTP/1.1" 403 199 "-" "Mozilla/5.0 (Linux; Android 7.0;) AppleWebKit/537.36 (KHTML, like Gecko) Mobile Safari/537.36 (compatible; PetalBot;+https://webmaster.petalsearch.com/site/petalbot)"
207.46.13.70 - - [03/Oct/2021:02:31:28 +0900] "www.realpano.net(US) GET /gl/consultation1 HTTP/1.1" 200 39721 "-" "Mozilla/5.0 (compatible; bingbot/2.0; +http://www.bing.com/bingbot.htm)"
207.46.13.70 - - [03/Oct/2021:02:31:28 +0900] "www.realpano.net(US) GET /gl/consultation1 HTTP/1.1" 200 39721 "-" "Mozilla/5.0 (compatible; bingbot/2.0; +http://www.bing.com/bingbot.htm)"
114.119.150.32 - - [03/Oct/2021:02:31:39 +0900] "realpano.net(SG) GET /robots.txt HTTP/1.1" 403 199 "-" "Mozilla/5.0 (compatible;PetalBot;+https://webmaster.petalsearch.com/site/petalbot)"
114.119.150.32 - - [03/Oct/2021:02:31:39 +0900] "realpano.net(SG) GET /robots.txt HTTP/1.1" 403 199 "-" "Mozilla/5.0 (compatible;PetalBot;+https://webmaster.petalsearch.com/site/petalbot)"
17.121.113.144 - - [03/Oct/2021:02:33:23 +0900] "realpano.net(US) GET /gl/human_vr/3812 HTTP/1.1" 404 196 "-" "Mozilla/5.0 (Macintosh; Intel Mac OS X 10_15_5) AppleWebKit/605.1.15 (KHTML, like Gecko) Version/13.1.1 Safari/605.1.15 (Applebot/0.1; +http://www.apple.com/go/applebot)"
17.121.113.144 - - [03/Oct/2021:02:33:23 +0900] "realpano.net(US) GET /gl/human_vr/3812 HTTP/1.1" 404 196 "-" "Mozilla/5.0 (Macintosh; Intel Mac OS X 10_15_5) AppleWebKit/605.1.15 (KHTML, like Gecko) Version/13.1.1 Safari/605.1.15 (Applebot/0.1; +http://www.apple.com/go/applebot)"
114.119.154.39 - - [03/Oct/2021:02:36:40 +0900] "realpano.net(SG) GET /gl/index.php?mid=human_vr&search_target=tag&search_keyword=%EB%B3%B4%EC%84%9D&category=3355&m=1&listStyle=webzine&division=-45271&last_division=0 HTTP/1.1" 403 199 "-" "Mozilla/5.0 (Linux; Android 7.0;) AppleWebKit/537.36 (KHTML, like Gecko) Mobile Safari/537.36 (compatible; PetalBot;+https://webmaster.petalsearch.com/site/petalbot)"
114.119.154.39 - - [03/Oct/2021:02:36:40 +0900] "realpano.net(SG) GET /gl/index.php?mid=human_vr&search_target=tag&search_keyword=%EB%B3%B4%EC%84%9D&category=3355&m=1&listStyle=webzine&division=-45271&last_division=0 HTTP/1.1" 403 199 "-" "Mozilla/5.0 (Linux; Android 7.0;) AppleWebKit/537.36 (KHTML, like Gecko) Mobile Safari/537.36 (compatible; PetalBot;+https://webmaster.petalsearch.com/site/petalbot)"
207.46.13.121 - - [03/Oct/2021:02:38:08 +0900] "realpano.net(US) GET /gl/human_vr/3822 HTTP/2.0" 404 196 "-" "Mozilla/5.0 (compatible; bingbot/2.0; +http://www.bing.com/bingbot.htm)"
207.46.13.121 - - [03/Oct/2021:02:38:08 +0900] "realpano.net(US) GET /gl/human_vr/3822 HTTP/2.0" 404 196 "-" "Mozilla/5.0 (compatible; bingbot/2.0; +http://www.bing.com/bingbot.htm)"
207.46.13.95 - - [03/Oct/2021:02:38:13 +0900] "realpano.net(US) GET /gl/human_vr/34197 HTTP/2.0" 404 196 "-" "Mozilla/5.0 (compatible; bingbot/2.0; +http://www.bing.com/bingbot.htm)"
207.46.13.95 - - [03/Oct/2021:02:38:13 +0900] "realpano.net(US) GET /gl/human_vr/34197 HTTP/2.0" 404 196 "-" "Mozilla/5.0 (compatible; bingbot/2.0; +http://www.bing.com/bingbot.htm)"
66.249.68.58 - - [03/Oct/2021:02:38:53 +0900] "realpano.net(US) GET /gl/index.php?listStyle=list&mid=human_vr&order_type=desc&sort_index=title&m=0&category=3351 HTTP/1.1" 404 196 "-" "Mozilla/5.0 (Linux; Android 6.0.1; Nexus 5X Build/MMB29P) AppleWebKit/537.36 (KHTML, like Gecko) Chrome/94.0.4606.61 Mobile Safari/537.36 (compatible; Googlebot/2.1; +http://www.google.com/bot.html)"
66.249.68.58 - - [03/Oct/2021:02:38:53 +0900] "realpano.net(US) GET /gl/index.php?listStyle=list&mid=human_vr&order_type=desc&sort_index=title&m=0&category=3351 HTTP/1.1" 404 196 "-" "Mozilla/5.0 (Linux; Android 6.0.1; Nexus 5X Build/MMB29P) AppleWebKit/537.36 (KHTML, like Gecko) Chrome/94.0.4606.61 Mobile Safari/537.36 (compatible; Googlebot/2.1; +http://www.google.com/bot.html)"
114.119.154.41 - - [03/Oct/2021:02:41:38 +0900] "realpano.net(SG) GET /gl/index.php?mid=human_vr&document_srl=43990&m=0&listStyle=viewer&page=4 HTTP/1.1" 403 199 "-" "Mozilla/5.0 (Linux; Android 7.0;) AppleWebKit/537.36 (KHTML, like Gecko) Mobile Safari/537.36 (compatible; PetalBot;+https://webmaster.petalsearch.com/site/petalbot)"
114.119.154.41 - - [03/Oct/2021:02:41:38 +0900] "realpano.net(SG) GET /gl/index.php?mid=human_vr&document_srl=43990&m=0&listStyle=viewer&page=4 HTTP/1.1" 403 199 "-" "Mozilla/5.0 (Linux; Android 7.0;) AppleWebKit/537.36 (KHTML, like Gecko) Mobile Safari/537.36 (compatible; PetalBot;+https://webmaster.petalsearch.com/site/petalbot)"
114.119.154.67 - - [03/Oct/2021:02:46:34 +0900] "realpano.net(SG) GET /gl/index.php?mid=human_vr&listStyle=webzine&m=0&sort_index=readed_count&order_type=desc&page=6&document_srl=45245 HTTP/1.1" 403 199 "-" "Mozilla/5.0 (Linux; Android 7.0;) AppleWebKit/537.36 (KHTML, like Gecko) Mobile Safari/537.36 (compatible; PetalBot;+https://webmaster.petalsearch.com/site/petalbot)"
114.119.154.67 - - [03/Oct/2021:02:46:34 +0900] "realpano.net(SG) GET /gl/index.php?mid=human_vr&listStyle=webzine&m=0&sort_index=readed_count&order_type=desc&page=6&document_srl=45245 HTTP/1.1" 403 199 "-" "Mozilla/5.0 (Linux; Android 7.0;) AppleWebKit/537.36 (KHTML, like Gecko) Mobile Safari/537.36 (compatible; PetalBot;+https://webmaster.petalsearch.com/site/petalbot)"
114.119.154.39 - - [03/Oct/2021:02:51:29 +0900] "realpano.net(SG) GET /gl/index.php?mid=human_vr&m=1&listStyle=gallery&document_srl=44866 HTTP/1.1" 403 199 "-" "Mozilla/5.0 (Linux; Android 7.0;) AppleWebKit/537.36 (KHTML, like Gecko) Mobile Safari/537.36 (compatible; PetalBot;+https://webmaster.petalsearch.com/site/petalbot)"
114.119.154.39 - - [03/Oct/2021:02:51:29 +0900] "realpano.net(SG) GET /gl/index.php?mid=human_vr&m=1&listStyle=gallery&document_srl=44866 HTTP/1.1" 403 199 "-" "Mozilla/5.0 (Linux; Android 7.0;) AppleWebKit/537.36 (KHTML, like Gecko) Mobile Safari/537.36 (compatible; PetalBot;+https://webmaster.petalsearch.com/site/petalbot)"
114.119.142.212 - - [03/Oct/2021:02:56:40 +0900] "www.realpano.net(SG) GET /robots.txt HTTP/1.1" 403 199 "-" "Mozilla/5.0 (compatible;PetalBot;+https://webmaster.petalsearch.com/site/petalbot)"
114.119.142.212 - - [03/Oct/2021:02:56:40 +0900] "www.realpano.net(SG) GET /robots.txt HTTP/1.1" 403 199 "-" "Mozilla/5.0 (compatible;PetalBot;+https://webmaster.petalsearch.com/site/petalbot)"
114.119.154.65 - - [03/Oct/2021:03:01:37 +0900] "realpano.net(SG) GET /gl/index.php?mid=human_vr&listStyle=list&m=1&category=3344&document_srl=45015&act=dispMemberFindAccount HTTP/1.1" 403 199 "-" "Mozilla/5.0 (Linux; Android 7.0;) AppleWebKit/537.36 (KHTML, like Gecko) Mobile Safari/537.36 (compatible; PetalBot;+https://webmaster.petalsearch.com/site/petalbot)"
114.119.154.65 - - [03/Oct/2021:03:01:37 +0900] "realpano.net(SG) GET /gl/index.php?mid=human_vr&listStyle=list&m=1&category=3344&document_srl=45015&act=dispMemberFindAccount HTTP/1.1" 403 199 "-" "Mozilla/5.0 (Linux; Android 7.0;) AppleWebKit/537.36 (KHTML, like Gecko) Mobile Safari/537.36 (compatible; PetalBot;+https://webmaster.petalsearch.com/site/petalbot)"
114.119.154.30 - - [03/Oct/2021:03:06:30 +0900] "realpano.net(SG) GET /gl/index.php?mid=human_vr&m=0&category=3357&listStyle=webzine&search_target=tag&search_keyword=%EB%96%A1&order_type=desc HTTP/1.1" 403 199 "-" "Mozilla/5.0 (Linux; Android 7.0;) AppleWebKit/537.36 (KHTML, like Gecko) Mobile Safari/537.36 (compatible; PetalBot;+https://webmaster.petalsearch.com/site/petalbot)"
114.119.154.30 - - [03/Oct/2021:03:06:30 +0900] "realpano.net(SG) GET /gl/index.php?mid=human_vr&m=0&category=3357&listStyle=webzine&search_target=tag&search_keyword=%EB%96%A1&order_type=desc HTTP/1.1" 403 199 "-" "Mozilla/5.0 (Linux; Android 7.0;) AppleWebKit/537.36 (KHTML, like Gecko) Mobile Safari/537.36 (compatible; PetalBot;+https://webmaster.petalsearch.com/site/petalbot)"
42.236.10.93 - - [03/Oct/2021:03:10:26 +0900] "www.realpano.net(CN) GET / HTTP/1.1" 403 199 "http://baidu.com/" "Mozilla/5.0 (Linux; U; Android 8.1.0; zh-CN; EML-AL00 Build/HUAWEIEML-AL00) AppleWebKit/537.36 (KHTML, like Gecko) Version/4.0 Chrome/57.0.2987.108 baidu.sogo.uc.UCBrowser/11.9.4.974 UWS/2.13.1.48 Mobile Safari/537.36 AliApp(DingTalk/4.5.11) com.alibaba.android.rimet/10487439 Channel/227200 language/zh-CN"
42.236.10.93 - - [03/Oct/2021:03:10:26 +0900] "www.realpano.net(CN) GET / HTTP/1.1" 403 199 "http://baidu.com/" "Mozilla/5.0 (Linux; U; Android 8.1.0; zh-CN; EML-AL00 Build/HUAWEIEML-AL00) AppleWebKit/537.36 (KHTML, like Gecko) Version/4.0 Chrome/57.0.2987.108 baidu.sogo.uc.UCBrowser/11.9.4.974 UWS/2.13.1.48 Mobile Safari/537.36 AliApp(DingTalk/4.5.11) com.alibaba.android.rimet/10487439 Channel/227200 language/zh-CN"
42.236.10.125 - - [03/Oct/2021:03:10:35 +0900] "www.realpano.net(CN) GET / HTTP/1.1" 403 199 "-" "Mozilla/5.0 (Linux; U; Android 8.1.0; zh-CN; EML-AL00 Build/HUAWEIEML-AL00) AppleWebKit/537.36 (KHTML, like Gecko) Version/4.0 Chrome/57.0.2987.108 baidu.sogo.uc.UCBrowser/11.9.4.974 UWS/2.13.1.48 Mobile Safari/537.36 AliApp(DingTalk/4.5.11) com.alibaba.android.rimet/10487439 Channel/227200 language/zh-CN"
42.236.10.125 - - [03/Oct/2021:03:10:35 +0900] "www.realpano.net(CN) GET / HTTP/1.1" 403 199 "-" "Mozilla/5.0 (Linux; U; Android 8.1.0; zh-CN; EML-AL00 Build/HUAWEIEML-AL00) AppleWebKit/537.36 (KHTML, like Gecko) Version/4.0 Chrome/57.0.2987.108 baidu.sogo.uc.UCBrowser/11.9.4.974 UWS/2.13.1.48 Mobile Safari/537.36 AliApp(DingTalk/4.5.11) com.alibaba.android.rimet/10487439 Channel/227200 language/zh-CN"
42.236.10.125 - - [03/Oct/2021:03:10:39 +0900] "www.realpano.net(CN) GET / HTTP/1.1" 403 199 "http://baidu.com/" "Mozilla/5.0 (Linux; U; Android 8.1.0; zh-CN; EML-AL00 Build/HUAWEIEML-AL00) AppleWebKit/537.36 (KHTML, like Gecko) Version/4.0 Chrome/57.0.2987.108 baidu.sogo.uc.UCBrowser/11.9.4.974 UWS/2.13.1.48 Mobile Safari/537.36 AliApp(DingTalk/4.5.11) com.alibaba.android.rimet/10487439 Channel/227200 language/zh-CN"
42.236.10.125 - - [03/Oct/2021:03:10:39 +0900] "www.realpano.net(CN) GET / HTTP/1.1" 403 199 "http://baidu.com/" "Mozilla/5.0 (Linux; U; Android 8.1.0; zh-CN; EML-AL00 Build/HUAWEIEML-AL00) AppleWebKit/537.36 (KHTML, like Gecko) Version/4.0 Chrome/57.0.2987.108 baidu.sogo.uc.UCBrowser/11.9.4.974 UWS/2.13.1.48 Mobile Safari/537.36 AliApp(DingTalk/4.5.11) com.alibaba.android.rimet/10487439 Channel/227200 language/zh-CN"
114.119.154.39 - - [03/Oct/2021:03:11:32 +0900] "realpano.net(SG) GET /gl/index.php?mid=human_vr&m=0&category=3350&listStyle=list&order_type=desc&sort_index=regdate&document_srl=44699 HTTP/1.1" 403 199 "-" "Mozilla/5.0 (Linux; Android 7.0;) AppleWebKit/537.36 (KHTML, like Gecko) Mobile Safari/537.36 (compatible; PetalBot;+https://webmaster.petalsearch.com/site/petalbot)"
114.119.154.39 - - [03/Oct/2021:03:11:32 +0900] "realpano.net(SG) GET /gl/index.php?mid=human_vr&m=0&category=3350&listStyle=list&order_type=desc&sort_index=regdate&document_srl=44699 HTTP/1.1" 403 199 "-" "Mozilla/5.0 (Linux; Android 7.0;) AppleWebKit/537.36 (KHTML, like Gecko) Mobile Safari/537.36 (compatible; PetalBot;+https://webmaster.petalsearch.com/site/petalbot)"
17.121.115.229 - - [03/Oct/2021:03:14:25 +0900] "realpano.net(US) GET /gl/human_vr/45239 HTTP/1.1" 404 196 "-" "Mozilla/5.0 (Macintosh; Intel Mac OS X 10_15_5) AppleWebKit/605.1.15 (KHTML, like Gecko) Version/13.1.1 Safari/605.1.15 (Applebot/0.1; +http://www.apple.com/go/applebot)"
17.121.115.229 - - [03/Oct/2021:03:14:25 +0900] "realpano.net(US) GET /gl/human_vr/45239 HTTP/1.1" 404 196 "-" "Mozilla/5.0 (Macintosh; Intel Mac OS X 10_15_5) AppleWebKit/605.1.15 (KHTML, like Gecko) Version/13.1.1 Safari/605.1.15 (Applebot/0.1; +http://www.apple.com/go/applebot)"
114.119.154.67 - - [03/Oct/2021:03:16:41 +0900] "realpano.net(SG) GET /gl/index.php?mid=human_vr&search_target=tag&search_keyword=%EA%B8%B0%EB%85%90%EA%B4%80&m=0&listStyle=list HTTP/1.1" 403 199 "-" "Mozilla/5.0 (Linux; Android 7.0;) AppleWebKit/537.36 (KHTML, like Gecko) Mobile Safari/537.36 (compatible; PetalBot;+https://webmaster.petalsearch.com/site/petalbot)"
114.119.154.67 - - [03/Oct/2021:03:16:41 +0900] "realpano.net(SG) GET /gl/index.php?mid=human_vr&search_target=tag&search_keyword=%EA%B8%B0%EB%85%90%EA%B4%80&m=0&listStyle=list HTTP/1.1" 403 199 "-" "Mozilla/5.0 (Linux; Android 7.0;) AppleWebKit/537.36 (KHTML, like Gecko) Mobile Safari/537.36 (compatible; PetalBot;+https://webmaster.petalsearch.com/site/petalbot)"
114.119.154.41 - - [03/Oct/2021:03:21:56 +0900] "realpano.net(SG) GET /gl/index.php?mid=human_vr&search_target=tag&search_keyword=%EB%8F%8C%EC%9E%94%EC%B9%98&category=3343&m=1&listStyle=gallery HTTP/1.1" 403 199 "-" "Mozilla/5.0 (Linux; Android 7.0;) AppleWebKit/537.36 (KHTML, like Gecko) Mobile Safari/537.36 (compatible; PetalBot;+https://webmaster.petalsearch.com/site/petalbot)"
114.119.154.41 - - [03/Oct/2021:03:21:56 +0900] "realpano.net(SG) GET /gl/index.php?mid=human_vr&search_target=tag&search_keyword=%EB%8F%8C%EC%9E%94%EC%B9%98&category=3343&m=1&listStyle=gallery HTTP/1.1" 403 199 "-" "Mozilla/5.0 (Linux; Android 7.0;) AppleWebKit/537.36 (KHTML, like Gecko) Mobile Safari/537.36 (compatible; PetalBot;+https://webmaster.petalsearch.com/site/petalbot)"
