157.55.39.121 - - [04/Oct/2021:21:16:33 +0900] "realpano.net(US) GET /gl/files/thumbnails/084/044/204x102.crop.jpg?20140706142929 HTTP/2.0" 404 196 "-" "Mozilla/5.0 (compatible; bingbot/2.0; +http://www.bing.com/bingbot.htm)"
114.119.154.26 - - [04/Oct/2021:21:17:48 +0900] "realpano.net(SG) GET /gl/index.php?mid=human_vr&listStyle=list&page=6&document_srl=4106 HTTP/1.1" 403 199 "-" "Mozilla/5.0 (Linux; Android 7.0;) AppleWebKit/537.36 (KHTML, like Gecko) Mobile Safari/537.36 (compatible; PetalBot;+https://webmaster.petalsearch.com/site/petalbot)"
114.119.154.26 - - [04/Oct/2021:21:17:48 +0900] "realpano.net(SG) GET /gl/index.php?mid=human_vr&listStyle=list&page=6&document_srl=4106 HTTP/1.1" 403 199 "-" "Mozilla/5.0 (Linux; Android 7.0;) AppleWebKit/537.36 (KHTML, like Gecko) Mobile Safari/537.36 (compatible; PetalBot;+https://webmaster.petalsearch.com/site/petalbot)"
207.46.13.95 - - [04/Oct/2021:21:22:56 +0900] "www.realpano.net(US) GET /_allthat_VR/park/100521ds/ HTTP/1.1" 200 1843 "-" "Mozilla/5.0 (compatible; bingbot/2.0; +http://www.bing.com/bingbot.htm)"
207.46.13.95 - - [04/Oct/2021:21:22:56 +0900] "www.realpano.net(US) GET /_allthat_VR/park/100521ds/ HTTP/1.1" 200 1843 "-" "Mozilla/5.0 (compatible; bingbot/2.0; +http://www.bing.com/bingbot.htm)"
205.169.39.139 - - [04/Oct/2021:21:22:59 +0900] "realpano.net(US) GET / HTTP/1.1" 200 64 "-" "Mozilla/5.0 (Windows NT 6.1; Win64; x64) AppleWebKit/537.36 (KHTML, like Gecko) Chrome/83.0.4103.61 Safari/537.36"
205.169.39.139 - - [04/Oct/2021:21:22:59 +0900] "realpano.net(US) GET / HTTP/1.1" 200 64 "-" "Mozilla/5.0 (Windows NT 6.1; Win64; x64) AppleWebKit/537.36 (KHTML, like Gecko) Chrome/83.0.4103.61 Safari/537.36"
205.169.39.139 - - [04/Oct/2021:21:23:00 +0900] "realpano.net(US) GET /gl/ HTTP/1.1" 404 2293 "http://realpano.net/" "Mozilla/5.0 (Windows NT 6.1; Win64; x64) AppleWebKit/537.36 (KHTML, like Gecko) Chrome/83.0.4103.61 Safari/537.36"
205.169.39.139 - - [04/Oct/2021:21:23:00 +0900] "realpano.net(US) GET /gl/ HTTP/1.1" 404 2293 "http://realpano.net/" "Mozilla/5.0 (Windows NT 6.1; Win64; x64) AppleWebKit/537.36 (KHTML, like Gecko) Chrome/83.0.4103.61 Safari/537.36"
205.169.39.139 - - [04/Oct/2021:21:23:00 +0900] "realpano.net(US) GET /gl/common/js/jquery-2.2.4.min.js?20201113010511 HTTP/1.1" 200 85578 "http://realpano.net/gl/" "Mozilla/5.0 (Windows NT 6.1; Win64; x64) AppleWebKit/537.36 (KHTML, like Gecko) Chrome/83.0.4103.61 Safari/537.36"
205.169.39.139 - - [04/Oct/2021:21:23:00 +0900] "realpano.net(US) GET /gl/common/js/jquery-2.2.4.min.js?20201113010511 HTTP/1.1" 200 85578 "http://realpano.net/gl/" "Mozilla/5.0 (Windows NT 6.1; Win64; x64) AppleWebKit/537.36 (KHTML, like Gecko) Chrome/83.0.4103.61 Safari/537.36"
205.169.39.139 - - [04/Oct/2021:21:23:01 +0900] "realpano.net(US) GET /gl/files/cache/assets/minified/rhymix.min.js?20201120233626 HTTP/1.1" 200 120587 "http://realpano.net/gl/" "Mozilla/5.0 (Windows NT 6.1; Win64; x64) AppleWebKit/537.36 (KHTML, like Gecko) Chrome/83.0.4103.61 Safari/537.36"
205.169.39.139 - - [04/Oct/2021:21:23:01 +0900] "realpano.net(US) GET /gl/files/cache/assets/minified/rhymix.min.js?20201120233626 HTTP/1.1" 200 120587 "http://realpano.net/gl/" "Mozilla/5.0 (Windows NT 6.1; Win64; x64) AppleWebKit/537.36 (KHTML, like Gecko) Chrome/83.0.4103.61 Safari/537.36"
205.169.39.139 - - [04/Oct/2021:21:23:01 +0900] "realpano.net(US) GET /gl/addons/captcha/captcha.min.js?20200731203419 HTTP/1.1" 200 6962 "http://realpano.net/gl/" "Mozilla/5.0 (Windows NT 6.1; Win64; x64) AppleWebKit/537.36 (KHTML, like Gecko) Chrome/83.0.4103.61 Safari/537.36"
205.169.39.139 - - [04/Oct/2021:21:23:01 +0900] "realpano.net(US) GET /gl/addons/captcha/captcha.min.js?20200731203419 HTTP/1.1" 200 6962 "http://realpano.net/gl/" "Mozilla/5.0 (Windows NT 6.1; Win64; x64) AppleWebKit/537.36 (KHTML, like Gecko) Chrome/83.0.4103.61 Safari/537.36"
114.119.154.39 - - [04/Oct/2021:21:24:01 +0900] "realpano.net(SG) GET /gl/index.php?mid=human_vr&page=5&listStyle=viewer&search_target=tag&search_keyword=%EB%AA%A8%ED%85%94&m=0 HTTP/1.1" 403 199 "-" "Mozilla/5.0 (Linux; Android 7.0;) AppleWebKit/537.36 (KHTML, like Gecko) Mobile Safari/537.36 (compatible; PetalBot;+https://webmaster.petalsearch.com/site/petalbot)"
114.119.154.39 - - [04/Oct/2021:21:24:01 +0900] "realpano.net(SG) GET /gl/index.php?mid=human_vr&page=5&listStyle=viewer&search_target=tag&search_keyword=%EB%AA%A8%ED%85%94&m=0 HTTP/1.1" 403 199 "-" "Mozilla/5.0 (Linux; Android 7.0;) AppleWebKit/537.36 (KHTML, like Gecko) Mobile Safari/537.36 (compatible; PetalBot;+https://webmaster.petalsearch.com/site/petalbot)"
114.119.154.26 - - [04/Oct/2021:21:30:28 +0900] "realpano.net(SG) GET /gl/index.php?mid=human_vr&m=1&listStyle=viewer&search_target=tag&search_keyword=%EC%A4%91%EC%95%99%EA%B3%B5%EC%9B%90&act=dispMemberFindAccount HTTP/1.1" 403 199 "-" "Mozilla/5.0 (Linux; Android 7.0;) AppleWebKit/537.36 (KHTML, like Gecko) Mobile Safari/537.36 (compatible; PetalBot;+https://webmaster.petalsearch.com/site/petalbot)"
114.119.154.26 - - [04/Oct/2021:21:30:28 +0900] "realpano.net(SG) GET /gl/index.php?mid=human_vr&m=1&listStyle=viewer&search_target=tag&search_keyword=%EC%A4%91%EC%95%99%EA%B3%B5%EC%9B%90&act=dispMemberFindAccount HTTP/1.1" 403 199 "-" "Mozilla/5.0 (Linux; Android 7.0;) AppleWebKit/537.36 (KHTML, like Gecko) Mobile Safari/537.36 (compatible; PetalBot;+https://webmaster.petalsearch.com/site/petalbot)"
191.101.95.209 - - [04/Oct/2021:21:31:34 +0900] "realpano.net(DE) GET / HTTP/1.1" 200 64 "-" "Go-http-client/1.1"
191.101.95.209 - - [04/Oct/2021:21:31:34 +0900] "realpano.net(DE) GET / HTTP/1.1" 200 64 "-" "Go-http-client/1.1"
176.113.42.20 - - [04/Oct/2021:21:31:35 +0900] "realpano.net(RU) GET / HTTP/1.1" 200 687 "-" "Go-http-client/1.1"
176.113.42.20 - - [04/Oct/2021:21:31:35 +0900] "realpano.net(RU) GET / HTTP/1.1" 200 687 "-" "Go-http-client/1.1"
176.113.43.69 - - [04/Oct/2021:21:31:42 +0900] "realpano.net(RU) GET /favicon.ico HTTP/1.1" 404 196 "-" "Go-http-client/1.1"
176.113.43.69 - - [04/Oct/2021:21:31:42 +0900] "realpano.net(RU) GET /favicon.ico HTTP/1.1" 404 196 "-" "Go-http-client/1.1"
176.113.42.19 - - [04/Oct/2021:21:31:43 +0900] "realpano.net(RU) GET /favicon.ico HTTP/1.1" 404 196 "-" "Go-http-client/1.1"
176.113.42.19 - - [04/Oct/2021:21:31:43 +0900] "realpano.net(RU) GET /favicon.ico HTTP/1.1" 404 196 "-" "Go-http-client/1.1"
66.249.79.7 - - [04/Oct/2021:21:34:43 +0900] "www.realpano.net(US) GET /xe/23696 HTTP/1.1" 404 196 "-" "Mozilla/5.0 (compatible; Googlebot/2.1; +http://www.google.com/bot.html)"
66.249.79.7 - - [04/Oct/2021:21:34:43 +0900] "www.realpano.net(US) GET /xe/23696 HTTP/1.1" 404 196 "-" "Mozilla/5.0 (compatible; Googlebot/2.1; +http://www.google.com/bot.html)"
114.119.154.30 - - [04/Oct/2021:21:36:53 +0900] "realpano.net(SG) GET /gl/index.php?mid=human_vr&document_srl=45237&act=dispMemberLoginForm HTTP/1.1" 403 199 "-" "Mozilla/5.0 (Linux; Android 7.0;) AppleWebKit/537.36 (KHTML, like Gecko) Mobile Safari/537.36 (compatible; PetalBot;+https://webmaster.petalsearch.com/site/petalbot)"
114.119.154.30 - - [04/Oct/2021:21:36:53 +0900] "realpano.net(SG) GET /gl/index.php?mid=human_vr&document_srl=45237&act=dispMemberLoginForm HTTP/1.1" 403 199 "-" "Mozilla/5.0 (Linux; Android 7.0;) AppleWebKit/537.36 (KHTML, like Gecko) Mobile Safari/537.36 (compatible; PetalBot;+https://webmaster.petalsearch.com/site/petalbot)"
114.119.154.67 - - [04/Oct/2021:21:43:15 +0900] "realpano.net(SG) GET /gl/index.php?mid=human_vr&m=0&search_target=tag&search_keyword=%EA%B3%A8%EB%AA%A9&division=-45271&last_division=0&listStyle=gallery HTTP/1.1" 403 199 "-" "Mozilla/5.0 (Linux; Android 7.0;) AppleWebKit/537.36 (KHTML, like Gecko) Mobile Safari/537.36 (compatible; PetalBot;+https://webmaster.petalsearch.com/site/petalbot)"
114.119.154.67 - - [04/Oct/2021:21:43:15 +0900] "realpano.net(SG) GET /gl/index.php?mid=human_vr&m=0&search_target=tag&search_keyword=%EA%B3%A8%EB%AA%A9&division=-45271&last_division=0&listStyle=gallery HTTP/1.1" 403 199 "-" "Mozilla/5.0 (Linux; Android 7.0;) AppleWebKit/537.36 (KHTML, like Gecko) Mobile Safari/537.36 (compatible; PetalBot;+https://webmaster.petalsearch.com/site/petalbot)"
157.55.39.20 - - [04/Oct/2021:21:44:18 +0900] "www.realpano.net(US) GET / HTTP/1.1" 200 64 "-" "Mozilla/5.0 (compatible; bingbot/2.0; +http://www.bing.com/bingbot.htm)"
157.55.39.20 - - [04/Oct/2021:21:44:18 +0900] "www.realpano.net(US) GET / HTTP/1.1" 200 64 "-" "Mozilla/5.0 (compatible; bingbot/2.0; +http://www.bing.com/bingbot.htm)"
114.119.154.41 - - [04/Oct/2021:21:49:36 +0900] "realpano.net(SG) GET /gl/index.php?mid=human_vr&listStyle=list&m=0&sort_index=title&order_type=desc&category=3342&search_target=tag&search_keyword=%EC%82%AC%EC%9E%90 HTTP/1.1" 403 199 "-" "Mozilla/5.0 (Linux; Android 7.0;) AppleWebKit/537.36 (KHTML, like Gecko) Mobile Safari/537.36 (compatible; PetalBot;+https://webmaster.petalsearch.com/site/petalbot)"
114.119.154.41 - - [04/Oct/2021:21:49:36 +0900] "realpano.net(SG) GET /gl/index.php?mid=human_vr&listStyle=list&m=0&sort_index=title&order_type=desc&category=3342&search_target=tag&search_keyword=%EC%82%AC%EC%9E%90 HTTP/1.1" 403 199 "-" "Mozilla/5.0 (Linux; Android 7.0;) AppleWebKit/537.36 (KHTML, like Gecko) Mobile Safari/537.36 (compatible; PetalBot;+https://webmaster.petalsearch.com/site/petalbot)"
66.249.79.5 - - [04/Oct/2021:21:50:28 +0900] "www.realpano.net(US) GET /gl/pvr1 HTTP/1.1" 200 13721 "-" "Mozilla/5.0 (Linux; Android 6.0.1; Nexus 5X Build/MMB29P) AppleWebKit/537.36 (KHTML, like Gecko) Chrome/94.0.4606.61 Mobile Safari/537.36 (compatible; Googlebot/2.1; +http://www.google.com/bot.html)"
66.249.79.5 - - [04/Oct/2021:21:50:28 +0900] "www.realpano.net(US) GET /gl/pvr1 HTTP/1.1" 200 13721 "-" "Mozilla/5.0 (Linux; Android 6.0.1; Nexus 5X Build/MMB29P) AppleWebKit/537.36 (KHTML, like Gecko) Chrome/94.0.4606.61 Mobile Safari/537.36 (compatible; Googlebot/2.1; +http://www.google.com/bot.html)"
114.119.154.67 - - [04/Oct/2021:21:55:59 +0900] "realpano.net(SG) GET /gl/index.php?mid=human_vr&search_target=tag&search_keyword=%EC%A4%91%EA%B5%AC%EC%B2%AD&document_srl=44678 HTTP/1.1" 403 199 "-" "Mozilla/5.0 (Linux; Android 7.0;) AppleWebKit/537.36 (KHTML, like Gecko) Mobile Safari/537.36 (compatible; PetalBot;+https://webmaster.petalsearch.com/site/petalbot)"
114.119.154.67 - - [04/Oct/2021:21:55:59 +0900] "realpano.net(SG) GET /gl/index.php?mid=human_vr&search_target=tag&search_keyword=%EC%A4%91%EA%B5%AC%EC%B2%AD&document_srl=44678 HTTP/1.1" 403 199 "-" "Mozilla/5.0 (Linux; Android 7.0;) AppleWebKit/537.36 (KHTML, like Gecko) Mobile Safari/537.36 (compatible; PetalBot;+https://webmaster.petalsearch.com/site/petalbot)"
114.119.154.41 - - [04/Oct/2021:22:02:04 +0900] "realpano.net(SG) GET /gl/index.php?mid=human_vr&search_target=tag&search_keyword=%ED%9B%84%EB%A0%88%EC%89%AC%EC%83%90%EB%9F%AC%EB%93%9C&m=0&category=3343&act=dispMemberSignUpForm HTTP/1.1" 403 199 "-" "Mozilla/5.0 (Linux; Android 7.0;) AppleWebKit/537.36 (KHTML, like Gecko) Mobile Safari/537.36 (compatible; PetalBot;+https://webmaster.petalsearch.com/site/petalbot)"
114.119.154.41 - - [04/Oct/2021:22:02:04 +0900] "realpano.net(SG) GET /gl/index.php?mid=human_vr&search_target=tag&search_keyword=%ED%9B%84%EB%A0%88%EC%89%AC%EC%83%90%EB%9F%AC%EB%93%9C&m=0&category=3343&act=dispMemberSignUpForm HTTP/1.1" 403 199 "-" "Mozilla/5.0 (Linux; Android 7.0;) AppleWebKit/537.36 (KHTML, like Gecko) Mobile Safari/537.36 (compatible; PetalBot;+https://webmaster.petalsearch.com/site/petalbot)"
114.119.154.41 - - [04/Oct/2021:22:08:17 +0900] "realpano.net(SG) GET /gl/index.php?mid=human_vr&search_target=tag&search_keyword=%EC%9B%A8%EB%94%A9%ED%99%80&document_srl=3878&m=0 HTTP/1.1" 403 199 "-" "Mozilla/5.0 (Linux; Android 7.0;) AppleWebKit/537.36 (KHTML, like Gecko) Mobile Safari/537.36 (compatible; PetalBot;+https://webmaster.petalsearch.com/site/petalbot)"
114.119.154.41 - - [04/Oct/2021:22:08:17 +0900] "realpano.net(SG) GET /gl/index.php?mid=human_vr&search_target=tag&search_keyword=%EC%9B%A8%EB%94%A9%ED%99%80&document_srl=3878&m=0 HTTP/1.1" 403 199 "-" "Mozilla/5.0 (Linux; Android 7.0;) AppleWebKit/537.36 (KHTML, like Gecko) Mobile Safari/537.36 (compatible; PetalBot;+https://webmaster.petalsearch.com/site/petalbot)"
114.119.154.39 - - [04/Oct/2021:22:14:18 +0900] "realpano.net(SG) GET /gl/index.php?mid=ovject_vr&m=0 HTTP/1.1" 403 199 "-" "Mozilla/5.0 (Linux; Android 7.0;) AppleWebKit/537.36 (KHTML, like Gecko) Mobile Safari/537.36 (compatible; PetalBot;+https://webmaster.petalsearch.com/site/petalbot)"
114.119.154.39 - - [04/Oct/2021:22:14:18 +0900] "realpano.net(SG) GET /gl/index.php?mid=ovject_vr&m=0 HTTP/1.1" 403 199 "-" "Mozilla/5.0 (Linux; Android 7.0;) AppleWebKit/537.36 (KHTML, like Gecko) Mobile Safari/537.36 (compatible; PetalBot;+https://webmaster.petalsearch.com/site/petalbot)"
114.119.154.39 - - [04/Oct/2021:22:20:28 +0900] "realpano.net(SG) GET /gl/human_vr/45194 HTTP/1.1" 403 199 "-" "Mozilla/5.0 (Linux; Android 7.0;) AppleWebKit/537.36 (KHTML, like Gecko) Mobile Safari/537.36 (compatible; PetalBot;+https://webmaster.petalsearch.com/site/petalbot)"
114.119.154.39 - - [04/Oct/2021:22:20:28 +0900] "realpano.net(SG) GET /gl/human_vr/45194 HTTP/1.1" 403 199 "-" "Mozilla/5.0 (Linux; Android 7.0;) AppleWebKit/537.36 (KHTML, like Gecko) Mobile Safari/537.36 (compatible; PetalBot;+https://webmaster.petalsearch.com/site/petalbot)"
114.119.154.39 - - [04/Oct/2021:22:26:30 +0900] "realpano.net(SG) GET /gl/index.php?mid=human_vr&m=0&page=1&document_srl=44642&listStyle=viewer HTTP/1.1" 403 199 "-" "Mozilla/5.0 (Linux; Android 7.0;) AppleWebKit/537.36 (KHTML, like Gecko) Mobile Safari/537.36 (compatible; PetalBot;+https://webmaster.petalsearch.com/site/petalbot)"
114.119.154.39 - - [04/Oct/2021:22:26:30 +0900] "realpano.net(SG) GET /gl/index.php?mid=human_vr&m=0&page=1&document_srl=44642&listStyle=viewer HTTP/1.1" 403 199 "-" "Mozilla/5.0 (Linux; Android 7.0;) AppleWebKit/537.36 (KHTML, like Gecko) Mobile Safari/537.36 (compatible; PetalBot;+https://webmaster.petalsearch.com/site/petalbot)"
114.119.154.39 - - [04/Oct/2021:22:32:36 +0900] "realpano.net(SG) GET /gl/index.php?mid=human_vr&listStyle=list&m=0&sort_index=regdate&order_type=desc&search_target=tag&search_keyword=%EC%84%A0%EB%B0%95&division=-45271&last_division=0&category=3356 HTTP/1.1" 403 199 "-" "Mozilla/5.0 (Linux; Android 7.0;) AppleWebKit/537.36 (KHTML, like Gecko) Mobile Safari/537.36 (compatible; PetalBot;+https://webmaster.petalsearch.com/site/petalbot)"
114.119.154.39 - - [04/Oct/2021:22:32:36 +0900] "realpano.net(SG) GET /gl/index.php?mid=human_vr&listStyle=list&m=0&sort_index=regdate&order_type=desc&search_target=tag&search_keyword=%EC%84%A0%EB%B0%95&division=-45271&last_division=0&category=3356 HTTP/1.1" 403 199 "-" "Mozilla/5.0 (Linux; Android 7.0;) AppleWebKit/537.36 (KHTML, like Gecko) Mobile Safari/537.36 (compatible; PetalBot;+https://webmaster.petalsearch.com/site/petalbot)"
157.55.39.20 - - [04/Oct/2021:22:34:54 +0900] "realpano.net(US) GET / HTTP/1.1" 200 64 "-" "Mozilla/5.0 (compatible; bingbot/2.0; +http://www.bing.com/bingbot.htm)"
157.55.39.20 - - [04/Oct/2021:22:34:54 +0900] "realpano.net(US) GET / HTTP/1.1" 200 64 "-" "Mozilla/5.0 (compatible; bingbot/2.0; +http://www.bing.com/bingbot.htm)"
114.119.154.26 - - [04/Oct/2021:22:38:38 +0900] "realpano.net(SG) GET /gl/index.php?mid=human_vr&m=0&category=3342&listStyle=list&search_target=tag&search_keyword=%EC%B0%9C%EA%B0%88%EB%B9%84 HTTP/1.1" 403 199 "-" "Mozilla/5.0 (Linux; Android 7.0;) AppleWebKit/537.36 (KHTML, like Gecko) Mobile Safari/537.36 (compatible; PetalBot;+https://webmaster.petalsearch.com/site/petalbot)"
114.119.154.26 - - [04/Oct/2021:22:38:38 +0900] "realpano.net(SG) GET /gl/index.php?mid=human_vr&m=0&category=3342&listStyle=list&search_target=tag&search_keyword=%EC%B0%9C%EA%B0%88%EB%B9%84 HTTP/1.1" 403 199 "-" "Mozilla/5.0 (Linux; Android 7.0;) AppleWebKit/537.36 (KHTML, like Gecko) Mobile Safari/537.36 (compatible; PetalBot;+https://webmaster.petalsearch.com/site/petalbot)"
114.119.154.30 - - [04/Oct/2021:22:44:39 +0900] "realpano.net(SG) GET /gl/index.php?mid=human_vr&m=0&listStyle=list&order_type=desc&sort_index=title HTTP/1.1" 403 199 "-" "Mozilla/5.0 (Linux; Android 7.0;) AppleWebKit/537.36 (KHTML, like Gecko) Mobile Safari/537.36 (compatible; PetalBot;+https://webmaster.petalsearch.com/site/petalbot)"
114.119.154.30 - - [04/Oct/2021:22:44:39 +0900] "realpano.net(SG) GET /gl/index.php?mid=human_vr&m=0&listStyle=list&order_type=desc&sort_index=title HTTP/1.1" 403 199 "-" "Mozilla/5.0 (Linux; Android 7.0;) AppleWebKit/537.36 (KHTML, like Gecko) Mobile Safari/537.36 (compatible; PetalBot;+https://webmaster.petalsearch.com/site/petalbot)"
114.119.154.67 - - [04/Oct/2021:22:50:45 +0900] "realpano.net(SG) GET /gl/index.php?mid=human_vr&m=0&category=3357&listStyle=list&sort_index=title&order_type=asc&search_target=tag&search_keyword=%EA%B3%A8%EB%AA%A9&document_srl=44875 HTTP/1.1" 403 199 "-" "Mozilla/5.0 (Linux; Android 7.0;) AppleWebKit/537.36 (KHTML, like Gecko) Mobile Safari/537.36 (compatible; PetalBot;+https://webmaster.petalsearch.com/site/petalbot)"
114.119.154.67 - - [04/Oct/2021:22:50:45 +0900] "realpano.net(SG) GET /gl/index.php?mid=human_vr&m=0&category=3357&listStyle=list&sort_index=title&order_type=asc&search_target=tag&search_keyword=%EA%B3%A8%EB%AA%A9&document_srl=44875 HTTP/1.1" 403 199 "-" "Mozilla/5.0 (Linux; Android 7.0;) AppleWebKit/537.36 (KHTML, like Gecko) Mobile Safari/537.36 (compatible; PetalBot;+https://webmaster.petalsearch.com/site/petalbot)"
66.249.68.60 - - [04/Oct/2021:22:52:46 +0900] "realpano.net(US) GET /gl/?mid=pvr1 HTTP/1.1" 404 196 "-" "Mozilla/5.0 (Linux; Android 6.0.1; Nexus 5X Build/MMB29P) AppleWebKit/537.36 (KHTML, like Gecko) Chrome/94.0.4606.61 Mobile Safari/537.36 (compatible; Googlebot/2.1; +http://www.google.com/bot.html)"
66.249.68.60 - - [04/Oct/2021:22:52:46 +0900] "realpano.net(US) GET /gl/?mid=pvr1 HTTP/1.1" 404 196 "-" "Mozilla/5.0 (Linux; Android 6.0.1; Nexus 5X Build/MMB29P) AppleWebKit/537.36 (KHTML, like Gecko) Chrome/94.0.4606.61 Mobile Safari/537.36 (compatible; Googlebot/2.1; +http://www.google.com/bot.html)"
114.119.154.39 - - [04/Oct/2021:22:56:51 +0900] "realpano.net(SG) GET /gl/index.php?mid=human_vr&m=0&category=3347&listStyle=list&search_target=tag&search_keyword=%EB%8C%80%EA%B5%AC%EC%A4%91%EA%B5%AC HTTP/1.1" 403 199 "-" "Mozilla/5.0 (Linux; Android 7.0;) AppleWebKit/537.36 (KHTML, like Gecko) Mobile Safari/537.36 (compatible; PetalBot;+https://webmaster.petalsearch.com/site/petalbot)"
114.119.154.39 - - [04/Oct/2021:22:56:51 +0900] "realpano.net(SG) GET /gl/index.php?mid=human_vr&m=0&category=3347&listStyle=list&search_target=tag&search_keyword=%EB%8C%80%EA%B5%AC%EC%A4%91%EA%B5%AC HTTP/1.1" 403 199 "-" "Mozilla/5.0 (Linux; Android 7.0;) AppleWebKit/537.36 (KHTML, like Gecko) Mobile Safari/537.36 (compatible; PetalBot;+https://webmaster.petalsearch.com/site/petalbot)"
114.119.154.65 - - [04/Oct/2021:23:03:02 +0900] "realpano.net(SG) GET /gl/index.php?mid=human_vr&listStyle=list&m=0&sort_index=regdate&order_type=asc&search_target=tag&search_keyword=%EB%B3%B4%EC%84%9D&category=3343&act=dispMemberLoginForm HTTP/1.1" 403 199 "-" "Mozilla/5.0 (Linux; Android 7.0;) AppleWebKit/537.36 (KHTML, like Gecko) Mobile Safari/537.36 (compatible; PetalBot;+https://webmaster.petalsearch.com/site/petalbot)"
114.119.154.65 - - [04/Oct/2021:23:03:02 +0900] "realpano.net(SG) GET /gl/index.php?mid=human_vr&listStyle=list&m=0&sort_index=regdate&order_type=asc&search_target=tag&search_keyword=%EB%B3%B4%EC%84%9D&category=3343&act=dispMemberLoginForm HTTP/1.1" 403 199 "-" "Mozilla/5.0 (Linux; Android 7.0;) AppleWebKit/537.36 (KHTML, like Gecko) Mobile Safari/537.36 (compatible; PetalBot;+https://webmaster.petalsearch.com/site/petalbot)"
219.254.53.242 - - [04/Oct/2021:23:08:02 +0900] "www.realpano.net(KR) GET / HTTP/1.1" 200 64 "-" "Mozilla/5.0 (Linux; Android 11; SM-N986N Build/RP1A.200720.012; wv) AppleWebKit/537.36 (KHTML, like Gecko) Version/4.0 Chrome/94.0.4606.71 Mobile Safari/537.36 NAVER(inapp; map; 101; 5.14.0)"
219.254.53.242 - - [04/Oct/2021:23:08:02 +0900] "www.realpano.net(KR) GET / HTTP/1.1" 200 64 "-" "Mozilla/5.0 (Linux; Android 11; SM-N986N Build/RP1A.200720.012; wv) AppleWebKit/537.36 (KHTML, like Gecko) Version/4.0 Chrome/94.0.4606.71 Mobile Safari/537.36 NAVER(inapp; map; 101; 5.14.0)"
219.254.53.242 - - [04/Oct/2021:23:08:02 +0900] "realpano.net(KR) GET /gl/ HTTP/1.1" 404 2837 "http://www.realpano.net/" "Mozilla/5.0 (Linux; Android 11; SM-N986N Build/RP1A.200720.012; wv) AppleWebKit/537.36 (KHTML, like Gecko) Version/4.0 Chrome/94.0.4606.71 Mobile Safari/537.36 NAVER(inapp; map; 101; 5.14.0)"
219.254.53.242 - - [04/Oct/2021:23:08:02 +0900] "realpano.net(KR) GET /gl/ HTTP/1.1" 404 2837 "http://www.realpano.net/" "Mozilla/5.0 (Linux; Android 11; SM-N986N Build/RP1A.200720.012; wv) AppleWebKit/537.36 (KHTML, like Gecko) Version/4.0 Chrome/94.0.4606.71 Mobile Safari/537.36 NAVER(inapp; map; 101; 5.14.0)"
219.254.53.242 - - [04/Oct/2021:23:08:03 +0900] "realpano.net(KR) GET /gl/common/js/jquery-2.2.4.min.js?20201113010511 HTTP/1.1" 200 85578 "http://realpano.net/gl/" "Mozilla/5.0 (Linux; Android 11; SM-N986N Build/RP1A.200720.012; wv) AppleWebKit/537.36 (KHTML, like Gecko) Version/4.0 Chrome/94.0.4606.71 Mobile Safari/537.36 NAVER(inapp; map; 101; 5.14.0)"
219.254.53.242 - - [04/Oct/2021:23:08:03 +0900] "realpano.net(KR) GET /gl/common/js/jquery-2.2.4.min.js?20201113010511 HTTP/1.1" 200 85578 "http://realpano.net/gl/" "Mozilla/5.0 (Linux; Android 11; SM-N986N Build/RP1A.200720.012; wv) AppleWebKit/537.36 (KHTML, like Gecko) Version/4.0 Chrome/94.0.4606.71 Mobile Safari/537.36 NAVER(inapp; map; 101; 5.14.0)"
219.254.53.242 - - [04/Oct/2021:23:08:03 +0900] "realpano.net(KR) GET /gl/addons/captcha/captcha.min.js?20200731203419 HTTP/1.1" 200 6962 "http://realpano.net/gl/" "Mozilla/5.0 (Linux; Android 11; SM-N986N Build/RP1A.200720.012; wv) AppleWebKit/537.36 (KHTML, like Gecko) Version/4.0 Chrome/94.0.4606.71 Mobile Safari/537.36 NAVER(inapp; map; 101; 5.14.0)"
219.254.53.242 - - [04/Oct/2021:23:08:03 +0900] "realpano.net(KR) GET /gl/addons/captcha/captcha.min.js?20200731203419 HTTP/1.1" 200 6962 "http://realpano.net/gl/" "Mozilla/5.0 (Linux; Android 11; SM-N986N Build/RP1A.200720.012; wv) AppleWebKit/537.36 (KHTML, like Gecko) Version/4.0 Chrome/94.0.4606.71 Mobile Safari/537.36 NAVER(inapp; map; 101; 5.14.0)"
219.254.53.242 - - [04/Oct/2021:23:08:03 +0900] "realpano.net(KR) GET /gl/files/cache/assets/compiled/12f4c8563084710f3108d5393149ba67bcaa5d9b.rhymix.less.min.css HTTP/1.1" 404 196 "http://realpano.net/gl/" "Mozilla/5.0 (Linux; Android 11; SM-N986N Build/RP1A.200720.012; wv) AppleWebKit/537.36 (KHTML, like Gecko) Version/4.0 Chrome/94.0.4606.71 Mobile Safari/537.36 NAVER(inapp; map; 101; 5.14.0)"
219.254.53.242 - - [04/Oct/2021:23:08:03 +0900] "realpano.net(KR) GET /gl/files/cache/assets/compiled/12f4c8563084710f3108d5393149ba67bcaa5d9b.rhymix.less.min.css HTTP/1.1" 404 196 "http://realpano.net/gl/" "Mozilla/5.0 (Linux; Android 11; SM-N986N Build/RP1A.200720.012; wv) AppleWebKit/537.36 (KHTML, like Gecko) Version/4.0 Chrome/94.0.4606.71 Mobile Safari/537.36 NAVER(inapp; map; 101; 5.14.0)"
219.254.53.242 - - [04/Oct/2021:23:08:03 +0900] "realpano.net(KR) GET /gl/files/cache/assets/minified/rhymix.min.js?20201120233626 HTTP/1.1" 200 120587 "http://realpano.net/gl/" "Mozilla/5.0 (Linux; Android 11; SM-N986N Build/RP1A.200720.012; wv) AppleWebKit/537.36 (KHTML, like Gecko) Version/4.0 Chrome/94.0.4606.71 Mobile Safari/537.36 NAVER(inapp; map; 101; 5.14.0)"
219.254.53.242 - - [04/Oct/2021:23:08:03 +0900] "realpano.net(KR) GET /gl/files/cache/assets/minified/rhymix.min.js?20201120233626 HTTP/1.1" 200 120587 "http://realpano.net/gl/" "Mozilla/5.0 (Linux; Android 11; SM-N986N Build/RP1A.200720.012; wv) AppleWebKit/537.36 (KHTML, like Gecko) Version/4.0 Chrome/94.0.4606.71 Mobile Safari/537.36 NAVER(inapp; map; 101; 5.14.0)"
219.254.53.242 - - [04/Oct/2021:23:08:03 +0900] "realpano.net(KR) GET /gl/files/attach/xeicon/favicon.ico?20131202140719 HTTP/1.1" 200 32988 "http://realpano.net/gl/" "Mozilla/5.0 (Linux; Android 11; SM-N986N Build/RP1A.200720.012; wv) AppleWebKit/537.36 (KHTML, like Gecko) Version/4.0 Chrome/94.0.4606.71 Mobile Safari/537.36 NAVER(inapp; map; 101; 5.14.0)"
219.254.53.242 - - [04/Oct/2021:23:08:03 +0900] "realpano.net(KR) GET /gl/files/attach/xeicon/favicon.ico?20131202140719 HTTP/1.1" 200 32988 "http://realpano.net/gl/" "Mozilla/5.0 (Linux; Android 11; SM-N986N Build/RP1A.200720.012; wv) AppleWebKit/537.36 (KHTML, like Gecko) Version/4.0 Chrome/94.0.4606.71 Mobile Safari/537.36 NAVER(inapp; map; 101; 5.14.0)"
114.119.154.39 - - [04/Oct/2021:23:09:08 +0900] "realpano.net(SG) GET /gl/index.php?mid=human_vr&m=0&category=3350&listStyle=list&sort_index=regdate&order_type=asc HTTP/1.1" 403 199 "-" "Mozilla/5.0 (Linux; Android 7.0;) AppleWebKit/537.36 (KHTML, like Gecko) Mobile Safari/537.36 (compatible; PetalBot;+https://webmaster.petalsearch.com/site/petalbot)"
114.119.154.39 - - [04/Oct/2021:23:09:08 +0900] "realpano.net(SG) GET /gl/index.php?mid=human_vr&m=0&category=3350&listStyle=list&sort_index=regdate&order_type=asc HTTP/1.1" 403 199 "-" "Mozilla/5.0 (Linux; Android 7.0;) AppleWebKit/537.36 (KHTML, like Gecko) Mobile Safari/537.36 (compatible; PetalBot;+https://webmaster.petalsearch.com/site/petalbot)"
211.105.55.108 - - [04/Oct/2021:23:10:36 +0900] "realpano.net(KR) GET /gl HTTP/2.0" 404 196 "-" "Mozilla/5.0 (Windows NT 10.0; Win64; x64) AppleWebKit/537.36 (KHTML, like Gecko) Chrome/94.0.4606.61 Safari/537.36"
211.105.55.108 - - [04/Oct/2021:23:10:36 +0900] "realpano.net(KR) GET /gl HTTP/2.0" 404 196 "-" "Mozilla/5.0 (Windows NT 10.0; Win64; x64) AppleWebKit/537.36 (KHTML, like Gecko) Chrome/94.0.4606.61 Safari/537.36"
211.105.55.108 - - [04/Oct/2021:23:10:45 +0900] "realpano.net(KR) GET / HTTP/2.0" 200 687 "-" "Mozilla/5.0 (Windows NT 10.0; Win64; x64) AppleWebKit/537.36 (KHTML, like Gecko) Chrome/94.0.4606.61 Safari/537.36"
211.105.55.108 - - [04/Oct/2021:23:10:45 +0900] "realpano.net(KR) GET / HTTP/2.0" 200 687 "-" "Mozilla/5.0 (Windows NT 10.0; Win64; x64) AppleWebKit/537.36 (KHTML, like Gecko) Chrome/94.0.4606.61 Safari/537.36"
211.105.55.108 - - [04/Oct/2021:23:10:45 +0900] "aramarinefestival.com(KR) GET /main/ HTTP/2.0" 200 24814 "https://realpano.net/" "Mozilla/5.0 (Windows NT 10.0; Win64; x64) AppleWebKit/537.36 (KHTML, like Gecko) Chrome/94.0.4606.61 Safari/537.36"
211.105.55.108 - - [04/Oct/2021:23:10:45 +0900] "aramarinefestival.com(KR) GET /main/ HTTP/2.0" 200 24814 "https://realpano.net/" "Mozilla/5.0 (Windows NT 10.0; Win64; x64) AppleWebKit/537.36 (KHTML, like Gecko) Chrome/94.0.4606.61 Safari/537.36"
114.119.154.30 - - [04/Oct/2021:23:15:20 +0900] "realpano.net(SG) GET /gl/index.php?mid=human_vr&category=3352&search_target=tag&search_keyword=%EA%B3%B5%EC%9B%90&division=-45271&last_division=0 HTTP/1.1" 403 199 "-" "Mozilla/5.0 (Linux; Android 7.0;) AppleWebKit/537.36 (KHTML, like Gecko) Mobile Safari/537.36 (compatible; PetalBot;+https://webmaster.petalsearch.com/site/petalbot)"
114.119.154.30 - - [04/Oct/2021:23:15:20 +0900] "realpano.net(SG) GET /gl/index.php?mid=human_vr&category=3352&search_target=tag&search_keyword=%EA%B3%B5%EC%9B%90&division=-45271&last_division=0 HTTP/1.1" 403 199 "-" "Mozilla/5.0 (Linux; Android 7.0;) AppleWebKit/537.36 (KHTML, like Gecko) Mobile Safari/537.36 (compatible; PetalBot;+https://webmaster.petalsearch.com/site/petalbot)"
207.46.13.121 - - [04/Oct/2021:23:15:47 +0900] "realpano.net(US) GET /gl/index.php?mid=ovject_vr&search_target=tag&search_keyword=%ED%83%9C%EB%B8%94%EB%A6%BF HTTP/2.0" 404 196 "-" "Mozilla/5.0 (compatible; bingbot/2.0; +http://www.bing.com/bingbot.htm)"
207.46.13.121 - - [04/Oct/2021:23:15:47 +0900] "realpano.net(US) GET /gl/index.php?mid=ovject_vr&search_target=tag&search_keyword=%ED%83%9C%EB%B8%94%EB%A6%BF HTTP/2.0" 404 196 "-" "Mozilla/5.0 (compatible; bingbot/2.0; +http://www.bing.com/bingbot.htm)"
207.46.13.121 - - [04/Oct/2021:23:16:19 +0900] "realpano.net(US) GET /gl/index.php?mid=human_vr&search_target=tag&search_keyword=%EC%B0%9C%EA%B0%88%EB%B9%84 HTTP/2.0" 404 196 "-" "Mozilla/5.0 (compatible; bingbot/2.0; +http://www.bing.com/bingbot.htm)"
207.46.13.121 - - [04/Oct/2021:23:16:19 +0900] "realpano.net(US) GET /gl/index.php?mid=human_vr&search_target=tag&search_keyword=%EC%B0%9C%EA%B0%88%EB%B9%84 HTTP/2.0" 404 196 "-" "Mozilla/5.0 (compatible; bingbot/2.0; +http://www.bing.com/bingbot.htm)"
114.119.157.196 - - [04/Oct/2021:23:16:33 +0900] "realpano.net(SG) GET /rpv5/160528v5_hyodo/tour.html HTTP/1.1" 403 199 "http://m.hyodo21.com/page/sub01_4" "Mozilla/5.0 (compatible;PetalBot;+https://webmaster.petalsearch.com/site/petalbot)"
114.119.157.196 - - [04/Oct/2021:23:16:33 +0900] "realpano.net(SG) GET /rpv5/160528v5_hyodo/tour.html HTTP/1.1" 403 199 "http://m.hyodo21.com/page/sub01_4" "Mozilla/5.0 (compatible;PetalBot;+https://webmaster.petalsearch.com/site/petalbot)"
114.119.157.196 - - [04/Oct/2021:23:16:33 +0900] "realpano.net(SG) GET /rpv5/160528v5_hyodo/tour.html HTTP/1.1" 403 199 "http://m.hyodo21.com/page/sub01_4" "Mozilla/5.0 (compatible;PetalBot;+https://webmaster.petalsearch.com/site/petalbot)"
114.119.157.196 - - [04/Oct/2021:23:16:33 +0900] "realpano.net(SG) GET /rpv5/160528v5_hyodo/tour.html HTTP/1.1" 403 199 "http://m.hyodo21.com/page/sub01_4" "Mozilla/5.0 (compatible;PetalBot;+https://webmaster.petalsearch.com/site/petalbot)"
114.119.154.41 - - [04/Oct/2021:23:21:30 +0900] "realpano.net(SG) GET /gl/index.php?mid=human_vr&m=0&category=3351&document_srl=3991 HTTP/1.1" 403 199 "-" "Mozilla/5.0 (Linux; Android 7.0;) AppleWebKit/537.36 (KHTML, like Gecko) Mobile Safari/537.36 (compatible; PetalBot;+https://webmaster.petalsearch.com/site/petalbot)"
114.119.154.41 - - [04/Oct/2021:23:21:30 +0900] "realpano.net(SG) GET /gl/index.php?mid=human_vr&m=0&category=3351&document_srl=3991 HTTP/1.1" 403 199 "-" "Mozilla/5.0 (Linux; Android 7.0;) AppleWebKit/537.36 (KHTML, like Gecko) Mobile Safari/537.36 (compatible; PetalBot;+https://webmaster.petalsearch.com/site/petalbot)"
157.55.39.121 - - [04/Oct/2021:23:26:14 +0900] "realpano.net(US) GET /gl/files/thumbnails/066/044/204x102.crop.jpg?20140706142723 HTTP/2.0" 404 196 "-" "Mozilla/5.0 (compatible; bingbot/2.0; +http://www.bing.com/bingbot.htm)"
157.55.39.121 - - [04/Oct/2021:23:26:14 +0900] "realpano.net(US) GET /gl/files/thumbnails/066/044/204x102.crop.jpg?20140706142723 HTTP/2.0" 404 196 "-" "Mozilla/5.0 (compatible; bingbot/2.0; +http://www.bing.com/bingbot.htm)"
114.119.154.65 - - [04/Oct/2021:23:27:37 +0900] "realpano.net(SG) GET /gl/index.php?mid=human_vr&m=1&category=3342&listStyle=list&order_type=asc&sort_index=title&page=2 HTTP/1.1" 403 199 "-" "Mozilla/5.0 (Linux; Android 7.0;) AppleWebKit/537.36 (KHTML, like Gecko) Mobile Safari/537.36 (compatible; PetalBot;+https://webmaster.petalsearch.com/site/petalbot)"
114.119.154.65 - - [04/Oct/2021:23:27:37 +0900] "realpano.net(SG) GET /gl/index.php?mid=human_vr&m=1&category=3342&listStyle=list&order_type=asc&sort_index=title&page=2 HTTP/1.1" 403 199 "-" "Mozilla/5.0 (Linux; Android 7.0;) AppleWebKit/537.36 (KHTML, like Gecko) Mobile Safari/537.36 (compatible; PetalBot;+https://webmaster.petalsearch.com/site/petalbot)"
114.119.154.6 - - [04/Oct/2021:23:33:45 +0900] "realpano.net(SG) GET /gl/index.php?mid=human_vr&search_target=tag&search_keyword=%ED%9A%8C HTTP/1.1" 403 199 "-" "Mozilla/5.0 (Linux; Android 7.0;) AppleWebKit/537.36 (KHTML, like Gecko) Mobile Safari/537.36 (compatible; PetalBot;+https://webmaster.petalsearch.com/site/petalbot)"
114.119.154.6 - - [04/Oct/2021:23:33:45 +0900] "realpano.net(SG) GET /gl/index.php?mid=human_vr&search_target=tag&search_keyword=%ED%9A%8C HTTP/1.1" 403 199 "-" "Mozilla/5.0 (Linux; Android 7.0;) AppleWebKit/537.36 (KHTML, like Gecko) Mobile Safari/537.36 (compatible; PetalBot;+https://webmaster.petalsearch.com/site/petalbot)"
114.119.154.65 - - [04/Oct/2021:23:39:56 +0900] "realpano.net(SG) GET /gl/index.php?mid=human_vr&search_target=tag&search_keyword=%EC%88%99%EB%B0%95&division=-45271&last_division=0&category=3350 HTTP/1.1" 403 199 "-" "Mozilla/5.0 (Linux; Android 7.0;) AppleWebKit/537.36 (KHTML, like Gecko) Mobile Safari/537.36 (compatible; PetalBot;+https://webmaster.petalsearch.com/site/petalbot)"
114.119.154.65 - - [04/Oct/2021:23:39:56 +0900] "realpano.net(SG) GET /gl/index.php?mid=human_vr&search_target=tag&search_keyword=%EC%88%99%EB%B0%95&division=-45271&last_division=0&category=3350 HTTP/1.1" 403 199 "-" "Mozilla/5.0 (Linux; Android 7.0;) AppleWebKit/537.36 (KHTML, like Gecko) Mobile Safari/537.36 (compatible; PetalBot;+https://webmaster.petalsearch.com/site/petalbot)"
194.61.114.232 - - [04/Oct/2021:23:44:31 +0900] "realpano.net(DE) GET /favicon.ico HTTP/1.1" 404 196 "-" "Go-http-client/1.1"
194.61.114.232 - - [04/Oct/2021:23:44:31 +0900] "realpano.net(DE) GET /favicon.ico HTTP/1.1" 404 196 "-" "Go-http-client/1.1"
176.53.223.253 - - [04/Oct/2021:23:44:31 +0900] "realpano.net(RU) GET / HTTP/1.1" 200 64 "-" "Go-http-client/1.1"
176.53.223.253 - - [04/Oct/2021:23:44:31 +0900] "realpano.net(RU) GET / HTTP/1.1" 200 64 "-" "Go-http-client/1.1"
176.113.43.15 - - [04/Oct/2021:23:44:33 +0900] "realpano.net(RU) GET /favicon.ico HTTP/1.1" 404 196 "-" "Go-http-client/1.1"
176.113.43.15 - - [04/Oct/2021:23:44:33 +0900] "realpano.net(RU) GET /favicon.ico HTTP/1.1" 404 196 "-" "Go-http-client/1.1"
89.32.132.232 - - [04/Oct/2021:23:44:33 +0900] "realpano.net(VG) GET /favicon.ico HTTP/1.1" 404 196 "-" "Go-http-client/1.1"
89.32.132.232 - - [04/Oct/2021:23:44:33 +0900] "realpano.net(VG) GET /favicon.ico HTTP/1.1" 404 196 "-" "Go-http-client/1.1"
191.101.94.226 - - [04/Oct/2021:23:44:33 +0900] "realpano.net(DE) GET / HTTP/1.1" 200 687 "-" "Go-http-client/1.1"
191.101.94.226 - - [04/Oct/2021:23:44:33 +0900] "realpano.net(DE) GET / HTTP/1.1" 200 687 "-" "Go-http-client/1.1"
176.113.42.255 - - [04/Oct/2021:23:44:36 +0900] "realpano.net(RU) GET /favicon.ico HTTP/1.1" 404 196 "-" "Go-http-client/1.1"
176.113.42.255 - - [04/Oct/2021:23:44:36 +0900] "realpano.net(RU) GET /favicon.ico HTTP/1.1" 404 196 "-" "Go-http-client/1.1"
114.119.154.39 - - [04/Oct/2021:23:46:12 +0900] "realpano.net(SG) GET /gl/index.php?mid=human_vr&page=1&document_srl=45241&m=0&listStyle=viewer HTTP/1.1" 403 199 "-" "Mozilla/5.0 (Linux; Android 7.0;) AppleWebKit/537.36 (KHTML, like Gecko) Mobile Safari/537.36 (compatible; PetalBot;+https://webmaster.petalsearch.com/site/petalbot)"
114.119.154.39 - - [04/Oct/2021:23:46:12 +0900] "realpano.net(SG) GET /gl/index.php?mid=human_vr&page=1&document_srl=45241&m=0&listStyle=viewer HTTP/1.1" 403 199 "-" "Mozilla/5.0 (Linux; Android 7.0;) AppleWebKit/537.36 (KHTML, like Gecko) Mobile Safari/537.36 (compatible; PetalBot;+https://webmaster.petalsearch.com/site/petalbot)"
114.119.154.67 - - [04/Oct/2021:23:52:17 +0900] "realpano.net(SG) GET /gl/index.php?mid=human_vr&m=1&category=3342&listStyle=webzine&sort_index=regdate&order_type=asc&document_srl=4089 HTTP/1.1" 403 199 "-" "Mozilla/5.0 (Linux; Android 7.0;) AppleWebKit/537.36 (KHTML, like Gecko) Mobile Safari/537.36 (compatible; PetalBot;+https://webmaster.petalsearch.com/site/petalbot)"
114.119.154.67 - - [04/Oct/2021:23:52:17 +0900] "realpano.net(SG) GET /gl/index.php?mid=human_vr&m=1&category=3342&listStyle=webzine&sort_index=regdate&order_type=asc&document_srl=4089 HTTP/1.1" 403 199 "-" "Mozilla/5.0 (Linux; Android 7.0;) AppleWebKit/537.36 (KHTML, like Gecko) Mobile Safari/537.36 (compatible; PetalBot;+https://webmaster.petalsearch.com/site/petalbot)"
114.119.154.67 - - [04/Oct/2021:23:58:22 +0900] "realpano.net(SG) GET /gl/index.php?mid=human_vr&category=3357&m=0&search_target=tag&search_keyword=%EA%B3%B5%EC%9B%90&division=-45271&last_division=0 HTTP/1.1" 403 199 "-" "Mozilla/5.0 (Linux; Android 7.0;) AppleWebKit/537.36 (KHTML, like Gecko) Mobile Safari/537.36 (compatible; PetalBot;+https://webmaster.petalsearch.com/site/petalbot)"
114.119.154.67 - - [04/Oct/2021:23:58:22 +0900] "realpano.net(SG) GET /gl/index.php?mid=human_vr&category=3357&m=0&search_target=tag&search_keyword=%EA%B3%B5%EC%9B%90&division=-45271&last_division=0 HTTP/1.1" 403 199 "-" "Mozilla/5.0 (Linux; Android 7.0;) AppleWebKit/537.36 (KHTML, like Gecko) Mobile Safari/537.36 (compatible; PetalBot;+https://webmaster.petalsearch.com/site/petalbot)"
157.55.39.161 - - [04/Oct/2021:23:59:43 +0900] "realpano.net(US) GET /gl/files/attach/images/2684/504/044/b9b59178b665c9665b8fe125484be7af.jpg HTTP/2.0" 404 196 "-" "Mozilla/5.0 (compatible; bingbot/2.0; +http://www.bing.com/bingbot.htm)"
157.55.39.161 - - [04/Oct/2021:23:59:43 +0900] "realpano.net(US) GET /gl/files/attach/images/2684/504/044/b9b59178b665c9665b8fe125484be7af.jpg HTTP/2.0" 404 196 "-" "Mozilla/5.0 (compatible; bingbot/2.0; +http://www.bing.com/bingbot.htm)"
114.119.154.26 - - [05/Oct/2021:00:04:25 +0900] "realpano.net(SG) GET /gl/index.php?mid=human_vr&search_target=tag&search_keyword=%EB%AC%BC%EC%83%88&division=-45271&last_division=0&category=3347 HTTP/1.1" 403 199 "-" "Mozilla/5.0 (Linux; Android 7.0;) AppleWebKit/537.36 (KHTML, like Gecko) Mobile Safari/537.36 (compatible; PetalBot;+https://webmaster.petalsearch.com/site/petalbot)"
114.119.154.26 - - [05/Oct/2021:00:04:25 +0900] "realpano.net(SG) GET /gl/index.php?mid=human_vr&search_target=tag&search_keyword=%EB%AC%BC%EC%83%88&division=-45271&last_division=0&category=3347 HTTP/1.1" 403 199 "-" "Mozilla/5.0 (Linux; Android 7.0;) AppleWebKit/537.36 (KHTML, like Gecko) Mobile Safari/537.36 (compatible; PetalBot;+https://webmaster.petalsearch.com/site/petalbot)"
157.55.39.119 - - [05/Oct/2021:00:06:34 +0900] "www.realpano.net(US) GET /robots.txt HTTP/1.1" 404 196 "-" "Mozilla/5.0 (compatible; bingbot/2.0; +http://www.bing.com/bingbot.htm)"
157.55.39.119 - - [05/Oct/2021:00:06:34 +0900] "www.realpano.net(US) GET /robots.txt HTTP/1.1" 404 196 "-" "Mozilla/5.0 (compatible; bingbot/2.0; +http://www.bing.com/bingbot.htm)"
207.46.13.29 - - [05/Oct/2021:00:06:38 +0900] "www.realpano.net(US) GET /img/sub2/3_title.png HTTP/1.1" 200 30383 "-" "Mozilla/5.0 (compatible; bingbot/2.0; +http://www.bing.com/bingbot.htm)"
207.46.13.29 - - [05/Oct/2021:00:06:38 +0900] "www.realpano.net(US) GET /img/sub2/3_title.png HTTP/1.1" 200 30383 "-" "Mozilla/5.0 (compatible; bingbot/2.0; +http://www.bing.com/bingbot.htm)"
114.119.154.30 - - [05/Oct/2021:00:10:28 +0900] "realpano.net(SG) GET /gl/index.php?mid=human_vr&listStyle=list&m=0&sort_index=regdate&order_type=desc&search_target=tag&search_keyword=%EC%84%A0%EB%B0%95&division=-45271&last_division=0 HTTP/1.1" 403 199 "-" "Mozilla/5.0 (Linux; Android 7.0;) AppleWebKit/537.36 (KHTML, like Gecko) Mobile Safari/537.36 (compatible; PetalBot;+https://webmaster.petalsearch.com/site/petalbot)"
114.119.154.30 - - [05/Oct/2021:00:10:28 +0900] "realpano.net(SG) GET /gl/index.php?mid=human_vr&listStyle=list&m=0&sort_index=regdate&order_type=desc&search_target=tag&search_keyword=%EC%84%A0%EB%B0%95&division=-45271&last_division=0 HTTP/1.1" 403 199 "-" "Mozilla/5.0 (Linux; Android 7.0;) AppleWebKit/537.36 (KHTML, like Gecko) Mobile Safari/537.36 (compatible; PetalBot;+https://webmaster.petalsearch.com/site/petalbot)"
114.119.154.26 - - [05/Oct/2021:00:16:32 +0900] "realpano.net(SG) GET /gl/index.php?mid=human_vr&m=1&category=3353&listStyle=viewer&document_srl=44124&act=dispMemberSignUpForm HTTP/1.1" 403 199 "-" "Mozilla/5.0 (Linux; Android 7.0;) AppleWebKit/537.36 (KHTML, like Gecko) Mobile Safari/537.36 (compatible; PetalBot;+https://webmaster.petalsearch.com/site/petalbot)"
114.119.154.26 - - [05/Oct/2021:00:16:32 +0900] "realpano.net(SG) GET /gl/index.php?mid=human_vr&m=1&category=3353&listStyle=viewer&document_srl=44124&act=dispMemberSignUpForm HTTP/1.1" 403 199 "-" "Mozilla/5.0 (Linux; Android 7.0;) AppleWebKit/537.36 (KHTML, like Gecko) Mobile Safari/537.36 (compatible; PetalBot;+https://webmaster.petalsearch.com/site/petalbot)"
114.119.154.6 - - [05/Oct/2021:00:22:30 +0900] "realpano.net(SG) GET /gl/index.php?mid=human_vr&search_target=tag&search_keyword=%EC%BD%94%EB%81%BC%EB%A6%AC&category=3347 HTTP/1.1" 403 199 "-" "Mozilla/5.0 (Linux; Android 7.0;) AppleWebKit/537.36 (KHTML, like Gecko) Mobile Safari/537.36 (compatible; PetalBot;+https://webmaster.petalsearch.com/site/petalbot)"
114.119.154.6 - - [05/Oct/2021:00:22:30 +0900] "realpano.net(SG) GET /gl/index.php?mid=human_vr&search_target=tag&search_keyword=%EC%BD%94%EB%81%BC%EB%A6%AC&category=3347 HTTP/1.1" 403 199 "-" "Mozilla/5.0 (Linux; Android 7.0;) AppleWebKit/537.36 (KHTML, like Gecko) Mobile Safari/537.36 (compatible; PetalBot;+https://webmaster.petalsearch.com/site/petalbot)"
114.119.154.67 - - [05/Oct/2021:00:28:31 +0900] "realpano.net(SG) GET /gl/index.php?mid=human_vr&m=0&page=1&document_srl=45254&listStyle=viewer HTTP/1.1" 403 199 "-" "Mozilla/5.0 (Linux; Android 7.0;) AppleWebKit/537.36 (KHTML, like Gecko) Mobile Safari/537.36 (compatible; PetalBot;+https://webmaster.petalsearch.com/site/petalbot)"
114.119.154.67 - - [05/Oct/2021:00:28:31 +0900] "realpano.net(SG) GET /gl/index.php?mid=human_vr&m=0&page=1&document_srl=45254&listStyle=viewer HTTP/1.1" 403 199 "-" "Mozilla/5.0 (Linux; Android 7.0;) AppleWebKit/537.36 (KHTML, like Gecko) Mobile Safari/537.36 (compatible; PetalBot;+https://webmaster.petalsearch.com/site/petalbot)"
114.119.154.67 - - [05/Oct/2021:00:34:34 +0900] "realpano.net(SG) GET /gl/index.php?mid=human_vr&m=1&listStyle=webzine&search_target=tag&search_keyword=%EC%A4%91%EA%B5%AC%EC%B2%AD&division=-45271&last_division=0&sort_index=readed_count&order_type=asc&category=3347 HTTP/1.1" 403 199 "-" "Mozilla/5.0 (Linux; Android 7.0;) AppleWebKit/537.36 (KHTML, like Gecko) Mobile Safari/537.36 (compatible; PetalBot;+https://webmaster.petalsearch.com/site/petalbot)"
114.119.154.67 - - [05/Oct/2021:00:34:34 +0900] "realpano.net(SG) GET /gl/index.php?mid=human_vr&m=1&listStyle=webzine&search_target=tag&search_keyword=%EC%A4%91%EA%B5%AC%EC%B2%AD&division=-45271&last_division=0&sort_index=readed_count&order_type=asc&category=3347 HTTP/1.1" 403 199 "-" "Mozilla/5.0 (Linux; Android 7.0;) AppleWebKit/537.36 (KHTML, like Gecko) Mobile Safari/537.36 (compatible; PetalBot;+https://webmaster.petalsearch.com/site/petalbot)"
114.119.154.26 - - [05/Oct/2021:00:40:35 +0900] "realpano.net(SG) GET /gl/index.php?mid=human_vr&category=3353&m=0&listStyle=webzine&document_srl=45144 HTTP/1.1" 403 199 "-" "Mozilla/5.0 (Linux; Android 7.0;) AppleWebKit/537.36 (KHTML, like Gecko) Mobile Safari/537.36 (compatible; PetalBot;+https://webmaster.petalsearch.com/site/petalbot)"
114.119.154.26 - - [05/Oct/2021:00:40:35 +0900] "realpano.net(SG) GET /gl/index.php?mid=human_vr&category=3353&m=0&listStyle=webzine&document_srl=45144 HTTP/1.1" 403 199 "-" "Mozilla/5.0 (Linux; Android 7.0;) AppleWebKit/537.36 (KHTML, like Gecko) Mobile Safari/537.36 (compatible; PetalBot;+https://webmaster.petalsearch.com/site/petalbot)"
114.119.154.6 - - [05/Oct/2021:00:46:38 +0900] "realpano.net(SG) GET /gl/index.php?mid=human_vr&m=1&listStyle=viewer&search_target=tag&search_keyword=%EB%AA%85%EB%AC%BC%EA%B3%A8%EB%AA%A9&division=-45271&last_division=0&category=3346&act=dispMemberSignUpForm HTTP/1.1" 403 199 "-" "Mozilla/5.0 (Linux; Android 7.0;) AppleWebKit/537.36 (KHTML, like Gecko) Mobile Safari/537.36 (compatible; PetalBot;+https://webmaster.petalsearch.com/site/petalbot)"
114.119.154.6 - - [05/Oct/2021:00:46:38 +0900] "realpano.net(SG) GET /gl/index.php?mid=human_vr&m=1&listStyle=viewer&search_target=tag&search_keyword=%EB%AA%85%EB%AC%BC%EA%B3%A8%EB%AA%A9&division=-45271&last_division=0&category=3346&act=dispMemberSignUpForm HTTP/1.1" 403 199 "-" "Mozilla/5.0 (Linux; Android 7.0;) AppleWebKit/537.36 (KHTML, like Gecko) Mobile Safari/537.36 (compatible; PetalBot;+https://webmaster.petalsearch.com/site/petalbot)"
157.55.39.20 - - [05/Oct/2021:00:48:47 +0900] "www.realpano.net(US) GET / HTTP/1.1" 200 64 "-" "Mozilla/5.0 (compatible; bingbot/2.0; +http://www.bing.com/bingbot.htm)"
157.55.39.20 - - [05/Oct/2021:00:48:47 +0900] "www.realpano.net(US) GET / HTTP/1.1" 200 64 "-" "Mozilla/5.0 (compatible; bingbot/2.0; +http://www.bing.com/bingbot.htm)"
66.249.79.1 - - [05/Oct/2021:00:48:55 +0900] "www.realpano.net(US) GET /robots.txt HTTP/1.1" 404 196 "-" "Mozilla/5.0 (compatible; Googlebot/2.1; +http://www.google.com/bot.html)"
66.249.79.1 - - [05/Oct/2021:00:48:55 +0900] "www.realpano.net(US) GET /robots.txt HTTP/1.1" 404 196 "-" "Mozilla/5.0 (compatible; Googlebot/2.1; +http://www.google.com/bot.html)"
114.119.154.30 - - [05/Oct/2021:00:52:41 +0900] "realpano.net(SG) GET /gl/index.php?mid=human_vr&m=1&search_target=tag&search_keyword=%EA%B3%B5%EC%9B%90&division=-45271&last_division=0 HTTP/1.1" 403 199 "-" "Mozilla/5.0 (Linux; Android 7.0;) AppleWebKit/537.36 (KHTML, like Gecko) Mobile Safari/537.36 (compatible; PetalBot;+https://webmaster.petalsearch.com/site/petalbot)"
114.119.154.30 - - [05/Oct/2021:00:52:41 +0900] "realpano.net(SG) GET /gl/index.php?mid=human_vr&m=1&search_target=tag&search_keyword=%EA%B3%B5%EC%9B%90&division=-45271&last_division=0 HTTP/1.1" 403 199 "-" "Mozilla/5.0 (Linux; Android 7.0;) AppleWebKit/537.36 (KHTML, like Gecko) Mobile Safari/537.36 (compatible; PetalBot;+https://webmaster.petalsearch.com/site/petalbot)"
66.249.79.5 - - [05/Oct/2021:00:56:50 +0900] "www.realpano.net(US) GET /gl/files/cache/assets/compiled/70a0a71f5980db18fbe811b68df6c8c059f60011.rhymix.less.min.css HTTP/1.1" 404 196 "http://www.realpano.net/gl/index.php?listStyle=viewer&mid=human_vr&page=3&document_srl=3854" "Mozilla/5.0 (Linux; Android 6.0.1; Nexus 5X Build/MMB29P) AppleWebKit/537.36 (KHTML, like Gecko) Chrome/94.0.4606.61 Mobile Safari/537.36 (compatible; Googlebot/2.1; +http://www.google.com/bot.html)"
66.249.79.5 - - [05/Oct/2021:00:56:50 +0900] "www.realpano.net(US) GET /gl/files/cache/assets/compiled/70a0a71f5980db18fbe811b68df6c8c059f60011.rhymix.less.min.css HTTP/1.1" 404 196 "http://www.realpano.net/gl/index.php?listStyle=viewer&mid=human_vr&page=3&document_srl=3854" "Mozilla/5.0 (Linux; Android 6.0.1; Nexus 5X Build/MMB29P) AppleWebKit/537.36 (KHTML, like Gecko) Chrome/94.0.4606.61 Mobile Safari/537.36 (compatible; Googlebot/2.1; +http://www.google.com/bot.html)"
114.119.154.39 - - [05/Oct/2021:00:58:41 +0900] "realpano.net(SG) GET /gl/index.php?mid=human_vr&m=1&listStyle=viewer&document_srl=44915&order_type=desc HTTP/1.1" 403 199 "-" "Mozilla/5.0 (Linux; Android 7.0;) AppleWebKit/537.36 (KHTML, like Gecko) Mobile Safari/537.36 (compatible; PetalBot;+https://webmaster.petalsearch.com/site/petalbot)"
114.119.154.39 - - [05/Oct/2021:00:58:41 +0900] "realpano.net(SG) GET /gl/index.php?mid=human_vr&m=1&listStyle=viewer&document_srl=44915&order_type=desc HTTP/1.1" 403 199 "-" "Mozilla/5.0 (Linux; Android 7.0;) AppleWebKit/537.36 (KHTML, like Gecko) Mobile Safari/537.36 (compatible; PetalBot;+https://webmaster.petalsearch.com/site/petalbot)"
114.119.154.39 - - [05/Oct/2021:01:04:42 +0900] "realpano.net(SG) GET /gl/index.php?mid=human_vr&search_target=tag&search_keyword=%EB%B0%A9%EC%B2%9C%EB%91%91%EA%B8%B8&act=dispMemberFindAccount HTTP/1.1" 403 199 "-" "Mozilla/5.0 (Linux; Android 7.0;) AppleWebKit/537.36 (KHTML, like Gecko) Mobile Safari/537.36 (compatible; PetalBot;+https://webmaster.petalsearch.com/site/petalbot)"
114.119.154.39 - - [05/Oct/2021:01:04:42 +0900] "realpano.net(SG) GET /gl/index.php?mid=human_vr&search_target=tag&search_keyword=%EB%B0%A9%EC%B2%9C%EB%91%91%EA%B8%B8&act=dispMemberFindAccount HTTP/1.1" 403 199 "-" "Mozilla/5.0 (Linux; Android 7.0;) AppleWebKit/537.36 (KHTML, like Gecko) Mobile Safari/537.36 (compatible; PetalBot;+https://webmaster.petalsearch.com/site/petalbot)"
207.46.13.95 - - [05/Oct/2021:01:05:27 +0900] "realpano.net(US) GET / HTTP/2.0" 200 687 "-" "Mozilla/5.0 (compatible; bingbot/2.0; +http://www.bing.com/bingbot.htm)"
207.46.13.95 - - [05/Oct/2021:01:05:27 +0900] "realpano.net(US) GET / HTTP/2.0" 200 687 "-" "Mozilla/5.0 (compatible; bingbot/2.0; +http://www.bing.com/bingbot.htm)"
114.119.154.67 - - [05/Oct/2021:01:10:48 +0900] "realpano.net(SG) GET /gl/index.php?mid=human_vr&m=0&category=3356&listStyle=list&search_target=tag&search_keyword=%EB%8C%80%EA%B5%AC%EC%A4%91%EA%B5%AC&division=-45271&last_division=0 HTTP/1.1" 403 199 "-" "Mozilla/5.0 (Linux; Android 7.0;) AppleWebKit/537.36 (KHTML, like Gecko) Mobile Safari/537.36 (compatible; PetalBot;+https://webmaster.petalsearch.com/site/petalbot)"
114.119.154.67 - - [05/Oct/2021:01:10:48 +0900] "realpano.net(SG) GET /gl/index.php?mid=human_vr&m=0&category=3356&listStyle=list&search_target=tag&search_keyword=%EB%8C%80%EA%B5%AC%EC%A4%91%EA%B5%AC&division=-45271&last_division=0 HTTP/1.1" 403 199 "-" "Mozilla/5.0 (Linux; Android 7.0;) AppleWebKit/537.36 (KHTML, like Gecko) Mobile Safari/537.36 (compatible; PetalBot;+https://webmaster.petalsearch.com/site/petalbot)"
207.46.13.85 - - [05/Oct/2021:01:16:48 +0900] "realpano.net(US) GET /gl/?mid=consultation1&document_srl=45594 HTTP/2.0" 404 196 "-" "Mozilla/5.0 (compatible; bingbot/2.0; +http://www.bing.com/bingbot.htm)"
207.46.13.85 - - [05/Oct/2021:01:16:48 +0900] "realpano.net(US) GET /gl/?mid=consultation1&document_srl=45594 HTTP/2.0" 404 196 "-" "Mozilla/5.0 (compatible; bingbot/2.0; +http://www.bing.com/bingbot.htm)"
114.119.154.67 - - [05/Oct/2021:01:16:50 +0900] "realpano.net(SG) GET /gl/index.php?mid=human_vr&search_target=tag&search_keyword=%EC%9D%B8%ED%85%8C%EB%9D%BC%EB%B1%85&m=1&division=-45271&last_division=0&category=3348&act=dispMemberSignUpForm HTTP/1.1" 403 199 "-" "Mozilla/5.0 (Linux; Android 7.0;) AppleWebKit/537.36 (KHTML, like Gecko) Mobile Safari/537.36 (compatible; PetalBot;+https://webmaster.petalsearch.com/site/petalbot)"
