114.119.154.6 - - [02/Oct/2021:02:55:51 +0900] "realpano.net(SG) GET /gl/index.php?mid=human_vr&m=0&category=3357&listStyle=gallery&order_type=desc&search_target=tag&search_keyword=%EC%96%91%EB%A7%90 HTTP/1.1" 403 199 "-" "Mozilla/5.0 (Linux; Android 7.0;) AppleWebKit/537.36 (KHTML, like Gecko) Mobile Safari/537.36 (compatible; PetalBot;+https://webmaster.petalsearch.com/site/petalbot)"
17.121.114.206 - - [02/Oct/2021:02:57:35 +0900] "realpano.net(US) GET /gl/files/attach/images/2684/515/044/1c4a88a38e4379bbd62d5273ee0f8969.jpg HTTP/1.1" 404 196 "-" "Mozilla/5.0 (Macintosh; Intel Mac OS X 10_15_5) AppleWebKit/605.1.15 (KHTML, like Gecko) Version/13.1.1 Safari/605.1.15 (Applebot/0.1; +http://www.apple.com/go/applebot)"
17.121.114.206 - - [02/Oct/2021:02:57:35 +0900] "realpano.net(US) GET /gl/files/attach/images/2684/515/044/1c4a88a38e4379bbd62d5273ee0f8969.jpg HTTP/1.1" 404 196 "-" "Mozilla/5.0 (Macintosh; Intel Mac OS X 10_15_5) AppleWebKit/605.1.15 (KHTML, like Gecko) Version/13.1.1 Safari/605.1.15 (Applebot/0.1; +http://www.apple.com/go/applebot)"
114.119.154.67 - - [02/Oct/2021:03:02:44 +0900] "realpano.net(SG) GET /gl/index.php?mid=human_vr&page=6&listStyle=viewer&m=0&document_srl=44770&sort_index=title&order_type=desc HTTP/1.1" 403 199 "-" "Mozilla/5.0 (Linux; Android 7.0;) AppleWebKit/537.36 (KHTML, like Gecko) Mobile Safari/537.36 (compatible; PetalBot;+https://webmaster.petalsearch.com/site/petalbot)"
114.119.154.67 - - [02/Oct/2021:03:02:44 +0900] "realpano.net(SG) GET /gl/index.php?mid=human_vr&page=6&listStyle=viewer&m=0&document_srl=44770&sort_index=title&order_type=desc HTTP/1.1" 403 199 "-" "Mozilla/5.0 (Linux; Android 7.0;) AppleWebKit/537.36 (KHTML, like Gecko) Mobile Safari/537.36 (compatible; PetalBot;+https://webmaster.petalsearch.com/site/petalbot)"
119.207.72.84 - - [02/Oct/2021:03:04:37 +0900] "realpano.net(KR) GET /clubview/_tour/kummorae/main.html HTTP/1.1" 404 196 "http://www.kummorae.com/" "Mozilla/5.0 (compatible; MSIE 9.0; Windows NT 6.1; WOW64; Trident/5.0)"
119.207.72.84 - - [02/Oct/2021:03:04:37 +0900] "realpano.net(KR) GET /clubview/_tour/kummorae/main.html HTTP/1.1" 404 196 "http://www.kummorae.com/" "Mozilla/5.0 (compatible; MSIE 9.0; Windows NT 6.1; WOW64; Trident/5.0)"
114.119.154.30 - - [02/Oct/2021:03:09:41 +0900] "realpano.net(SG) GET /gl/index.php?mid=human_vr&m=0&category=3354&listStyle=list&sort_index=readed_count&order_type=desc&search_target=tag&search_keyword=%EC%9E%90%EB%8F%99%EC%B0%A8%EB%B6%80%EC%86%8D HTTP/1.1" 403 199 "-" "Mozilla/5.0 (Linux; Android 7.0;) AppleWebKit/537.36 (KHTML, like Gecko) Mobile Safari/537.36 (compatible; PetalBot;+https://webmaster.petalsearch.com/site/petalbot)"
114.119.154.30 - - [02/Oct/2021:03:09:41 +0900] "realpano.net(SG) GET /gl/index.php?mid=human_vr&m=0&category=3354&listStyle=list&sort_index=readed_count&order_type=desc&search_target=tag&search_keyword=%EC%9E%90%EB%8F%99%EC%B0%A8%EB%B6%80%EC%86%8D HTTP/1.1" 403 199 "-" "Mozilla/5.0 (Linux; Android 7.0;) AppleWebKit/537.36 (KHTML, like Gecko) Mobile Safari/537.36 (compatible; PetalBot;+https://webmaster.petalsearch.com/site/petalbot)"
207.46.13.70 - - [02/Oct/2021:03:13:22 +0900] "realpano.net(US) GET /gl/files/attach/images/2684/890/043/5a7d45910a5bd1ea56117248a5f5c8fc.jpg HTTP/2.0" 404 196 "-" "Mozilla/5.0 (compatible; bingbot/2.0; +http://www.bing.com/bingbot.htm)"
207.46.13.70 - - [02/Oct/2021:03:13:22 +0900] "realpano.net(US) GET /gl/files/attach/images/2684/890/043/5a7d45910a5bd1ea56117248a5f5c8fc.jpg HTTP/2.0" 404 196 "-" "Mozilla/5.0 (compatible; bingbot/2.0; +http://www.bing.com/bingbot.htm)"
207.46.13.121 - - [02/Oct/2021:03:15:20 +0900] "realpano.net(US) GET /gl/human_vr/45249 HTTP/2.0" 404 196 "-" "Mozilla/5.0 (compatible; bingbot/2.0; +http://www.bing.com/bingbot.htm)"
207.46.13.121 - - [02/Oct/2021:03:15:20 +0900] "realpano.net(US) GET /gl/human_vr/45249 HTTP/2.0" 404 196 "-" "Mozilla/5.0 (compatible; bingbot/2.0; +http://www.bing.com/bingbot.htm)"
114.119.154.67 - - [02/Oct/2021:03:16:39 +0900] "realpano.net(SG) GET /gl/index.php?mid=human_vr&search_target=tag&search_keyword=%EA%B8%B0%EB%85%90%EA%B4%80&category=3347&m=0&listStyle=gallery HTTP/1.1" 403 199 "-" "Mozilla/5.0 (Linux; Android 7.0;) AppleWebKit/537.36 (KHTML, like Gecko) Mobile Safari/537.36 (compatible; PetalBot;+https://webmaster.petalsearch.com/site/petalbot)"
114.119.154.67 - - [02/Oct/2021:03:16:39 +0900] "realpano.net(SG) GET /gl/index.php?mid=human_vr&search_target=tag&search_keyword=%EA%B8%B0%EB%85%90%EA%B4%80&category=3347&m=0&listStyle=gallery HTTP/1.1" 403 199 "-" "Mozilla/5.0 (Linux; Android 7.0;) AppleWebKit/537.36 (KHTML, like Gecko) Mobile Safari/537.36 (compatible; PetalBot;+https://webmaster.petalsearch.com/site/petalbot)"
119.207.72.84 - - [02/Oct/2021:03:17:32 +0900] "realpano.net(KR) GET / HTTP/1.1" 200 64 "http://maniart.com" "Mozilla/4.0 (compatible; MSIE 7.0; Windows NT 6.1; WOW64; Trident/5.0; SLCC2; .NET CLR 2.0.50727; .NET CLR 3.5.30729; .NET CLR 3.0.30729; Media Center PC 6.0; .NET4.0C; InfoPath.3; .NET4.0E)"
119.207.72.84 - - [02/Oct/2021:03:17:32 +0900] "realpano.net(KR) GET / HTTP/1.1" 200 64 "http://maniart.com" "Mozilla/4.0 (compatible; MSIE 7.0; Windows NT 6.1; WOW64; Trident/5.0; SLCC2; .NET CLR 2.0.50727; .NET CLR 3.5.30729; .NET CLR 3.0.30729; Media Center PC 6.0; .NET4.0C; InfoPath.3; .NET4.0E)"
66.249.68.56 - - [02/Oct/2021:03:21:13 +0900] "realpano.net(US) GET /gl/index.php?mid=human_vr&search_target=tag&search_keyword=%EA%B3%A8%EB%AA%A9&document_srl=44778 HTTP/1.1" 404 196 "-" "Mozilla/5.0 (compatible; Googlebot/2.1; +http://www.google.com/bot.html)"
66.249.68.56 - - [02/Oct/2021:03:21:13 +0900] "realpano.net(US) GET /gl/index.php?mid=human_vr&search_target=tag&search_keyword=%EA%B3%A8%EB%AA%A9&document_srl=44778 HTTP/1.1" 404 196 "-" "Mozilla/5.0 (compatible; Googlebot/2.1; +http://www.google.com/bot.html)"
114.119.154.39 - - [02/Oct/2021:03:23:27 +0900] "realpano.net(SG) GET /gl/index.php?mid=human_vr&m=0&listStyle=webzine&sort_index=readed_count&order_type=desc&category=3343&search_target=tag&search_keyword=%ED%81%B4%EB%9D%BC%EC%9D%B4%EB%B0%8D&division=-45271&last_division=0 HTTP/1.1" 403 199 "-" "Mozilla/5.0 (Linux; Android 7.0;) AppleWebKit/537.36 (KHTML, like Gecko) Mobile Safari/537.36 (compatible; PetalBot;+https://webmaster.petalsearch.com/site/petalbot)"
114.119.154.39 - - [02/Oct/2021:03:23:27 +0900] "realpano.net(SG) GET /gl/index.php?mid=human_vr&m=0&listStyle=webzine&sort_index=readed_count&order_type=desc&category=3343&search_target=tag&search_keyword=%ED%81%B4%EB%9D%BC%EC%9D%B4%EB%B0%8D&division=-45271&last_division=0 HTTP/1.1" 403 199 "-" "Mozilla/5.0 (Linux; Android 7.0;) AppleWebKit/537.36 (KHTML, like Gecko) Mobile Safari/537.36 (compatible; PetalBot;+https://webmaster.petalsearch.com/site/petalbot)"
17.121.114.52 - - [02/Oct/2021:03:34:48 +0900] "realpano.net(US) GET /gl/human_vr/4173 HTTP/1.1" 404 196 "-" "Mozilla/5.0 (Macintosh; Intel Mac OS X 10_15_5) AppleWebKit/605.1.15 (KHTML, like Gecko) Version/13.1.1 Safari/605.1.15 (Applebot/0.1; +http://www.apple.com/go/applebot)"
17.121.114.52 - - [02/Oct/2021:03:34:48 +0900] "realpano.net(US) GET /gl/human_vr/4173 HTTP/1.1" 404 196 "-" "Mozilla/5.0 (Macintosh; Intel Mac OS X 10_15_5) AppleWebKit/605.1.15 (KHTML, like Gecko) Version/13.1.1 Safari/605.1.15 (Applebot/0.1; +http://www.apple.com/go/applebot)"
114.119.154.30 - - [02/Oct/2021:03:37:01 +0900] "realpano.net(SG) GET /gl/index.php?mid=human_vr&search_target=tag&search_keyword=%EC%A0%84%EC%9E%90%EC%83%81%EA%B0%80&category=3344 HTTP/1.1" 403 199 "-" "Mozilla/5.0 (Linux; Android 7.0;) AppleWebKit/537.36 (KHTML, like Gecko) Mobile Safari/537.36 (compatible; PetalBot;+https://webmaster.petalsearch.com/site/petalbot)"
114.119.154.30 - - [02/Oct/2021:03:37:01 +0900] "realpano.net(SG) GET /gl/index.php?mid=human_vr&search_target=tag&search_keyword=%EC%A0%84%EC%9E%90%EC%83%81%EA%B0%80&category=3344 HTTP/1.1" 403 199 "-" "Mozilla/5.0 (Linux; Android 7.0;) AppleWebKit/537.36 (KHTML, like Gecko) Mobile Safari/537.36 (compatible; PetalBot;+https://webmaster.petalsearch.com/site/petalbot)"
125.209.235.179 - - [02/Oct/2021:03:40:34 +0900] "realpano.net(KR) GET /clubview/_tour/kummorae/main.html HTTP/1.1" 404 196 "-" "Mozilla/5.0 (iPhone; CPU iPhone OS 9_1 like Mac OS X) AppleWebKit/601.1.46 (KHTML, like Gecko) Version/9.0 Mobile/13B143 Safari/601.1"
125.209.235.179 - - [02/Oct/2021:03:40:34 +0900] "realpano.net(KR) GET /clubview/_tour/kummorae/main.html HTTP/1.1" 404 196 "-" "Mozilla/5.0 (iPhone; CPU iPhone OS 9_1 like Mac OS X) AppleWebKit/601.1.46 (KHTML, like Gecko) Version/9.0 Mobile/13B143 Safari/601.1"
125.209.235.181 - - [02/Oct/2021:03:40:37 +0900] "realpano.net(KR) GET /clubview/_tour/kummorae/main.html HTTP/1.1" 404 196 "-" "Mozilla/5.0 (iPhone; CPU iPhone OS 9_1 like Mac OS X) AppleWebKit/601.1.46 (KHTML, like Gecko) Version/9.0 Mobile/13B143 Safari/601.1"
125.209.235.181 - - [02/Oct/2021:03:40:37 +0900] "realpano.net(KR) GET /clubview/_tour/kummorae/main.html HTTP/1.1" 404 196 "-" "Mozilla/5.0 (iPhone; CPU iPhone OS 9_1 like Mac OS X) AppleWebKit/601.1.46 (KHTML, like Gecko) Version/9.0 Mobile/13B143 Safari/601.1"
114.119.154.30 - - [02/Oct/2021:03:43:54 +0900] "realpano.net(SG) GET /gl/index.php?mid=human_vr&m=1&search_target=tag&search_keyword=%EA%B5%90%EC%9C%A1%EC%97%AD%EC%82%AC%2B%EB%B0%95%EB%AC%BC%EA%B4%80&category=3352&listStyle=list&act=dispMemberLoginForm HTTP/1.1" 403 199 "-" "Mozilla/5.0 (Linux; Android 7.0;) AppleWebKit/537.36 (KHTML, like Gecko) Mobile Safari/537.36 (compatible; PetalBot;+https://webmaster.petalsearch.com/site/petalbot)"
114.119.154.30 - - [02/Oct/2021:03:43:54 +0900] "realpano.net(SG) GET /gl/index.php?mid=human_vr&m=1&search_target=tag&search_keyword=%EA%B5%90%EC%9C%A1%EC%97%AD%EC%82%AC%2B%EB%B0%95%EB%AC%BC%EA%B4%80&category=3352&listStyle=list&act=dispMemberLoginForm HTTP/1.1" 403 199 "-" "Mozilla/5.0 (Linux; Android 7.0;) AppleWebKit/537.36 (KHTML, like Gecko) Mobile Safari/537.36 (compatible; PetalBot;+https://webmaster.petalsearch.com/site/petalbot)"
114.119.154.67 - - [02/Oct/2021:03:50:36 +0900] "realpano.net(SG) GET /gl/index.php?mid=human_vr&search_target=tag&search_keyword=%EB%82%A8%EC%82%B04%EB%8F%99&category=3352&m=0 HTTP/1.1" 403 199 "-" "Mozilla/5.0 (Linux; Android 7.0;) AppleWebKit/537.36 (KHTML, like Gecko) Mobile Safari/537.36 (compatible; PetalBot;+https://webmaster.petalsearch.com/site/petalbot)"
114.119.154.67 - - [02/Oct/2021:03:50:36 +0900] "realpano.net(SG) GET /gl/index.php?mid=human_vr&search_target=tag&search_keyword=%EB%82%A8%EC%82%B04%EB%8F%99&category=3352&m=0 HTTP/1.1" 403 199 "-" "Mozilla/5.0 (Linux; Android 7.0;) AppleWebKit/537.36 (KHTML, like Gecko) Mobile Safari/537.36 (compatible; PetalBot;+https://webmaster.petalsearch.com/site/petalbot)"
114.119.154.6 - - [02/Oct/2021:03:57:27 +0900] "realpano.net(SG) GET /gl/index.php?mid=human_vr&page=2&listStyle=list&document_srl=45214 HTTP/1.1" 403 199 "-" "Mozilla/5.0 (Linux; Android 7.0;) AppleWebKit/537.36 (KHTML, like Gecko) Mobile Safari/537.36 (compatible; PetalBot;+https://webmaster.petalsearch.com/site/petalbot)"
114.119.154.6 - - [02/Oct/2021:03:57:27 +0900] "realpano.net(SG) GET /gl/index.php?mid=human_vr&page=2&listStyle=list&document_srl=45214 HTTP/1.1" 403 199 "-" "Mozilla/5.0 (Linux; Android 7.0;) AppleWebKit/537.36 (KHTML, like Gecko) Mobile Safari/537.36 (compatible; PetalBot;+https://webmaster.petalsearch.com/site/petalbot)"
114.119.154.30 - - [02/Oct/2021:04:04:30 +0900] "realpano.net(SG) GET /gl/index.php?mid=human_vr&search_target=tag&search_keyword=%EA%B3%BC%EC%9D%BC&category=3345 HTTP/1.1" 403 199 "-" "Mozilla/5.0 (Linux; Android 7.0;) AppleWebKit/537.36 (KHTML, like Gecko) Mobile Safari/537.36 (compatible; PetalBot;+https://webmaster.petalsearch.com/site/petalbot)"
114.119.154.30 - - [02/Oct/2021:04:04:30 +0900] "realpano.net(SG) GET /gl/index.php?mid=human_vr&search_target=tag&search_keyword=%EA%B3%BC%EC%9D%BC&category=3345 HTTP/1.1" 403 199 "-" "Mozilla/5.0 (Linux; Android 7.0;) AppleWebKit/537.36 (KHTML, like Gecko) Mobile Safari/537.36 (compatible; PetalBot;+https://webmaster.petalsearch.com/site/petalbot)"
114.119.154.41 - - [02/Oct/2021:04:11:29 +0900] "realpano.net(SG) GET /gl/index.php?mid=human_vr&m=1&listStyle=viewer&search_target=tag&search_keyword=%EA%B3%A8%EB%AA%A9&category=3349&division=-45271&last_division=0 HTTP/1.1" 403 199 "-" "Mozilla/5.0 (Linux; Android 7.0;) AppleWebKit/537.36 (KHTML, like Gecko) Mobile Safari/537.36 (compatible; PetalBot;+https://webmaster.petalsearch.com/site/petalbot)"
114.119.154.41 - - [02/Oct/2021:04:11:29 +0900] "realpano.net(SG) GET /gl/index.php?mid=human_vr&m=1&listStyle=viewer&search_target=tag&search_keyword=%EA%B3%A8%EB%AA%A9&category=3349&division=-45271&last_division=0 HTTP/1.1" 403 199 "-" "Mozilla/5.0 (Linux; Android 7.0;) AppleWebKit/537.36 (KHTML, like Gecko) Mobile Safari/537.36 (compatible; PetalBot;+https://webmaster.petalsearch.com/site/petalbot)"
178.150.14.250 - - [02/Oct/2021:04:15:23 +0900] "realpano.net(UA) GET /robots.txt HTTP/1.1" 403 199 "-" "Mozilla/5.0 (compatible; MJ12bot/v1.4.8; http://mj12bot.com/)"
178.150.14.250 - - [02/Oct/2021:04:15:23 +0900] "realpano.net(UA) GET /robots.txt HTTP/1.1" 403 199 "-" "Mozilla/5.0 (compatible; MJ12bot/v1.4.8; http://mj12bot.com/)"
114.119.154.30 - - [02/Oct/2021:04:18:10 +0900] "realpano.net(SG) GET /gl/index.php?mid=human_vr&m=0&category=3343&listStyle=webzine&sort_index=regdate&order_type=asc&document_srl=44567 HTTP/1.1" 403 199 "-" "Mozilla/5.0 (Linux; Android 7.0;) AppleWebKit/537.36 (KHTML, like Gecko) Mobile Safari/537.36 (compatible; PetalBot;+https://webmaster.petalsearch.com/site/petalbot)"
114.119.154.30 - - [02/Oct/2021:04:18:10 +0900] "realpano.net(SG) GET /gl/index.php?mid=human_vr&m=0&category=3343&listStyle=webzine&sort_index=regdate&order_type=asc&document_srl=44567 HTTP/1.1" 403 199 "-" "Mozilla/5.0 (Linux; Android 7.0;) AppleWebKit/537.36 (KHTML, like Gecko) Mobile Safari/537.36 (compatible; PetalBot;+https://webmaster.petalsearch.com/site/petalbot)"
17.121.112.65 - - [02/Oct/2021:04:23:45 +0900] "realpano.net(US) GET /robots.txt HTTP/1.1" 404 196 "-" "Mozilla/5.0 (Macintosh; Intel Mac OS X 10_15_5) AppleWebKit/605.1.15 (KHTML, like Gecko) Version/13.1.1 Safari/605.1.15 (Applebot/0.1; +http://www.apple.com/go/applebot)"
17.121.112.65 - - [02/Oct/2021:04:23:45 +0900] "realpano.net(US) GET /robots.txt HTTP/1.1" 404 196 "-" "Mozilla/5.0 (Macintosh; Intel Mac OS X 10_15_5) AppleWebKit/605.1.15 (KHTML, like Gecko) Version/13.1.1 Safari/605.1.15 (Applebot/0.1; +http://www.apple.com/go/applebot)"
17.121.112.65 - - [02/Oct/2021:04:23:46 +0900] "realpano.net(US) GET /gl/human_vr/44411 HTTP/1.1" 404 196 "-" "Mozilla/5.0 (Macintosh; Intel Mac OS X 10_15_5) AppleWebKit/605.1.15 (KHTML, like Gecko) Version/13.1.1 Safari/605.1.15 (Applebot/0.1; +http://www.apple.com/go/applebot)"
17.121.112.65 - - [02/Oct/2021:04:23:46 +0900] "realpano.net(US) GET /gl/human_vr/44411 HTTP/1.1" 404 196 "-" "Mozilla/5.0 (Macintosh; Intel Mac OS X 10_15_5) AppleWebKit/605.1.15 (KHTML, like Gecko) Version/13.1.1 Safari/605.1.15 (Applebot/0.1; +http://www.apple.com/go/applebot)"
66.249.68.60 - - [02/Oct/2021:04:24:08 +0900] "realpano.net(US) GET /gl/files/thumbnails/152/045/90x90.crop.jpg?20201207135335 HTTP/1.1" 404 196 "-" "Googlebot-Image/1.0"
66.249.68.60 - - [02/Oct/2021:04:24:08 +0900] "realpano.net(US) GET /gl/files/thumbnails/152/045/90x90.crop.jpg?20201207135335 HTTP/1.1" 404 196 "-" "Googlebot-Image/1.0"
114.119.154.65 - - [02/Oct/2021:04:25:13 +0900] "realpano.net(SG) GET /gl/index.php?mid=human_vr&m=1&category=3357&listStyle=list&order_type=desc&document_srl=44894&sort_index=title&act=dispMemberLoginForm HTTP/1.1" 403 199 "-" "Mozilla/5.0 (Linux; Android 7.0;) AppleWebKit/537.36 (KHTML, like Gecko) Mobile Safari/537.36 (compatible; PetalBot;+https://webmaster.petalsearch.com/site/petalbot)"
114.119.154.65 - - [02/Oct/2021:04:25:13 +0900] "realpano.net(SG) GET /gl/index.php?mid=human_vr&m=1&category=3357&listStyle=list&order_type=desc&document_srl=44894&sort_index=title&act=dispMemberLoginForm HTTP/1.1" 403 199 "-" "Mozilla/5.0 (Linux; Android 7.0;) AppleWebKit/537.36 (KHTML, like Gecko) Mobile Safari/537.36 (compatible; PetalBot;+https://webmaster.petalsearch.com/site/petalbot)"
66.249.68.58 - - [02/Oct/2021:04:32:07 +0900] "realpano.net(US) GET /gl/human_vr/44686 HTTP/1.1" 404 196 "-" "Mozilla/5.0 (Linux; Android 6.0.1; Nexus 5X Build/MMB29P) AppleWebKit/537.36 (KHTML, like Gecko) Chrome/94.0.4606.54 Mobile Safari/537.36 (compatible; Googlebot/2.1; +http://www.google.com/bot.html)"
66.249.68.58 - - [02/Oct/2021:04:32:07 +0900] "realpano.net(US) GET /gl/human_vr/44686 HTTP/1.1" 404 196 "-" "Mozilla/5.0 (Linux; Android 6.0.1; Nexus 5X Build/MMB29P) AppleWebKit/537.36 (KHTML, like Gecko) Chrome/94.0.4606.54 Mobile Safari/537.36 (compatible; Googlebot/2.1; +http://www.google.com/bot.html)"
114.119.154.41 - - [02/Oct/2021:04:32:10 +0900] "realpano.net(SG) GET /gl/index.php?mid=human_vr&m=0&category=3354&listStyle=list&search_target=tag&search_keyword=%EB%8C%80%EA%B5%AC%EC%A4%91%EA%B5%AC&division=-45271&last_division=0&sort_index=readed_count&order_type=asc&act=dispMemberLoginForm HTTP/1.1" 403 199 "-" "Mozilla/5.0 (Linux; Android 7.0;) AppleWebKit/537.36 (KHTML, like Gecko) Mobile Safari/537.36 (compatible; PetalBot;+https://webmaster.petalsearch.com/site/petalbot)"
114.119.154.41 - - [02/Oct/2021:04:32:10 +0900] "realpano.net(SG) GET /gl/index.php?mid=human_vr&m=0&category=3354&listStyle=list&search_target=tag&search_keyword=%EB%8C%80%EA%B5%AC%EC%A4%91%EA%B5%AC&division=-45271&last_division=0&sort_index=readed_count&order_type=asc&act=dispMemberLoginForm HTTP/1.1" 403 199 "-" "Mozilla/5.0 (Linux; Android 7.0;) AppleWebKit/537.36 (KHTML, like Gecko) Mobile Safari/537.36 (compatible; PetalBot;+https://webmaster.petalsearch.com/site/petalbot)"
119.207.72.84 - - [02/Oct/2021:04:32:56 +0900] "realpano.net(KR) GET / HTTP/1.1" 200 64 "-" "Mozilla/5.0 (compatible; MSIE 9.0; Windows NT 6.1; WOW64; Trident/5.0; SLCC2; .NET CLR 2.0.50727; .NET CLR 3.5.30729; .NET CLR 3.0.30729; Media Center PC 6.0; .NET4.0C; InfoPath.3; .NET4.0E)"
119.207.72.84 - - [02/Oct/2021:04:32:56 +0900] "realpano.net(KR) GET / HTTP/1.1" 200 64 "-" "Mozilla/5.0 (compatible; MSIE 9.0; Windows NT 6.1; WOW64; Trident/5.0; SLCC2; .NET CLR 2.0.50727; .NET CLR 3.5.30729; .NET CLR 3.0.30729; Media Center PC 6.0; .NET4.0C; InfoPath.3; .NET4.0E)"
114.119.154.26 - - [02/Oct/2021:04:38:56 +0900] "realpano.net(SG) GET /gl/index.php?mid=human_vr&m=0&search_target=tag&search_keyword=%EA%B3%A8%EB%AA%A9&division=-45271&last_division=0 HTTP/1.1" 403 199 "-" "Mozilla/5.0 (Linux; Android 7.0;) AppleWebKit/537.36 (KHTML, like Gecko) Mobile Safari/537.36 (compatible; PetalBot;+https://webmaster.petalsearch.com/site/petalbot)"
114.119.154.26 - - [02/Oct/2021:04:38:56 +0900] "realpano.net(SG) GET /gl/index.php?mid=human_vr&m=0&search_target=tag&search_keyword=%EA%B3%A8%EB%AA%A9&division=-45271&last_division=0 HTTP/1.1" 403 199 "-" "Mozilla/5.0 (Linux; Android 7.0;) AppleWebKit/537.36 (KHTML, like Gecko) Mobile Safari/537.36 (compatible; PetalBot;+https://webmaster.petalsearch.com/site/petalbot)"
17.121.114.61 - - [02/Oct/2021:04:43:50 +0900] "realpano.net(US) GET /gl/human_vr/45165 HTTP/1.1" 404 196 "-" "Mozilla/5.0 (Macintosh; Intel Mac OS X 10_15_5) AppleWebKit/605.1.15 (KHTML, like Gecko) Version/13.1.1 Safari/605.1.15 (Applebot/0.1; +http://www.apple.com/go/applebot)"
17.121.114.61 - - [02/Oct/2021:04:43:50 +0900] "realpano.net(US) GET /gl/human_vr/45165 HTTP/1.1" 404 196 "-" "Mozilla/5.0 (Macintosh; Intel Mac OS X 10_15_5) AppleWebKit/605.1.15 (KHTML, like Gecko) Version/13.1.1 Safari/605.1.15 (Applebot/0.1; +http://www.apple.com/go/applebot)"
114.119.154.67 - - [02/Oct/2021:04:46:08 +0900] "realpano.net(SG) GET /gl/index.php?mid=human_vr&page=3&document_srl=45015&m=0&listStyle=viewer HTTP/1.1" 403 199 "-" "Mozilla/5.0 (Linux; Android 7.0;) AppleWebKit/537.36 (KHTML, like Gecko) Mobile Safari/537.36 (compatible; PetalBot;+https://webmaster.petalsearch.com/site/petalbot)"
114.119.154.67 - - [02/Oct/2021:04:46:08 +0900] "realpano.net(SG) GET /gl/index.php?mid=human_vr&page=3&document_srl=45015&m=0&listStyle=viewer HTTP/1.1" 403 199 "-" "Mozilla/5.0 (Linux; Android 7.0;) AppleWebKit/537.36 (KHTML, like Gecko) Mobile Safari/537.36 (compatible; PetalBot;+https://webmaster.petalsearch.com/site/petalbot)"
17.121.112.222 - - [02/Oct/2021:04:47:42 +0900] "realpano.net(US) GET /gl/files/thumbnails/854/003/204x102.crop.jpg?20150513184504 HTTP/1.1" 404 196 "-" "Mozilla/5.0 (Macintosh; Intel Mac OS X 10_15_5) AppleWebKit/605.1.15 (KHTML, like Gecko) Version/13.1.1 Safari/605.1.15 (Applebot/0.1; +http://www.apple.com/go/applebot)"
17.121.112.222 - - [02/Oct/2021:04:47:42 +0900] "realpano.net(US) GET /gl/files/thumbnails/854/003/204x102.crop.jpg?20150513184504 HTTP/1.1" 404 196 "-" "Mozilla/5.0 (Macintosh; Intel Mac OS X 10_15_5) AppleWebKit/605.1.15 (KHTML, like Gecko) Version/13.1.1 Safari/605.1.15 (Applebot/0.1; +http://www.apple.com/go/applebot)"
114.119.154.67 - - [02/Oct/2021:04:52:53 +0900] "realpano.net(SG) GET /gl/index.php?mid=human_vr&category=3353&m=0&listStyle=list&document_srl=45090 HTTP/1.1" 403 199 "-" "Mozilla/5.0 (Linux; Android 7.0;) AppleWebKit/537.36 (KHTML, like Gecko) Mobile Safari/537.36 (compatible; PetalBot;+https://webmaster.petalsearch.com/site/petalbot)"
114.119.154.67 - - [02/Oct/2021:04:52:53 +0900] "realpano.net(SG) GET /gl/index.php?mid=human_vr&category=3353&m=0&listStyle=list&document_srl=45090 HTTP/1.1" 403 199 "-" "Mozilla/5.0 (Linux; Android 7.0;) AppleWebKit/537.36 (KHTML, like Gecko) Mobile Safari/537.36 (compatible; PetalBot;+https://webmaster.petalsearch.com/site/petalbot)"
119.207.72.197 - - [02/Oct/2021:04:55:18 +0900] "realpano.net(KR) GET /clubview/_tour/kummorae/main.html HTTP/1.1" 404 196 "http://www.kummorae.com" "Mozilla/5.0 (Windows NT 10.0; WOW64; Trident/7.0; rv:11.0) like Gecko"
119.207.72.197 - - [02/Oct/2021:04:55:18 +0900] "realpano.net(KR) GET /clubview/_tour/kummorae/main.html HTTP/1.1" 404 196 "http://www.kummorae.com" "Mozilla/5.0 (Windows NT 10.0; WOW64; Trident/7.0; rv:11.0) like Gecko"
114.119.154.65 - - [02/Oct/2021:04:59:42 +0900] "realpano.net(SG) GET /gl/index.php?mid=human_vr&listStyle=list&m=0&sort_index=readed_count&order_type=asc&category=3346&act=dispBoardTagList HTTP/1.1" 403 199 "-" "Mozilla/5.0 (Linux; Android 7.0;) AppleWebKit/537.36 (KHTML, like Gecko) Mobile Safari/537.36 (compatible; PetalBot;+https://webmaster.petalsearch.com/site/petalbot)"
114.119.154.65 - - [02/Oct/2021:04:59:42 +0900] "realpano.net(SG) GET /gl/index.php?mid=human_vr&listStyle=list&m=0&sort_index=readed_count&order_type=asc&category=3346&act=dispBoardTagList HTTP/1.1" 403 199 "-" "Mozilla/5.0 (Linux; Android 7.0;) AppleWebKit/537.36 (KHTML, like Gecko) Mobile Safari/537.36 (compatible; PetalBot;+https://webmaster.petalsearch.com/site/petalbot)"
114.119.154.30 - - [02/Oct/2021:05:06:17 +0900] "realpano.net(SG) GET /gl/index.php?mid=human_vr&page=1&listStyle=list&document_srl=4113 HTTP/1.1" 403 199 "-" "Mozilla/5.0 (Linux; Android 7.0;) AppleWebKit/537.36 (KHTML, like Gecko) Mobile Safari/537.36 (compatible; PetalBot;+https://webmaster.petalsearch.com/site/petalbot)"
114.119.154.30 - - [02/Oct/2021:05:06:17 +0900] "realpano.net(SG) GET /gl/index.php?mid=human_vr&page=1&listStyle=list&document_srl=4113 HTTP/1.1" 403 199 "-" "Mozilla/5.0 (Linux; Android 7.0;) AppleWebKit/537.36 (KHTML, like Gecko) Mobile Safari/537.36 (compatible; PetalBot;+https://webmaster.petalsearch.com/site/petalbot)"
17.121.114.48 - - [02/Oct/2021:05:08:16 +0900] "realpano.net(US) GET /gl/human_vr/45271 HTTP/1.1" 404 196 "-" "Mozilla/5.0 (Macintosh; Intel Mac OS X 10_15_5) AppleWebKit/605.1.15 (KHTML, like Gecko) Version/13.1.1 Safari/605.1.15 (Applebot/0.1; +http://www.apple.com/go/applebot)"
17.121.114.48 - - [02/Oct/2021:05:08:16 +0900] "realpano.net(US) GET /gl/human_vr/45271 HTTP/1.1" 404 196 "-" "Mozilla/5.0 (Macintosh; Intel Mac OS X 10_15_5) AppleWebKit/605.1.15 (KHTML, like Gecko) Version/13.1.1 Safari/605.1.15 (Applebot/0.1; +http://www.apple.com/go/applebot)"
114.119.154.67 - - [02/Oct/2021:05:13:13 +0900] "realpano.net(SG) GET /gl/index.php?mid=human_vr&m=0&page=4&document_srl=3866&act=dispMemberSignUpForm HTTP/1.1" 403 199 "-" "Mozilla/5.0 (Linux; Android 7.0;) AppleWebKit/537.36 (KHTML, like Gecko) Mobile Safari/537.36 (compatible; PetalBot;+https://webmaster.petalsearch.com/site/petalbot)"
114.119.154.67 - - [02/Oct/2021:05:13:13 +0900] "realpano.net(SG) GET /gl/index.php?mid=human_vr&m=0&page=4&document_srl=3866&act=dispMemberSignUpForm HTTP/1.1" 403 199 "-" "Mozilla/5.0 (Linux; Android 7.0;) AppleWebKit/537.36 (KHTML, like Gecko) Mobile Safari/537.36 (compatible; PetalBot;+https://webmaster.petalsearch.com/site/petalbot)"
17.121.113.69 - - [02/Oct/2021:05:19:18 +0900] "realpano.net(US) GET /gl/human_vr/45201 HTTP/1.1" 404 196 "-" "Mozilla/5.0 (Macintosh; Intel Mac OS X 10_15_5) AppleWebKit/605.1.15 (KHTML, like Gecko) Version/13.1.1 Safari/605.1.15 (Applebot/0.1; +http://www.apple.com/go/applebot)"
17.121.113.69 - - [02/Oct/2021:05:19:18 +0900] "realpano.net(US) GET /gl/human_vr/45201 HTTP/1.1" 404 196 "-" "Mozilla/5.0 (Macintosh; Intel Mac OS X 10_15_5) AppleWebKit/605.1.15 (KHTML, like Gecko) Version/13.1.1 Safari/605.1.15 (Applebot/0.1; +http://www.apple.com/go/applebot)"
17.121.112.76 - - [02/Oct/2021:05:19:33 +0900] "realpano.net(US) GET /gl/human_vr/4086 HTTP/1.1" 404 196 "-" "Mozilla/5.0 (Macintosh; Intel Mac OS X 10_15_5) AppleWebKit/605.1.15 (KHTML, like Gecko) Version/13.1.1 Safari/605.1.15 (Applebot/0.1; +http://www.apple.com/go/applebot)"
17.121.112.76 - - [02/Oct/2021:05:19:33 +0900] "realpano.net(US) GET /gl/human_vr/4086 HTTP/1.1" 404 196 "-" "Mozilla/5.0 (Macintosh; Intel Mac OS X 10_15_5) AppleWebKit/605.1.15 (KHTML, like Gecko) Version/13.1.1 Safari/605.1.15 (Applebot/0.1; +http://www.apple.com/go/applebot)"
114.119.154.6 - - [02/Oct/2021:05:19:43 +0900] "realpano.net(SG) GET /gl/index.php?mid=human_vr&search_target=tag&search_keyword=%EC%A0%84%EC%B1%84&category=3355 HTTP/1.1" 403 199 "-" "Mozilla/5.0 (Linux; Android 7.0;) AppleWebKit/537.36 (KHTML, like Gecko) Mobile Safari/537.36 (compatible; PetalBot;+https://webmaster.petalsearch.com/site/petalbot)"
114.119.154.6 - - [02/Oct/2021:05:19:43 +0900] "realpano.net(SG) GET /gl/index.php?mid=human_vr&search_target=tag&search_keyword=%EC%A0%84%EC%B1%84&category=3355 HTTP/1.1" 403 199 "-" "Mozilla/5.0 (Linux; Android 7.0;) AppleWebKit/537.36 (KHTML, like Gecko) Mobile Safari/537.36 (compatible; PetalBot;+https://webmaster.petalsearch.com/site/petalbot)"
157.55.39.94 - - [02/Oct/2021:05:26:00 +0900] "www.realpano.net(US) GET /gl/files/thumbnails/201/045/204x102.crop.jpg?20170213120223 HTTP/1.1" 200 23709 "-" "Mozilla/5.0 (compatible; bingbot/2.0; +http://www.bing.com/bingbot.htm)"
157.55.39.94 - - [02/Oct/2021:05:26:00 +0900] "www.realpano.net(US) GET /gl/files/thumbnails/201/045/204x102.crop.jpg?20170213120223 HTTP/1.1" 200 23709 "-" "Mozilla/5.0 (compatible; bingbot/2.0; +http://www.bing.com/bingbot.htm)"
17.121.112.74 - - [02/Oct/2021:05:29:45 +0900] "realpano.net(US) GET /gl/human_vr/44818 HTTP/1.1" 404 196 "-" "Mozilla/5.0 (Macintosh; Intel Mac OS X 10_15_5) AppleWebKit/605.1.15 (KHTML, like Gecko) Version/13.1.1 Safari/605.1.15 (Applebot/0.1; +http://www.apple.com/go/applebot)"
17.121.112.74 - - [02/Oct/2021:05:29:45 +0900] "realpano.net(US) GET /gl/human_vr/44818 HTTP/1.1" 404 196 "-" "Mozilla/5.0 (Macintosh; Intel Mac OS X 10_15_5) AppleWebKit/605.1.15 (KHTML, like Gecko) Version/13.1.1 Safari/605.1.15 (Applebot/0.1; +http://www.apple.com/go/applebot)"
114.119.154.67 - - [02/Oct/2021:05:33:24 +0900] "realpano.net(SG) GET /gl/index.php?mid=human_vr&m=1&category=3350&listStyle=list&order_type=asc&sort_index=title HTTP/1.1" 403 199 "-" "Mozilla/5.0 (Linux; Android 7.0;) AppleWebKit/537.36 (KHTML, like Gecko) Mobile Safari/537.36 (compatible; PetalBot;+https://webmaster.petalsearch.com/site/petalbot)"
114.119.154.67 - - [02/Oct/2021:05:33:24 +0900] "realpano.net(SG) GET /gl/index.php?mid=human_vr&m=1&category=3350&listStyle=list&order_type=asc&sort_index=title HTTP/1.1" 403 199 "-" "Mozilla/5.0 (Linux; Android 7.0;) AppleWebKit/537.36 (KHTML, like Gecko) Mobile Safari/537.36 (compatible; PetalBot;+https://webmaster.petalsearch.com/site/petalbot)"
66.249.68.60 - - [02/Oct/2021:05:35:47 +0900] "realpano.net(US) GET /gl/human_vr/45251 HTTP/1.1" 404 196 "-" "Mozilla/5.0 (Linux; Android 6.0.1; Nexus 5X Build/MMB29P) AppleWebKit/537.36 (KHTML, like Gecko) Chrome/94.0.4606.54 Mobile Safari/537.36 (compatible; Googlebot/2.1; +http://www.google.com/bot.html)"
66.249.68.60 - - [02/Oct/2021:05:35:47 +0900] "realpano.net(US) GET /gl/human_vr/45251 HTTP/1.1" 404 196 "-" "Mozilla/5.0 (Linux; Android 6.0.1; Nexus 5X Build/MMB29P) AppleWebKit/537.36 (KHTML, like Gecko) Chrome/94.0.4606.54 Mobile Safari/537.36 (compatible; Googlebot/2.1; +http://www.google.com/bot.html)"
114.119.154.39 - - [02/Oct/2021:05:40:12 +0900] "realpano.net(SG) GET /gl/index.php?mid=human_vr&m=1&listStyle=viewer&search_target=tag&search_keyword=%EA%B3%A8%EB%AA%A9&category=3349&division=-45271&last_division=0 HTTP/1.1" 403 199 "-" "Mozilla/5.0 (Linux; Android 7.0;) AppleWebKit/537.36 (KHTML, like Gecko) Mobile Safari/537.36 (compatible; PetalBot;+https://webmaster.petalsearch.com/site/petalbot)"
114.119.154.39 - - [02/Oct/2021:05:40:12 +0900] "realpano.net(SG) GET /gl/index.php?mid=human_vr&m=1&listStyle=viewer&search_target=tag&search_keyword=%EA%B3%A8%EB%AA%A9&category=3349&division=-45271&last_division=0 HTTP/1.1" 403 199 "-" "Mozilla/5.0 (Linux; Android 7.0;) AppleWebKit/537.36 (KHTML, like Gecko) Mobile Safari/537.36 (compatible; PetalBot;+https://webmaster.petalsearch.com/site/petalbot)"
114.119.154.41 - - [02/Oct/2021:05:46:49 +0900] "realpano.net(SG) GET /gl/index.php?mid=human_vr&m=0&page=3&listStyle=viewer&document_srl=44924 HTTP/1.1" 403 199 "-" "Mozilla/5.0 (Linux; Android 7.0;) AppleWebKit/537.36 (KHTML, like Gecko) Mobile Safari/537.36 (compatible; PetalBot;+https://webmaster.petalsearch.com/site/petalbot)"
114.119.154.41 - - [02/Oct/2021:05:46:49 +0900] "realpano.net(SG) GET /gl/index.php?mid=human_vr&m=0&page=3&listStyle=viewer&document_srl=44924 HTTP/1.1" 403 199 "-" "Mozilla/5.0 (Linux; Android 7.0;) AppleWebKit/537.36 (KHTML, like Gecko) Mobile Safari/537.36 (compatible; PetalBot;+https://webmaster.petalsearch.com/site/petalbot)"
157.55.39.20 - - [02/Oct/2021:05:50:31 +0900] "www.realpano.net(US) GET / HTTP/1.1" 200 64 "-" "Mozilla/5.0 (compatible; bingbot/2.0; +http://www.bing.com/bingbot.htm)"
157.55.39.20 - - [02/Oct/2021:05:50:31 +0900] "www.realpano.net(US) GET / HTTP/1.1" 200 64 "-" "Mozilla/5.0 (compatible; bingbot/2.0; +http://www.bing.com/bingbot.htm)"
35.210.62.152 - - [02/Oct/2021:05:52:54 +0900] "realpano.net(US) GET /robots.txt HTTP/1.1" 404 196 "-" "Go-http-client/1.1"
35.210.62.152 - - [02/Oct/2021:05:52:54 +0900] "realpano.net(US) GET /robots.txt HTTP/1.1" 404 196 "-" "Go-http-client/1.1"
35.210.62.152 - - [02/Oct/2021:05:53:09 +0900] "realpano.net(US) GET / HTTP/1.1" 200 64 "-" "Mozilla/5.0 (compatible; VelenPublicWebCrawler/1.0; +https://velen.io)"
35.210.62.152 - - [02/Oct/2021:05:53:09 +0900] "realpano.net(US) GET / HTTP/1.1" 200 64 "-" "Mozilla/5.0 (compatible; VelenPublicWebCrawler/1.0; +https://velen.io)"
114.119.154.30 - - [02/Oct/2021:05:53:36 +0900] "realpano.net(SG) GET /gl/index.php?mid=human_vr&page=5&listStyle=list&search_target=tag&search_keyword=%ED%95%AD%EA%B3%B5&act=dispMemberLoginForm&m=0 HTTP/1.1" 403 199 "-" "Mozilla/5.0 (Linux; Android 7.0;) AppleWebKit/537.36 (KHTML, like Gecko) Mobile Safari/537.36 (compatible; PetalBot;+https://webmaster.petalsearch.com/site/petalbot)"
114.119.154.30 - - [02/Oct/2021:05:53:36 +0900] "realpano.net(SG) GET /gl/index.php?mid=human_vr&page=5&listStyle=list&search_target=tag&search_keyword=%ED%95%AD%EA%B3%B5&act=dispMemberLoginForm&m=0 HTTP/1.1" 403 199 "-" "Mozilla/5.0 (Linux; Android 7.0;) AppleWebKit/537.36 (KHTML, like Gecko) Mobile Safari/537.36 (compatible; PetalBot;+https://webmaster.petalsearch.com/site/petalbot)"
157.55.39.94 - - [02/Oct/2021:05:54:42 +0900] "www.realpano.net(US) GET /gl/modules/document/tpl/icons/default/secret.gif HTTP/2.0" 404 196 "-" "Mozilla/5.0 (compatible; bingbot/2.0; +http://www.bing.com/bingbot.htm)"
157.55.39.94 - - [02/Oct/2021:05:54:42 +0900] "www.realpano.net(US) GET /gl/modules/document/tpl/icons/default/secret.gif HTTP/2.0" 404 196 "-" "Mozilla/5.0 (compatible; bingbot/2.0; +http://www.bing.com/bingbot.htm)"
114.119.154.6 - - [02/Oct/2021:06:00:25 +0900] "realpano.net(SG) GET /gl/index.php?mid=human_vr&page=4&listStyle=list&document_srl=44845&m=0&sort_index=readed_count&order_type=asc HTTP/1.1" 403 199 "-" "Mozilla/5.0 (Linux; Android 7.0;) AppleWebKit/537.36 (KHTML, like Gecko) Mobile Safari/537.36 (compatible; PetalBot;+https://webmaster.petalsearch.com/site/petalbot)"
114.119.154.6 - - [02/Oct/2021:06:00:25 +0900] "realpano.net(SG) GET /gl/index.php?mid=human_vr&page=4&listStyle=list&document_srl=44845&m=0&sort_index=readed_count&order_type=asc HTTP/1.1" 403 199 "-" "Mozilla/5.0 (Linux; Android 7.0;) AppleWebKit/537.36 (KHTML, like Gecko) Mobile Safari/537.36 (compatible; PetalBot;+https://webmaster.petalsearch.com/site/petalbot)"
114.119.154.6 - - [02/Oct/2021:06:07:42 +0900] "realpano.net(SG) GET /gl/index.php?mid=human_vr&m=1&category=3344&listStyle=viewer&search_target=tag&search_keyword=%EA%B5%AD%EC%B1%84%EB%B3%B4%EC%83%81%EC%9A%B4%EB%8F%99 HTTP/1.1" 403 199 "-" "Mozilla/5.0 (Linux; Android 7.0;) AppleWebKit/537.36 (KHTML, like Gecko) Mobile Safari/537.36 (compatible; PetalBot;+https://webmaster.petalsearch.com/site/petalbot)"
114.119.154.6 - - [02/Oct/2021:06:07:42 +0900] "realpano.net(SG) GET /gl/index.php?mid=human_vr&m=1&category=3344&listStyle=viewer&search_target=tag&search_keyword=%EA%B5%AD%EC%B1%84%EB%B3%B4%EC%83%81%EC%9A%B4%EB%8F%99 HTTP/1.1" 403 199 "-" "Mozilla/5.0 (Linux; Android 7.0;) AppleWebKit/537.36 (KHTML, like Gecko) Mobile Safari/537.36 (compatible; PetalBot;+https://webmaster.petalsearch.com/site/petalbot)"
17.121.115.124 - - [02/Oct/2021:06:13:53 +0900] "realpano.net(US) GET /gl/maps HTTP/1.1" 404 196 "-" "Mozilla/5.0 (Macintosh; Intel Mac OS X 10_15_5) AppleWebKit/605.1.15 (KHTML, like Gecko) Version/13.1.1 Safari/605.1.15 (Applebot/0.1; +http://www.apple.com/go/applebot)"
17.121.115.124 - - [02/Oct/2021:06:13:53 +0900] "realpano.net(US) GET /gl/maps HTTP/1.1" 404 196 "-" "Mozilla/5.0 (Macintosh; Intel Mac OS X 10_15_5) AppleWebKit/605.1.15 (KHTML, like Gecko) Version/13.1.1 Safari/605.1.15 (Applebot/0.1; +http://www.apple.com/go/applebot)"
114.119.154.41 - - [02/Oct/2021:06:18:35 +0900] "realpano.net(SG) GET /gl/index.php?mid=human_vr&m=1&category=3339&listStyle=gallery&search_target=tag&search_keyword=%EC%88%98%EC%A0%9C%ED%99%94&division=-45271&last_division=0&act=dispMemberLoginForm HTTP/1.1" 403 199 "-" "Mozilla/5.0 (Linux; Android 7.0;) AppleWebKit/537.36 (KHTML, like Gecko) Mobile Safari/537.36 (compatible; PetalBot;+https://webmaster.petalsearch.com/site/petalbot)"
114.119.154.41 - - [02/Oct/2021:06:18:35 +0900] "realpano.net(SG) GET /gl/index.php?mid=human_vr&m=1&category=3339&listStyle=gallery&search_target=tag&search_keyword=%EC%88%98%EC%A0%9C%ED%99%94&division=-45271&last_division=0&act=dispMemberLoginForm HTTP/1.1" 403 199 "-" "Mozilla/5.0 (Linux; Android 7.0;) AppleWebKit/537.36 (KHTML, like Gecko) Mobile Safari/537.36 (compatible; PetalBot;+https://webmaster.petalsearch.com/site/petalbot)"
27.42.138.33 - - [02/Oct/2021:06:25:07 +0900] "www.realpano.net(CN) POST /data/%235Dp8Gh.asp HTTP/1.1" 404 196 "http://misc.yahoo.com.cn/" "Mozilla/5.0+(compatible;+Baispider/2.0;++http://www.bai.com/search/spider.html)"
27.42.138.33 - - [02/Oct/2021:06:25:07 +0900] "www.realpano.net(CN) POST /data/%235Dp8Gh.asp HTTP/1.1" 404 196 "http://misc.yahoo.com.cn/" "Mozilla/5.0+(compatible;+Baispider/2.0;++http://www.bai.com/search/spider.html)"
27.42.138.33 - - [02/Oct/2021:06:25:08 +0900] "www.realpano.net(CN) POST /data/%235Dp8Gh.asp HTTP/1.1" 404 196 "http://misc.yahoo.com.cn/" "Mozilla/5.0+(compatible;+Baispider/2.0;++http://www.bai.com/search/spider.html)"
27.42.138.33 - - [02/Oct/2021:06:25:08 +0900] "www.realpano.net(CN) POST /data/%235Dp8Gh.asp HTTP/1.1" 404 196 "http://misc.yahoo.com.cn/" "Mozilla/5.0+(compatible;+Baispider/2.0;++http://www.bai.com/search/spider.html)"
17.121.113.245 - - [02/Oct/2021:06:26:26 +0900] "realpano.net(US) GET /gl/human_vr/3843 HTTP/1.1" 404 196 "-" "Mozilla/5.0 (Macintosh; Intel Mac OS X 10_15_5) AppleWebKit/605.1.15 (KHTML, like Gecko) Version/13.1.1 Safari/605.1.15 (Applebot/0.1; +http://www.apple.com/go/applebot)"
17.121.113.245 - - [02/Oct/2021:06:26:26 +0900] "realpano.net(US) GET /gl/human_vr/3843 HTTP/1.1" 404 196 "-" "Mozilla/5.0 (Macintosh; Intel Mac OS X 10_15_5) AppleWebKit/605.1.15 (KHTML, like Gecko) Version/13.1.1 Safari/605.1.15 (Applebot/0.1; +http://www.apple.com/go/applebot)"
114.119.154.6 - - [02/Oct/2021:06:29:36 +0900] "realpano.net(SG) GET /gl/index.php?mid=human_vr&m=1&listStyle=list&order_type=desc&sort_index=regdate&search_target=tag&search_keyword=%EB%AC%B8%ED%99%94%EA%B3%B5%EA%B0%84&document_srl=44574 HTTP/1.1" 403 199 "-" "Mozilla/5.0 (Linux; Android 7.0;) AppleWebKit/537.36 (KHTML, like Gecko) Mobile Safari/537.36 (compatible; PetalBot;+https://webmaster.petalsearch.com/site/petalbot)"
114.119.154.6 - - [02/Oct/2021:06:29:36 +0900] "realpano.net(SG) GET /gl/index.php?mid=human_vr&m=1&listStyle=list&order_type=desc&sort_index=regdate&search_target=tag&search_keyword=%EB%AC%B8%ED%99%94%EA%B3%B5%EA%B0%84&document_srl=44574 HTTP/1.1" 403 199 "-" "Mozilla/5.0 (Linux; Android 7.0;) AppleWebKit/537.36 (KHTML, like Gecko) Mobile Safari/537.36 (compatible; PetalBot;+https://webmaster.petalsearch.com/site/petalbot)"
17.121.112.251 - - [02/Oct/2021:06:30:04 +0900] "realpano.net(US) GET /gl/files/thumbnails/603/043/204x102.crop.jpg?20140522181639 HTTP/1.1" 404 196 "-" "Mozilla/5.0 (Macintosh; Intel Mac OS X 10_15_5) AppleWebKit/605.1.15 (KHTML, like Gecko) Version/13.1.1 Safari/605.1.15 (Applebot/0.1; +http://www.apple.com/go/applebot)"
17.121.112.251 - - [02/Oct/2021:06:30:04 +0900] "realpano.net(US) GET /gl/files/thumbnails/603/043/204x102.crop.jpg?20140522181639 HTTP/1.1" 404 196 "-" "Mozilla/5.0 (Macintosh; Intel Mac OS X 10_15_5) AppleWebKit/605.1.15 (KHTML, like Gecko) Version/13.1.1 Safari/605.1.15 (Applebot/0.1; +http://www.apple.com/go/applebot)"
114.119.154.39 - - [02/Oct/2021:06:41:15 +0900] "realpano.net(SG) GET /gl/index.php?mid=human_vr&listStyle=list&m=0&sort_index=title&order_type=desc&search_target=tag&search_keyword=%EB%8C%80%EA%B5%AC%EC%A4%91%EA%B5%AC&document_srl=44650&act=dispMemberSignUpForm HTTP/1.1" 403 199 "-" "Mozilla/5.0 (Linux; Android 7.0;) AppleWebKit/537.36 (KHTML, like Gecko) Mobile Safari/537.36 (compatible; PetalBot;+https://webmaster.petalsearch.com/site/petalbot)"
114.119.154.39 - - [02/Oct/2021:06:41:15 +0900] "realpano.net(SG) GET /gl/index.php?mid=human_vr&listStyle=list&m=0&sort_index=title&order_type=desc&search_target=tag&search_keyword=%EB%8C%80%EA%B5%AC%EC%A4%91%EA%B5%AC&document_srl=44650&act=dispMemberSignUpForm HTTP/1.1" 403 199 "-" "Mozilla/5.0 (Linux; Android 7.0;) AppleWebKit/537.36 (KHTML, like Gecko) Mobile Safari/537.36 (compatible; PetalBot;+https://webmaster.petalsearch.com/site/petalbot)"
157.55.39.20 - - [02/Oct/2021:06:41:35 +0900] "realpano.net(US) GET / HTTP/1.1" 200 64 "-" "Mozilla/5.0 (compatible; bingbot/2.0; +http://www.bing.com/bingbot.htm)"
157.55.39.20 - - [02/Oct/2021:06:41:35 +0900] "realpano.net(US) GET / HTTP/1.1" 200 64 "-" "Mozilla/5.0 (compatible; bingbot/2.0; +http://www.bing.com/bingbot.htm)"
157.55.39.121 - - [02/Oct/2021:06:45:12 +0900] "realpano.net(US) GET /gl/human_vr/45165 HTTP/2.0" 404 196 "-" "Mozilla/5.0 (compatible; bingbot/2.0; +http://www.bing.com/bingbot.htm)"
157.55.39.121 - - [02/Oct/2021:06:45:12 +0900] "realpano.net(US) GET /gl/human_vr/45165 HTTP/2.0" 404 196 "-" "Mozilla/5.0 (compatible; bingbot/2.0; +http://www.bing.com/bingbot.htm)"
207.46.13.85 - - [02/Oct/2021:06:50:56 +0900] "realpano.net(US) GET /gl/files/thumbnails/079/045/204x102.crop.jpg?20170120144853 HTTP/2.0" 404 196 "-" "Mozilla/5.0 (compatible; bingbot/2.0; +http://www.bing.com/bingbot.htm)"
207.46.13.85 - - [02/Oct/2021:06:50:56 +0900] "realpano.net(US) GET /gl/files/thumbnails/079/045/204x102.crop.jpg?20170120144853 HTTP/2.0" 404 196 "-" "Mozilla/5.0 (compatible; bingbot/2.0; +http://www.bing.com/bingbot.htm)"
114.119.154.6 - - [02/Oct/2021:06:52:55 +0900] "realpano.net(SG) GET /gl/index.php?mid=human_vr&m=1&category=3357&listStyle=webzine&order_type=asc&search_target=tag&search_keyword=%EA%B3%A8%EB%AA%A9%ED%88%AC%EC%96%B4&division=-45271&last_division=0&sort_index=title HTTP/1.1" 403 199 "-" "Mozilla/5.0 (Linux; Android 7.0;) AppleWebKit/537.36 (KHTML, like Gecko) Mobile Safari/537.36 (compatible; PetalBot;+https://webmaster.petalsearch.com/site/petalbot)"
114.119.154.6 - - [02/Oct/2021:06:52:55 +0900] "realpano.net(SG) GET /gl/index.php?mid=human_vr&m=1&category=3357&listStyle=webzine&order_type=asc&search_target=tag&search_keyword=%EA%B3%A8%EB%AA%A9%ED%88%AC%EC%96%B4&division=-45271&last_division=0&sort_index=title HTTP/1.1" 403 199 "-" "Mozilla/5.0 (Linux; Android 7.0;) AppleWebKit/537.36 (KHTML, like Gecko) Mobile Safari/537.36 (compatible; PetalBot;+https://webmaster.petalsearch.com/site/petalbot)"
207.46.13.29 - - [02/Oct/2021:06:54:37 +0900] "realpano.net(US) GET /gl/human_vr/44618 HTTP/2.0" 404 196 "-" "Mozilla/5.0 (compatible; bingbot/2.0; +http://www.bing.com/bingbot.htm)"
207.46.13.29 - - [02/Oct/2021:06:54:37 +0900] "realpano.net(US) GET /gl/human_vr/44618 HTTP/2.0" 404 196 "-" "Mozilla/5.0 (compatible; bingbot/2.0; +http://www.bing.com/bingbot.htm)"
114.119.154.30 - - [02/Oct/2021:07:04:33 +0900] "realpano.net(SG) GET /gl/index.php?mid=human_vr&search_target=tag&search_keyword=%EB%AC%B8%ED%99%94%EA%B3%B5%EA%B0%84&division=-45271&last_division=0&category=3355 HTTP/1.1" 403 199 "-" "Mozilla/5.0 (Linux; Android 7.0;) AppleWebKit/537.36 (KHTML, like Gecko) Mobile Safari/537.36 (compatible; PetalBot;+https://webmaster.petalsearch.com/site/petalbot)"
114.119.154.30 - - [02/Oct/2021:07:04:33 +0900] "realpano.net(SG) GET /gl/index.php?mid=human_vr&search_target=tag&search_keyword=%EB%AC%B8%ED%99%94%EA%B3%B5%EA%B0%84&division=-45271&last_division=0&category=3355 HTTP/1.1" 403 199 "-" "Mozilla/5.0 (Linux; Android 7.0;) AppleWebKit/537.36 (KHTML, like Gecko) Mobile Safari/537.36 (compatible; PetalBot;+https://webmaster.petalsearch.com/site/petalbot)"
66.249.68.56 - - [02/Oct/2021:07:05:27 +0900] "realpano.net(US) GET /gl/human_vr/3965 HTTP/1.1" 404 196 "-" "Mozilla/5.0 (Linux; Android 6.0.1; Nexus 5X Build/MMB29P) AppleWebKit/537.36 (KHTML, like Gecko) Chrome/94.0.4606.54 Mobile Safari/537.36 (compatible; Googlebot/2.1; +http://www.google.com/bot.html)"
66.249.68.56 - - [02/Oct/2021:07:05:27 +0900] "realpano.net(US) GET /gl/human_vr/3965 HTTP/1.1" 404 196 "-" "Mozilla/5.0 (Linux; Android 6.0.1; Nexus 5X Build/MMB29P) AppleWebKit/537.36 (KHTML, like Gecko) Chrome/94.0.4606.54 Mobile Safari/537.36 (compatible; Googlebot/2.1; +http://www.google.com/bot.html)"
137.226.113.44 - - [02/Oct/2021:07:09:01 +0900] "www.realpano.net(DE) GET / HTTP/2.0" 200 687 "-" "Mozilla/5.0 (X11; Linux x86_64; rv:84.0) Gecko/20100101 Firefox/84.0"
137.226.113.44 - - [02/Oct/2021:07:09:01 +0900] "www.realpano.net(DE) GET / HTTP/2.0" 200 687 "-" "Mozilla/5.0 (X11; Linux x86_64; rv:84.0) Gecko/20100101 Firefox/84.0"
42.83.147.36 - - [02/Oct/2021:07:14:54 +0900] "realpano.net(CN) GET / HTTP/1.1" 200 64 "-" "Mozilla/5.0 (Windows NT 6.1; Win64; x64) AppleWebKit/537.36 (KHTML, like Gecko)Chrome/74.0.3729.169 Safari/537.36"
42.83.147.36 - - [02/Oct/2021:07:14:54 +0900] "realpano.net(CN) GET / HTTP/1.1" 200 64 "-" "Mozilla/5.0 (Windows NT 6.1; Win64; x64) AppleWebKit/537.36 (KHTML, like Gecko)Chrome/74.0.3729.169 Safari/537.36"
114.119.154.26 - - [02/Oct/2021:07:16:14 +0900] "realpano.net(SG) GET /gl/index.php?mid=human_vr&m=1&listStyle=gallery&search_target=tag&search_keyword=%EC%84%A0%EA%B5%90%EC%82%AC&category=3347&division=-45271&last_division=0 HTTP/1.1" 403 199 "-" "Mozilla/5.0 (Linux; Android 7.0;) AppleWebKit/537.36 (KHTML, like Gecko) Mobile Safari/537.36 (compatible; PetalBot;+https://webmaster.petalsearch.com/site/petalbot)"
114.119.154.26 - - [02/Oct/2021:07:16:14 +0900] "realpano.net(SG) GET /gl/index.php?mid=human_vr&m=1&listStyle=gallery&search_target=tag&search_keyword=%EC%84%A0%EA%B5%90%EC%82%AC&category=3347&division=-45271&last_division=0 HTTP/1.1" 403 199 "-" "Mozilla/5.0 (Linux; Android 7.0;) AppleWebKit/537.36 (KHTML, like Gecko) Mobile Safari/537.36 (compatible; PetalBot;+https://webmaster.petalsearch.com/site/petalbot)"
17.121.115.244 - - [02/Oct/2021:07:17:26 +0900] "realpano.net(US) GET /gl/human_vr/4089 HTTP/1.1" 404 196 "-" "Mozilla/5.0 (Macintosh; Intel Mac OS X 10_15_5) AppleWebKit/605.1.15 (KHTML, like Gecko) Version/13.1.1 Safari/605.1.15 (Applebot/0.1; +http://www.apple.com/go/applebot)"
17.121.115.244 - - [02/Oct/2021:07:17:26 +0900] "realpano.net(US) GET /gl/human_vr/4089 HTTP/1.1" 404 196 "-" "Mozilla/5.0 (Macintosh; Intel Mac OS X 10_15_5) AppleWebKit/605.1.15 (KHTML, like Gecko) Version/13.1.1 Safari/605.1.15 (Applebot/0.1; +http://www.apple.com/go/applebot)"
157.55.39.121 - - [02/Oct/2021:07:22:46 +0900] "realpano.net(US) GET /gl/ovject_vr HTTP/2.0" 404 196 "-" "Mozilla/5.0 (compatible; bingbot/2.0; +http://www.bing.com/bingbot.htm)"
157.55.39.121 - - [02/Oct/2021:07:22:46 +0900] "realpano.net(US) GET /gl/ovject_vr HTTP/2.0" 404 196 "-" "Mozilla/5.0 (compatible; bingbot/2.0; +http://www.bing.com/bingbot.htm)"
207.46.13.95 - - [02/Oct/2021:07:22:49 +0900] "realpano.net(US) GET /gl/human_vr/3965 HTTP/2.0" 404 196 "-" "Mozilla/5.0 (compatible; bingbot/2.0; +http://www.bing.com/bingbot.htm)"
207.46.13.95 - - [02/Oct/2021:07:22:49 +0900] "realpano.net(US) GET /gl/human_vr/3965 HTTP/2.0" 404 196 "-" "Mozilla/5.0 (compatible; bingbot/2.0; +http://www.bing.com/bingbot.htm)"
114.119.154.65 - - [02/Oct/2021:07:27:39 +0900] "realpano.net(SG) GET /gl/index.php?mid=human_vr&m=1&listStyle=list&order_type=desc&sort_index=title HTTP/1.1" 403 199 "-" "Mozilla/5.0 (Linux; Android 7.0;) AppleWebKit/537.36 (KHTML, like Gecko) Mobile Safari/537.36 (compatible; PetalBot;+https://webmaster.petalsearch.com/site/petalbot)"
114.119.154.65 - - [02/Oct/2021:07:27:39 +0900] "realpano.net(SG) GET /gl/index.php?mid=human_vr&m=1&listStyle=list&order_type=desc&sort_index=title HTTP/1.1" 403 199 "-" "Mozilla/5.0 (Linux; Android 7.0;) AppleWebKit/537.36 (KHTML, like Gecko) Mobile Safari/537.36 (compatible; PetalBot;+https://webmaster.petalsearch.com/site/petalbot)"
157.55.39.161 - - [02/Oct/2021:07:29:32 +0900] "realpano.net(US) GET /_allthat_VR/park/161111iyp/tour.html HTTP/2.0" 404 196 "-" "Mozilla/5.0 (compatible; bingbot/2.0; +http://www.bing.com/bingbot.htm)"
157.55.39.161 - - [02/Oct/2021:07:29:32 +0900] "realpano.net(US) GET /_allthat_VR/park/161111iyp/tour.html HTTP/2.0" 404 196 "-" "Mozilla/5.0 (compatible; bingbot/2.0; +http://www.bing.com/bingbot.htm)"
114.119.154.30 - - [02/Oct/2021:07:39:20 +0900] "realpano.net(SG) GET /gl/index.php?mid=human_vr&m=1&listStyle=viewer&search_target=tag&search_keyword=%EA%B3%A8%EB%AA%A9&category=3348 HTTP/1.1" 403 199 "-" "Mozilla/5.0 (Linux; Android 7.0;) AppleWebKit/537.36 (KHTML, like Gecko) Mobile Safari/537.36 (compatible; PetalBot;+https://webmaster.petalsearch.com/site/petalbot)"
114.119.154.30 - - [02/Oct/2021:07:39:20 +0900] "realpano.net(SG) GET /gl/index.php?mid=human_vr&m=1&listStyle=viewer&search_target=tag&search_keyword=%EA%B3%A8%EB%AA%A9&category=3348 HTTP/1.1" 403 199 "-" "Mozilla/5.0 (Linux; Android 7.0;) AppleWebKit/537.36 (KHTML, like Gecko) Mobile Safari/537.36 (compatible; PetalBot;+https://webmaster.petalsearch.com/site/petalbot)"
17.121.112.81 - - [02/Oct/2021:07:40:39 +0900] "realpano.net(US) GET /gl/human_vr/45214 HTTP/1.1" 404 196 "-" "Mozilla/5.0 (Macintosh; Intel Mac OS X 10_15_5) AppleWebKit/605.1.15 (KHTML, like Gecko) Version/13.1.1 Safari/605.1.15 (Applebot/0.1; +http://www.apple.com/go/applebot)"
17.121.112.81 - - [02/Oct/2021:07:40:39 +0900] "realpano.net(US) GET /gl/human_vr/45214 HTTP/1.1" 404 196 "-" "Mozilla/5.0 (Macintosh; Intel Mac OS X 10_15_5) AppleWebKit/605.1.15 (KHTML, like Gecko) Version/13.1.1 Safari/605.1.15 (Applebot/0.1; +http://www.apple.com/go/applebot)"
51.222.253.7 - - [02/Oct/2021:07:44:19 +0900] "www.realpano.net(CA) GET /robots.txt HTTP/1.1" 403 199 "-" "Mozilla/5.0 (compatible; AhrefsBot/7.0; +http://ahrefs.com/robot/)"
51.222.253.7 - - [02/Oct/2021:07:44:19 +0900] "www.realpano.net(CA) GET /robots.txt HTTP/1.1" 403 199 "-" "Mozilla/5.0 (compatible; AhrefsBot/7.0; +http://ahrefs.com/robot/)"
114.119.154.41 - - [02/Oct/2021:07:50:51 +0900] "realpano.net(SG) GET /gl/index.php?mid=human_vr&search_target=tag&search_keyword=%EC%9D%B8%ED%85%8C%EB%9D%BC%EB%B1%85&m=1&division=-45271&last_division=0&category=3357&act=dispMemberLoginForm HTTP/1.1" 403 199 "-" "Mozilla/5.0 (Linux; Android 7.0;) AppleWebKit/537.36 (KHTML, like Gecko) Mobile Safari/537.36 (compatible; PetalBot;+https://webmaster.petalsearch.com/site/petalbot)"
114.119.154.41 - - [02/Oct/2021:07:50:51 +0900] "realpano.net(SG) GET /gl/index.php?mid=human_vr&search_target=tag&search_keyword=%EC%9D%B8%ED%85%8C%EB%9D%BC%EB%B1%85&m=1&division=-45271&last_division=0&category=3357&act=dispMemberLoginForm HTTP/1.1" 403 199 "-" "Mozilla/5.0 (Linux; Android 7.0;) AppleWebKit/537.36 (KHTML, like Gecko) Mobile Safari/537.36 (compatible; PetalBot;+https://webmaster.petalsearch.com/site/petalbot)"
