114.119.154.30 - - [03/Oct/2021:12:43:41 +0900] "realpano.net(SG) GET /gl/index.php?mid=human_vr&m=0&page=6&document_srl=45201&listStyle=viewer HTTP/1.1" 403 199 "-" "Mozilla/5.0 (Linux; Android 7.0;) AppleWebKit/537.36 (KHTML, like Gecko) Mobile Safari/537.36 (compatible; PetalBot;+https://webmaster.petalsearch.com/site/petalbot)"
66.249.68.60 - - [03/Oct/2021:12:45:05 +0900] "realpano.net(US) GET /gl/files/attach/images/43506/125/045/f94a10cd5ed048cd3a7571b72ba00091.jpg HTTP/1.1" 404 196 "-" "Googlebot-Image/1.0"
66.249.68.60 - - [03/Oct/2021:12:45:05 +0900] "realpano.net(US) GET /gl/files/attach/images/43506/125/045/f94a10cd5ed048cd3a7571b72ba00091.jpg HTTP/1.1" 404 196 "-" "Googlebot-Image/1.0"
66.249.68.60 - - [03/Oct/2021:12:45:05 +0900] "realpano.net(US) GET /robots.txt HTTP/1.1" 404 196 "-" "Mozilla/5.0 (compatible; Googlebot/2.1; +http://www.google.com/bot.html)"
66.249.68.60 - - [03/Oct/2021:12:45:05 +0900] "realpano.net(US) GET /robots.txt HTTP/1.1" 404 196 "-" "Mozilla/5.0 (compatible; Googlebot/2.1; +http://www.google.com/bot.html)"
114.119.154.65 - - [03/Oct/2021:12:50:00 +0900] "realpano.net(SG) GET /gl/index.php?mid=human_vr&listStyle=list&m=0&category=3349&document_srl=43887 HTTP/1.1" 403 199 "-" "Mozilla/5.0 (Linux; Android 7.0;) AppleWebKit/537.36 (KHTML, like Gecko) Mobile Safari/537.36 (compatible; PetalBot;+https://webmaster.petalsearch.com/site/petalbot)"
114.119.154.65 - - [03/Oct/2021:12:50:00 +0900] "realpano.net(SG) GET /gl/index.php?mid=human_vr&listStyle=list&m=0&category=3349&document_srl=43887 HTTP/1.1" 403 199 "-" "Mozilla/5.0 (Linux; Android 7.0;) AppleWebKit/537.36 (KHTML, like Gecko) Mobile Safari/537.36 (compatible; PetalBot;+https://webmaster.petalsearch.com/site/petalbot)"
114.119.154.26 - - [03/Oct/2021:12:56:32 +0900] "realpano.net(SG) GET /gl/index.php?mid=human_vr&category=3342&m=0&listStyle=list&sort_index=readed_count&order_type=desc HTTP/1.1" 403 199 "-" "Mozilla/5.0 (Linux; Android 7.0;) AppleWebKit/537.36 (KHTML, like Gecko) Mobile Safari/537.36 (compatible; PetalBot;+https://webmaster.petalsearch.com/site/petalbot)"
114.119.154.26 - - [03/Oct/2021:12:56:32 +0900] "realpano.net(SG) GET /gl/index.php?mid=human_vr&category=3342&m=0&listStyle=list&sort_index=readed_count&order_type=desc HTTP/1.1" 403 199 "-" "Mozilla/5.0 (Linux; Android 7.0;) AppleWebKit/537.36 (KHTML, like Gecko) Mobile Safari/537.36 (compatible; PetalBot;+https://webmaster.petalsearch.com/site/petalbot)"
114.119.154.6 - - [03/Oct/2021:13:02:37 +0900] "realpano.net(SG) GET /gl/index.php?mid=human_vr&m=1&listStyle=viewer&category=3357&document_srl=44827&act=dispMemberLoginForm HTTP/1.1" 403 199 "-" "Mozilla/5.0 (Linux; Android 7.0;) AppleWebKit/537.36 (KHTML, like Gecko) Mobile Safari/537.36 (compatible; PetalBot;+https://webmaster.petalsearch.com/site/petalbot)"
114.119.154.6 - - [03/Oct/2021:13:02:37 +0900] "realpano.net(SG) GET /gl/index.php?mid=human_vr&m=1&listStyle=viewer&category=3357&document_srl=44827&act=dispMemberLoginForm HTTP/1.1" 403 199 "-" "Mozilla/5.0 (Linux; Android 7.0;) AppleWebKit/537.36 (KHTML, like Gecko) Mobile Safari/537.36 (compatible; PetalBot;+https://webmaster.petalsearch.com/site/petalbot)"
114.119.154.6 - - [03/Oct/2021:13:08:54 +0900] "realpano.net(SG) GET /gl/index.php?mid=human_vr&m=1&listStyle=gallery&search_target=tag&search_keyword=%EC%84%A0%EA%B5%90%EC%82%AC&document_srl=44659 HTTP/1.1" 403 199 "-" "Mozilla/5.0 (Linux; Android 7.0;) AppleWebKit/537.36 (KHTML, like Gecko) Mobile Safari/537.36 (compatible; PetalBot;+https://webmaster.petalsearch.com/site/petalbot)"
114.119.154.6 - - [03/Oct/2021:13:08:54 +0900] "realpano.net(SG) GET /gl/index.php?mid=human_vr&m=1&listStyle=gallery&search_target=tag&search_keyword=%EC%84%A0%EA%B5%90%EC%82%AC&document_srl=44659 HTTP/1.1" 403 199 "-" "Mozilla/5.0 (Linux; Android 7.0;) AppleWebKit/537.36 (KHTML, like Gecko) Mobile Safari/537.36 (compatible; PetalBot;+https://webmaster.petalsearch.com/site/petalbot)"
157.55.39.20 - - [03/Oct/2021:13:10:51 +0900] "www.realpano.net(US) GET / HTTP/1.1" 200 64 "-" "Mozilla/5.0 (compatible; bingbot/2.0; +http://www.bing.com/bingbot.htm)"
157.55.39.20 - - [03/Oct/2021:13:10:51 +0900] "www.realpano.net(US) GET / HTTP/1.1" 200 64 "-" "Mozilla/5.0 (compatible; bingbot/2.0; +http://www.bing.com/bingbot.htm)"
176.113.43.137 - - [03/Oct/2021:13:11:07 +0900] "www.realpano.net(RU) GET /favicon.ico HTTP/1.1" 404 196 "-" "Go-http-client/1.1"
176.113.43.137 - - [03/Oct/2021:13:11:07 +0900] "www.realpano.net(RU) GET /favicon.ico HTTP/1.1" 404 196 "-" "Go-http-client/1.1"
191.101.83.181 - - [03/Oct/2021:13:11:07 +0900] "www.realpano.net(DE) GET / HTTP/1.1" 200 64 "-" "Go-http-client/1.1"
191.101.83.181 - - [03/Oct/2021:13:11:07 +0900] "www.realpano.net(DE) GET / HTTP/1.1" 200 64 "-" "Go-http-client/1.1"
176.113.43.144 - - [03/Oct/2021:13:11:08 +0900] "www.realpano.net(RU) GET /favicon.ico HTTP/1.1" 404 196 "-" "Go-http-client/1.1"
176.113.43.144 - - [03/Oct/2021:13:11:08 +0900] "www.realpano.net(RU) GET /favicon.ico HTTP/1.1" 404 196 "-" "Go-http-client/1.1"
176.113.43.242 - - [03/Oct/2021:13:11:08 +0900] "www.realpano.net(RU) GET / HTTP/1.1" 200 687 "-" "Go-http-client/1.1"
176.113.43.242 - - [03/Oct/2021:13:11:08 +0900] "www.realpano.net(RU) GET / HTTP/1.1" 200 687 "-" "Go-http-client/1.1"
87.239.248.170 - - [03/Oct/2021:13:11:09 +0900] "www.realpano.net(GR) GET /favicon.ico HTTP/1.1" 404 196 "-" "Go-http-client/1.1"
87.239.248.170 - - [03/Oct/2021:13:11:09 +0900] "www.realpano.net(GR) GET /favicon.ico HTTP/1.1" 404 196 "-" "Go-http-client/1.1"
176.53.223.118 - - [03/Oct/2021:13:11:11 +0900] "www.realpano.net(RU) GET /favicon.ico HTTP/1.1" 404 196 "-" "Go-http-client/1.1"
176.53.223.118 - - [03/Oct/2021:13:11:11 +0900] "www.realpano.net(RU) GET /favicon.ico HTTP/1.1" 404 196 "-" "Go-http-client/1.1"
157.55.39.121 - - [03/Oct/2021:13:18:49 +0900] "realpano.net(US) GET /gl/ovject_vr HTTP/2.0" 404 196 "-" "Mozilla/5.0 (compatible; bingbot/2.0; +http://www.bing.com/bingbot.htm)"
157.55.39.121 - - [03/Oct/2021:13:18:49 +0900] "realpano.net(US) GET /gl/ovject_vr HTTP/2.0" 404 196 "-" "Mozilla/5.0 (compatible; bingbot/2.0; +http://www.bing.com/bingbot.htm)"
114.119.142.173 - - [03/Oct/2021:13:20:05 +0900] "realpano.net(SG) GET /robots.txt HTTP/1.1" 403 199 "-" "Mozilla/5.0 (compatible;PetalBot;+https://webmaster.petalsearch.com/site/petalbot)"
114.119.142.173 - - [03/Oct/2021:13:20:05 +0900] "realpano.net(SG) GET /robots.txt HTTP/1.1" 403 199 "-" "Mozilla/5.0 (compatible;PetalBot;+https://webmaster.petalsearch.com/site/petalbot)"
114.119.154.30 - - [03/Oct/2021:13:26:28 +0900] "realpano.net(SG) GET /gl/index.php?mid=human_vr&search_target=tag&search_keyword=%EB%93%B1%EC%82%B0%EB%A1%9C&category=3344 HTTP/1.1" 403 199 "-" "Mozilla/5.0 (Linux; Android 7.0;) AppleWebKit/537.36 (KHTML, like Gecko) Mobile Safari/537.36 (compatible; PetalBot;+https://webmaster.petalsearch.com/site/petalbot)"
114.119.154.30 - - [03/Oct/2021:13:26:28 +0900] "realpano.net(SG) GET /gl/index.php?mid=human_vr&search_target=tag&search_keyword=%EB%93%B1%EC%82%B0%EB%A1%9C&category=3344 HTTP/1.1" 403 199 "-" "Mozilla/5.0 (Linux; Android 7.0;) AppleWebKit/537.36 (KHTML, like Gecko) Mobile Safari/537.36 (compatible; PetalBot;+https://webmaster.petalsearch.com/site/petalbot)"
66.249.68.56 - - [03/Oct/2021:13:27:02 +0900] "realpano.net(US) GET /gl/files/thumbnails/994/003/90x90.crop.jpg?20140602123023 HTTP/1.1" 404 196 "-" "Googlebot-Image/1.0"
66.249.68.56 - - [03/Oct/2021:13:27:02 +0900] "realpano.net(US) GET /gl/files/thumbnails/994/003/90x90.crop.jpg?20140602123023 HTTP/1.1" 404 196 "-" "Googlebot-Image/1.0"
157.55.39.20 - - [03/Oct/2021:13:29:15 +0900] "www.realpano.net(US) GET / HTTP/1.1" 200 64 "-" "Mozilla/5.0 (compatible; bingbot/2.0; +http://www.bing.com/bingbot.htm)"
157.55.39.20 - - [03/Oct/2021:13:29:15 +0900] "www.realpano.net(US) GET / HTTP/1.1" 200 64 "-" "Mozilla/5.0 (compatible; bingbot/2.0; +http://www.bing.com/bingbot.htm)"
114.119.154.26 - - [03/Oct/2021:13:32:13 +0900] "realpano.net(SG) GET /gl/index.php?mid=human_vr&m=1&listStyle=viewer&search_target=tag&search_keyword=%EC%A5%AC%EC%8A%A4 HTTP/1.1" 403 199 "-" "Mozilla/5.0 (Linux; Android 7.0;) AppleWebKit/537.36 (KHTML, like Gecko) Mobile Safari/537.36 (compatible; PetalBot;+https://webmaster.petalsearch.com/site/petalbot)"
114.119.154.26 - - [03/Oct/2021:13:32:13 +0900] "realpano.net(SG) GET /gl/index.php?mid=human_vr&m=1&listStyle=viewer&search_target=tag&search_keyword=%EC%A5%AC%EC%8A%A4 HTTP/1.1" 403 199 "-" "Mozilla/5.0 (Linux; Android 7.0;) AppleWebKit/537.36 (KHTML, like Gecko) Mobile Safari/537.36 (compatible; PetalBot;+https://webmaster.petalsearch.com/site/petalbot)"
114.119.154.30 - - [03/Oct/2021:13:38:35 +0900] "realpano.net(SG) GET /gl/index.php?mid=human_vr&category=3347&m=0&listStyle=gallery&search_target=tag&search_keyword=%EC%A4%91%EA%B5%AC%EC%B2%AD HTTP/1.1" 403 199 "-" "Mozilla/5.0 (Linux; Android 7.0;) AppleWebKit/537.36 (KHTML, like Gecko) Mobile Safari/537.36 (compatible; PetalBot;+https://webmaster.petalsearch.com/site/petalbot)"
114.119.154.30 - - [03/Oct/2021:13:38:35 +0900] "realpano.net(SG) GET /gl/index.php?mid=human_vr&category=3347&m=0&listStyle=gallery&search_target=tag&search_keyword=%EC%A4%91%EA%B5%AC%EC%B2%AD HTTP/1.1" 403 199 "-" "Mozilla/5.0 (Linux; Android 7.0;) AppleWebKit/537.36 (KHTML, like Gecko) Mobile Safari/537.36 (compatible; PetalBot;+https://webmaster.petalsearch.com/site/petalbot)"
114.119.154.6 - - [03/Oct/2021:13:50:28 +0900] "realpano.net(SG) GET /gl/index.php?mid=human_vr&document_srl=45002&listStyle=viewer HTTP/1.1" 403 199 "-" "Mozilla/5.0 (Linux; Android 7.0;) AppleWebKit/537.36 (KHTML, like Gecko) Mobile Safari/537.36 (compatible; PetalBot;+https://webmaster.petalsearch.com/site/petalbot)"
114.119.154.6 - - [03/Oct/2021:13:50:28 +0900] "realpano.net(SG) GET /gl/index.php?mid=human_vr&document_srl=45002&listStyle=viewer HTTP/1.1" 403 199 "-" "Mozilla/5.0 (Linux; Android 7.0;) AppleWebKit/537.36 (KHTML, like Gecko) Mobile Safari/537.36 (compatible; PetalBot;+https://webmaster.petalsearch.com/site/petalbot)"
46.4.60.249 - - [03/Oct/2021:13:54:28 +0900] "realpano.net(DE) GET /robots.txt HTTP/1.1" 403 199 "-" "Mozilla/5.0 (compatible; MJ12bot/v1.4.8; http://mj12bot.com/)"
46.4.60.249 - - [03/Oct/2021:13:54:28 +0900] "realpano.net(DE) GET /robots.txt HTTP/1.1" 403 199 "-" "Mozilla/5.0 (compatible; MJ12bot/v1.4.8; http://mj12bot.com/)"
46.4.60.249 - - [03/Oct/2021:13:54:31 +0900] "www.realpano.net(DE) GET /robots.txt HTTP/1.1" 403 199 "-" "Mozilla/5.0 (compatible; MJ12bot/v1.4.8; http://mj12bot.com/)"
46.4.60.249 - - [03/Oct/2021:13:54:31 +0900] "www.realpano.net(DE) GET /robots.txt HTTP/1.1" 403 199 "-" "Mozilla/5.0 (compatible; MJ12bot/v1.4.8; http://mj12bot.com/)"
114.119.154.30 - - [03/Oct/2021:13:56:38 +0900] "realpano.net(SG) GET /gl/index.php?mid=human_vr&listStyle=list&m=1&category=3357&document_srl=44770 HTTP/1.1" 403 199 "-" "Mozilla/5.0 (Linux; Android 7.0;) AppleWebKit/537.36 (KHTML, like Gecko) Mobile Safari/537.36 (compatible; PetalBot;+https://webmaster.petalsearch.com/site/petalbot)"
114.119.154.30 - - [03/Oct/2021:13:56:38 +0900] "realpano.net(SG) GET /gl/index.php?mid=human_vr&listStyle=list&m=1&category=3357&document_srl=44770 HTTP/1.1" 403 199 "-" "Mozilla/5.0 (Linux; Android 7.0;) AppleWebKit/537.36 (KHTML, like Gecko) Mobile Safari/537.36 (compatible; PetalBot;+https://webmaster.petalsearch.com/site/petalbot)"
157.55.39.20 - - [03/Oct/2021:14:01:47 +0900] "realpano.net(US) GET / HTTP/1.1" 200 64 "-" "Mozilla/5.0 (compatible; bingbot/2.0; +http://www.bing.com/bingbot.htm)"
157.55.39.20 - - [03/Oct/2021:14:01:47 +0900] "realpano.net(US) GET / HTTP/1.1" 200 64 "-" "Mozilla/5.0 (compatible; bingbot/2.0; +http://www.bing.com/bingbot.htm)"
114.119.154.26 - - [03/Oct/2021:14:02:57 +0900] "realpano.net(SG) GET /gl/index.php?mid=human_vr&m=0&category=3350&listStyle=gallery&order_type=asc&search_target=tag&search_keyword=%EA%B3%A8%EB%AA%A9%ED%88%AC%EC%96%B4&division=-45271&last_division=0&sort_index=title&act=dispMemberLoginForm HTTP/1.1" 403 199 "-" "Mozilla/5.0 (Linux; Android 7.0;) AppleWebKit/537.36 (KHTML, like Gecko) Mobile Safari/537.36 (compatible; PetalBot;+https://webmaster.petalsearch.com/site/petalbot)"
114.119.154.26 - - [03/Oct/2021:14:02:57 +0900] "realpano.net(SG) GET /gl/index.php?mid=human_vr&m=0&category=3350&listStyle=gallery&order_type=asc&search_target=tag&search_keyword=%EA%B3%A8%EB%AA%A9%ED%88%AC%EC%96%B4&division=-45271&last_division=0&sort_index=title&act=dispMemberLoginForm HTTP/1.1" 403 199 "-" "Mozilla/5.0 (Linux; Android 7.0;) AppleWebKit/537.36 (KHTML, like Gecko) Mobile Safari/537.36 (compatible; PetalBot;+https://webmaster.petalsearch.com/site/petalbot)"
114.119.154.6 - - [03/Oct/2021:14:08:50 +0900] "realpano.net(SG) GET /gl/index.php?mid=human_vr&m=1&listStyle=list&sort_index=readed_count&order_type=desc&page=3 HTTP/1.1" 403 199 "-" "Mozilla/5.0 (Linux; Android 7.0;) AppleWebKit/537.36 (KHTML, like Gecko) Mobile Safari/537.36 (compatible; PetalBot;+https://webmaster.petalsearch.com/site/petalbot)"
114.119.154.6 - - [03/Oct/2021:14:08:50 +0900] "realpano.net(SG) GET /gl/index.php?mid=human_vr&m=1&listStyle=list&sort_index=readed_count&order_type=desc&page=3 HTTP/1.1" 403 199 "-" "Mozilla/5.0 (Linux; Android 7.0;) AppleWebKit/537.36 (KHTML, like Gecko) Mobile Safari/537.36 (compatible; PetalBot;+https://webmaster.petalsearch.com/site/petalbot)"
114.119.154.41 - - [03/Oct/2021:14:15:12 +0900] "realpano.net(SG) GET /gl/index.php?mid=human_vr&m=0&listStyle=list&sort_index=regdate&order_type=asc&category=3349 HTTP/1.1" 403 199 "-" "Mozilla/5.0 (Linux; Android 7.0;) AppleWebKit/537.36 (KHTML, like Gecko) Mobile Safari/537.36 (compatible; PetalBot;+https://webmaster.petalsearch.com/site/petalbot)"
114.119.154.41 - - [03/Oct/2021:14:15:12 +0900] "realpano.net(SG) GET /gl/index.php?mid=human_vr&m=0&listStyle=list&sort_index=regdate&order_type=asc&category=3349 HTTP/1.1" 403 199 "-" "Mozilla/5.0 (Linux; Android 7.0;) AppleWebKit/537.36 (KHTML, like Gecko) Mobile Safari/537.36 (compatible; PetalBot;+https://webmaster.petalsearch.com/site/petalbot)"
66.249.68.60 - - [03/Oct/2021:14:17:55 +0900] "realpano.net(US) GET /gl/index.php?mid=human_vr&document_srl=3912&m=0 HTTP/1.1" 404 196 "-" "Mozilla/5.0 (Linux; Android 6.0.1; Nexus 5X Build/MMB29P) AppleWebKit/537.36 (KHTML, like Gecko) Chrome/94.0.4606.54 Mobile Safari/537.36 (compatible; Googlebot/2.1; +http://www.google.com/bot.html)"
66.249.68.60 - - [03/Oct/2021:14:17:55 +0900] "realpano.net(US) GET /gl/index.php?mid=human_vr&document_srl=3912&m=0 HTTP/1.1" 404 196 "-" "Mozilla/5.0 (Linux; Android 6.0.1; Nexus 5X Build/MMB29P) AppleWebKit/537.36 (KHTML, like Gecko) Chrome/94.0.4606.54 Mobile Safari/537.36 (compatible; Googlebot/2.1; +http://www.google.com/bot.html)"
114.119.154.65 - - [03/Oct/2021:14:21:23 +0900] "realpano.net(SG) GET /gl/index.php?mid=human_vr&search_target=tag&search_keyword=%EB%93%B1%EC%82%B0%EB%A1%9C&m=0&category=3351 HTTP/1.1" 403 199 "-" "Mozilla/5.0 (Linux; Android 7.0;) AppleWebKit/537.36 (KHTML, like Gecko) Mobile Safari/537.36 (compatible; PetalBot;+https://webmaster.petalsearch.com/site/petalbot)"
114.119.154.65 - - [03/Oct/2021:14:21:23 +0900] "realpano.net(SG) GET /gl/index.php?mid=human_vr&search_target=tag&search_keyword=%EB%93%B1%EC%82%B0%EB%A1%9C&m=0&category=3351 HTTP/1.1" 403 199 "-" "Mozilla/5.0 (Linux; Android 7.0;) AppleWebKit/537.36 (KHTML, like Gecko) Mobile Safari/537.36 (compatible; PetalBot;+https://webmaster.petalsearch.com/site/petalbot)"
114.119.154.67 - - [03/Oct/2021:14:33:52 +0900] "realpano.net(SG) GET /gl/index.php?mid=human_vr&m=0&category=3357&listStyle=gallery&sort_index=readed_count&order_type=desc&search_target=tag&search_keyword=%EC%A4%91%EA%B5%AC%EC%B2%AD&document_srl=44770 HTTP/1.1" 403 199 "-" "Mozilla/5.0 (Linux; Android 7.0;) AppleWebKit/537.36 (KHTML, like Gecko) Mobile Safari/537.36 (compatible; PetalBot;+https://webmaster.petalsearch.com/site/petalbot)"
114.119.154.67 - - [03/Oct/2021:14:33:52 +0900] "realpano.net(SG) GET /gl/index.php?mid=human_vr&m=0&category=3357&listStyle=gallery&sort_index=readed_count&order_type=desc&search_target=tag&search_keyword=%EC%A4%91%EA%B5%AC%EC%B2%AD&document_srl=44770 HTTP/1.1" 403 199 "-" "Mozilla/5.0 (Linux; Android 7.0;) AppleWebKit/537.36 (KHTML, like Gecko) Mobile Safari/537.36 (compatible; PetalBot;+https://webmaster.petalsearch.com/site/petalbot)"
66.249.79.1 - - [03/Oct/2021:14:36:36 +0900] "www.realpano.net(US) GET /gl/index.php?mid=human_vr&search_target=tag&search_keyword=%EC%88%99%EB%B0%95&document_srl=3822 HTTP/1.1" 200 51135 "-" "Mozilla/5.0 (compatible; Googlebot/2.1; +http://www.google.com/bot.html)"
66.249.79.1 - - [03/Oct/2021:14:36:36 +0900] "www.realpano.net(US) GET /gl/index.php?mid=human_vr&search_target=tag&search_keyword=%EC%88%99%EB%B0%95&document_srl=3822 HTTP/1.1" 200 51135 "-" "Mozilla/5.0 (compatible; Googlebot/2.1; +http://www.google.com/bot.html)"
66.249.79.7 - - [03/Oct/2021:14:39:57 +0900] "www.realpano.net(US) GET /home1/realpano/public_html/html/gl/layouts/xenara_layout_relapano//js/fancybox/source/jquery.fancybox.css?v=2.1.5 HTTP/1.1" 404 196 "http://www.realpano.net/gl/index.php?mid=human_vr&search_target=tag&search_keyword=%EC%88%99%EB%B0%95&document_srl=3822" "Mozilla/5.0 AppleWebKit/537.36 (KHTML, like Gecko; compatible; Googlebot/2.1; +http://www.google.com/bot.html) Chrome/94.0.4606.61 Safari/537.36"
66.249.79.7 - - [03/Oct/2021:14:39:57 +0900] "www.realpano.net(US) GET /home1/realpano/public_html/html/gl/layouts/xenara_layout_relapano//js/fancybox/source/jquery.fancybox.css?v=2.1.5 HTTP/1.1" 404 196 "http://www.realpano.net/gl/index.php?mid=human_vr&search_target=tag&search_keyword=%EC%88%99%EB%B0%95&document_srl=3822" "Mozilla/5.0 AppleWebKit/537.36 (KHTML, like Gecko; compatible; Googlebot/2.1; +http://www.google.com/bot.html) Chrome/94.0.4606.61 Safari/537.36"
66.249.79.1 - - [03/Oct/2021:14:39:58 +0900] "www.realpano.net(US) GET /home1/realpano/public_html/html/gl/layouts/xenara_layout_relapano//js/fancybox/source/helpers/jquery.fancybox-buttons.js?v=1.0.5 HTTP/1.1" 404 196 "http://www.realpano.net/gl/index.php?mid=human_vr&search_target=tag&search_keyword=%EC%88%99%EB%B0%95&document_srl=3822" "Mozilla/5.0 AppleWebKit/537.36 (KHTML, like Gecko; compatible; Googlebot/2.1; +http://www.google.com/bot.html) Chrome/94.0.4606.61 Safari/537.36"
66.249.79.1 - - [03/Oct/2021:14:39:58 +0900] "www.realpano.net(US) GET /home1/realpano/public_html/html/gl/layouts/xenara_layout_relapano//js/fancybox/source/helpers/jquery.fancybox-buttons.js?v=1.0.5 HTTP/1.1" 404 196 "http://www.realpano.net/gl/index.php?mid=human_vr&search_target=tag&search_keyword=%EC%88%99%EB%B0%95&document_srl=3822" "Mozilla/5.0 AppleWebKit/537.36 (KHTML, like Gecko; compatible; Googlebot/2.1; +http://www.google.com/bot.html) Chrome/94.0.4606.61 Safari/537.36"
66.249.79.5 - - [03/Oct/2021:14:39:59 +0900] "www.realpano.net(US) GET /home1/realpano/public_html/html/gl/layouts/xenara_layout_relapano//js/fancybox/source/jquery.fancybox.pack.js?v=2.1.5 HTTP/1.1" 404 196 "http://www.realpano.net/gl/index.php?mid=human_vr&search_target=tag&search_keyword=%EC%88%99%EB%B0%95&document_srl=3822" "Mozilla/5.0 AppleWebKit/537.36 (KHTML, like Gecko; compatible; Googlebot/2.1; +http://www.google.com/bot.html) Chrome/94.0.4606.61 Safari/537.36"
66.249.79.5 - - [03/Oct/2021:14:39:59 +0900] "www.realpano.net(US) GET /home1/realpano/public_html/html/gl/layouts/xenara_layout_relapano//js/fancybox/source/jquery.fancybox.pack.js?v=2.1.5 HTTP/1.1" 404 196 "http://www.realpano.net/gl/index.php?mid=human_vr&search_target=tag&search_keyword=%EC%88%99%EB%B0%95&document_srl=3822" "Mozilla/5.0 AppleWebKit/537.36 (KHTML, like Gecko; compatible; Googlebot/2.1; +http://www.google.com/bot.html) Chrome/94.0.4606.61 Safari/537.36"
66.249.79.5 - - [03/Oct/2021:14:39:59 +0900] "www.realpano.net(US) GET /gl/files/cache/assets/compiled/70a0a71f5980db18fbe811b68df6c8c059f60011.rhymix.less.min.css HTTP/1.1" 404 196 "http://www.realpano.net/gl/index.php?mid=human_vr&search_target=tag&search_keyword=%EC%88%99%EB%B0%95&document_srl=3822" "Mozilla/5.0 AppleWebKit/537.36 (KHTML, like Gecko; compatible; Googlebot/2.1; +http://www.google.com/bot.html) Chrome/94.0.4606.61 Safari/537.36"
66.249.79.5 - - [03/Oct/2021:14:39:59 +0900] "www.realpano.net(US) GET /gl/files/cache/assets/compiled/70a0a71f5980db18fbe811b68df6c8c059f60011.rhymix.less.min.css HTTP/1.1" 404 196 "http://www.realpano.net/gl/index.php?mid=human_vr&search_target=tag&search_keyword=%EC%88%99%EB%B0%95&document_srl=3822" "Mozilla/5.0 AppleWebKit/537.36 (KHTML, like Gecko; compatible; Googlebot/2.1; +http://www.google.com/bot.html) Chrome/94.0.4606.61 Safari/537.36"
66.249.79.7 - - [03/Oct/2021:14:40:00 +0900] "www.realpano.net(US) GET /home1/realpano/public_html/html/gl/layouts/xenara_layout_relapano//js/fancybox/source/helpers/jquery.fancybox-buttons.css?v=1.0.5 HTTP/1.1" 404 196 "http://www.realpano.net/gl/index.php?mid=human_vr&search_target=tag&search_keyword=%EC%88%99%EB%B0%95&document_srl=3822" "Mozilla/5.0 AppleWebKit/537.36 (KHTML, like Gecko; compatible; Googlebot/2.1; +http://www.google.com/bot.html) Chrome/94.0.4606.61 Safari/537.36"
66.249.79.7 - - [03/Oct/2021:14:40:00 +0900] "www.realpano.net(US) GET /home1/realpano/public_html/html/gl/layouts/xenara_layout_relapano//js/fancybox/source/helpers/jquery.fancybox-buttons.css?v=1.0.5 HTTP/1.1" 404 196 "http://www.realpano.net/gl/index.php?mid=human_vr&search_target=tag&search_keyword=%EC%88%99%EB%B0%95&document_srl=3822" "Mozilla/5.0 AppleWebKit/537.36 (KHTML, like Gecko; compatible; Googlebot/2.1; +http://www.google.com/bot.html) Chrome/94.0.4606.61 Safari/537.36"
66.249.79.1 - - [03/Oct/2021:14:40:00 +0900] "www.realpano.net(US) GET /home1/realpano/public_html/html/gl/layouts/xenara_layout_relapano//js/fancybox/lib/jquery.mousewheel-3.0.6.pack.js HTTP/1.1" 404 196 "http://www.realpano.net/gl/index.php?mid=human_vr&search_target=tag&search_keyword=%EC%88%99%EB%B0%95&document_srl=3822" "Mozilla/5.0 AppleWebKit/537.36 (KHTML, like Gecko; compatible; Googlebot/2.1; +http://www.google.com/bot.html) Chrome/94.0.4606.61 Safari/537.36"
66.249.79.1 - - [03/Oct/2021:14:40:00 +0900] "www.realpano.net(US) GET /home1/realpano/public_html/html/gl/layouts/xenara_layout_relapano//js/fancybox/lib/jquery.mousewheel-3.0.6.pack.js HTTP/1.1" 404 196 "http://www.realpano.net/gl/index.php?mid=human_vr&search_target=tag&search_keyword=%EC%88%99%EB%B0%95&document_srl=3822" "Mozilla/5.0 AppleWebKit/537.36 (KHTML, like Gecko; compatible; Googlebot/2.1; +http://www.google.com/bot.html) Chrome/94.0.4606.61 Safari/537.36"
66.249.79.5 - - [03/Oct/2021:14:40:01 +0900] "www.realpano.net(US) GET /home1/realpano/public_html/html/gl/layouts/xenara_layout_relapano//js/fancybox/source/helpers/jquery.fancybox-media.js?v=1.0.6 HTTP/1.1" 404 196 "http://www.realpano.net/gl/index.php?mid=human_vr&search_target=tag&search_keyword=%EC%88%99%EB%B0%95&document_srl=3822" "Mozilla/5.0 AppleWebKit/537.36 (KHTML, like Gecko; compatible; Googlebot/2.1; +http://www.google.com/bot.html) Chrome/94.0.4606.61 Safari/537.36"
66.249.79.5 - - [03/Oct/2021:14:40:01 +0900] "www.realpano.net(US) GET /home1/realpano/public_html/html/gl/layouts/xenara_layout_relapano//js/fancybox/source/helpers/jquery.fancybox-media.js?v=1.0.6 HTTP/1.1" 404 196 "http://www.realpano.net/gl/index.php?mid=human_vr&search_target=tag&search_keyword=%EC%88%99%EB%B0%95&document_srl=3822" "Mozilla/5.0 AppleWebKit/537.36 (KHTML, like Gecko; compatible; Googlebot/2.1; +http://www.google.com/bot.html) Chrome/94.0.4606.61 Safari/537.36"
66.249.79.5 - - [03/Oct/2021:14:40:01 +0900] "www.realpano.net(US) GET /home1/realpano/public_html/html/gl/layouts/xenara_layout_relapano//js/fancybox/source/helpers/jquery.fancybox-thumbs.css?v=1.0.7 HTTP/1.1" 404 196 "http://www.realpano.net/gl/index.php?mid=human_vr&search_target=tag&search_keyword=%EC%88%99%EB%B0%95&document_srl=3822" "Mozilla/5.0 AppleWebKit/537.36 (KHTML, like Gecko; compatible; Googlebot/2.1; +http://www.google.com/bot.html) Chrome/94.0.4606.61 Safari/537.36"
66.249.79.5 - - [03/Oct/2021:14:40:01 +0900] "www.realpano.net(US) GET /home1/realpano/public_html/html/gl/layouts/xenara_layout_relapano//js/fancybox/source/helpers/jquery.fancybox-thumbs.css?v=1.0.7 HTTP/1.1" 404 196 "http://www.realpano.net/gl/index.php?mid=human_vr&search_target=tag&search_keyword=%EC%88%99%EB%B0%95&document_srl=3822" "Mozilla/5.0 AppleWebKit/537.36 (KHTML, like Gecko; compatible; Googlebot/2.1; +http://www.google.com/bot.html) Chrome/94.0.4606.61 Safari/537.36"
66.249.79.1 - - [03/Oct/2021:14:40:02 +0900] "www.realpano.net(US) GET /home1/realpano/public_html/html/gl/layouts/xenara_layout_relapano//js/fancybox/source/helpers/jquery.fancybox-thumbs.js?v=1.0.7 HTTP/1.1" 404 196 "http://www.realpano.net/gl/index.php?mid=human_vr&search_target=tag&search_keyword=%EC%88%99%EB%B0%95&document_srl=3822" "Mozilla/5.0 AppleWebKit/537.36 (KHTML, like Gecko; compatible; Googlebot/2.1; +http://www.google.com/bot.html) Chrome/94.0.4606.61 Safari/537.36"
66.249.79.1 - - [03/Oct/2021:14:40:02 +0900] "www.realpano.net(US) GET /home1/realpano/public_html/html/gl/layouts/xenara_layout_relapano//js/fancybox/source/helpers/jquery.fancybox-thumbs.js?v=1.0.7 HTTP/1.1" 404 196 "http://www.realpano.net/gl/index.php?mid=human_vr&search_target=tag&search_keyword=%EC%88%99%EB%B0%95&document_srl=3822" "Mozilla/5.0 AppleWebKit/537.36 (KHTML, like Gecko; compatible; Googlebot/2.1; +http://www.google.com/bot.html) Chrome/94.0.4606.61 Safari/537.36"
66.249.79.1 - - [03/Oct/2021:14:40:02 +0900] "www.realpano.net(US) GET /home1/realpano/public_html/html/gl/layouts/xenara_layout_relapano//js/fancybox/source/helpers/jquery.fancybox-thumbs.css?v=1.0.7 HTTP/1.1" 404 196 "http://www.realpano.net/gl/index.php?mid=human_vr&search_target=tag&search_keyword=%EC%88%99%EB%B0%95&document_srl=3822" "Mozilla/5.0 AppleWebKit/537.36 (KHTML, like Gecko; compatible; Googlebot/2.1; +http://www.google.com/bot.html) Chrome/94.0.4606.61 Safari/537.36"
66.249.79.1 - - [03/Oct/2021:14:40:02 +0900] "www.realpano.net(US) GET /home1/realpano/public_html/html/gl/layouts/xenara_layout_relapano//js/fancybox/source/helpers/jquery.fancybox-thumbs.css?v=1.0.7 HTTP/1.1" 404 196 "http://www.realpano.net/gl/index.php?mid=human_vr&search_target=tag&search_keyword=%EC%88%99%EB%B0%95&document_srl=3822" "Mozilla/5.0 AppleWebKit/537.36 (KHTML, like Gecko; compatible; Googlebot/2.1; +http://www.google.com/bot.html) Chrome/94.0.4606.61 Safari/537.36"
114.119.154.67 - - [03/Oct/2021:14:40:05 +0900] "realpano.net(SG) GET /gl/index.php?mid=human_vr&m=1&listStyle=list&order_type=asc&search_target=tag&search_keyword=%EC%A4%91%EA%B5%AC%EC%B2%AD&document_srl=44875 HTTP/1.1" 403 199 "-" "Mozilla/5.0 (Linux; Android 7.0;) AppleWebKit/537.36 (KHTML, like Gecko) Mobile Safari/537.36 (compatible; PetalBot;+https://webmaster.petalsearch.com/site/petalbot)"
114.119.154.67 - - [03/Oct/2021:14:40:05 +0900] "realpano.net(SG) GET /gl/index.php?mid=human_vr&m=1&listStyle=list&order_type=asc&search_target=tag&search_keyword=%EC%A4%91%EA%B5%AC%EC%B2%AD&document_srl=44875 HTTP/1.1" 403 199 "-" "Mozilla/5.0 (Linux; Android 7.0;) AppleWebKit/537.36 (KHTML, like Gecko) Mobile Safari/537.36 (compatible; PetalBot;+https://webmaster.petalsearch.com/site/petalbot)"
114.119.154.67 - - [03/Oct/2021:14:46:34 +0900] "realpano.net(SG) GET /gl/index.php?mid=human_vr&category=3356&m=0&search_target=tag&search_keyword=%EB%B0%95%EB%AC%BC%EA%B4%80&listStyle=list&division=-45271&last_division=0 HTTP/1.1" 403 199 "-" "Mozilla/5.0 (Linux; Android 7.0;) AppleWebKit/537.36 (KHTML, like Gecko) Mobile Safari/537.36 (compatible; PetalBot;+https://webmaster.petalsearch.com/site/petalbot)"
114.119.154.67 - - [03/Oct/2021:14:46:34 +0900] "realpano.net(SG) GET /gl/index.php?mid=human_vr&category=3356&m=0&search_target=tag&search_keyword=%EB%B0%95%EB%AC%BC%EA%B4%80&listStyle=list&division=-45271&last_division=0 HTTP/1.1" 403 199 "-" "Mozilla/5.0 (Linux; Android 7.0;) AppleWebKit/537.36 (KHTML, like Gecko) Mobile Safari/537.36 (compatible; PetalBot;+https://webmaster.petalsearch.com/site/petalbot)"
66.249.79.7 - - [03/Oct/2021:14:46:43 +0900] "www.realpano.net(US) GET /gl/human_vr/34230 HTTP/1.1" 200 59588 "-" "Mozilla/5.0 (Linux; Android 6.0.1; Nexus 5X Build/MMB29P) AppleWebKit/537.36 (KHTML, like Gecko) Chrome/94.0.4606.61 Mobile Safari/537.36 (compatible; Googlebot/2.1; +http://www.google.com/bot.html)"
66.249.79.7 - - [03/Oct/2021:14:46:43 +0900] "www.realpano.net(US) GET /gl/human_vr/34230 HTTP/1.1" 200 59588 "-" "Mozilla/5.0 (Linux; Android 6.0.1; Nexus 5X Build/MMB29P) AppleWebKit/537.36 (KHTML, like Gecko) Chrome/94.0.4606.61 Mobile Safari/537.36 (compatible; Googlebot/2.1; +http://www.google.com/bot.html)"
207.46.13.95 - - [03/Oct/2021:14:47:30 +0900] "realpano.net(US) GET /gl/human_vr/34197 HTTP/2.0" 404 196 "-" "Mozilla/5.0 (compatible; bingbot/2.0; +http://www.bing.com/bingbot.htm)"
207.46.13.95 - - [03/Oct/2021:14:47:30 +0900] "realpano.net(US) GET /gl/human_vr/34197 HTTP/2.0" 404 196 "-" "Mozilla/5.0 (compatible; bingbot/2.0; +http://www.bing.com/bingbot.htm)"
207.46.13.121 - - [03/Oct/2021:14:47:39 +0900] "realpano.net(US) GET /gl/human_vr/3822 HTTP/2.0" 404 196 "-" "Mozilla/5.0 (compatible; bingbot/2.0; +http://www.bing.com/bingbot.htm)"
207.46.13.121 - - [03/Oct/2021:14:47:39 +0900] "realpano.net(US) GET /gl/human_vr/3822 HTTP/2.0" 404 196 "-" "Mozilla/5.0 (compatible; bingbot/2.0; +http://www.bing.com/bingbot.htm)"
66.249.79.1 - - [03/Oct/2021:14:51:04 +0900] "www.realpano.net(US) GET /home1/realpano/public_html/html/gl/m.layouts/xenara_mlayout_realpano/js/mmenu/css/extensions/jquery.mmenu.ie8.css HTTP/1.1" 404 196 "http://www.realpano.net/gl/human_vr/45254" "Mozilla/5.0 (Linux; Android 6.0.1; Nexus 5X Build/MMB29P) AppleWebKit/537.36 (KHTML, like Gecko) Chrome/94.0.4606.61 Mobile Safari/537.36 (compatible; Googlebot/2.1; +http://www.google.com/bot.html)"
66.249.79.1 - - [03/Oct/2021:14:51:04 +0900] "www.realpano.net(US) GET /home1/realpano/public_html/html/gl/m.layouts/xenara_mlayout_realpano/js/mmenu/css/extensions/jquery.mmenu.ie8.css HTTP/1.1" 404 196 "http://www.realpano.net/gl/human_vr/45254" "Mozilla/5.0 (Linux; Android 6.0.1; Nexus 5X Build/MMB29P) AppleWebKit/537.36 (KHTML, like Gecko) Chrome/94.0.4606.61 Mobile Safari/537.36 (compatible; Googlebot/2.1; +http://www.google.com/bot.html)"
66.249.79.5 - - [03/Oct/2021:14:51:05 +0900] "www.realpano.net(US) GET /gl/modules/board/m.skins/mboard_zaggumedia_portfolio_realpano/css/board.css?20140530184119 HTTP/1.1" 200 62046 "http://www.realpano.net/gl/human_vr/45254" "Mozilla/5.0 (Linux; Android 6.0.1; Nexus 5X Build/MMB29P) AppleWebKit/537.36 (KHTML, like Gecko) Chrome/94.0.4606.61 Mobile Safari/537.36 (compatible; Googlebot/2.1; +http://www.google.com/bot.html)"
66.249.79.5 - - [03/Oct/2021:14:51:05 +0900] "www.realpano.net(US) GET /gl/modules/board/m.skins/mboard_zaggumedia_portfolio_realpano/css/board.css?20140530184119 HTTP/1.1" 200 62046 "http://www.realpano.net/gl/human_vr/45254" "Mozilla/5.0 (Linux; Android 6.0.1; Nexus 5X Build/MMB29P) AppleWebKit/537.36 (KHTML, like Gecko) Chrome/94.0.4606.61 Mobile Safari/537.36 (compatible; Googlebot/2.1; +http://www.google.com/bot.html)"
66.249.79.1 - - [03/Oct/2021:14:51:05 +0900] "www.realpano.net(US) GET /gl/m.layouts/xenara_mlayout_realpano/js/mmenu/js/jquery.mmenu.min.all.js?20150420190316 HTTP/1.1" 200 22787 "http://www.realpano.net/gl/human_vr/45254" "Mozilla/5.0 (Linux; Android 6.0.1; Nexus 5X Build/MMB29P) AppleWebKit/537.36 (KHTML, like Gecko) Chrome/94.0.4606.61 Mobile Safari/537.36 (compatible; Googlebot/2.1; +http://www.google.com/bot.html)"
66.249.79.1 - - [03/Oct/2021:14:51:05 +0900] "www.realpano.net(US) GET /gl/m.layouts/xenara_mlayout_realpano/js/mmenu/js/jquery.mmenu.min.all.js?20150420190316 HTTP/1.1" 200 22787 "http://www.realpano.net/gl/human_vr/45254" "Mozilla/5.0 (Linux; Android 6.0.1; Nexus 5X Build/MMB29P) AppleWebKit/537.36 (KHTML, like Gecko) Chrome/94.0.4606.61 Mobile Safari/537.36 (compatible; Googlebot/2.1; +http://www.google.com/bot.html)"
66.249.79.5 - - [03/Oct/2021:14:51:05 +0900] "www.realpano.net(US) GET /home1/realpano/public_html/html/gl/m.layouts/xenara_mlayout_realpano/js/mmenu/css/extensions/jquery.mmenu.ie8.css HTTP/1.1" 404 196 "http://www.realpano.net/gl/human_vr/45254" "Mozilla/5.0 (Linux; Android 6.0.1; Nexus 5X Build/MMB29P) AppleWebKit/537.36 (KHTML, like Gecko) Chrome/94.0.4606.61 Mobile Safari/537.36 (compatible; Googlebot/2.1; +http://www.google.com/bot.html)"
66.249.79.5 - - [03/Oct/2021:14:51:05 +0900] "www.realpano.net(US) GET /home1/realpano/public_html/html/gl/m.layouts/xenara_mlayout_realpano/js/mmenu/css/extensions/jquery.mmenu.ie8.css HTTP/1.1" 404 196 "http://www.realpano.net/gl/human_vr/45254" "Mozilla/5.0 (Linux; Android 6.0.1; Nexus 5X Build/MMB29P) AppleWebKit/537.36 (KHTML, like Gecko) Chrome/94.0.4606.61 Mobile Safari/537.36 (compatible; Googlebot/2.1; +http://www.google.com/bot.html)"
114.119.154.39 - - [03/Oct/2021:14:52:46 +0900] "realpano.net(SG) GET /gl/index.php?mid=human_vr&m=1&listStyle=viewer&order_type=asc&category=3355&act=dispMemberSignUpForm HTTP/1.1" 403 199 "-" "Mozilla/5.0 (Linux; Android 7.0;) AppleWebKit/537.36 (KHTML, like Gecko) Mobile Safari/537.36 (compatible; PetalBot;+https://webmaster.petalsearch.com/site/petalbot)"
114.119.154.39 - - [03/Oct/2021:14:52:46 +0900] "realpano.net(SG) GET /gl/index.php?mid=human_vr&m=1&listStyle=viewer&order_type=asc&category=3355&act=dispMemberSignUpForm HTTP/1.1" 403 199 "-" "Mozilla/5.0 (Linux; Android 7.0;) AppleWebKit/537.36 (KHTML, like Gecko) Mobile Safari/537.36 (compatible; PetalBot;+https://webmaster.petalsearch.com/site/petalbot)"
157.55.39.161 - - [03/Oct/2021:14:55:14 +0900] "realpano.net(US) GET /gl/air_vr/45142 HTTP/2.0" 404 196 "-" "Mozilla/5.0 (compatible; bingbot/2.0; +http://www.bing.com/bingbot.htm)"
157.55.39.161 - - [03/Oct/2021:14:55:14 +0900] "realpano.net(US) GET /gl/air_vr/45142 HTTP/2.0" 404 196 "-" "Mozilla/5.0 (compatible; bingbot/2.0; +http://www.bing.com/bingbot.htm)"
66.249.68.57 - - [03/Oct/2021:14:55:17 +0900] "realpano.net(US) GET / HTTP/1.1" 200 64 "-" "Mozilla/5.0 (compatible; Googlebot/2.1; +http://www.google.com/bot.html)"
66.249.68.57 - - [03/Oct/2021:14:55:17 +0900] "realpano.net(US) GET / HTTP/1.1" 200 64 "-" "Mozilla/5.0 (compatible; Googlebot/2.1; +http://www.google.com/bot.html)"
114.119.154.39 - - [03/Oct/2021:14:59:15 +0900] "realpano.net(SG) GET /gl/index.php?mid=human_vr&m=0&category=3343&listStyle=webzine&search_target=tag&search_keyword=%EB%8C%80%EA%B5%AC%EC%A4%91%EA%B5%AC&division=-45271&last_division=0&sort_index=readed_count&order_type=asc&act=dispMemberSignUpForm HTTP/1.1" 403 199 "-" "Mozilla/5.0 (Linux; Android 7.0;) AppleWebKit/537.36 (KHTML, like Gecko) Mobile Safari/537.36 (compatible; PetalBot;+https://webmaster.petalsearch.com/site/petalbot)"
114.119.154.39 - - [03/Oct/2021:14:59:15 +0900] "realpano.net(SG) GET /gl/index.php?mid=human_vr&m=0&category=3343&listStyle=webzine&search_target=tag&search_keyword=%EB%8C%80%EA%B5%AC%EC%A4%91%EA%B5%AC&division=-45271&last_division=0&sort_index=readed_count&order_type=asc&act=dispMemberSignUpForm HTTP/1.1" 403 199 "-" "Mozilla/5.0 (Linux; Android 7.0;) AppleWebKit/537.36 (KHTML, like Gecko) Mobile Safari/537.36 (compatible; PetalBot;+https://webmaster.petalsearch.com/site/petalbot)"
66.249.79.5 - - [03/Oct/2021:15:01:37 +0900] "www.realpano.net(US) GET /gl/index.php?mid=human_vr&search_target=tag&search_keyword=%EB%AC%B8%ED%99%94%EA%B3%B5%EA%B0%84&document_srl=44546 HTTP/1.1" 200 58480 "-" "Mozilla/5.0 (compatible; Googlebot/2.1; +http://www.google.com/bot.html)"
66.249.79.5 - - [03/Oct/2021:15:01:37 +0900] "www.realpano.net(US) GET /gl/index.php?mid=human_vr&search_target=tag&search_keyword=%EB%AC%B8%ED%99%94%EA%B3%B5%EA%B0%84&document_srl=44546 HTTP/1.1" 200 58480 "-" "Mozilla/5.0 (compatible; Googlebot/2.1; +http://www.google.com/bot.html)"
114.119.154.26 - - [03/Oct/2021:15:05:31 +0900] "realpano.net(SG) GET /gl/index.php?mid=human_vr&search_target=tag&search_keyword=%EB%AC%B8%ED%99%94%EA%B3%B5%EA%B0%84&division=-45271&last_division=0&category=3353&act=dispMemberFindAccount HTTP/1.1" 403 199 "-" "Mozilla/5.0 (Linux; Android 7.0;) AppleWebKit/537.36 (KHTML, like Gecko) Mobile Safari/537.36 (compatible; PetalBot;+https://webmaster.petalsearch.com/site/petalbot)"
114.119.154.26 - - [03/Oct/2021:15:05:31 +0900] "realpano.net(SG) GET /gl/index.php?mid=human_vr&search_target=tag&search_keyword=%EB%AC%B8%ED%99%94%EA%B3%B5%EA%B0%84&division=-45271&last_division=0&category=3353&act=dispMemberFindAccount HTTP/1.1" 403 199 "-" "Mozilla/5.0 (Linux; Android 7.0;) AppleWebKit/537.36 (KHTML, like Gecko) Mobile Safari/537.36 (compatible; PetalBot;+https://webmaster.petalsearch.com/site/petalbot)"
66.249.79.1 - - [03/Oct/2021:15:09:37 +0900] "www.realpano.net(US) GET /gl/index.php?listStyle=viewer&mid=human_vr&page=4&search_target=tag&document_srl=44699 HTTP/1.1" 200 60709 "-" "Mozilla/5.0 (Linux; Android 6.0.1; Nexus 5X Build/MMB29P) AppleWebKit/537.36 (KHTML, like Gecko) Chrome/94.0.4606.61 Mobile Safari/537.36 (compatible; Googlebot/2.1; +http://www.google.com/bot.html)"
66.249.79.1 - - [03/Oct/2021:15:09:37 +0900] "www.realpano.net(US) GET /gl/index.php?listStyle=viewer&mid=human_vr&page=4&search_target=tag&document_srl=44699 HTTP/1.1" 200 60709 "-" "Mozilla/5.0 (Linux; Android 6.0.1; Nexus 5X Build/MMB29P) AppleWebKit/537.36 (KHTML, like Gecko) Chrome/94.0.4606.61 Mobile Safari/537.36 (compatible; Googlebot/2.1; +http://www.google.com/bot.html)"
66.249.68.60 - - [03/Oct/2021:15:10:13 +0900] "realpano.net(US) GET /gl/index.php?listStyle=gallery&mid=human_vr&order_type=desc&sort_index=title&page=5&document_srl=4089 HTTP/1.1" 404 196 "-" "Mozilla/5.0 (compatible; Googlebot/2.1; +http://www.google.com/bot.html)"
66.249.68.60 - - [03/Oct/2021:15:10:13 +0900] "realpano.net(US) GET /gl/index.php?listStyle=gallery&mid=human_vr&order_type=desc&sort_index=title&page=5&document_srl=4089 HTTP/1.1" 404 196 "-" "Mozilla/5.0 (compatible; Googlebot/2.1; +http://www.google.com/bot.html)"
114.119.154.41 - - [03/Oct/2021:15:12:12 +0900] "realpano.net(SG) GET /gl/index.php?mid=human_vr&listStyle=list&page=6&m=0&sort_index=title&order_type=desc&search_target=tag&search_keyword=%EA%B5%AD%EC%B1%84%EB%B3%B4%EC%83%81%EC%9A%B4%EB%8F%99 HTTP/1.1" 403 199 "-" "Mozilla/5.0 (Linux; Android 7.0;) AppleWebKit/537.36 (KHTML, like Gecko) Mobile Safari/537.36 (compatible; PetalBot;+https://webmaster.petalsearch.com/site/petalbot)"
114.119.154.41 - - [03/Oct/2021:15:12:12 +0900] "realpano.net(SG) GET /gl/index.php?mid=human_vr&listStyle=list&page=6&m=0&sort_index=title&order_type=desc&search_target=tag&search_keyword=%EA%B5%AD%EC%B1%84%EB%B3%B4%EC%83%81%EC%9A%B4%EB%8F%99 HTTP/1.1" 403 199 "-" "Mozilla/5.0 (Linux; Android 7.0;) AppleWebKit/537.36 (KHTML, like Gecko) Mobile Safari/537.36 (compatible; PetalBot;+https://webmaster.petalsearch.com/site/petalbot)"
114.119.154.65 - - [03/Oct/2021:15:18:32 +0900] "realpano.net(SG) GET /gl/index.php?mid=human_vr&m=1&search_target=tag&search_keyword=%EC%B1%94%EB%8B%88%EC%8A%A4&act=dispMemberFindAccount HTTP/1.1" 403 199 "-" "Mozilla/5.0 (Linux; Android 7.0;) AppleWebKit/537.36 (KHTML, like Gecko) Mobile Safari/537.36 (compatible; PetalBot;+https://webmaster.petalsearch.com/site/petalbot)"
114.119.154.65 - - [03/Oct/2021:15:18:32 +0900] "realpano.net(SG) GET /gl/index.php?mid=human_vr&m=1&search_target=tag&search_keyword=%EC%B1%94%EB%8B%88%EC%8A%A4&act=dispMemberFindAccount HTTP/1.1" 403 199 "-" "Mozilla/5.0 (Linux; Android 7.0;) AppleWebKit/537.36 (KHTML, like Gecko) Mobile Safari/537.36 (compatible; PetalBot;+https://webmaster.petalsearch.com/site/petalbot)"
114.119.154.26 - - [03/Oct/2021:15:25:00 +0900] "realpano.net(SG) GET /gl/index.php?mid=human_vr&m=0&listStyle=list&category=3342&document_srl=45261&sort_index=title&order_type=desc&act=dispMemberLoginForm HTTP/1.1" 403 199 "-" "Mozilla/5.0 (Linux; Android 7.0;) AppleWebKit/537.36 (KHTML, like Gecko) Mobile Safari/537.36 (compatible; PetalBot;+https://webmaster.petalsearch.com/site/petalbot)"
114.119.154.26 - - [03/Oct/2021:15:25:00 +0900] "realpano.net(SG) GET /gl/index.php?mid=human_vr&m=0&listStyle=list&category=3342&document_srl=45261&sort_index=title&order_type=desc&act=dispMemberLoginForm HTTP/1.1" 403 199 "-" "Mozilla/5.0 (Linux; Android 7.0;) AppleWebKit/537.36 (KHTML, like Gecko) Mobile Safari/537.36 (compatible; PetalBot;+https://webmaster.petalsearch.com/site/petalbot)"
157.55.39.119 - - [03/Oct/2021:15:29:23 +0900] "realpano.net(US) GET /robots.txt HTTP/1.1" 404 196 "-" "Mozilla/5.0 (compatible; bingbot/2.0; +http://www.bing.com/bingbot.htm)"
157.55.39.119 - - [03/Oct/2021:15:29:23 +0900] "realpano.net(US) GET /robots.txt HTTP/1.1" 404 196 "-" "Mozilla/5.0 (compatible; bingbot/2.0; +http://www.bing.com/bingbot.htm)"
157.55.39.121 - - [03/Oct/2021:15:29:32 +0900] "realpano.net(US) GET /_allthat_vr/tour/161111hbs/tour.html HTTP/1.1" 404 196 "-" "Mozilla/5.0 (compatible; MSIE 9.0; Windows NT 6.1; Trident/5.0)"
157.55.39.121 - - [03/Oct/2021:15:29:32 +0900] "realpano.net(US) GET /_allthat_vr/tour/161111hbs/tour.html HTTP/1.1" 404 196 "-" "Mozilla/5.0 (compatible; MSIE 9.0; Windows NT 6.1; Trident/5.0)"
157.55.39.94 - - [03/Oct/2021:15:30:48 +0900] "realpano.net(US) GET /clubview/_tour/kummorae/main.html HTTP/1.1" 404 196 "-" "Mozilla/5.0 (compatible; MSIE 9.0; Windows NT 6.1; Trident/5.0)"
157.55.39.94 - - [03/Oct/2021:15:30:48 +0900] "realpano.net(US) GET /clubview/_tour/kummorae/main.html HTTP/1.1" 404 196 "-" "Mozilla/5.0 (compatible; MSIE 9.0; Windows NT 6.1; Trident/5.0)"
114.119.154.26 - - [03/Oct/2021:15:31:28 +0900] "realpano.net(SG) GET /gl/index.php?mid=human_vr&page=1&listStyle=list&document_srl=45227 HTTP/1.1" 403 199 "-" "Mozilla/5.0 (Linux; Android 7.0;) AppleWebKit/537.36 (KHTML, like Gecko) Mobile Safari/537.36 (compatible; PetalBot;+https://webmaster.petalsearch.com/site/petalbot)"
114.119.154.26 - - [03/Oct/2021:15:31:28 +0900] "realpano.net(SG) GET /gl/index.php?mid=human_vr&page=1&listStyle=list&document_srl=45227 HTTP/1.1" 403 199 "-" "Mozilla/5.0 (Linux; Android 7.0;) AppleWebKit/537.36 (KHTML, like Gecko) Mobile Safari/537.36 (compatible; PetalBot;+https://webmaster.petalsearch.com/site/petalbot)"
114.119.154.30 - - [03/Oct/2021:15:37:56 +0900] "realpano.net(SG) GET /gl/index.php?mid=human_vr&m=1&search_target=tag&search_keyword=%EA%B3%A8%EB%AA%A9&division=-45271&last_division=0&listStyle=gallery&document_srl=44915 HTTP/1.1" 403 199 "-" "Mozilla/5.0 (Linux; Android 7.0;) AppleWebKit/537.36 (KHTML, like Gecko) Mobile Safari/537.36 (compatible; PetalBot;+https://webmaster.petalsearch.com/site/petalbot)"
114.119.154.30 - - [03/Oct/2021:15:37:56 +0900] "realpano.net(SG) GET /gl/index.php?mid=human_vr&m=1&search_target=tag&search_keyword=%EA%B3%A8%EB%AA%A9&division=-45271&last_division=0&listStyle=gallery&document_srl=44915 HTTP/1.1" 403 199 "-" "Mozilla/5.0 (Linux; Android 7.0;) AppleWebKit/537.36 (KHTML, like Gecko) Mobile Safari/537.36 (compatible; PetalBot;+https://webmaster.petalsearch.com/site/petalbot)"
5.255.253.164 - - [03/Oct/2021:15:41:40 +0900] "www.realpano.net(RU) GET /robots.txt HTTP/1.1" 404 196 "-" "Mozilla/5.0 (compatible; YandexBot/3.0; +http://yandex.com/bots)"
5.255.253.164 - - [03/Oct/2021:15:41:40 +0900] "www.realpano.net(RU) GET /robots.txt HTTP/1.1" 404 196 "-" "Mozilla/5.0 (compatible; YandexBot/3.0; +http://yandex.com/bots)"
114.119.154.6 - - [03/Oct/2021:15:44:40 +0900] "realpano.net(SG) GET /gl/index.php?mid=human_vr&category=3357&m=0&document_srl=44818 HTTP/1.1" 403 199 "-" "Mozilla/5.0 (Linux; Android 7.0;) AppleWebKit/537.36 (KHTML, like Gecko) Mobile Safari/537.36 (compatible; PetalBot;+https://webmaster.petalsearch.com/site/petalbot)"
114.119.154.6 - - [03/Oct/2021:15:44:40 +0900] "realpano.net(SG) GET /gl/index.php?mid=human_vr&category=3357&m=0&document_srl=44818 HTTP/1.1" 403 199 "-" "Mozilla/5.0 (Linux; Android 7.0;) AppleWebKit/537.36 (KHTML, like Gecko) Mobile Safari/537.36 (compatible; PetalBot;+https://webmaster.petalsearch.com/site/petalbot)"
223.33.178.62 - - [03/Oct/2021:15:45:25 +0900] "realpano.net(KR) GET /clubview/_tour/kummorae/main.html HTTP/1.1" 404 196 "http://www.kummorae.com/" "Mozilla/5.0 (iPhone; CPU iPhone OS 14_7_1 like Mac OS X) AppleWebKit/605.1.15 (KHTML, like Gecko) Version/14.1.2 Mobile/15E148 Safari/604.1"
223.33.178.62 - - [03/Oct/2021:15:45:25 +0900] "realpano.net(KR) GET /clubview/_tour/kummorae/main.html HTTP/1.1" 404 196 "http://www.kummorae.com/" "Mozilla/5.0 (iPhone; CPU iPhone OS 14_7_1 like Mac OS X) AppleWebKit/605.1.15 (KHTML, like Gecko) Version/14.1.2 Mobile/15E148 Safari/604.1"
114.119.154.41 - - [03/Oct/2021:15:50:54 +0900] "realpano.net(SG) GET /gl/index.php?mid=human_vr&m=1&listStyle=list&order_type=desc&sort_index=regdate&category=3357&document_srl=44778 HTTP/1.1" 403 199 "-" "Mozilla/5.0 (Linux; Android 7.0;) AppleWebKit/537.36 (KHTML, like Gecko) Mobile Safari/537.36 (compatible; PetalBot;+https://webmaster.petalsearch.com/site/petalbot)"
114.119.154.41 - - [03/Oct/2021:15:50:54 +0900] "realpano.net(SG) GET /gl/index.php?mid=human_vr&m=1&listStyle=list&order_type=desc&sort_index=regdate&category=3357&document_srl=44778 HTTP/1.1" 403 199 "-" "Mozilla/5.0 (Linux; Android 7.0;) AppleWebKit/537.36 (KHTML, like Gecko) Mobile Safari/537.36 (compatible; PetalBot;+https://webmaster.petalsearch.com/site/petalbot)"
211.36.159.96 - - [03/Oct/2021:15:57:15 +0900] "realpano.net(KR) GET / HTTP/1.1" 200 64 "-" "Mozilla/5.0 (iPhone; CPU iPhone OS 14_7_1 like Mac OS X) AppleWebKit/605.1.15 (KHTML, like Gecko) Version/14.1.2 Mobile/15E148 Safari/604.1"
211.36.159.96 - - [03/Oct/2021:15:57:15 +0900] "realpano.net(KR) GET / HTTP/1.1" 200 64 "-" "Mozilla/5.0 (iPhone; CPU iPhone OS 14_7_1 like Mac OS X) AppleWebKit/605.1.15 (KHTML, like Gecko) Version/14.1.2 Mobile/15E148 Safari/604.1"
211.36.159.96 - - [03/Oct/2021:15:57:15 +0900] "realpano.net(KR) GET /gl/ HTTP/1.1" 404 2837 "http://realpano.net/" "Mozilla/5.0 (iPhone; CPU iPhone OS 14_7_1 like Mac OS X) AppleWebKit/605.1.15 (KHTML, like Gecko) Version/14.1.2 Mobile/15E148 Safari/604.1"
211.36.159.96 - - [03/Oct/2021:15:57:15 +0900] "realpano.net(KR) GET /gl/ HTTP/1.1" 404 2837 "http://realpano.net/" "Mozilla/5.0 (iPhone; CPU iPhone OS 14_7_1 like Mac OS X) AppleWebKit/605.1.15 (KHTML, like Gecko) Version/14.1.2 Mobile/15E148 Safari/604.1"
211.36.159.96 - - [03/Oct/2021:15:57:15 +0900] "realpano.net(KR) GET /gl/files/cache/assets/compiled/12f4c8563084710f3108d5393149ba67bcaa5d9b.rhymix.less.min.css HTTP/1.1" 404 196 "http://realpano.net/gl/" "Mozilla/5.0 (iPhone; CPU iPhone OS 14_7_1 like Mac OS X) AppleWebKit/605.1.15 (KHTML, like Gecko) Version/14.1.2 Mobile/15E148 Safari/604.1"
211.36.159.96 - - [03/Oct/2021:15:57:15 +0900] "realpano.net(KR) GET /gl/files/cache/assets/compiled/12f4c8563084710f3108d5393149ba67bcaa5d9b.rhymix.less.min.css HTTP/1.1" 404 196 "http://realpano.net/gl/" "Mozilla/5.0 (iPhone; CPU iPhone OS 14_7_1 like Mac OS X) AppleWebKit/605.1.15 (KHTML, like Gecko) Version/14.1.2 Mobile/15E148 Safari/604.1"
114.119.154.65 - - [03/Oct/2021:15:57:19 +0900] "realpano.net(SG) GET /gl/index.php?mid=human_vr&m=1&listStyle=webzine&search_target=tag&search_keyword=%EC%A4%91%EA%B5%AC%EC%B2%AD&division=-45271&last_division=0&sort_index=readed_count&order_type=asc&document_srl=44793&act=dispMemberSignUpForm HTTP/1.1" 403 199 "-" "Mozilla/5.0 (Linux; Android 7.0;) AppleWebKit/537.36 (KHTML, like Gecko) Mobile Safari/537.36 (compatible; PetalBot;+https://webmaster.petalsearch.com/site/petalbot)"
114.119.154.65 - - [03/Oct/2021:15:57:19 +0900] "realpano.net(SG) GET /gl/index.php?mid=human_vr&m=1&listStyle=webzine&search_target=tag&search_keyword=%EC%A4%91%EA%B5%AC%EC%B2%AD&division=-45271&last_division=0&sort_index=readed_count&order_type=asc&document_srl=44793&act=dispMemberSignUpForm HTTP/1.1" 403 199 "-" "Mozilla/5.0 (Linux; Android 7.0;) AppleWebKit/537.36 (KHTML, like Gecko) Mobile Safari/537.36 (compatible; PetalBot;+https://webmaster.petalsearch.com/site/petalbot)"
131.220.6.152 - - [03/Oct/2021:16:00:23 +0900] "realpano.net(DE) GET / HTTP/1.1" 200 687 "-" "Mozilla/5.0 (X11; Linux x86_64) AppleWebKit/537.36 (KHTML, like Gecko) Chrome/79.0.3945.79 Safari/537.36"
131.220.6.152 - - [03/Oct/2021:16:00:23 +0900] "realpano.net(DE) GET / HTTP/1.1" 200 687 "-" "Mozilla/5.0 (X11; Linux x86_64) AppleWebKit/537.36 (KHTML, like Gecko) Chrome/79.0.3945.79 Safari/537.36"
114.119.154.6 - - [03/Oct/2021:16:03:44 +0900] "realpano.net(SG) GET /gl/index.php?mid=human_vr&m=0&search_target=tag&search_keyword=%EA%B8%B0%EB%85%90%EA%B4%80&division=-45271&last_division=0&listStyle=list&category=3344 HTTP/1.1" 403 199 "-" "Mozilla/5.0 (Linux; Android 7.0;) AppleWebKit/537.36 (KHTML, like Gecko) Mobile Safari/537.36 (compatible; PetalBot;+https://webmaster.petalsearch.com/site/petalbot)"
114.119.154.6 - - [03/Oct/2021:16:03:44 +0900] "realpano.net(SG) GET /gl/index.php?mid=human_vr&m=0&search_target=tag&search_keyword=%EA%B8%B0%EB%85%90%EA%B4%80&division=-45271&last_division=0&listStyle=list&category=3344 HTTP/1.1" 403 199 "-" "Mozilla/5.0 (Linux; Android 7.0;) AppleWebKit/537.36 (KHTML, like Gecko) Mobile Safari/537.36 (compatible; PetalBot;+https://webmaster.petalsearch.com/site/petalbot)"
114.119.154.65 - - [03/Oct/2021:16:09:54 +0900] "realpano.net(SG) GET /gl/index.php?mid=human_vr&m=0&category=3339&search_target=tag&search_keyword=%ED%96%A5%EC%B4%8C%EB%8F%99&listStyle=list&act=dispMemberLoginForm HTTP/1.1" 403 199 "-" "Mozilla/5.0 (Linux; Android 7.0;) AppleWebKit/537.36 (KHTML, like Gecko) Mobile Safari/537.36 (compatible; PetalBot;+https://webmaster.petalsearch.com/site/petalbot)"
