119.207.72.84 - - [03/Oct/2021:08:54:13 +0900] "realpano.net(KR) GET /gl/ HTTP/1.1" 404 2293 "http://realpano.net/" "Mozilla/5.0 (compatible; MSIE 9.0; Windows NT 6.1; WOW64; Trident/5.0)"
119.207.72.84 - - [03/Oct/2021:08:54:13 +0900] "realpano.net(KR) GET /gl/ HTTP/1.1" 404 2293 "http://realpano.net/" "Mozilla/5.0 (compatible; MSIE 9.0; Windows NT 6.1; WOW64; Trident/5.0)"
119.207.72.84 - - [03/Oct/2021:08:54:14 +0900] "realpano.net(KR) GET /gl/files/cache/assets/compiled/12f4c8563084710f3108d5393149ba67bcaa5d9b.rhymix.less.min.css HTTP/1.1" 404 196 "http://realpano.net/gl/" "Mozilla/5.0 (compatible; MSIE 9.0; Windows NT 6.1; WOW64; Trident/5.0)"
119.207.72.84 - - [03/Oct/2021:08:54:14 +0900] "realpano.net(KR) GET /gl/files/cache/assets/compiled/12f4c8563084710f3108d5393149ba67bcaa5d9b.rhymix.less.min.css HTTP/1.1" 404 196 "http://realpano.net/gl/" "Mozilla/5.0 (compatible; MSIE 9.0; Windows NT 6.1; WOW64; Trident/5.0)"
119.207.72.84 - - [03/Oct/2021:08:54:14 +0900] "realpano.net(KR) GET /gl/addons/captcha/captcha.min.js?20200731203419 HTTP/1.1" 200 6962 "http://realpano.net/gl/" "Mozilla/5.0 (compatible; MSIE 9.0; Windows NT 6.1; WOW64; Trident/5.0)"
119.207.72.84 - - [03/Oct/2021:08:54:14 +0900] "realpano.net(KR) GET /gl/addons/captcha/captcha.min.js?20200731203419 HTTP/1.1" 200 6962 "http://realpano.net/gl/" "Mozilla/5.0 (compatible; MSIE 9.0; Windows NT 6.1; WOW64; Trident/5.0)"
119.207.72.84 - - [03/Oct/2021:08:54:14 +0900] "realpano.net(KR) GET /gl/files/cache/assets/minified/rhymix.min.js?20201120233626 HTTP/1.1" 200 120587 "http://realpano.net/gl/" "Mozilla/5.0 (compatible; MSIE 9.0; Windows NT 6.1; WOW64; Trident/5.0)"
119.207.72.84 - - [03/Oct/2021:08:54:14 +0900] "realpano.net(KR) GET /gl/files/cache/assets/minified/rhymix.min.js?20201120233626 HTTP/1.1" 200 120587 "http://realpano.net/gl/" "Mozilla/5.0 (compatible; MSIE 9.0; Windows NT 6.1; WOW64; Trident/5.0)"
119.207.72.84 - - [03/Oct/2021:08:54:14 +0900] "realpano.net(KR) GET /gl/common/js/jquery-2.2.4.min.js?20201113010511 HTTP/1.1" 200 85578 "http://realpano.net/gl/" "Mozilla/5.0 (compatible; MSIE 9.0; Windows NT 6.1; WOW64; Trident/5.0)"
119.207.72.84 - - [03/Oct/2021:08:54:14 +0900] "realpano.net(KR) GET /gl/common/js/jquery-2.2.4.min.js?20201113010511 HTTP/1.1" 200 85578 "http://realpano.net/gl/" "Mozilla/5.0 (compatible; MSIE 9.0; Windows NT 6.1; WOW64; Trident/5.0)"
114.119.154.67 - - [03/Oct/2021:08:55:07 +0900] "realpano.net(SG) GET /gl/index.php?mid=human_vr&search_target=tag&search_keyword=%ED%8C%A8%EB%B0%80%EB%A6%AC%2B%EB%A0%88%EC%8A%A4%ED%86%A0%EB%9E%91&division=-45271&last_division=0&category=3344&act=dispMemberSignUpForm&m=0 HTTP/1.1" 403 199 "-" "Mozilla/5.0 (Linux; Android 7.0;) AppleWebKit/537.36 (KHTML, like Gecko) Mobile Safari/537.36 (compatible; PetalBot;+https://webmaster.petalsearch.com/site/petalbot)"
114.119.154.67 - - [03/Oct/2021:08:55:07 +0900] "realpano.net(SG) GET /gl/index.php?mid=human_vr&search_target=tag&search_keyword=%ED%8C%A8%EB%B0%80%EB%A6%AC%2B%EB%A0%88%EC%8A%A4%ED%86%A0%EB%9E%91&division=-45271&last_division=0&category=3344&act=dispMemberSignUpForm&m=0 HTTP/1.1" 403 199 "-" "Mozilla/5.0 (Linux; Android 7.0;) AppleWebKit/537.36 (KHTML, like Gecko) Mobile Safari/537.36 (compatible; PetalBot;+https://webmaster.petalsearch.com/site/petalbot)"
66.249.68.59 - - [03/Oct/2021:08:57:20 +0900] "realpano.net(US) GET / HTTP/1.1" 200 64 "-" "Mozilla/5.0 (Linux; Android 6.0.1; Nexus 5X Build/MMB29P) AppleWebKit/537.36 (KHTML, like Gecko) Chrome/94.0.4606.61 Mobile Safari/537.36 (compatible; Googlebot/2.1; +http://www.google.com/bot.html)"
66.249.68.59 - - [03/Oct/2021:08:57:20 +0900] "realpano.net(US) GET / HTTP/1.1" 200 64 "-" "Mozilla/5.0 (Linux; Android 6.0.1; Nexus 5X Build/MMB29P) AppleWebKit/537.36 (KHTML, like Gecko) Chrome/94.0.4606.61 Mobile Safari/537.36 (compatible; Googlebot/2.1; +http://www.google.com/bot.html)"
157.55.39.161 - - [03/Oct/2021:08:57:28 +0900] "realpano.net(US) GET /gl/human_vr/2013-10-04%2015;26;07.jpg HTTP/2.0" 404 196 "-" "Mozilla/5.0 (compatible; bingbot/2.0; +http://www.bing.com/bingbot.htm)"
157.55.39.161 - - [03/Oct/2021:08:57:28 +0900] "realpano.net(US) GET /gl/human_vr/2013-10-04%2015;26;07.jpg HTTP/2.0" 404 196 "-" "Mozilla/5.0 (compatible; bingbot/2.0; +http://www.bing.com/bingbot.htm)"
66.249.68.56 - - [03/Oct/2021:09:01:20 +0900] "realpano.net(US) GET /gl/index.php?listStyle=viewer&mid=human_vr&order_type=desc&sort_index=type&m=1&page=2&document_srl=44124 HTTP/1.1" 404 196 "-" "Mozilla/5.0 (Linux; Android 6.0.1; Nexus 5X Build/MMB29P) AppleWebKit/537.36 (KHTML, like Gecko) Chrome/94.0.4606.61 Mobile Safari/537.36 (compatible; Googlebot/2.1; +http://www.google.com/bot.html)"
66.249.68.56 - - [03/Oct/2021:09:01:20 +0900] "realpano.net(US) GET /gl/index.php?listStyle=viewer&mid=human_vr&order_type=desc&sort_index=type&m=1&page=2&document_srl=44124 HTTP/1.1" 404 196 "-" "Mozilla/5.0 (Linux; Android 6.0.1; Nexus 5X Build/MMB29P) AppleWebKit/537.36 (KHTML, like Gecko) Chrome/94.0.4606.61 Mobile Safari/537.36 (compatible; Googlebot/2.1; +http://www.google.com/bot.html)"
114.119.154.30 - - [03/Oct/2021:09:02:08 +0900] "realpano.net(SG) GET /gl/index.php?mid=human_vr&search_target=tag&search_keyword=%EA%B1%B0%EB%A6%AC%EB%B7%B0&category=3353&act=dispMemberFindAccount HTTP/1.1" 403 199 "-" "Mozilla/5.0 (Linux; Android 7.0;) AppleWebKit/537.36 (KHTML, like Gecko) Mobile Safari/537.36 (compatible; PetalBot;+https://webmaster.petalsearch.com/site/petalbot)"
114.119.154.30 - - [03/Oct/2021:09:02:08 +0900] "realpano.net(SG) GET /gl/index.php?mid=human_vr&search_target=tag&search_keyword=%EA%B1%B0%EB%A6%AC%EB%B7%B0&category=3353&act=dispMemberFindAccount HTTP/1.1" 403 199 "-" "Mozilla/5.0 (Linux; Android 7.0;) AppleWebKit/537.36 (KHTML, like Gecko) Mobile Safari/537.36 (compatible; PetalBot;+https://webmaster.petalsearch.com/site/petalbot)"
66.249.68.60 - - [03/Oct/2021:09:03:47 +0900] "realpano.net(US) GET /gl/index.php?mid=human_vr&search_target=tag&search_keyword=%EA%B3%A8%EB%AA%A9%ED%88%AC%EC%96%B4&document_srl=44827&listStyle=viewer HTTP/1.1" 404 196 "-" "Mozilla/5.0 (Linux; Android 6.0.1; Nexus 5X Build/MMB29P) AppleWebKit/537.36 (KHTML, like Gecko) Chrome/94.0.4606.61 Mobile Safari/537.36 (compatible; Googlebot/2.1; +http://www.google.com/bot.html)"
66.249.68.60 - - [03/Oct/2021:09:03:47 +0900] "realpano.net(US) GET /gl/index.php?mid=human_vr&search_target=tag&search_keyword=%EA%B3%A8%EB%AA%A9%ED%88%AC%EC%96%B4&document_srl=44827&listStyle=viewer HTTP/1.1" 404 196 "-" "Mozilla/5.0 (Linux; Android 6.0.1; Nexus 5X Build/MMB29P) AppleWebKit/537.36 (KHTML, like Gecko) Chrome/94.0.4606.61 Mobile Safari/537.36 (compatible; Googlebot/2.1; +http://www.google.com/bot.html)"
114.119.154.65 - - [03/Oct/2021:09:09:11 +0900] "realpano.net(SG) GET /gl/index.php?mid=human_vr&document_srl=45205&m=0&listStyle=viewer&page=2 HTTP/1.1" 403 199 "-" "Mozilla/5.0 (Linux; Android 7.0;) AppleWebKit/537.36 (KHTML, like Gecko) Mobile Safari/537.36 (compatible; PetalBot;+https://webmaster.petalsearch.com/site/petalbot)"
114.119.154.65 - - [03/Oct/2021:09:09:11 +0900] "realpano.net(SG) GET /gl/index.php?mid=human_vr&document_srl=45205&m=0&listStyle=viewer&page=2 HTTP/1.1" 403 199 "-" "Mozilla/5.0 (Linux; Android 7.0;) AppleWebKit/537.36 (KHTML, like Gecko) Mobile Safari/537.36 (compatible; PetalBot;+https://webmaster.petalsearch.com/site/petalbot)"
207.46.13.29 - - [03/Oct/2021:09:12:44 +0900] "realpano.net(US) GET /gl/files/attach/images/2684/235/045/296c6da10d5aa2226ea492511626bfb0.jpg HTTP/2.0" 404 196 "-" "Mozilla/5.0 (compatible; bingbot/2.0; +http://www.bing.com/bingbot.htm)"
207.46.13.29 - - [03/Oct/2021:09:12:44 +0900] "realpano.net(US) GET /gl/files/attach/images/2684/235/045/296c6da10d5aa2226ea492511626bfb0.jpg HTTP/2.0" 404 196 "-" "Mozilla/5.0 (compatible; bingbot/2.0; +http://www.bing.com/bingbot.htm)"
114.119.154.6 - - [03/Oct/2021:09:16:02 +0900] "realpano.net(SG) GET /gl/index.php?mid=human_vr&listStyle=webzine&m=1&search_target=tag&search_keyword=%EA%B7%80%EA%B8%88%EC%86%8D&category=3350 HTTP/1.1" 403 199 "-" "Mozilla/5.0 (Linux; Android 7.0;) AppleWebKit/537.36 (KHTML, like Gecko) Mobile Safari/537.36 (compatible; PetalBot;+https://webmaster.petalsearch.com/site/petalbot)"
114.119.154.6 - - [03/Oct/2021:09:16:02 +0900] "realpano.net(SG) GET /gl/index.php?mid=human_vr&listStyle=webzine&m=1&search_target=tag&search_keyword=%EA%B7%80%EA%B8%88%EC%86%8D&category=3350 HTTP/1.1" 403 199 "-" "Mozilla/5.0 (Linux; Android 7.0;) AppleWebKit/537.36 (KHTML, like Gecko) Mobile Safari/537.36 (compatible; PetalBot;+https://webmaster.petalsearch.com/site/petalbot)"
66.249.68.60 - - [03/Oct/2021:09:17:36 +0900] "realpano.net(US) GET /gl/human_vr/44686 HTTP/1.1" 404 196 "-" "Mozilla/5.0 (Linux; Android 6.0.1; Nexus 5X Build/MMB29P) AppleWebKit/537.36 (KHTML, like Gecko) Chrome/94.0.4606.61 Mobile Safari/537.36 (compatible; Googlebot/2.1; +http://www.google.com/bot.html)"
66.249.68.60 - - [03/Oct/2021:09:17:36 +0900] "realpano.net(US) GET /gl/human_vr/44686 HTTP/1.1" 404 196 "-" "Mozilla/5.0 (Linux; Android 6.0.1; Nexus 5X Build/MMB29P) AppleWebKit/537.36 (KHTML, like Gecko) Chrome/94.0.4606.61 Mobile Safari/537.36 (compatible; Googlebot/2.1; +http://www.google.com/bot.html)"
40.77.167.46 - - [03/Oct/2021:09:19:40 +0900] "www.realpano.net(US) GET /robots.txt HTTP/2.0" 404 196 "-" "Mozilla/5.0 (compatible; bingbot/2.0; +http://www.bing.com/bingbot.htm)"
40.77.167.46 - - [03/Oct/2021:09:19:40 +0900] "www.realpano.net(US) GET /robots.txt HTTP/2.0" 404 196 "-" "Mozilla/5.0 (compatible; bingbot/2.0; +http://www.bing.com/bingbot.htm)"
40.77.167.46 - - [03/Oct/2021:09:19:41 +0900] "www.realpano.net(US) GET /robots.txt HTTP/2.0" 404 196 "-" "Mozilla/5.0 (compatible; bingbot/2.0; +http://www.bing.com/bingbot.htm)"
40.77.167.46 - - [03/Oct/2021:09:19:41 +0900] "www.realpano.net(US) GET /robots.txt HTTP/2.0" 404 196 "-" "Mozilla/5.0 (compatible; bingbot/2.0; +http://www.bing.com/bingbot.htm)"
207.46.13.95 - - [03/Oct/2021:09:19:49 +0900] "www.realpano.net(US) GET / HTTP/2.0" 200 687 "-" "Mozilla/5.0 (compatible; bingbot/2.0; +http://www.bing.com/bingbot.htm)"
207.46.13.95 - - [03/Oct/2021:09:19:49 +0900] "www.realpano.net(US) GET / HTTP/2.0" 200 687 "-" "Mozilla/5.0 (compatible; bingbot/2.0; +http://www.bing.com/bingbot.htm)"
119.207.72.84 - - [03/Oct/2021:09:19:55 +0900] "realpano.net(KR) GET /clubview/_tour/kummorae/main.html HTTP/1.1" 404 196 "http://www.kummorae.com/" "Mozilla/5.0 (compatible; MSIE 9.0; Windows NT 6.1; WOW64; Trident/5.0)"
119.207.72.84 - - [03/Oct/2021:09:19:55 +0900] "realpano.net(KR) GET /clubview/_tour/kummorae/main.html HTTP/1.1" 404 196 "http://www.kummorae.com/" "Mozilla/5.0 (compatible; MSIE 9.0; Windows NT 6.1; WOW64; Trident/5.0)"
66.249.79.5 - - [03/Oct/2021:09:22:17 +0900] "www.realpano.net(US) GET /robots.txt HTTP/1.1" 404 196 "-" "Mozilla/5.0 (compatible; Googlebot/2.1; +http://www.google.com/bot.html)"
66.249.79.5 - - [03/Oct/2021:09:22:17 +0900] "www.realpano.net(US) GET /robots.txt HTTP/1.1" 404 196 "-" "Mozilla/5.0 (compatible; Googlebot/2.1; +http://www.google.com/bot.html)"
66.249.79.7 - - [03/Oct/2021:09:22:18 +0900] "www.realpano.net(US) GET /gl/index.php?mid=street_vr&listStyle=list&act=dispMemberFindAccount&m=0 HTTP/1.1" 200 17416 "-" "Mozilla/5.0 (Linux; Android 6.0.1; Nexus 5X Build/MMB29P) AppleWebKit/537.36 (KHTML, like Gecko) Chrome/94.0.4606.61 Mobile Safari/537.36 (compatible; Googlebot/2.1; +http://www.google.com/bot.html)"
66.249.79.7 - - [03/Oct/2021:09:22:18 +0900] "www.realpano.net(US) GET /gl/index.php?mid=street_vr&listStyle=list&act=dispMemberFindAccount&m=0 HTTP/1.1" 200 17416 "-" "Mozilla/5.0 (Linux; Android 6.0.1; Nexus 5X Build/MMB29P) AppleWebKit/537.36 (KHTML, like Gecko) Chrome/94.0.4606.61 Mobile Safari/537.36 (compatible; Googlebot/2.1; +http://www.google.com/bot.html)"
114.119.154.67 - - [03/Oct/2021:09:22:53 +0900] "realpano.net(SG) GET /gl/index.php?mid=human_vr&m=0&listStyle=list&category=3342&document_srl=45214&sort_index=title&order_type=asc HTTP/1.1" 403 199 "-" "Mozilla/5.0 (Linux; Android 7.0;) AppleWebKit/537.36 (KHTML, like Gecko) Mobile Safari/537.36 (compatible; PetalBot;+https://webmaster.petalsearch.com/site/petalbot)"
114.119.154.67 - - [03/Oct/2021:09:22:53 +0900] "realpano.net(SG) GET /gl/index.php?mid=human_vr&m=0&listStyle=list&category=3342&document_srl=45214&sort_index=title&order_type=asc HTTP/1.1" 403 199 "-" "Mozilla/5.0 (Linux; Android 7.0;) AppleWebKit/537.36 (KHTML, like Gecko) Mobile Safari/537.36 (compatible; PetalBot;+https://webmaster.petalsearch.com/site/petalbot)"
112.146.224.246 - - [03/Oct/2021:09:23:49 +0900] "realpano.net(KR) GET /gl/ HTTP/1.1" 404 2837 "-" "Mozilla/5.0 (iPhone; CPU iPhone OS 14_7_1 like Mac OS X) AppleWebKit/605.1.15 (KHTML, like Gecko) Version/14.1.2 Mobile/15E148 Safari/604.1"
112.146.224.246 - - [03/Oct/2021:09:23:49 +0900] "realpano.net(KR) GET /gl/ HTTP/1.1" 404 2837 "-" "Mozilla/5.0 (iPhone; CPU iPhone OS 14_7_1 like Mac OS X) AppleWebKit/605.1.15 (KHTML, like Gecko) Version/14.1.2 Mobile/15E148 Safari/604.1"
112.146.224.246 - - [03/Oct/2021:09:23:50 +0900] "realpano.net(KR) GET /gl/files/cache/assets/compiled/12f4c8563084710f3108d5393149ba67bcaa5d9b.rhymix.less.min.css HTTP/1.1" 404 196 "http://realpano.net/gl/" "Mozilla/5.0 (iPhone; CPU iPhone OS 14_7_1 like Mac OS X) AppleWebKit/605.1.15 (KHTML, like Gecko) Version/14.1.2 Mobile/15E148 Safari/604.1"
112.146.224.246 - - [03/Oct/2021:09:23:50 +0900] "realpano.net(KR) GET /gl/files/cache/assets/compiled/12f4c8563084710f3108d5393149ba67bcaa5d9b.rhymix.less.min.css HTTP/1.1" 404 196 "http://realpano.net/gl/" "Mozilla/5.0 (iPhone; CPU iPhone OS 14_7_1 like Mac OS X) AppleWebKit/605.1.15 (KHTML, like Gecko) Version/14.1.2 Mobile/15E148 Safari/604.1"
114.119.154.65 - - [03/Oct/2021:09:29:49 +0900] "realpano.net(SG) GET /gl/index.php?mid=human_vr&search_target=tag&search_keyword=%EC%B4%88%EB%B0%A5&category=3348 HTTP/1.1" 403 199 "-" "Mozilla/5.0 (Linux; Android 7.0;) AppleWebKit/537.36 (KHTML, like Gecko) Mobile Safari/537.36 (compatible; PetalBot;+https://webmaster.petalsearch.com/site/petalbot)"
114.119.154.65 - - [03/Oct/2021:09:29:49 +0900] "realpano.net(SG) GET /gl/index.php?mid=human_vr&search_target=tag&search_keyword=%EC%B4%88%EB%B0%A5&category=3348 HTTP/1.1" 403 199 "-" "Mozilla/5.0 (Linux; Android 7.0;) AppleWebKit/537.36 (KHTML, like Gecko) Mobile Safari/537.36 (compatible; PetalBot;+https://webmaster.petalsearch.com/site/petalbot)"
114.119.154.67 - - [03/Oct/2021:09:36:36 +0900] "realpano.net(SG) GET /gl/index.php?mid=human_vr&listStyle=gallery&m=0&sort_index=readed_count&order_type=desc&page=6&document_srl=45181 HTTP/1.1" 403 199 "-" "Mozilla/5.0 (Linux; Android 7.0;) AppleWebKit/537.36 (KHTML, like Gecko) Mobile Safari/537.36 (compatible; PetalBot;+https://webmaster.petalsearch.com/site/petalbot)"
114.119.154.67 - - [03/Oct/2021:09:36:36 +0900] "realpano.net(SG) GET /gl/index.php?mid=human_vr&listStyle=gallery&m=0&sort_index=readed_count&order_type=desc&page=6&document_srl=45181 HTTP/1.1" 403 199 "-" "Mozilla/5.0 (Linux; Android 7.0;) AppleWebKit/537.36 (KHTML, like Gecko) Mobile Safari/537.36 (compatible; PetalBot;+https://webmaster.petalsearch.com/site/petalbot)"
66.249.68.58 - - [03/Oct/2021:09:36:59 +0900] "realpano.net(US) GET /gl/human_vr/45251 HTTP/1.1" 404 196 "-" "Mozilla/5.0 (Linux; Android 6.0.1; Nexus 5X Build/MMB29P) AppleWebKit/537.36 (KHTML, like Gecko) Chrome/94.0.4606.61 Mobile Safari/537.36 (compatible; Googlebot/2.1; +http://www.google.com/bot.html)"
66.249.68.58 - - [03/Oct/2021:09:36:59 +0900] "realpano.net(US) GET /gl/human_vr/45251 HTTP/1.1" 404 196 "-" "Mozilla/5.0 (Linux; Android 6.0.1; Nexus 5X Build/MMB29P) AppleWebKit/537.36 (KHTML, like Gecko) Chrome/94.0.4606.61 Mobile Safari/537.36 (compatible; Googlebot/2.1; +http://www.google.com/bot.html)"
114.119.154.65 - - [03/Oct/2021:09:43:30 +0900] "realpano.net(SG) GET /gl/index.php?mid=human_vr&search_target=tag&search_keyword=%EB%93%B1%EC%82%B0%EB%A1%9C&m=0&category=3345 HTTP/1.1" 403 199 "-" "Mozilla/5.0 (Linux; Android 7.0;) AppleWebKit/537.36 (KHTML, like Gecko) Mobile Safari/537.36 (compatible; PetalBot;+https://webmaster.petalsearch.com/site/petalbot)"
114.119.154.65 - - [03/Oct/2021:09:43:30 +0900] "realpano.net(SG) GET /gl/index.php?mid=human_vr&search_target=tag&search_keyword=%EB%93%B1%EC%82%B0%EB%A1%9C&m=0&category=3345 HTTP/1.1" 403 199 "-" "Mozilla/5.0 (Linux; Android 7.0;) AppleWebKit/537.36 (KHTML, like Gecko) Mobile Safari/537.36 (compatible; PetalBot;+https://webmaster.petalsearch.com/site/petalbot)"
66.249.79.1 - - [03/Oct/2021:09:48:35 +0900] "www.realpano.net(US) GET /gl/index.php?mid=air_vr&search_target=tag&search_keyword=%EA%B2%BD%EA%B8%B0%EC%9E%A5&listStyle=list&act=dispMemberLoginForm&m=0 HTTP/1.1" 200 17639 "-" "Mozilla/5.0 (Linux; Android 6.0.1; Nexus 5X Build/MMB29P) AppleWebKit/537.36 (KHTML, like Gecko) Chrome/94.0.4606.61 Mobile Safari/537.36 (compatible; Googlebot/2.1; +http://www.google.com/bot.html)"
66.249.79.1 - - [03/Oct/2021:09:48:35 +0900] "www.realpano.net(US) GET /gl/index.php?mid=air_vr&search_target=tag&search_keyword=%EA%B2%BD%EA%B8%B0%EC%9E%A5&listStyle=list&act=dispMemberLoginForm&m=0 HTTP/1.1" 200 17639 "-" "Mozilla/5.0 (Linux; Android 6.0.1; Nexus 5X Build/MMB29P) AppleWebKit/537.36 (KHTML, like Gecko) Chrome/94.0.4606.61 Mobile Safari/537.36 (compatible; Googlebot/2.1; +http://www.google.com/bot.html)"
114.119.154.39 - - [03/Oct/2021:09:50:14 +0900] "realpano.net(SG) GET /gl/index.php?mid=human_vr&m=1&listStyle=viewer&order_type=asc&search_target=tag&search_keyword=%EA%B5%90%EB%8F%99&category=3344 HTTP/1.1" 403 199 "-" "Mozilla/5.0 (Linux; Android 7.0;) AppleWebKit/537.36 (KHTML, like Gecko) Mobile Safari/537.36 (compatible; PetalBot;+https://webmaster.petalsearch.com/site/petalbot)"
114.119.154.39 - - [03/Oct/2021:09:50:14 +0900] "realpano.net(SG) GET /gl/index.php?mid=human_vr&m=1&listStyle=viewer&order_type=asc&search_target=tag&search_keyword=%EA%B5%90%EB%8F%99&category=3344 HTTP/1.1" 403 199 "-" "Mozilla/5.0 (Linux; Android 7.0;) AppleWebKit/537.36 (KHTML, like Gecko) Mobile Safari/537.36 (compatible; PetalBot;+https://webmaster.petalsearch.com/site/petalbot)"
114.119.154.41 - - [03/Oct/2021:09:56:55 +0900] "realpano.net(SG) GET /gl/index.php?mid=human_vr&listStyle=list&m=0&category=3352&search_target=tag&search_keyword=%EC%9D%98%EC%84%B1%EA%B5%B0&act=dispMemberLoginForm HTTP/1.1" 403 199 "-" "Mozilla/5.0 (Linux; Android 7.0;) AppleWebKit/537.36 (KHTML, like Gecko) Mobile Safari/537.36 (compatible; PetalBot;+https://webmaster.petalsearch.com/site/petalbot)"
114.119.154.41 - - [03/Oct/2021:09:56:55 +0900] "realpano.net(SG) GET /gl/index.php?mid=human_vr&listStyle=list&m=0&category=3352&search_target=tag&search_keyword=%EC%9D%98%EC%84%B1%EA%B5%B0&act=dispMemberLoginForm HTTP/1.1" 403 199 "-" "Mozilla/5.0 (Linux; Android 7.0;) AppleWebKit/537.36 (KHTML, like Gecko) Mobile Safari/537.36 (compatible; PetalBot;+https://webmaster.petalsearch.com/site/petalbot)"
66.249.79.1 - - [03/Oct/2021:10:01:15 +0900] "www.realpano.net(US) GET /gl/files/cache/ruleset/52f4e9846f3dbb0755a3006493eb2860.ko.js HTTP/1.1" 404 196 "http://www.realpano.net/gl/index.php?mid=air_vr&search_target=tag&search_keyword=%EA%B2%BD%EA%B8%B0%EC%9E%A5&listStyle=list&act=dispMemberLoginForm&m=0" "Mozilla/5.0 (Linux; Android 6.0.1; Nexus 5X Build/MMB29P) AppleWebKit/537.36 (KHTML, like Gecko) Chrome/94.0.4606.61 Mobile Safari/537.36 (compatible; Googlebot/2.1; +http://www.google.com/bot.html)"
66.249.79.1 - - [03/Oct/2021:10:01:15 +0900] "www.realpano.net(US) GET /gl/files/cache/ruleset/52f4e9846f3dbb0755a3006493eb2860.ko.js HTTP/1.1" 404 196 "http://www.realpano.net/gl/index.php?mid=air_vr&search_target=tag&search_keyword=%EA%B2%BD%EA%B8%B0%EC%9E%A5&listStyle=list&act=dispMemberLoginForm&m=0" "Mozilla/5.0 (Linux; Android 6.0.1; Nexus 5X Build/MMB29P) AppleWebKit/537.36 (KHTML, like Gecko) Chrome/94.0.4606.61 Mobile Safari/537.36 (compatible; Googlebot/2.1; +http://www.google.com/bot.html)"
66.249.79.1 - - [03/Oct/2021:10:01:15 +0900] "www.realpano.net(US) GET /gl/files/cache/js_filter_compiled/6b4ae5b2d0c741a2b8fd3edbbeb0c77b.ko.compiled.js?20201121051839 HTTP/1.1" 200 2404 "http://www.realpano.net/gl/index.php?mid=air_vr&search_target=tag&search_keyword=%EA%B2%BD%EA%B8%B0%EC%9E%A5&listStyle=list&act=dispMemberLoginForm&m=0" "Mozilla/5.0 (Linux; Android 6.0.1; Nexus 5X Build/MMB29P) AppleWebKit/537.36 (KHTML, like Gecko) Chrome/94.0.4606.61 Mobile Safari/537.36 (compatible; Googlebot/2.1; +http://www.google.com/bot.html)"
66.249.79.1 - - [03/Oct/2021:10:01:15 +0900] "www.realpano.net(US) GET /gl/files/cache/js_filter_compiled/6b4ae5b2d0c741a2b8fd3edbbeb0c77b.ko.compiled.js?20201121051839 HTTP/1.1" 200 2404 "http://www.realpano.net/gl/index.php?mid=air_vr&search_target=tag&search_keyword=%EA%B2%BD%EA%B8%B0%EC%9E%A5&listStyle=list&act=dispMemberLoginForm&m=0" "Mozilla/5.0 (Linux; Android 6.0.1; Nexus 5X Build/MMB29P) AppleWebKit/537.36 (KHTML, like Gecko) Chrome/94.0.4606.61 Mobile Safari/537.36 (compatible; Googlebot/2.1; +http://www.google.com/bot.html)"
114.119.154.41 - - [03/Oct/2021:10:10:27 +0900] "realpano.net(SG) GET /gl/index.php?mid=human_vr&m=0&category=3357&listStyle=list&order_type=asc&search_target=tag&search_keyword=%EA%B3%A8%EB%AA%A9%ED%88%AC%EC%96%B4&division=-45271&last_division=0&sort_index=regdate HTTP/1.1" 403 199 "-" "Mozilla/5.0 (Linux; Android 7.0;) AppleWebKit/537.36 (KHTML, like Gecko) Mobile Safari/537.36 (compatible; PetalBot;+https://webmaster.petalsearch.com/site/petalbot)"
114.119.154.41 - - [03/Oct/2021:10:10:27 +0900] "realpano.net(SG) GET /gl/index.php?mid=human_vr&m=0&category=3357&listStyle=list&order_type=asc&search_target=tag&search_keyword=%EA%B3%A8%EB%AA%A9%ED%88%AC%EC%96%B4&division=-45271&last_division=0&sort_index=regdate HTTP/1.1" 403 199 "-" "Mozilla/5.0 (Linux; Android 7.0;) AppleWebKit/537.36 (KHTML, like Gecko) Mobile Safari/537.36 (compatible; PetalBot;+https://webmaster.petalsearch.com/site/petalbot)"
207.46.13.85 - - [03/Oct/2021:10:14:27 +0900] "realpano.net(US) GET /gl/ HTTP/2.0" 404 196 "-" "Mozilla/5.0 (compatible; bingbot/2.0; +http://www.bing.com/bingbot.htm)"
207.46.13.85 - - [03/Oct/2021:10:14:27 +0900] "realpano.net(US) GET /gl/ HTTP/2.0" 404 196 "-" "Mozilla/5.0 (compatible; bingbot/2.0; +http://www.bing.com/bingbot.htm)"
112.146.224.246 - - [03/Oct/2021:10:14:30 +0900] "realpano.net(KR) GET /gl/ HTTP/1.1" 404 2837 "-" "Mozilla/5.0 (iPhone; CPU iPhone OS 14_7_1 like Mac OS X) AppleWebKit/605.1.15 (KHTML, like Gecko) Version/14.1.2 Mobile/15E148 Safari/604.1"
112.146.224.246 - - [03/Oct/2021:10:14:30 +0900] "realpano.net(KR) GET /gl/ HTTP/1.1" 404 2837 "-" "Mozilla/5.0 (iPhone; CPU iPhone OS 14_7_1 like Mac OS X) AppleWebKit/605.1.15 (KHTML, like Gecko) Version/14.1.2 Mobile/15E148 Safari/604.1"
112.146.224.246 - - [03/Oct/2021:10:14:30 +0900] "realpano.net(KR) GET /apple-touch-icon-120x120-precomposed.png HTTP/1.1" 404 196 "-" "MobileSafari/604.1 CFNetwork/1240.0.4 Darwin/20.6.0"
112.146.224.246 - - [03/Oct/2021:10:14:30 +0900] "realpano.net(KR) GET /apple-touch-icon-120x120-precomposed.png HTTP/1.1" 404 196 "-" "MobileSafari/604.1 CFNetwork/1240.0.4 Darwin/20.6.0"
112.146.224.246 - - [03/Oct/2021:10:14:30 +0900] "realpano.net(KR) GET /apple-touch-icon-120x120.png HTTP/1.1" 404 196 "-" "MobileSafari/604.1 CFNetwork/1240.0.4 Darwin/20.6.0"
112.146.224.246 - - [03/Oct/2021:10:14:30 +0900] "realpano.net(KR) GET /apple-touch-icon-120x120.png HTTP/1.1" 404 196 "-" "MobileSafari/604.1 CFNetwork/1240.0.4 Darwin/20.6.0"
112.146.224.246 - - [03/Oct/2021:10:14:30 +0900] "realpano.net(KR) GET /apple-touch-icon-precomposed.png HTTP/1.1" 404 196 "-" "MobileSafari/604.1 CFNetwork/1240.0.4 Darwin/20.6.0"
112.146.224.246 - - [03/Oct/2021:10:14:30 +0900] "realpano.net(KR) GET /apple-touch-icon-precomposed.png HTTP/1.1" 404 196 "-" "MobileSafari/604.1 CFNetwork/1240.0.4 Darwin/20.6.0"
112.146.224.246 - - [03/Oct/2021:10:14:30 +0900] "realpano.net(KR) GET /apple-touch-icon.png HTTP/1.1" 404 196 "-" "MobileSafari/604.1 CFNetwork/1240.0.4 Darwin/20.6.0"
112.146.224.246 - - [03/Oct/2021:10:14:30 +0900] "realpano.net(KR) GET /apple-touch-icon.png HTTP/1.1" 404 196 "-" "MobileSafari/604.1 CFNetwork/1240.0.4 Darwin/20.6.0"
112.146.224.246 - - [03/Oct/2021:10:14:30 +0900] "realpano.net(KR) GET /gl/files/attach/xeicon/favicon.ico?20131202140719 HTTP/1.1" 200 32988 "-" "MobileSafari/604.1 CFNetwork/1240.0.4 Darwin/20.6.0"
112.146.224.246 - - [03/Oct/2021:10:14:30 +0900] "realpano.net(KR) GET /gl/files/attach/xeicon/favicon.ico?20131202140719 HTTP/1.1" 200 32988 "-" "MobileSafari/604.1 CFNetwork/1240.0.4 Darwin/20.6.0"
112.146.224.246 - - [03/Oct/2021:10:14:30 +0900] "realpano.net(KR) GET /gl/ HTTP/1.1" 404 2837 "-" "Mozilla/5.0 (iPhone; CPU iPhone OS 14_7_1 like Mac OS X) AppleWebKit/605.1.15 (KHTML, like Gecko) Version/14.1.2 Mobile/15E148 Safari/604.1"
112.146.224.246 - - [03/Oct/2021:10:14:30 +0900] "realpano.net(KR) GET /gl/ HTTP/1.1" 404 2837 "-" "Mozilla/5.0 (iPhone; CPU iPhone OS 14_7_1 like Mac OS X) AppleWebKit/605.1.15 (KHTML, like Gecko) Version/14.1.2 Mobile/15E148 Safari/604.1"
112.146.224.246 - - [03/Oct/2021:10:14:31 +0900] "realpano.net(KR) GET /gl/files/cache/assets/compiled/12f4c8563084710f3108d5393149ba67bcaa5d9b.rhymix.less.min.css HTTP/1.1" 404 196 "http://realpano.net/gl/" "Mozilla/5.0 (iPhone; CPU iPhone OS 14_7_1 like Mac OS X) AppleWebKit/605.1.15 (KHTML, like Gecko) Version/14.1.2 Mobile/15E148 Safari/604.1"
112.146.224.246 - - [03/Oct/2021:10:14:31 +0900] "realpano.net(KR) GET /gl/files/cache/assets/compiled/12f4c8563084710f3108d5393149ba67bcaa5d9b.rhymix.less.min.css HTTP/1.1" 404 196 "http://realpano.net/gl/" "Mozilla/5.0 (iPhone; CPU iPhone OS 14_7_1 like Mac OS X) AppleWebKit/605.1.15 (KHTML, like Gecko) Version/14.1.2 Mobile/15E148 Safari/604.1"
114.119.154.6 - - [03/Oct/2021:10:17:45 +0900] "realpano.net(SG) GET /gl/index.php?mid=human_vr&category=3342&document_srl=45214&m=0&listStyle=viewer&page=3 HTTP/1.1" 403 199 "-" "Mozilla/5.0 (Linux; Android 7.0;) AppleWebKit/537.36 (KHTML, like Gecko) Mobile Safari/537.36 (compatible; PetalBot;+https://webmaster.petalsearch.com/site/petalbot)"
114.119.154.6 - - [03/Oct/2021:10:17:45 +0900] "realpano.net(SG) GET /gl/index.php?mid=human_vr&category=3342&document_srl=45214&m=0&listStyle=viewer&page=3 HTTP/1.1" 403 199 "-" "Mozilla/5.0 (Linux; Android 7.0;) AppleWebKit/537.36 (KHTML, like Gecko) Mobile Safari/537.36 (compatible; PetalBot;+https://webmaster.petalsearch.com/site/petalbot)"
114.119.131.192 - - [03/Oct/2021:10:22:30 +0900] "realpano.net(SG) GET /robots.txt HTTP/1.1" 403 199 "-" "Mozilla/5.0 (compatible;PetalBot;+https://webmaster.petalsearch.com/site/petalbot)"
114.119.131.192 - - [03/Oct/2021:10:22:30 +0900] "realpano.net(SG) GET /robots.txt HTTP/1.1" 403 199 "-" "Mozilla/5.0 (compatible;PetalBot;+https://webmaster.petalsearch.com/site/petalbot)"
114.119.154.41 - - [03/Oct/2021:10:29:27 +0900] "realpano.net(SG) GET /gl/index.php?mid=human_vr&search_target=tag&search_keyword=%EC%97%AC%ED%96%89&division=-45271&last_division=0&category=3348&m=0&act=dispBoardTagList HTTP/1.1" 403 199 "-" "Mozilla/5.0 (Linux; Android 7.0;) AppleWebKit/537.36 (KHTML, like Gecko) Mobile Safari/537.36 (compatible; PetalBot;+https://webmaster.petalsearch.com/site/petalbot)"
114.119.154.41 - - [03/Oct/2021:10:29:27 +0900] "realpano.net(SG) GET /gl/index.php?mid=human_vr&search_target=tag&search_keyword=%EC%97%AC%ED%96%89&division=-45271&last_division=0&category=3348&m=0&act=dispBoardTagList HTTP/1.1" 403 199 "-" "Mozilla/5.0 (Linux; Android 7.0;) AppleWebKit/537.36 (KHTML, like Gecko) Mobile Safari/537.36 (compatible; PetalBot;+https://webmaster.petalsearch.com/site/petalbot)"
5.34.178.190 - - [03/Oct/2021:10:35:21 +0900] "realpano.net(US) GET /robots.txt HTTP/1.1" 404 196 "-" "Mozilla/5.0 (Macintosh; Intel Mac OS X 10.12; rv:68.0) Gecko/20100101 Firefox/68.0"
5.34.178.190 - - [03/Oct/2021:10:35:21 +0900] "realpano.net(US) GET /robots.txt HTTP/1.1" 404 196 "-" "Mozilla/5.0 (Macintosh; Intel Mac OS X 10.12; rv:68.0) Gecko/20100101 Firefox/68.0"
114.119.154.6 - - [03/Oct/2021:10:36:11 +0900] "realpano.net(SG) GET /gl/index.php?mid=human_vr&m=0&search_target=tag&search_keyword=%EC%9D%B4%EC%83%81%ED%99%94&division=-45271&last_division=0&category=3339&listStyle=gallery HTTP/1.1" 403 199 "-" "Mozilla/5.0 (Linux; Android 7.0;) AppleWebKit/537.36 (KHTML, like Gecko) Mobile Safari/537.36 (compatible; PetalBot;+https://webmaster.petalsearch.com/site/petalbot)"
114.119.154.6 - - [03/Oct/2021:10:36:11 +0900] "realpano.net(SG) GET /gl/index.php?mid=human_vr&m=0&search_target=tag&search_keyword=%EC%9D%B4%EC%83%81%ED%99%94&division=-45271&last_division=0&category=3339&listStyle=gallery HTTP/1.1" 403 199 "-" "Mozilla/5.0 (Linux; Android 7.0;) AppleWebKit/537.36 (KHTML, like Gecko) Mobile Safari/537.36 (compatible; PetalBot;+https://webmaster.petalsearch.com/site/petalbot)"
112.146.224.246 - - [03/Oct/2021:10:40:54 +0900] "realpano.net(KR) GET /gl/index.php HTTP/1.1" 404 2837 "-" "Mozilla/5.0 (iPhone; CPU iPhone OS 14_7_1 like Mac OS X) AppleWebKit/605.1.15 (KHTML, like Gecko) Version/14.1.2 Mobile/15E148 Safari/604.1"
112.146.224.246 - - [03/Oct/2021:10:40:54 +0900] "realpano.net(KR) GET /gl/index.php HTTP/1.1" 404 2837 "-" "Mozilla/5.0 (iPhone; CPU iPhone OS 14_7_1 like Mac OS X) AppleWebKit/605.1.15 (KHTML, like Gecko) Version/14.1.2 Mobile/15E148 Safari/604.1"
112.146.224.246 - - [03/Oct/2021:10:40:55 +0900] "realpano.net(KR) GET /gl/files/cache/assets/compiled/12f4c8563084710f3108d5393149ba67bcaa5d9b.rhymix.less.min.css HTTP/1.1" 404 196 "http://realpano.net/gl/index.php" "Mozilla/5.0 (iPhone; CPU iPhone OS 14_7_1 like Mac OS X) AppleWebKit/605.1.15 (KHTML, like Gecko) Version/14.1.2 Mobile/15E148 Safari/604.1"
112.146.224.246 - - [03/Oct/2021:10:40:55 +0900] "realpano.net(KR) GET /gl/files/cache/assets/compiled/12f4c8563084710f3108d5393149ba67bcaa5d9b.rhymix.less.min.css HTTP/1.1" 404 196 "http://realpano.net/gl/index.php" "Mozilla/5.0 (iPhone; CPU iPhone OS 14_7_1 like Mac OS X) AppleWebKit/605.1.15 (KHTML, like Gecko) Version/14.1.2 Mobile/15E148 Safari/604.1"
114.119.154.6 - - [03/Oct/2021:10:43:13 +0900] "realpano.net(SG) GET /gl/index.php?mid=human_vr&category=3344&m=1&search_target=tag&search_keyword=%EC%96%B4%EB%A6%B0%EC%9D%B4%EA%B3%B5%EC%9B%90&division=-45271&last_division=0&listStyle=list HTTP/1.1" 403 199 "-" "Mozilla/5.0 (Linux; Android 7.0;) AppleWebKit/537.36 (KHTML, like Gecko) Mobile Safari/537.36 (compatible; PetalBot;+https://webmaster.petalsearch.com/site/petalbot)"
114.119.154.6 - - [03/Oct/2021:10:43:13 +0900] "realpano.net(SG) GET /gl/index.php?mid=human_vr&category=3344&m=1&search_target=tag&search_keyword=%EC%96%B4%EB%A6%B0%EC%9D%B4%EA%B3%B5%EC%9B%90&division=-45271&last_division=0&listStyle=list HTTP/1.1" 403 199 "-" "Mozilla/5.0 (Linux; Android 7.0;) AppleWebKit/537.36 (KHTML, like Gecko) Mobile Safari/537.36 (compatible; PetalBot;+https://webmaster.petalsearch.com/site/petalbot)"
210.220.70.250 - - [03/Oct/2021:10:45:00 +0900] "www.realpano.net(KR) GET / HTTP/1.1" 200 64 "-" "Mozilla/5.0 (Macintosh; Intel Mac OS X 10_14_1) AppleWebKit/537.36 (KHTML, like Gecko) Chrome/70.0.3538.102 Safari/537.36"
210.220.70.250 - - [03/Oct/2021:10:45:00 +0900] "www.realpano.net(KR) GET / HTTP/1.1" 200 64 "-" "Mozilla/5.0 (Macintosh; Intel Mac OS X 10_14_1) AppleWebKit/537.36 (KHTML, like Gecko) Chrome/70.0.3538.102 Safari/537.36"
17.121.112.179 - - [03/Oct/2021:10:55:42 +0900] "www.realpano.net(US) GET /gl/consultation1/45508 HTTP/1.1" 403 41357 "-" "Mozilla/5.0 (Macintosh; Intel Mac OS X 10_15_5) AppleWebKit/605.1.15 (KHTML, like Gecko) Version/13.1.1 Safari/605.1.15 (Applebot/0.1; +http://www.apple.com/go/applebot)"
17.121.112.179 - - [03/Oct/2021:10:55:42 +0900] "www.realpano.net(US) GET /gl/consultation1/45508 HTTP/1.1" 403 41357 "-" "Mozilla/5.0 (Macintosh; Intel Mac OS X 10_15_5) AppleWebKit/605.1.15 (KHTML, like Gecko) Version/13.1.1 Safari/605.1.15 (Applebot/0.1; +http://www.apple.com/go/applebot)"
114.119.154.6 - - [03/Oct/2021:10:56:03 +0900] "realpano.net(SG) GET /gl/index.php?mid=human_vr&m=0&listStyle=list&sort_index=readed_count&order_type=desc&search_target=tag&search_keyword=%EC%A4%91%EA%B5%AC%EC%B2%AD&division=-45271&last_division=0&act=dispBoardTagList HTTP/1.1" 403 199 "-" "Mozilla/5.0 (Linux; Android 7.0;) AppleWebKit/537.36 (KHTML, like Gecko) Mobile Safari/537.36 (compatible; PetalBot;+https://webmaster.petalsearch.com/site/petalbot)"
114.119.154.6 - - [03/Oct/2021:10:56:03 +0900] "realpano.net(SG) GET /gl/index.php?mid=human_vr&m=0&listStyle=list&sort_index=readed_count&order_type=desc&search_target=tag&search_keyword=%EC%A4%91%EA%B5%AC%EC%B2%AD&division=-45271&last_division=0&act=dispBoardTagList HTTP/1.1" 403 199 "-" "Mozilla/5.0 (Linux; Android 7.0;) AppleWebKit/537.36 (KHTML, like Gecko) Mobile Safari/537.36 (compatible; PetalBot;+https://webmaster.petalsearch.com/site/petalbot)"
157.55.39.111 - - [03/Oct/2021:10:59:42 +0900] "realpano.net(US) GET /gl/index.php?mid=human_vr&listStyle=list&sort_index=type&order_type=desc&document_srl=44567 HTTP/2.0" 404 196 "-" "Mozilla/5.0 (compatible; bingbot/2.0; +http://www.bing.com/bingbot.htm)"
157.55.39.111 - - [03/Oct/2021:10:59:42 +0900] "realpano.net(US) GET /gl/index.php?mid=human_vr&listStyle=list&sort_index=type&order_type=desc&document_srl=44567 HTTP/2.0" 404 196 "-" "Mozilla/5.0 (compatible; bingbot/2.0; +http://www.bing.com/bingbot.htm)"
114.119.154.39 - - [03/Oct/2021:11:02:15 +0900] "realpano.net(SG) GET /gl/index.php?mid=human_vr&search_target=tag&search_keyword=%EC%A4%91%EC%8B%9D&category=3357&m=1 HTTP/1.1" 403 199 "-" "Mozilla/5.0 (Linux; Android 7.0;) AppleWebKit/537.36 (KHTML, like Gecko) Mobile Safari/537.36 (compatible; PetalBot;+https://webmaster.petalsearch.com/site/petalbot)"
114.119.154.39 - - [03/Oct/2021:11:02:15 +0900] "realpano.net(SG) GET /gl/index.php?mid=human_vr&search_target=tag&search_keyword=%EC%A4%91%EC%8B%9D&category=3357&m=1 HTTP/1.1" 403 199 "-" "Mozilla/5.0 (Linux; Android 7.0;) AppleWebKit/537.36 (KHTML, like Gecko) Mobile Safari/537.36 (compatible; PetalBot;+https://webmaster.petalsearch.com/site/petalbot)"
114.119.154.39 - - [03/Oct/2021:11:15:12 +0900] "realpano.net(SG) GET /gl/index.php?mid=human_vr&search_target=tag&search_keyword=%EC%95%84%EC%9D%B8%EC%8A%A4%EC%9B%94%EB%93%9C&category=3355 HTTP/1.1" 403 199 "-" "Mozilla/5.0 (Linux; Android 7.0;) AppleWebKit/537.36 (KHTML, like Gecko) Mobile Safari/537.36 (compatible; PetalBot;+https://webmaster.petalsearch.com/site/petalbot)"
114.119.154.39 - - [03/Oct/2021:11:15:12 +0900] "realpano.net(SG) GET /gl/index.php?mid=human_vr&search_target=tag&search_keyword=%EC%95%84%EC%9D%B8%EC%8A%A4%EC%9B%94%EB%93%9C&category=3355 HTTP/1.1" 403 199 "-" "Mozilla/5.0 (Linux; Android 7.0;) AppleWebKit/537.36 (KHTML, like Gecko) Mobile Safari/537.36 (compatible; PetalBot;+https://webmaster.petalsearch.com/site/petalbot)"
5.255.253.146 - - [03/Oct/2021:11:17:24 +0900] "realpano.net(RU) GET /robots.txt HTTP/1.1" 404 196 "-" "Mozilla/5.0 (compatible; YandexBot/3.0; +http://yandex.com/bots)"
5.255.253.146 - - [03/Oct/2021:11:17:24 +0900] "realpano.net(RU) GET /robots.txt HTTP/1.1" 404 196 "-" "Mozilla/5.0 (compatible; YandexBot/3.0; +http://yandex.com/bots)"
5.255.253.146 - - [03/Oct/2021:11:17:27 +0900] "realpano.net(RU) GET / HTTP/1.1" 200 64 "-" "Mozilla/5.0 (compatible; YandexBot/3.0; +http://yandex.com/bots)"
5.255.253.146 - - [03/Oct/2021:11:17:27 +0900] "realpano.net(RU) GET / HTTP/1.1" 200 64 "-" "Mozilla/5.0 (compatible; YandexBot/3.0; +http://yandex.com/bots)"
114.119.154.39 - - [03/Oct/2021:11:21:28 +0900] "realpano.net(SG) GET /gl/index.php?mid=human_vr&m=0&listStyle=webzine&category=3357&search_target=tag&search_keyword=%EB%8C%80%EA%B5%AC%EC%A4%91%EA%B5%AC&document_srl=44855 HTTP/1.1" 403 199 "-" "Mozilla/5.0 (Linux; Android 7.0;) AppleWebKit/537.36 (KHTML, like Gecko) Mobile Safari/537.36 (compatible; PetalBot;+https://webmaster.petalsearch.com/site/petalbot)"
114.119.154.39 - - [03/Oct/2021:11:21:28 +0900] "realpano.net(SG) GET /gl/index.php?mid=human_vr&m=0&listStyle=webzine&category=3357&search_target=tag&search_keyword=%EB%8C%80%EA%B5%AC%EC%A4%91%EA%B5%AC&document_srl=44855 HTTP/1.1" 403 199 "-" "Mozilla/5.0 (Linux; Android 7.0;) AppleWebKit/537.36 (KHTML, like Gecko) Mobile Safari/537.36 (compatible; PetalBot;+https://webmaster.petalsearch.com/site/petalbot)"
66.249.79.7 - - [03/Oct/2021:11:21:42 +0900] "www.realpano.net(US) GET /gl/45136 HTTP/1.1" 301 - "-" "Mozilla/5.0 (Linux; Android 6.0.1; Nexus 5X Build/MMB29P) AppleWebKit/537.36 (KHTML, like Gecko) Chrome/94.0.4606.54 Mobile Safari/537.36 (compatible; Googlebot/2.1; +http://www.google.com/bot.html)"
66.249.79.7 - - [03/Oct/2021:11:21:42 +0900] "www.realpano.net(US) GET /gl/45136 HTTP/1.1" 301 - "-" "Mozilla/5.0 (Linux; Android 6.0.1; Nexus 5X Build/MMB29P) AppleWebKit/537.36 (KHTML, like Gecko) Chrome/94.0.4606.54 Mobile Safari/537.36 (compatible; Googlebot/2.1; +http://www.google.com/bot.html)"
66.249.79.5 - - [03/Oct/2021:11:21:42 +0900] "www.realpano.net(US) GET /gl/air_vr/45136 HTTP/1.1" 200 70222 "-" "Mozilla/5.0 (Linux; Android 6.0.1; Nexus 5X Build/MMB29P) AppleWebKit/537.36 (KHTML, like Gecko) Chrome/94.0.4606.54 Mobile Safari/537.36 (compatible; Googlebot/2.1; +http://www.google.com/bot.html)"
66.249.79.5 - - [03/Oct/2021:11:21:42 +0900] "www.realpano.net(US) GET /gl/air_vr/45136 HTTP/1.1" 200 70222 "-" "Mozilla/5.0 (Linux; Android 6.0.1; Nexus 5X Build/MMB29P) AppleWebKit/537.36 (KHTML, like Gecko) Chrome/94.0.4606.54 Mobile Safari/537.36 (compatible; Googlebot/2.1; +http://www.google.com/bot.html)"
207.46.13.70 - - [03/Oct/2021:11:23:21 +0900] "realpano.net(US) GET /gl/3896 HTTP/2.0" 404 196 "-" "Mozilla/5.0 (compatible; bingbot/2.0; +http://www.bing.com/bingbot.htm)"
207.46.13.70 - - [03/Oct/2021:11:23:21 +0900] "realpano.net(US) GET /gl/3896 HTTP/2.0" 404 196 "-" "Mozilla/5.0 (compatible; bingbot/2.0; +http://www.bing.com/bingbot.htm)"
114.119.154.39 - - [03/Oct/2021:11:27:51 +0900] "realpano.net(SG) GET /gl/index.php?mid=human_vr&search_target=tag&search_keyword=%EA%B3%84%EC%82%B0%EC%98%88%EA%B0%80&division=-45271&last_division=0&category=3350 HTTP/1.1" 403 199 "-" "Mozilla/5.0 (Linux; Android 7.0;) AppleWebKit/537.36 (KHTML, like Gecko) Mobile Safari/537.36 (compatible; PetalBot;+https://webmaster.petalsearch.com/site/petalbot)"
114.119.154.39 - - [03/Oct/2021:11:27:51 +0900] "realpano.net(SG) GET /gl/index.php?mid=human_vr&search_target=tag&search_keyword=%EA%B3%84%EC%82%B0%EC%98%88%EA%B0%80&division=-45271&last_division=0&category=3350 HTTP/1.1" 403 199 "-" "Mozilla/5.0 (Linux; Android 7.0;) AppleWebKit/537.36 (KHTML, like Gecko) Mobile Safari/537.36 (compatible; PetalBot;+https://webmaster.petalsearch.com/site/petalbot)"
114.119.154.30 - - [03/Oct/2021:11:40:48 +0900] "realpano.net(SG) GET /gl/index.php?mid=human_vr&category=3345&m=1&listStyle=gallery&act=dispMemberLoginForm HTTP/1.1" 403 199 "-" "Mozilla/5.0 (Linux; Android 7.0;) AppleWebKit/537.36 (KHTML, like Gecko) Mobile Safari/537.36 (compatible; PetalBot;+https://webmaster.petalsearch.com/site/petalbot)"
114.119.154.30 - - [03/Oct/2021:11:40:48 +0900] "realpano.net(SG) GET /gl/index.php?mid=human_vr&category=3345&m=1&listStyle=gallery&act=dispMemberLoginForm HTTP/1.1" 403 199 "-" "Mozilla/5.0 (Linux; Android 7.0;) AppleWebKit/537.36 (KHTML, like Gecko) Mobile Safari/537.36 (compatible; PetalBot;+https://webmaster.petalsearch.com/site/petalbot)"
114.119.154.65 - - [03/Oct/2021:11:47:01 +0900] "realpano.net(SG) GET /gl/index.php?mid=human_vr&m=0&category=3350&listStyle=gallery&order_type=asc&search_target=tag&search_keyword=%EA%B3%A8%EB%AA%A9%ED%88%AC%EC%96%B4&division=-45271&last_division=0&sort_index=title HTTP/1.1" 403 199 "-" "Mozilla/5.0 (Linux; Android 7.0;) AppleWebKit/537.36 (KHTML, like Gecko) Mobile Safari/537.36 (compatible; PetalBot;+https://webmaster.petalsearch.com/site/petalbot)"
114.119.154.65 - - [03/Oct/2021:11:47:01 +0900] "realpano.net(SG) GET /gl/index.php?mid=human_vr&m=0&category=3350&listStyle=gallery&order_type=asc&search_target=tag&search_keyword=%EA%B3%A8%EB%AA%A9%ED%88%AC%EC%96%B4&division=-45271&last_division=0&sort_index=title HTTP/1.1" 403 199 "-" "Mozilla/5.0 (Linux; Android 7.0;) AppleWebKit/537.36 (KHTML, like Gecko) Mobile Safari/537.36 (compatible; PetalBot;+https://webmaster.petalsearch.com/site/petalbot)"
114.119.154.41 - - [03/Oct/2021:11:53:24 +0900] "realpano.net(SG) GET /gl/index.php?mid=human_vr&m=1&listStyle=viewer&document_srl=4007&sort_index=regdate&order_type=desc HTTP/1.1" 403 199 "-" "Mozilla/5.0 (Linux; Android 7.0;) AppleWebKit/537.36 (KHTML, like Gecko) Mobile Safari/537.36 (compatible; PetalBot;+https://webmaster.petalsearch.com/site/petalbot)"
114.119.154.41 - - [03/Oct/2021:11:53:24 +0900] "realpano.net(SG) GET /gl/index.php?mid=human_vr&m=1&listStyle=viewer&document_srl=4007&sort_index=regdate&order_type=desc HTTP/1.1" 403 199 "-" "Mozilla/5.0 (Linux; Android 7.0;) AppleWebKit/537.36 (KHTML, like Gecko) Mobile Safari/537.36 (compatible; PetalBot;+https://webmaster.petalsearch.com/site/petalbot)"
207.46.13.29 - - [03/Oct/2021:11:56:00 +0900] "www.realpano.net(US) GET /gl/index.php?mid=human_vr&category=3343 HTTP/1.1" 200 33718 "-" "Mozilla/5.0 (compatible; bingbot/2.0; +http://www.bing.com/bingbot.htm)"
207.46.13.29 - - [03/Oct/2021:11:56:00 +0900] "www.realpano.net(US) GET /gl/index.php?mid=human_vr&category=3343 HTTP/1.1" 200 33718 "-" "Mozilla/5.0 (compatible; bingbot/2.0; +http://www.bing.com/bingbot.htm)"
114.119.154.65 - - [03/Oct/2021:11:59:23 +0900] "realpano.net(SG) GET /gl/index.php?mid=human_vr&m=0&category=3351&listStyle=list&sort_index=readed_count&order_type=desc&search_target=tag&search_keyword=%EC%98%88%EC%8B%9D%EC%9E%A5 HTTP/1.1" 403 199 "-" "Mozilla/5.0 (Linux; Android 7.0;) AppleWebKit/537.36 (KHTML, like Gecko) Mobile Safari/537.36 (compatible; PetalBot;+https://webmaster.petalsearch.com/site/petalbot)"
114.119.154.65 - - [03/Oct/2021:11:59:23 +0900] "realpano.net(SG) GET /gl/index.php?mid=human_vr&m=0&category=3351&listStyle=list&sort_index=readed_count&order_type=desc&search_target=tag&search_keyword=%EC%98%88%EC%8B%9D%EC%9E%A5 HTTP/1.1" 403 199 "-" "Mozilla/5.0 (Linux; Android 7.0;) AppleWebKit/537.36 (KHTML, like Gecko) Mobile Safari/537.36 (compatible; PetalBot;+https://webmaster.petalsearch.com/site/petalbot)"
114.119.154.65 - - [03/Oct/2021:12:05:48 +0900] "realpano.net(SG) GET /gl/index.php?mid=human_vr&m=1&search_target=tag&search_keyword=%EC%98%88%EC%8B%9D%EC%9E%A5&category=3345&listStyle=list&order_type=asc&sort_index=regdate HTTP/1.1" 403 199 "-" "Mozilla/5.0 (Linux; Android 7.0;) AppleWebKit/537.36 (KHTML, like Gecko) Mobile Safari/537.36 (compatible; PetalBot;+https://webmaster.petalsearch.com/site/petalbot)"
114.119.154.65 - - [03/Oct/2021:12:05:48 +0900] "realpano.net(SG) GET /gl/index.php?mid=human_vr&m=1&search_target=tag&search_keyword=%EC%98%88%EC%8B%9D%EC%9E%A5&category=3345&listStyle=list&order_type=asc&sort_index=regdate HTTP/1.1" 403 199 "-" "Mozilla/5.0 (Linux; Android 7.0;) AppleWebKit/537.36 (KHTML, like Gecko) Mobile Safari/537.36 (compatible; PetalBot;+https://webmaster.petalsearch.com/site/petalbot)"
66.249.79.7 - - [03/Oct/2021:12:07:47 +0900] "www.realpano.net(US) GET /gl/index.php?mid=human_vr&search_target=tag&search_keyword=%EB%8C%80%EA%B5%AC%EC%A4%91%EA%B5%AC&listStyle=webzine&m=1&category=3352 HTTP/1.1" 200 27376 "-" "Mozilla/5.0 (Linux; Android 6.0.1; Nexus 5X Build/MMB29P) AppleWebKit/537.36 (KHTML, like Gecko) Chrome/94.0.4606.61 Mobile Safari/537.36 (compatible; Googlebot/2.1; +http://www.google.com/bot.html)"
66.249.79.7 - - [03/Oct/2021:12:07:47 +0900] "www.realpano.net(US) GET /gl/index.php?mid=human_vr&search_target=tag&search_keyword=%EB%8C%80%EA%B5%AC%EC%A4%91%EA%B5%AC&listStyle=webzine&m=1&category=3352 HTTP/1.1" 200 27376 "-" "Mozilla/5.0 (Linux; Android 6.0.1; Nexus 5X Build/MMB29P) AppleWebKit/537.36 (KHTML, like Gecko) Chrome/94.0.4606.61 Mobile Safari/537.36 (compatible; Googlebot/2.1; +http://www.google.com/bot.html)"
66.249.68.59 - - [03/Oct/2021:12:08:05 +0900] "realpano.net(US) GET / HTTP/1.1" 200 64 "-" "Mozilla/5.0 (compatible; Googlebot/2.1; +http://www.google.com/bot.html)"
66.249.68.59 - - [03/Oct/2021:12:08:05 +0900] "realpano.net(US) GET / HTTP/1.1" 200 64 "-" "Mozilla/5.0 (compatible; Googlebot/2.1; +http://www.google.com/bot.html)"
114.119.154.67 - - [03/Oct/2021:12:12:03 +0900] "realpano.net(SG) GET /gl/index.php?mid=human_vr&m=0&category=3342&listStyle=viewer&order_type=asc&document_srl=45179&sort_index=title HTTP/1.1" 403 199 "-" "Mozilla/5.0 (Linux; Android 7.0;) AppleWebKit/537.36 (KHTML, like Gecko) Mobile Safari/537.36 (compatible; PetalBot;+https://webmaster.petalsearch.com/site/petalbot)"
114.119.154.67 - - [03/Oct/2021:12:12:03 +0900] "realpano.net(SG) GET /gl/index.php?mid=human_vr&m=0&category=3342&listStyle=viewer&order_type=asc&document_srl=45179&sort_index=title HTTP/1.1" 403 199 "-" "Mozilla/5.0 (Linux; Android 7.0;) AppleWebKit/537.36 (KHTML, like Gecko) Mobile Safari/537.36 (compatible; PetalBot;+https://webmaster.petalsearch.com/site/petalbot)"
114.119.154.41 - - [03/Oct/2021:12:18:23 +0900] "realpano.net(SG) GET /gl/index.php?mid=human_vr&m=1&category=3342&listStyle=gallery&sort_index=regdate&order_type=asc&document_srl=4116 HTTP/1.1" 403 199 "-" "Mozilla/5.0 (Linux; Android 7.0;) AppleWebKit/537.36 (KHTML, like Gecko) Mobile Safari/537.36 (compatible; PetalBot;+https://webmaster.petalsearch.com/site/petalbot)"
114.119.154.41 - - [03/Oct/2021:12:18:23 +0900] "realpano.net(SG) GET /gl/index.php?mid=human_vr&m=1&category=3342&listStyle=gallery&sort_index=regdate&order_type=asc&document_srl=4116 HTTP/1.1" 403 199 "-" "Mozilla/5.0 (Linux; Android 7.0;) AppleWebKit/537.36 (KHTML, like Gecko) Mobile Safari/537.36 (compatible; PetalBot;+https://webmaster.petalsearch.com/site/petalbot)"
66.249.79.5 - - [03/Oct/2021:12:19:36 +0900] "www.realpano.net(US) GET /gl/44668 HTTP/1.1" 301 - "-" "Mozilla/5.0 (Linux; Android 6.0.1; Nexus 5X Build/MMB29P) AppleWebKit/537.36 (KHTML, like Gecko) Chrome/94.0.4606.54 Mobile Safari/537.36 (compatible; Googlebot/2.1; +http://www.google.com/bot.html)"
66.249.79.5 - - [03/Oct/2021:12:19:36 +0900] "www.realpano.net(US) GET /gl/44668 HTTP/1.1" 301 - "-" "Mozilla/5.0 (Linux; Android 6.0.1; Nexus 5X Build/MMB29P) AppleWebKit/537.36 (KHTML, like Gecko) Chrome/94.0.4606.54 Mobile Safari/537.36 (compatible; Googlebot/2.1; +http://www.google.com/bot.html)"
66.249.79.7 - - [03/Oct/2021:12:19:37 +0900] "www.realpano.net(US) GET /gl/human_vr/44668 HTTP/1.1" 200 58148 "-" "Mozilla/5.0 (Linux; Android 6.0.1; Nexus 5X Build/MMB29P) AppleWebKit/537.36 (KHTML, like Gecko) Chrome/94.0.4606.54 Mobile Safari/537.36 (compatible; Googlebot/2.1; +http://www.google.com/bot.html)"
66.249.79.7 - - [03/Oct/2021:12:19:37 +0900] "www.realpano.net(US) GET /gl/human_vr/44668 HTTP/1.1" 200 58148 "-" "Mozilla/5.0 (Linux; Android 6.0.1; Nexus 5X Build/MMB29P) AppleWebKit/537.36 (KHTML, like Gecko) Chrome/94.0.4606.54 Mobile Safari/537.36 (compatible; Googlebot/2.1; +http://www.google.com/bot.html)"
114.119.154.41 - - [03/Oct/2021:12:24:42 +0900] "realpano.net(SG) GET /gl/index.php?mid=human_vr&m=1&listStyle=viewer&sort_index=regdate&order_type=desc&document_srl=45261 HTTP/1.1" 403 199 "-" "Mozilla/5.0 (Linux; Android 7.0;) AppleWebKit/537.36 (KHTML, like Gecko) Mobile Safari/537.36 (compatible; PetalBot;+https://webmaster.petalsearch.com/site/petalbot)"
114.119.154.41 - - [03/Oct/2021:12:24:42 +0900] "realpano.net(SG) GET /gl/index.php?mid=human_vr&m=1&listStyle=viewer&sort_index=regdate&order_type=desc&document_srl=45261 HTTP/1.1" 403 199 "-" "Mozilla/5.0 (Linux; Android 7.0;) AppleWebKit/537.36 (KHTML, like Gecko) Mobile Safari/537.36 (compatible; PetalBot;+https://webmaster.petalsearch.com/site/petalbot)"
114.119.154.67 - - [03/Oct/2021:12:31:00 +0900] "realpano.net(SG) GET /gl/index.php?mid=human_vr&search_target=tag&search_keyword=%EB%B6%80%EB%8F%99%EC%82%B0&m=1&category=3339&division=-45271&last_division=0 HTTP/1.1" 403 199 "-" "Mozilla/5.0 (Linux; Android 7.0;) AppleWebKit/537.36 (KHTML, like Gecko) Mobile Safari/537.36 (compatible; PetalBot;+https://webmaster.petalsearch.com/site/petalbot)"
114.119.154.67 - - [03/Oct/2021:12:31:00 +0900] "realpano.net(SG) GET /gl/index.php?mid=human_vr&search_target=tag&search_keyword=%EB%B6%80%EB%8F%99%EC%82%B0&m=1&category=3339&division=-45271&last_division=0 HTTP/1.1" 403 199 "-" "Mozilla/5.0 (Linux; Android 7.0;) AppleWebKit/537.36 (KHTML, like Gecko) Mobile Safari/537.36 (compatible; PetalBot;+https://webmaster.petalsearch.com/site/petalbot)"
114.119.154.39 - - [03/Oct/2021:12:37:29 +0900] "realpano.net(SG) GET /gl/index.php?mid=human_vr&m=1&listStyle=viewer&page=3&document_srl=44668 HTTP/1.1" 403 199 "-" "Mozilla/5.0 (Linux; Android 7.0;) AppleWebKit/537.36 (KHTML, like Gecko) Mobile Safari/537.36 (compatible; PetalBot;+https://webmaster.petalsearch.com/site/petalbot)"
114.119.154.39 - - [03/Oct/2021:12:37:29 +0900] "realpano.net(SG) GET /gl/index.php?mid=human_vr&m=1&listStyle=viewer&page=3&document_srl=44668 HTTP/1.1" 403 199 "-" "Mozilla/5.0 (Linux; Android 7.0;) AppleWebKit/537.36 (KHTML, like Gecko) Mobile Safari/537.36 (compatible; PetalBot;+https://webmaster.petalsearch.com/site/petalbot)"
114.119.154.30 - - [03/Oct/2021:12:43:41 +0900] "realpano.net(SG) GET /gl/index.php?mid=human_vr&m=0&page=6&document_srl=45201&listStyle=viewer HTTP/1.1" 403 199 "-" "Mozilla/5.0 (Linux; Android 7.0;) AppleWebKit/537.36 (KHTML, like Gecko) Mobile Safari/537.36 (compatible; PetalBot;+https://webmaster.petalsearch.com/site/petalbot)"
