66.249.79.1 - - [02/Oct/2021:18:56:46 +0900] "www.realpano.net(US) GET /home1/realpano/public_html/html/gl/layouts/xenara_layout_relapano//js/fancybox/source/helpers/jquery.fancybox-buttons.js?v=1.0.5 HTTP/1.1" 404 196 "http://www.realpano.net/gl/index.php?mid=human_vr&search_target=tag&search_keyword=%EA%B3%B5%EC%9B%90" "Mozilla/5.0 AppleWebKit/537.36 (KHTML, like Gecko; compatible; Googlebot/2.1; +http://www.google.com/bot.html) Chrome/94.0.4606.61 Safari/537.36"
66.249.79.7 - - [02/Oct/2021:18:57:05 +0900] "www.realpano.net(US) GET /gl/common/js/plugins/ui/rx_datepicker.js?20201113010517 HTTP/1.1" 200 539 "http://www.realpano.net/gl/index.php?mid=human_vr&search_target=tag&search_keyword=%EA%B3%B5%EC%9B%90" "Mozilla/5.0 AppleWebKit/537.36 (KHTML, like Gecko; compatible; Googlebot/2.1; +http://www.google.com/bot.html) Chrome/94.0.4606.61 Safari/537.36"
66.249.79.7 - - [02/Oct/2021:18:57:05 +0900] "www.realpano.net(US) GET /gl/common/js/plugins/ui/rx_datepicker.js?20201113010517 HTTP/1.1" 200 539 "http://www.realpano.net/gl/index.php?mid=human_vr&search_target=tag&search_keyword=%EA%B3%B5%EC%9B%90" "Mozilla/5.0 AppleWebKit/537.36 (KHTML, like Gecko; compatible; Googlebot/2.1; +http://www.google.com/bot.html) Chrome/94.0.4606.61 Safari/537.36"
66.249.79.7 - - [02/Oct/2021:18:57:06 +0900] "www.realpano.net(US) GET /gl/files/cache/js_filter_compiled/9b007ee9f2af763bb3d35e4fb16498e9.ko.compiled.js?20201120233637 HTTP/1.1" 200 2465 "http://www.realpano.net/gl/index.php?mid=human_vr&search_target=tag&search_keyword=%EA%B3%B5%EC%9B%90" "Mozilla/5.0 AppleWebKit/537.36 (KHTML, like Gecko; compatible; Googlebot/2.1; +http://www.google.com/bot.html) Chrome/94.0.4606.61 Safari/537.36"
66.249.79.7 - - [02/Oct/2021:18:57:06 +0900] "www.realpano.net(US) GET /gl/files/cache/js_filter_compiled/9b007ee9f2af763bb3d35e4fb16498e9.ko.compiled.js?20201120233637 HTTP/1.1" 200 2465 "http://www.realpano.net/gl/index.php?mid=human_vr&search_target=tag&search_keyword=%EA%B3%B5%EC%9B%90" "Mozilla/5.0 AppleWebKit/537.36 (KHTML, like Gecko; compatible; Googlebot/2.1; +http://www.google.com/bot.html) Chrome/94.0.4606.61 Safari/537.36"
66.249.79.7 - - [02/Oct/2021:18:57:06 +0900] "www.realpano.net(US) GET /gl/modules/board/skins/sketchbook5_relapano/js/board.js?20201113013445 HTTP/1.1" 200 16348 "http://www.realpano.net/gl/index.php?mid=human_vr&search_target=tag&search_keyword=%EA%B3%B5%EC%9B%90" "Mozilla/5.0 AppleWebKit/537.36 (KHTML, like Gecko; compatible; Googlebot/2.1; +http://www.google.com/bot.html) Chrome/94.0.4606.61 Safari/537.36"
66.249.79.7 - - [02/Oct/2021:18:57:06 +0900] "www.realpano.net(US) GET /gl/modules/board/skins/sketchbook5_relapano/js/board.js?20201113013445 HTTP/1.1" 200 16348 "http://www.realpano.net/gl/index.php?mid=human_vr&search_target=tag&search_keyword=%EA%B3%B5%EC%9B%90" "Mozilla/5.0 AppleWebKit/537.36 (KHTML, like Gecko; compatible; Googlebot/2.1; +http://www.google.com/bot.html) Chrome/94.0.4606.61 Safari/537.36"
66.249.79.7 - - [02/Oct/2021:18:57:07 +0900] "www.realpano.net(US) GET /gl/common/js/plugins/ui/jquery-ui.min.js?20201113010517 HTTP/1.1" 200 253669 "http://www.realpano.net/gl/index.php?mid=human_vr&search_target=tag&search_keyword=%EA%B3%B5%EC%9B%90" "Mozilla/5.0 AppleWebKit/537.36 (KHTML, like Gecko; compatible; Googlebot/2.1; +http://www.google.com/bot.html) Chrome/94.0.4606.61 Safari/537.36"
66.249.79.7 - - [02/Oct/2021:18:57:07 +0900] "www.realpano.net(US) GET /gl/common/js/plugins/ui/jquery-ui.min.js?20201113010517 HTTP/1.1" 200 253669 "http://www.realpano.net/gl/index.php?mid=human_vr&search_target=tag&search_keyword=%EA%B3%B5%EC%9B%90" "Mozilla/5.0 AppleWebKit/537.36 (KHTML, like Gecko; compatible; Googlebot/2.1; +http://www.google.com/bot.html) Chrome/94.0.4606.61 Safari/537.36"
66.249.79.5 - - [02/Oct/2021:18:57:08 +0900] "www.realpano.net(US) GET /gl/addons/autolink/autolink.js?20201113010505 HTTP/1.1" 200 3396 "http://www.realpano.net/gl/index.php?mid=human_vr&search_target=tag&search_keyword=%EA%B3%B5%EC%9B%90" "Mozilla/5.0 AppleWebKit/537.36 (KHTML, like Gecko; compatible; Googlebot/2.1; +http://www.google.com/bot.html) Chrome/94.0.4606.61 Safari/537.36"
66.249.79.5 - - [02/Oct/2021:18:57:08 +0900] "www.realpano.net(US) GET /gl/addons/autolink/autolink.js?20201113010505 HTTP/1.1" 200 3396 "http://www.realpano.net/gl/index.php?mid=human_vr&search_target=tag&search_keyword=%EA%B3%B5%EC%9B%90" "Mozilla/5.0 AppleWebKit/537.36 (KHTML, like Gecko; compatible; Googlebot/2.1; +http://www.google.com/bot.html) Chrome/94.0.4606.61 Safari/537.36"
66.249.79.1 - - [02/Oct/2021:18:57:08 +0900] "www.realpano.net(US) GET /gl/files/cache/js_filter_compiled/d046d1841b9c79c545b82d3be892699d.ko.compiled.js?20201120233637 HTTP/1.1" 200 2531 "http://www.realpano.net/gl/index.php?mid=human_vr&search_target=tag&search_keyword=%EA%B3%B5%EC%9B%90" "Mozilla/5.0 AppleWebKit/537.36 (KHTML, like Gecko; compatible; Googlebot/2.1; +http://www.google.com/bot.html) Chrome/94.0.4606.61 Safari/537.36"
66.249.79.1 - - [02/Oct/2021:18:57:08 +0900] "www.realpano.net(US) GET /gl/files/cache/js_filter_compiled/d046d1841b9c79c545b82d3be892699d.ko.compiled.js?20201120233637 HTTP/1.1" 200 2531 "http://www.realpano.net/gl/index.php?mid=human_vr&search_target=tag&search_keyword=%EA%B3%B5%EC%9B%90" "Mozilla/5.0 AppleWebKit/537.36 (KHTML, like Gecko; compatible; Googlebot/2.1; +http://www.google.com/bot.html) Chrome/94.0.4606.61 Safari/537.36"
66.249.79.7 - - [02/Oct/2021:18:57:08 +0900] "www.realpano.net(US) GET /gl/files/cache/js_filter_compiled/1bdc15d63816408b99f674eb6a6ffcea.ko.compiled.js?20201120233637 HTTP/1.1" 200 3098 "http://www.realpano.net/gl/index.php?mid=human_vr&search_target=tag&search_keyword=%EA%B3%B5%EC%9B%90" "Mozilla/5.0 AppleWebKit/537.36 (KHTML, like Gecko; compatible; Googlebot/2.1; +http://www.google.com/bot.html) Chrome/94.0.4606.61 Safari/537.36"
66.249.79.7 - - [02/Oct/2021:18:57:08 +0900] "www.realpano.net(US) GET /gl/files/cache/js_filter_compiled/1bdc15d63816408b99f674eb6a6ffcea.ko.compiled.js?20201120233637 HTTP/1.1" 200 3098 "http://www.realpano.net/gl/index.php?mid=human_vr&search_target=tag&search_keyword=%EA%B3%B5%EC%9B%90" "Mozilla/5.0 AppleWebKit/537.36 (KHTML, like Gecko; compatible; Googlebot/2.1; +http://www.google.com/bot.html) Chrome/94.0.4606.61 Safari/537.36"
114.119.154.30 - - [02/Oct/2021:19:00:38 +0900] "realpano.net(SG) GET /gl/index.php?mid=human_vr&m=0&listStyle=viewer&page=4&document_srl=44633 HTTP/1.1" 403 199 "-" "Mozilla/5.0 (Linux; Android 7.0;) AppleWebKit/537.36 (KHTML, like Gecko) Mobile Safari/537.36 (compatible; PetalBot;+https://webmaster.petalsearch.com/site/petalbot)"
114.119.154.30 - - [02/Oct/2021:19:00:38 +0900] "realpano.net(SG) GET /gl/index.php?mid=human_vr&m=0&listStyle=viewer&page=4&document_srl=44633 HTTP/1.1" 403 199 "-" "Mozilla/5.0 (Linux; Android 7.0;) AppleWebKit/537.36 (KHTML, like Gecko) Mobile Safari/537.36 (compatible; PetalBot;+https://webmaster.petalsearch.com/site/petalbot)"
157.55.39.20 - - [02/Oct/2021:19:01:47 +0900] "realpano.net(US) GET / HTTP/1.1" 200 64 "-" "Mozilla/5.0 (compatible; bingbot/2.0; +http://www.bing.com/bingbot.htm)"
157.55.39.20 - - [02/Oct/2021:19:01:47 +0900] "realpano.net(US) GET / HTTP/1.1" 200 64 "-" "Mozilla/5.0 (compatible; bingbot/2.0; +http://www.bing.com/bingbot.htm)"
125.209.235.170 - - [02/Oct/2021:19:01:57 +0900] "realpano.net(KR) GET /robots.txt HTTP/1.1" 404 196 "-" "Mozilla/5.0 (compatible; Yeti/1.1; +http://naver.me/spd)"
125.209.235.170 - - [02/Oct/2021:19:01:57 +0900] "realpano.net(KR) GET /robots.txt HTTP/1.1" 404 196 "-" "Mozilla/5.0 (compatible; Yeti/1.1; +http://naver.me/spd)"
110.93.150.149 - - [02/Oct/2021:19:02:00 +0900] "realpano.net(KR) GET / HTTP/1.1" 200 64 "-" "Mozilla/5.0 (compatible; Yeti/1.1; +http://naver.me/spd)"
110.93.150.149 - - [02/Oct/2021:19:02:00 +0900] "realpano.net(KR) GET / HTTP/1.1" 200 64 "-" "Mozilla/5.0 (compatible; Yeti/1.1; +http://naver.me/spd)"
110.93.150.149 - - [02/Oct/2021:19:02:00 +0900] "realpano.net(KR) GET /gl/ HTTP/1.1" 404 2293 "-" "Mozilla/5.0 (compatible; Yeti/1.1; +http://naver.me/spd)"
110.93.150.149 - - [02/Oct/2021:19:02:00 +0900] "realpano.net(KR) GET /gl/ HTTP/1.1" 404 2293 "-" "Mozilla/5.0 (compatible; Yeti/1.1; +http://naver.me/spd)"
114.119.154.39 - - [02/Oct/2021:19:05:53 +0900] "realpano.net(SG) GET /gl/index.php?mid=human_vr&m=0&listStyle=gallery&search_target=tag&search_keyword=%EC%A4%91%EA%B5%AC%EC%B2%AD&sort_index=readed_count&order_type=desc HTTP/1.1" 403 199 "-" "Mozilla/5.0 (Linux; Android 7.0;) AppleWebKit/537.36 (KHTML, like Gecko) Mobile Safari/537.36 (compatible; PetalBot;+https://webmaster.petalsearch.com/site/petalbot)"
114.119.154.39 - - [02/Oct/2021:19:05:53 +0900] "realpano.net(SG) GET /gl/index.php?mid=human_vr&m=0&listStyle=gallery&search_target=tag&search_keyword=%EC%A4%91%EA%B5%AC%EC%B2%AD&sort_index=readed_count&order_type=desc HTTP/1.1" 403 199 "-" "Mozilla/5.0 (Linux; Android 7.0;) AppleWebKit/537.36 (KHTML, like Gecko) Mobile Safari/537.36 (compatible; PetalBot;+https://webmaster.petalsearch.com/site/petalbot)"
114.119.154.26 - - [02/Oct/2021:19:10:50 +0900] "realpano.net(SG) GET /gl/index.php?mid=human_vr&search_target=tag&search_keyword=%EC%82%AC%EB%B0%A9%EA%B8%B0%EB%85%90&category=3343 HTTP/1.1" 403 199 "-" "Mozilla/5.0 (Linux; Android 7.0;) AppleWebKit/537.36 (KHTML, like Gecko) Mobile Safari/537.36 (compatible; PetalBot;+https://webmaster.petalsearch.com/site/petalbot)"
114.119.154.26 - - [02/Oct/2021:19:10:50 +0900] "realpano.net(SG) GET /gl/index.php?mid=human_vr&search_target=tag&search_keyword=%EC%82%AC%EB%B0%A9%EA%B8%B0%EB%85%90&category=3343 HTTP/1.1" 403 199 "-" "Mozilla/5.0 (Linux; Android 7.0;) AppleWebKit/537.36 (KHTML, like Gecko) Mobile Safari/537.36 (compatible; PetalBot;+https://webmaster.petalsearch.com/site/petalbot)"
114.119.147.71 - - [02/Oct/2021:19:15:48 +0900] "www.realpano.net(SG) GET /robots.txt HTTP/1.1" 403 199 "-" "Mozilla/5.0 (compatible;PetalBot;+https://webmaster.petalsearch.com/site/petalbot)"
114.119.147.71 - - [02/Oct/2021:19:15:48 +0900] "www.realpano.net(SG) GET /robots.txt HTTP/1.1" 403 199 "-" "Mozilla/5.0 (compatible;PetalBot;+https://webmaster.petalsearch.com/site/petalbot)"
114.119.154.65 - - [02/Oct/2021:19:20:46 +0900] "realpano.net(SG) GET /gl/index.php?mid=human_vr&category=3342&m=0&listStyle=webzine&sort_index=regdate&order_type=asc&page=3&document_srl=45225 HTTP/1.1" 403 199 "-" "Mozilla/5.0 (Linux; Android 7.0;) AppleWebKit/537.36 (KHTML, like Gecko) Mobile Safari/537.36 (compatible; PetalBot;+https://webmaster.petalsearch.com/site/petalbot)"
114.119.154.65 - - [02/Oct/2021:19:20:46 +0900] "realpano.net(SG) GET /gl/index.php?mid=human_vr&category=3342&m=0&listStyle=webzine&sort_index=regdate&order_type=asc&page=3&document_srl=45225 HTTP/1.1" 403 199 "-" "Mozilla/5.0 (Linux; Android 7.0;) AppleWebKit/537.36 (KHTML, like Gecko) Mobile Safari/537.36 (compatible; PetalBot;+https://webmaster.petalsearch.com/site/petalbot)"
125.209.235.175 - - [02/Oct/2021:19:21:22 +0900] "www.realpano.net(KR) GET / HTTP/1.1" 200 64 "-" "Mozilla/5.0 (iPhone; CPU iPhone OS 9_1 like Mac OS X) AppleWebKit/601.1.46 (KHTML, like Gecko) Version/9.0 Mobile/13B143 Safari/601.1"
125.209.235.175 - - [02/Oct/2021:19:21:22 +0900] "www.realpano.net(KR) GET / HTTP/1.1" 200 64 "-" "Mozilla/5.0 (iPhone; CPU iPhone OS 9_1 like Mac OS X) AppleWebKit/601.1.46 (KHTML, like Gecko) Version/9.0 Mobile/13B143 Safari/601.1"
125.209.235.175 - - [02/Oct/2021:19:21:23 +0900] "realpano.net(KR) GET /gl/ HTTP/1.1" 404 2837 "-" "Mozilla/5.0 (iPhone; CPU iPhone OS 9_1 like Mac OS X) AppleWebKit/601.1.46 (KHTML, like Gecko) Version/9.0 Mobile/13B143 Safari/601.1"
125.209.235.175 - - [02/Oct/2021:19:21:23 +0900] "realpano.net(KR) GET /gl/ HTTP/1.1" 404 2837 "-" "Mozilla/5.0 (iPhone; CPU iPhone OS 9_1 like Mac OS X) AppleWebKit/601.1.46 (KHTML, like Gecko) Version/9.0 Mobile/13B143 Safari/601.1"
157.55.39.121 - - [02/Oct/2021:19:22:15 +0900] "realpano.net(US) GET /gl/45214 HTTP/2.0" 404 196 "-" "Mozilla/5.0 (compatible; bingbot/2.0; +http://www.bing.com/bingbot.htm)"
157.55.39.121 - - [02/Oct/2021:19:22:15 +0900] "realpano.net(US) GET /gl/45214 HTTP/2.0" 404 196 "-" "Mozilla/5.0 (compatible; bingbot/2.0; +http://www.bing.com/bingbot.htm)"
114.119.154.65 - - [02/Oct/2021:19:25:49 +0900] "realpano.net(SG) GET /gl/index.php?mid=human_vr&document_srl=44411&m=0&listStyle=viewer&page=4 HTTP/1.1" 403 199 "-" "Mozilla/5.0 (Linux; Android 7.0;) AppleWebKit/537.36 (KHTML, like Gecko) Mobile Safari/537.36 (compatible; PetalBot;+https://webmaster.petalsearch.com/site/petalbot)"
114.119.154.65 - - [02/Oct/2021:19:25:49 +0900] "realpano.net(SG) GET /gl/index.php?mid=human_vr&document_srl=44411&m=0&listStyle=viewer&page=4 HTTP/1.1" 403 199 "-" "Mozilla/5.0 (Linux; Android 7.0;) AppleWebKit/537.36 (KHTML, like Gecko) Mobile Safari/537.36 (compatible; PetalBot;+https://webmaster.petalsearch.com/site/petalbot)"
114.119.154.39 - - [02/Oct/2021:19:30:49 +0900] "realpano.net(SG) GET /gl/index.php?mid=human_vr&m=1&category=3346&listStyle=webzine&order_type=asc&search_target=tag&search_keyword=%EA%B3%A8%EB%AA%A9%ED%88%AC%EC%96%B4&division=-45271&last_division=0&sort_index=title HTTP/1.1" 403 199 "-" "Mozilla/5.0 (Linux; Android 7.0;) AppleWebKit/537.36 (KHTML, like Gecko) Mobile Safari/537.36 (compatible; PetalBot;+https://webmaster.petalsearch.com/site/petalbot)"
114.119.154.39 - - [02/Oct/2021:19:30:49 +0900] "realpano.net(SG) GET /gl/index.php?mid=human_vr&m=1&category=3346&listStyle=webzine&order_type=asc&search_target=tag&search_keyword=%EA%B3%A8%EB%AA%A9%ED%88%AC%EC%96%B4&division=-45271&last_division=0&sort_index=title HTTP/1.1" 403 199 "-" "Mozilla/5.0 (Linux; Android 7.0;) AppleWebKit/537.36 (KHTML, like Gecko) Mobile Safari/537.36 (compatible; PetalBot;+https://webmaster.petalsearch.com/site/petalbot)"
207.46.13.29 - - [02/Oct/2021:19:34:15 +0900] "realpano.net(US) GET /gl/air_vr/45079 HTTP/2.0" 404 196 "-" "Mozilla/5.0 (compatible; bingbot/2.0; +http://www.bing.com/bingbot.htm)"
207.46.13.29 - - [02/Oct/2021:19:34:15 +0900] "realpano.net(US) GET /gl/air_vr/45079 HTTP/2.0" 404 196 "-" "Mozilla/5.0 (compatible; bingbot/2.0; +http://www.bing.com/bingbot.htm)"
114.119.154.41 - - [02/Oct/2021:19:36:02 +0900] "realpano.net(SG) GET /gl/index.php?mid=human_vr&m=0&document_srl=45221 HTTP/1.1" 403 199 "-" "Mozilla/5.0 (Linux; Android 7.0;) AppleWebKit/537.36 (KHTML, like Gecko) Mobile Safari/537.36 (compatible; PetalBot;+https://webmaster.petalsearch.com/site/petalbot)"
114.119.154.41 - - [02/Oct/2021:19:36:02 +0900] "realpano.net(SG) GET /gl/index.php?mid=human_vr&m=0&document_srl=45221 HTTP/1.1" 403 199 "-" "Mozilla/5.0 (Linux; Android 7.0;) AppleWebKit/537.36 (KHTML, like Gecko) Mobile Safari/537.36 (compatible; PetalBot;+https://webmaster.petalsearch.com/site/petalbot)"
114.119.154.39 - - [02/Oct/2021:19:40:44 +0900] "realpano.net(SG) GET /gl/index.php?mid=human_vr&m=1&listStyle=list&sort_index=regdate&order_type=asc&category=3339&search_target=tag&search_keyword=%EC%9E%90%EB%8F%99%EC%B0%A8&division=-45271&last_division=0 HTTP/1.1" 403 199 "-" "Mozilla/5.0 (Linux; Android 7.0;) AppleWebKit/537.36 (KHTML, like Gecko) Mobile Safari/537.36 (compatible; PetalBot;+https://webmaster.petalsearch.com/site/petalbot)"
114.119.154.39 - - [02/Oct/2021:19:40:44 +0900] "realpano.net(SG) GET /gl/index.php?mid=human_vr&m=1&listStyle=list&sort_index=regdate&order_type=asc&category=3339&search_target=tag&search_keyword=%EC%9E%90%EB%8F%99%EC%B0%A8&division=-45271&last_division=0 HTTP/1.1" 403 199 "-" "Mozilla/5.0 (Linux; Android 7.0;) AppleWebKit/537.36 (KHTML, like Gecko) Mobile Safari/537.36 (compatible; PetalBot;+https://webmaster.petalsearch.com/site/petalbot)"
114.119.154.6 - - [02/Oct/2021:19:45:51 +0900] "realpano.net(SG) GET /gl/index.php?mid=human_vr&listStyle=viewer&m=1&category=3342 HTTP/1.1" 403 199 "-" "Mozilla/5.0 (Linux; Android 7.0;) AppleWebKit/537.36 (KHTML, like Gecko) Mobile Safari/537.36 (compatible; PetalBot;+https://webmaster.petalsearch.com/site/petalbot)"
114.119.154.6 - - [02/Oct/2021:19:45:51 +0900] "realpano.net(SG) GET /gl/index.php?mid=human_vr&listStyle=viewer&m=1&category=3342 HTTP/1.1" 403 199 "-" "Mozilla/5.0 (Linux; Android 7.0;) AppleWebKit/537.36 (KHTML, like Gecko) Mobile Safari/537.36 (compatible; PetalBot;+https://webmaster.petalsearch.com/site/petalbot)"
17.121.113.119 - - [02/Oct/2021:19:48:10 +0900] "www.realpano.net(US) GET /robots.txt HTTP/1.1" 404 196 "-" "Mozilla/5.0 (Macintosh; Intel Mac OS X 10_15_5) AppleWebKit/605.1.15 (KHTML, like Gecko) Version/13.1.1 Safari/605.1.15 (Applebot/0.1; +http://www.apple.com/go/applebot)"
17.121.113.119 - - [02/Oct/2021:19:48:10 +0900] "www.realpano.net(US) GET /robots.txt HTTP/1.1" 404 196 "-" "Mozilla/5.0 (Macintosh; Intel Mac OS X 10_15_5) AppleWebKit/605.1.15 (KHTML, like Gecko) Version/13.1.1 Safari/605.1.15 (Applebot/0.1; +http://www.apple.com/go/applebot)"
17.121.113.119 - - [02/Oct/2021:19:48:10 +0900] "www.realpano.net(US) GET /gl/consultation1/44976 HTTP/1.1" 403 41352 "-" "Mozilla/5.0 (Macintosh; Intel Mac OS X 10_15_5) AppleWebKit/605.1.15 (KHTML, like Gecko) Version/13.1.1 Safari/605.1.15 (Applebot/0.1; +http://www.apple.com/go/applebot)"
17.121.113.119 - - [02/Oct/2021:19:48:10 +0900] "www.realpano.net(US) GET /gl/consultation1/44976 HTTP/1.1" 403 41352 "-" "Mozilla/5.0 (Macintosh; Intel Mac OS X 10_15_5) AppleWebKit/605.1.15 (KHTML, like Gecko) Version/13.1.1 Safari/605.1.15 (Applebot/0.1; +http://www.apple.com/go/applebot)"
106.102.128.82 - - [02/Oct/2021:19:49:04 +0900] "realpano.net(KR) GET /clubview/_tour/kummorae/main.html HTTP/1.1" 404 196 "http://www.kummorae.com/" "Mozilla/5.0 (Linux; Android 11; SM-N976N Build/RP1A.200720.012; wv) AppleWebKit/537.36 (KHTML, like Gecko) Version/4.0 Chrome/94.0.4606.61 Mobile Safari/537.36 NAVER(inapp; map; 101; 5.14.0)"
106.102.128.82 - - [02/Oct/2021:19:49:04 +0900] "realpano.net(KR) GET /clubview/_tour/kummorae/main.html HTTP/1.1" 404 196 "http://www.kummorae.com/" "Mozilla/5.0 (Linux; Android 11; SM-N976N Build/RP1A.200720.012; wv) AppleWebKit/537.36 (KHTML, like Gecko) Version/4.0 Chrome/94.0.4606.61 Mobile Safari/537.36 NAVER(inapp; map; 101; 5.14.0)"
114.119.154.26 - - [02/Oct/2021:19:51:03 +0900] "realpano.net(SG) GET /gl/index.php?mid=human_vr&listStyle=webzine&m=0&sort_index=title&order_type=desc&page=4&document_srl=4110 HTTP/1.1" 403 199 "-" "Mozilla/5.0 (Linux; Android 7.0;) AppleWebKit/537.36 (KHTML, like Gecko) Mobile Safari/537.36 (compatible; PetalBot;+https://webmaster.petalsearch.com/site/petalbot)"
114.119.154.26 - - [02/Oct/2021:19:51:03 +0900] "realpano.net(SG) GET /gl/index.php?mid=human_vr&listStyle=webzine&m=0&sort_index=title&order_type=desc&page=4&document_srl=4110 HTTP/1.1" 403 199 "-" "Mozilla/5.0 (Linux; Android 7.0;) AppleWebKit/537.36 (KHTML, like Gecko) Mobile Safari/537.36 (compatible; PetalBot;+https://webmaster.petalsearch.com/site/petalbot)"
207.46.13.85 - - [02/Oct/2021:19:54:28 +0900] "realpano.net(US) GET /gl/index.php?mid=consultation1&page=2 HTTP/2.0" 404 196 "-" "Mozilla/5.0 (compatible; bingbot/2.0; +http://www.bing.com/bingbot.htm)"
207.46.13.85 - - [02/Oct/2021:19:54:28 +0900] "realpano.net(US) GET /gl/index.php?mid=consultation1&page=2 HTTP/2.0" 404 196 "-" "Mozilla/5.0 (compatible; bingbot/2.0; +http://www.bing.com/bingbot.htm)"
66.249.79.7 - - [02/Oct/2021:19:54:33 +0900] "www.realpano.net(US) GET /gl/layouts/xenara_layout_relapano/css/style_font.css?20140502235245 HTTP/1.1" 200 277 "http://www.realpano.net/gl/cooperation" "Mozilla/5.0 AppleWebKit/537.36 (KHTML, like Gecko; compatible; Googlebot/2.1; +http://www.google.com/bot.html) Chrome/94.0.4606.61 Safari/537.36"
66.249.79.7 - - [02/Oct/2021:19:54:33 +0900] "www.realpano.net(US) GET /gl/layouts/xenara_layout_relapano/css/style_font.css?20140502235245 HTTP/1.1" 200 277 "http://www.realpano.net/gl/cooperation" "Mozilla/5.0 AppleWebKit/537.36 (KHTML, like Gecko; compatible; Googlebot/2.1; +http://www.google.com/bot.html) Chrome/94.0.4606.61 Safari/537.36"
66.249.79.1 - - [02/Oct/2021:19:54:34 +0900] "www.realpano.net(US) GET /gl/modules/board/skins/sketchbook5/css/board.css?20150511203533 HTTP/1.1" 200 63885 "http://www.realpano.net/gl/cooperation" "Mozilla/5.0 AppleWebKit/537.36 (KHTML, like Gecko; compatible; Googlebot/2.1; +http://www.google.com/bot.html) Chrome/94.0.4606.61 Safari/537.36"
66.249.79.1 - - [02/Oct/2021:19:54:34 +0900] "www.realpano.net(US) GET /gl/modules/board/skins/sketchbook5/css/board.css?20150511203533 HTTP/1.1" 200 63885 "http://www.realpano.net/gl/cooperation" "Mozilla/5.0 AppleWebKit/537.36 (KHTML, like Gecko; compatible; Googlebot/2.1; +http://www.google.com/bot.html) Chrome/94.0.4606.61 Safari/537.36"
66.249.79.1 - - [02/Oct/2021:19:54:35 +0900] "www.realpano.net(US) GET /gl/modules/board/skins/sketchbook5/js/imagesloaded.pkgd.min.js?20150511203533 HTTP/1.1" 200 6949 "http://www.realpano.net/gl/cooperation" "Mozilla/5.0 AppleWebKit/537.36 (KHTML, like Gecko; compatible; Googlebot/2.1; +http://www.google.com/bot.html) Chrome/94.0.4606.61 Safari/537.36"
66.249.79.1 - - [02/Oct/2021:19:54:35 +0900] "www.realpano.net(US) GET /gl/modules/board/skins/sketchbook5/js/imagesloaded.pkgd.min.js?20150511203533 HTTP/1.1" 200 6949 "http://www.realpano.net/gl/cooperation" "Mozilla/5.0 AppleWebKit/537.36 (KHTML, like Gecko; compatible; Googlebot/2.1; +http://www.google.com/bot.html) Chrome/94.0.4606.61 Safari/537.36"
66.249.79.5 - - [02/Oct/2021:19:54:35 +0900] "www.realpano.net(US) GET /gl/modules/board/skins/sketchbook5/js/jquery.cookie.js?20150511203533 HTTP/1.1" 200 3121 "http://www.realpano.net/gl/cooperation" "Mozilla/5.0 AppleWebKit/537.36 (KHTML, like Gecko; compatible; Googlebot/2.1; +http://www.google.com/bot.html) Chrome/94.0.4606.61 Safari/537.36"
66.249.79.5 - - [02/Oct/2021:19:54:35 +0900] "www.realpano.net(US) GET /gl/modules/board/skins/sketchbook5/js/jquery.cookie.js?20150511203533 HTTP/1.1" 200 3121 "http://www.realpano.net/gl/cooperation" "Mozilla/5.0 AppleWebKit/537.36 (KHTML, like Gecko; compatible; Googlebot/2.1; +http://www.google.com/bot.html) Chrome/94.0.4606.61 Safari/537.36"
66.249.79.7 - - [02/Oct/2021:19:54:36 +0900] "www.realpano.net(US) GET /gl/modules/editor/skins/ckeditor/js/xe_textarea.js?20201113010715 HTTP/1.1" 200 1543 "http://www.realpano.net/gl/cooperation" "Mozilla/5.0 AppleWebKit/537.36 (KHTML, like Gecko; compatible; Googlebot/2.1; +http://www.google.com/bot.html) Chrome/94.0.4606.61 Safari/537.36"
66.249.79.7 - - [02/Oct/2021:19:54:36 +0900] "www.realpano.net(US) GET /gl/modules/editor/skins/ckeditor/js/xe_textarea.js?20201113010715 HTTP/1.1" 200 1543 "http://www.realpano.net/gl/cooperation" "Mozilla/5.0 AppleWebKit/537.36 (KHTML, like Gecko; compatible; Googlebot/2.1; +http://www.google.com/bot.html) Chrome/94.0.4606.61 Safari/537.36"
66.249.79.5 - - [02/Oct/2021:19:54:37 +0900] "www.realpano.net(US) GET /gl/modules/board/skins/sketchbook5/js/font_ng.js?20150511203533 HTTP/1.1" 200 2023 "http://www.realpano.net/gl/cooperation" "Mozilla/5.0 AppleWebKit/537.36 (KHTML, like Gecko; compatible; Googlebot/2.1; +http://www.google.com/bot.html) Chrome/94.0.4606.61 Safari/537.36"
66.249.79.5 - - [02/Oct/2021:19:54:37 +0900] "www.realpano.net(US) GET /gl/modules/board/skins/sketchbook5/js/font_ng.js?20150511203533 HTTP/1.1" 200 2023 "http://www.realpano.net/gl/cooperation" "Mozilla/5.0 AppleWebKit/537.36 (KHTML, like Gecko; compatible; Googlebot/2.1; +http://www.google.com/bot.html) Chrome/94.0.4606.61 Safari/537.36"
66.249.79.5 - - [02/Oct/2021:19:54:37 +0900] "www.realpano.net(US) GET /gl/modules/board/skins/sketchbook5/js/board.js?20150511203533 HTTP/1.1" 200 19198 "http://www.realpano.net/gl/cooperation" "Mozilla/5.0 AppleWebKit/537.36 (KHTML, like Gecko; compatible; Googlebot/2.1; +http://www.google.com/bot.html) Chrome/94.0.4606.61 Safari/537.36"
66.249.79.5 - - [02/Oct/2021:19:54:37 +0900] "www.realpano.net(US) GET /gl/modules/board/skins/sketchbook5/js/board.js?20150511203533 HTTP/1.1" 200 19198 "http://www.realpano.net/gl/cooperation" "Mozilla/5.0 AppleWebKit/537.36 (KHTML, like Gecko; compatible; Googlebot/2.1; +http://www.google.com/bot.html) Chrome/94.0.4606.61 Safari/537.36"
66.249.79.5 - - [02/Oct/2021:19:54:38 +0900] "www.realpano.net(US) GET /gl/modules/board/skins/sketchbook5/js/jquery.masonry.min.js?20150511203533 HTTP/1.1" 200 5483 "http://www.realpano.net/gl/cooperation" "Mozilla/5.0 AppleWebKit/537.36 (KHTML, like Gecko; compatible; Googlebot/2.1; +http://www.google.com/bot.html) Chrome/94.0.4606.61 Safari/537.36"
66.249.79.5 - - [02/Oct/2021:19:54:38 +0900] "www.realpano.net(US) GET /gl/modules/board/skins/sketchbook5/js/jquery.masonry.min.js?20150511203533 HTTP/1.1" 200 5483 "http://www.realpano.net/gl/cooperation" "Mozilla/5.0 AppleWebKit/537.36 (KHTML, like Gecko; compatible; Googlebot/2.1; +http://www.google.com/bot.html) Chrome/94.0.4606.61 Safari/537.36"
66.249.79.1 - - [02/Oct/2021:19:54:39 +0900] "www.realpano.net(US) GET /gl/modules/board/skins/sketchbook5/js/jquery.autogrowtextarea.min.js?20150511203533 HTTP/1.1" 200 1873 "http://www.realpano.net/gl/cooperation" "Mozilla/5.0 AppleWebKit/537.36 (KHTML, like Gecko; compatible; Googlebot/2.1; +http://www.google.com/bot.html) Chrome/94.0.4606.61 Safari/537.36"
66.249.79.1 - - [02/Oct/2021:19:54:39 +0900] "www.realpano.net(US) GET /gl/modules/board/skins/sketchbook5/js/jquery.autogrowtextarea.min.js?20150511203533 HTTP/1.1" 200 1873 "http://www.realpano.net/gl/cooperation" "Mozilla/5.0 AppleWebKit/537.36 (KHTML, like Gecko; compatible; Googlebot/2.1; +http://www.google.com/bot.html) Chrome/94.0.4606.61 Safari/537.36"
114.119.154.41 - - [02/Oct/2021:19:55:56 +0900] "realpano.net(SG) GET /gl/index.php?mid=human_vr&search_target=tag&search_keyword=%ED%83%80%EC%98%AC&category=3342&m=1 HTTP/1.1" 403 199 "-" "Mozilla/5.0 (Linux; Android 7.0;) AppleWebKit/537.36 (KHTML, like Gecko) Mobile Safari/537.36 (compatible; PetalBot;+https://webmaster.petalsearch.com/site/petalbot)"
114.119.154.41 - - [02/Oct/2021:19:55:56 +0900] "realpano.net(SG) GET /gl/index.php?mid=human_vr&search_target=tag&search_keyword=%ED%83%80%EC%98%AC&category=3342&m=1 HTTP/1.1" 403 199 "-" "Mozilla/5.0 (Linux; Android 7.0;) AppleWebKit/537.36 (KHTML, like Gecko) Mobile Safari/537.36 (compatible; PetalBot;+https://webmaster.petalsearch.com/site/petalbot)"
114.119.154.39 - - [02/Oct/2021:20:00:57 +0900] "realpano.net(SG) GET /gl/index.php?mid=human_vr&search_target=tag&search_keyword=%EB%8F%99%EC%9D%B8%EB%8F%99&category=3351 HTTP/1.1" 403 199 "-" "Mozilla/5.0 (Linux; Android 7.0;) AppleWebKit/537.36 (KHTML, like Gecko) Mobile Safari/537.36 (compatible; PetalBot;+https://webmaster.petalsearch.com/site/petalbot)"
114.119.154.39 - - [02/Oct/2021:20:00:57 +0900] "realpano.net(SG) GET /gl/index.php?mid=human_vr&search_target=tag&search_keyword=%EB%8F%99%EC%9D%B8%EB%8F%99&category=3351 HTTP/1.1" 403 199 "-" "Mozilla/5.0 (Linux; Android 7.0;) AppleWebKit/537.36 (KHTML, like Gecko) Mobile Safari/537.36 (compatible; PetalBot;+https://webmaster.petalsearch.com/site/petalbot)"
125.209.235.177 - - [02/Oct/2021:20:04:53 +0900] "www.realpano.net(KR) GET /robots.txt HTTP/1.1" 404 196 "-" "Mozilla/5.0 (compatible; Yeti/1.1; +http://naver.me/spd)"
125.209.235.177 - - [02/Oct/2021:20:04:53 +0900] "www.realpano.net(KR) GET /robots.txt HTTP/1.1" 404 196 "-" "Mozilla/5.0 (compatible; Yeti/1.1; +http://naver.me/spd)"
110.93.150.180 - - [02/Oct/2021:20:04:56 +0900] "www.realpano.net(KR) GET / HTTP/1.1" 200 64 "-" "Mozilla/5.0 (compatible; Yeti/1.1; +http://naver.me/spd)"
110.93.150.180 - - [02/Oct/2021:20:04:56 +0900] "www.realpano.net(KR) GET / HTTP/1.1" 200 64 "-" "Mozilla/5.0 (compatible; Yeti/1.1; +http://naver.me/spd)"
110.93.150.180 - - [02/Oct/2021:20:04:56 +0900] "realpano.net(KR) GET /gl/ HTTP/1.1" 404 2293 "-" "Mozilla/5.0 (compatible; Yeti/1.1; +http://naver.me/spd)"
110.93.150.180 - - [02/Oct/2021:20:04:56 +0900] "realpano.net(KR) GET /gl/ HTTP/1.1" 404 2293 "-" "Mozilla/5.0 (compatible; Yeti/1.1; +http://naver.me/spd)"
114.119.154.41 - - [02/Oct/2021:20:05:52 +0900] "realpano.net(SG) GET /gl/index.php?mid=human_vr&search_target=tag&search_keyword=%EB%B6%81%EC%84%B1%EB%A1%9C&category=3355&division=-45271&last_division=0 HTTP/1.1" 403 199 "-" "Mozilla/5.0 (Linux; Android 7.0;) AppleWebKit/537.36 (KHTML, like Gecko) Mobile Safari/537.36 (compatible; PetalBot;+https://webmaster.petalsearch.com/site/petalbot)"
114.119.154.41 - - [02/Oct/2021:20:05:52 +0900] "realpano.net(SG) GET /gl/index.php?mid=human_vr&search_target=tag&search_keyword=%EB%B6%81%EC%84%B1%EB%A1%9C&category=3355&division=-45271&last_division=0 HTTP/1.1" 403 199 "-" "Mozilla/5.0 (Linux; Android 7.0;) AppleWebKit/537.36 (KHTML, like Gecko) Mobile Safari/537.36 (compatible; PetalBot;+https://webmaster.petalsearch.com/site/petalbot)"
157.55.39.121 - - [02/Oct/2021:20:07:51 +0900] "realpano.net(US) GET /gl/human_vr/44542 HTTP/2.0" 404 196 "-" "Mozilla/5.0 (compatible; bingbot/2.0; +http://www.bing.com/bingbot.htm)"
157.55.39.121 - - [02/Oct/2021:20:07:51 +0900] "realpano.net(US) GET /gl/human_vr/44542 HTTP/2.0" 404 196 "-" "Mozilla/5.0 (compatible; bingbot/2.0; +http://www.bing.com/bingbot.htm)"
114.119.154.6 - - [02/Oct/2021:20:10:54 +0900] "realpano.net(SG) GET /gl/index.php?mid=human_vr&category=3357&m=1&search_target=tag&search_keyword=%ED%95%9C%EC%95%BD%EC%9E%AC&division=-45271&last_division=0 HTTP/1.1" 403 199 "-" "Mozilla/5.0 (Linux; Android 7.0;) AppleWebKit/537.36 (KHTML, like Gecko) Mobile Safari/537.36 (compatible; PetalBot;+https://webmaster.petalsearch.com/site/petalbot)"
114.119.154.6 - - [02/Oct/2021:20:10:54 +0900] "realpano.net(SG) GET /gl/index.php?mid=human_vr&category=3357&m=1&search_target=tag&search_keyword=%ED%95%9C%EC%95%BD%EC%9E%AC&division=-45271&last_division=0 HTTP/1.1" 403 199 "-" "Mozilla/5.0 (Linux; Android 7.0;) AppleWebKit/537.36 (KHTML, like Gecko) Mobile Safari/537.36 (compatible; PetalBot;+https://webmaster.petalsearch.com/site/petalbot)"
114.119.154.65 - - [02/Oct/2021:20:15:52 +0900] "realpano.net(SG) GET /gl/index.php?mid=human_vr&search_target=tag&search_keyword=MRI&act=dispMemberFindAccount HTTP/1.1" 403 199 "-" "Mozilla/5.0 (Linux; Android 7.0;) AppleWebKit/537.36 (KHTML, like Gecko) Mobile Safari/537.36 (compatible; PetalBot;+https://webmaster.petalsearch.com/site/petalbot)"
114.119.154.65 - - [02/Oct/2021:20:15:52 +0900] "realpano.net(SG) GET /gl/index.php?mid=human_vr&search_target=tag&search_keyword=MRI&act=dispMemberFindAccount HTTP/1.1" 403 199 "-" "Mozilla/5.0 (Linux; Android 7.0;) AppleWebKit/537.36 (KHTML, like Gecko) Mobile Safari/537.36 (compatible; PetalBot;+https://webmaster.petalsearch.com/site/petalbot)"
207.46.13.85 - - [02/Oct/2021:20:20:00 +0900] "realpano.net(US) GET /gl/consultation1 HTTP/2.0" 404 196 "-" "Mozilla/5.0 (compatible; bingbot/2.0; +http://www.bing.com/bingbot.htm)"
207.46.13.85 - - [02/Oct/2021:20:20:00 +0900] "realpano.net(US) GET /gl/consultation1 HTTP/2.0" 404 196 "-" "Mozilla/5.0 (compatible; bingbot/2.0; +http://www.bing.com/bingbot.htm)"
114.119.154.6 - - [02/Oct/2021:20:21:12 +0900] "realpano.net(SG) GET /gl/index.php?mid=human_vr&listStyle=list&m=0&category=3344&search_target=tag&search_keyword=%EB%AA%85%EB%AC%BC%EA%B3%A8%EB%AA%A9&division=-45271&last_division=0 HTTP/1.1" 403 199 "-" "Mozilla/5.0 (Linux; Android 7.0;) AppleWebKit/537.36 (KHTML, like Gecko) Mobile Safari/537.36 (compatible; PetalBot;+https://webmaster.petalsearch.com/site/petalbot)"
114.119.154.6 - - [02/Oct/2021:20:21:12 +0900] "realpano.net(SG) GET /gl/index.php?mid=human_vr&listStyle=list&m=0&category=3344&search_target=tag&search_keyword=%EB%AA%85%EB%AC%BC%EA%B3%A8%EB%AA%A9&division=-45271&last_division=0 HTTP/1.1" 403 199 "-" "Mozilla/5.0 (Linux; Android 7.0;) AppleWebKit/537.36 (KHTML, like Gecko) Mobile Safari/537.36 (compatible; PetalBot;+https://webmaster.petalsearch.com/site/petalbot)"
119.207.72.84 - - [02/Oct/2021:20:22:53 +0900] "realpano.net(KR) GET / HTTP/1.1" 200 64 "-" "Mozilla/4.0 (compatible; MSIE 8.0; Windows NT 5.1; Trident/4.0; InfoPath.2)"
119.207.72.84 - - [02/Oct/2021:20:22:53 +0900] "realpano.net(KR) GET / HTTP/1.1" 200 64 "-" "Mozilla/4.0 (compatible; MSIE 8.0; Windows NT 5.1; Trident/4.0; InfoPath.2)"
119.207.72.84 - - [02/Oct/2021:20:23:17 +0900] "realpano.net(KR) GET / HTTP/1.1" 200 64 "-" "Mozilla/5.0 (compatible; MSIE 9.0; Windows NT 6.1; WOW64; Trident/5.0; SLCC2; .NET CLR 2.0.50727; .NET CLR 3.5.30729; .NET CLR 3.0.30729; Media Center PC 6.0; .NET4.0C; InfoPath.3; .NET4.0E)"
119.207.72.84 - - [02/Oct/2021:20:23:17 +0900] "realpano.net(KR) GET / HTTP/1.1" 200 64 "-" "Mozilla/5.0 (compatible; MSIE 9.0; Windows NT 6.1; WOW64; Trident/5.0; SLCC2; .NET CLR 2.0.50727; .NET CLR 3.5.30729; .NET CLR 3.0.30729; Media Center PC 6.0; .NET4.0C; InfoPath.3; .NET4.0E)"
114.119.154.67 - - [02/Oct/2021:20:25:51 +0900] "realpano.net(SG) GET /gl/index.php?mid=human_vr&m=0&listStyle=viewer&sort_index=regdate&order_type=desc&category=3348&search_target=tag&search_keyword=%EC%9B%A8%EB%94%A9%EC%BF%A8 HTTP/1.1" 403 199 "-" "Mozilla/5.0 (Linux; Android 7.0;) AppleWebKit/537.36 (KHTML, like Gecko) Mobile Safari/537.36 (compatible; PetalBot;+https://webmaster.petalsearch.com/site/petalbot)"
114.119.154.67 - - [02/Oct/2021:20:25:51 +0900] "realpano.net(SG) GET /gl/index.php?mid=human_vr&m=0&listStyle=viewer&sort_index=regdate&order_type=desc&category=3348&search_target=tag&search_keyword=%EC%9B%A8%EB%94%A9%EC%BF%A8 HTTP/1.1" 403 199 "-" "Mozilla/5.0 (Linux; Android 7.0;) AppleWebKit/537.36 (KHTML, like Gecko) Mobile Safari/537.36 (compatible; PetalBot;+https://webmaster.petalsearch.com/site/petalbot)"
114.119.154.26 - - [02/Oct/2021:20:30:55 +0900] "realpano.net(SG) GET /gl/index.php?mid=human_vr&m=0&search_target=tag&search_keyword=%EB%B0%95%EB%AC%BC%EA%B4%80&listStyle=list&sort_index=regdate&order_type=desc HTTP/1.1" 403 199 "-" "Mozilla/5.0 (Linux; Android 7.0;) AppleWebKit/537.36 (KHTML, like Gecko) Mobile Safari/537.36 (compatible; PetalBot;+https://webmaster.petalsearch.com/site/petalbot)"
114.119.154.26 - - [02/Oct/2021:20:30:55 +0900] "realpano.net(SG) GET /gl/index.php?mid=human_vr&m=0&search_target=tag&search_keyword=%EB%B0%95%EB%AC%BC%EA%B4%80&listStyle=list&sort_index=regdate&order_type=desc HTTP/1.1" 403 199 "-" "Mozilla/5.0 (Linux; Android 7.0;) AppleWebKit/537.36 (KHTML, like Gecko) Mobile Safari/537.36 (compatible; PetalBot;+https://webmaster.petalsearch.com/site/petalbot)"
114.119.154.6 - - [02/Oct/2021:20:35:59 +0900] "realpano.net(SG) GET /gl/index.php?mid=human_vr&search_target=tag&search_keyword=%EB%B6%81%EC%84%B1%EB%A1%9C&category=3355 HTTP/1.1" 403 199 "-" "Mozilla/5.0 (Linux; Android 7.0;) AppleWebKit/537.36 (KHTML, like Gecko) Mobile Safari/537.36 (compatible; PetalBot;+https://webmaster.petalsearch.com/site/petalbot)"
114.119.154.6 - - [02/Oct/2021:20:35:59 +0900] "realpano.net(SG) GET /gl/index.php?mid=human_vr&search_target=tag&search_keyword=%EB%B6%81%EC%84%B1%EB%A1%9C&category=3355 HTTP/1.1" 403 199 "-" "Mozilla/5.0 (Linux; Android 7.0;) AppleWebKit/537.36 (KHTML, like Gecko) Mobile Safari/537.36 (compatible; PetalBot;+https://webmaster.petalsearch.com/site/petalbot)"
114.119.154.6 - - [02/Oct/2021:20:41:00 +0900] "realpano.net(SG) GET /gl/index.php?mid=human_vr&category=3342&page=2&document_srl=4182 HTTP/1.1" 403 199 "-" "Mozilla/5.0 (Linux; Android 7.0;) AppleWebKit/537.36 (KHTML, like Gecko) Mobile Safari/537.36 (compatible; PetalBot;+https://webmaster.petalsearch.com/site/petalbot)"
114.119.154.6 - - [02/Oct/2021:20:41:00 +0900] "realpano.net(SG) GET /gl/index.php?mid=human_vr&category=3342&page=2&document_srl=4182 HTTP/1.1" 403 199 "-" "Mozilla/5.0 (Linux; Android 7.0;) AppleWebKit/537.36 (KHTML, like Gecko) Mobile Safari/537.36 (compatible; PetalBot;+https://webmaster.petalsearch.com/site/petalbot)"
207.46.13.29 - - [02/Oct/2021:20:43:02 +0900] "realpano.net(US) GET /gl/human_vr/20131022_182024.png HTTP/2.0" 404 196 "-" "Mozilla/5.0 (compatible; bingbot/2.0; +http://www.bing.com/bingbot.htm)"
207.46.13.29 - - [02/Oct/2021:20:43:02 +0900] "realpano.net(US) GET /gl/human_vr/20131022_182024.png HTTP/2.0" 404 196 "-" "Mozilla/5.0 (compatible; bingbot/2.0; +http://www.bing.com/bingbot.htm)"
114.119.154.41 - - [02/Oct/2021:20:45:52 +0900] "realpano.net(SG) GET /gl/index.php?mid=human_vr&category=3345&m=0&listStyle=gallery&document_srl=3833 HTTP/1.1" 403 199 "-" "Mozilla/5.0 (Linux; Android 7.0;) AppleWebKit/537.36 (KHTML, like Gecko) Mobile Safari/537.36 (compatible; PetalBot;+https://webmaster.petalsearch.com/site/petalbot)"
114.119.154.41 - - [02/Oct/2021:20:45:52 +0900] "realpano.net(SG) GET /gl/index.php?mid=human_vr&category=3345&m=0&listStyle=gallery&document_srl=3833 HTTP/1.1" 403 199 "-" "Mozilla/5.0 (Linux; Android 7.0;) AppleWebKit/537.36 (KHTML, like Gecko) Mobile Safari/537.36 (compatible; PetalBot;+https://webmaster.petalsearch.com/site/petalbot)"
114.119.154.65 - - [02/Oct/2021:20:50:50 +0900] "realpano.net(SG) GET /gl/index.php?mid=human_vr&m=0&search_target=tag&search_keyword=%EB%AC%B8%ED%99%94%EA%B3%B5%EA%B0%84&category=3354&document_srl=44642 HTTP/1.1" 403 199 "-" "Mozilla/5.0 (Linux; Android 7.0;) AppleWebKit/537.36 (KHTML, like Gecko) Mobile Safari/537.36 (compatible; PetalBot;+https://webmaster.petalsearch.com/site/petalbot)"
114.119.154.65 - - [02/Oct/2021:20:50:50 +0900] "realpano.net(SG) GET /gl/index.php?mid=human_vr&m=0&search_target=tag&search_keyword=%EB%AC%B8%ED%99%94%EA%B3%B5%EA%B0%84&category=3354&document_srl=44642 HTTP/1.1" 403 199 "-" "Mozilla/5.0 (Linux; Android 7.0;) AppleWebKit/537.36 (KHTML, like Gecko) Mobile Safari/537.36 (compatible; PetalBot;+https://webmaster.petalsearch.com/site/petalbot)"
157.55.39.121 - - [02/Oct/2021:20:53:45 +0900] "realpano.net(US) GET /rpv4/140409gunsan HTTP/2.0" 404 196 "-" "Mozilla/5.0 (compatible; MSIE 9.0; Windows NT 6.1; Trident/5.0)"
157.55.39.121 - - [02/Oct/2021:20:53:45 +0900] "realpano.net(US) GET /rpv4/140409gunsan HTTP/2.0" 404 196 "-" "Mozilla/5.0 (compatible; MSIE 9.0; Windows NT 6.1; Trident/5.0)"
114.119.154.39 - - [02/Oct/2021:20:55:38 +0900] "realpano.net(SG) GET /gl/index.php?mid=human_vr&page=2&listStyle=viewer&document_srl=45210 HTTP/1.1" 403 199 "-" "Mozilla/5.0 (Linux; Android 7.0;) AppleWebKit/537.36 (KHTML, like Gecko) Mobile Safari/537.36 (compatible; PetalBot;+https://webmaster.petalsearch.com/site/petalbot)"
114.119.154.39 - - [02/Oct/2021:20:55:38 +0900] "realpano.net(SG) GET /gl/index.php?mid=human_vr&page=2&listStyle=viewer&document_srl=45210 HTTP/1.1" 403 199 "-" "Mozilla/5.0 (Linux; Android 7.0;) AppleWebKit/537.36 (KHTML, like Gecko) Mobile Safari/537.36 (compatible; PetalBot;+https://webmaster.petalsearch.com/site/petalbot)"
207.46.13.121 - - [02/Oct/2021:20:55:54 +0900] "realpano.net(US) GET /img/sub2/4_title.png HTTP/2.0" 404 196 "-" "Mozilla/5.0 (compatible; bingbot/2.0; +http://www.bing.com/bingbot.htm)"
207.46.13.121 - - [02/Oct/2021:20:55:54 +0900] "realpano.net(US) GET /img/sub2/4_title.png HTTP/2.0" 404 196 "-" "Mozilla/5.0 (compatible; bingbot/2.0; +http://www.bing.com/bingbot.htm)"
114.119.154.67 - - [02/Oct/2021:21:00:47 +0900] "realpano.net(SG) GET /gl/index.php?mid=human_vr&page=2&listStyle=viewer&m=0&document_srl=45163 HTTP/1.1" 403 199 "-" "Mozilla/5.0 (Linux; Android 7.0;) AppleWebKit/537.36 (KHTML, like Gecko) Mobile Safari/537.36 (compatible; PetalBot;+https://webmaster.petalsearch.com/site/petalbot)"
114.119.154.67 - - [02/Oct/2021:21:00:47 +0900] "realpano.net(SG) GET /gl/index.php?mid=human_vr&page=2&listStyle=viewer&m=0&document_srl=45163 HTTP/1.1" 403 199 "-" "Mozilla/5.0 (Linux; Android 7.0;) AppleWebKit/537.36 (KHTML, like Gecko) Mobile Safari/537.36 (compatible; PetalBot;+https://webmaster.petalsearch.com/site/petalbot)"
66.249.79.7 - - [02/Oct/2021:21:01:53 +0900] "www.realpano.net(US) GET /robots.txt HTTP/1.1" 404 196 "-" "Mozilla/5.0 (compatible; Googlebot/2.1; +http://www.google.com/bot.html)"
66.249.79.7 - - [02/Oct/2021:21:01:53 +0900] "www.realpano.net(US) GET /robots.txt HTTP/1.1" 404 196 "-" "Mozilla/5.0 (compatible; Googlebot/2.1; +http://www.google.com/bot.html)"
66.249.79.5 - - [02/Oct/2021:21:01:53 +0900] "www.realpano.net(US) GET /gl/m.layouts/xenara_mlayout_realpano/css/style.css?20150619165132 HTTP/1.1" 200 7210 "http://www.realpano.net/gl/index.php?mid=human_vr&search_target=tag&search_keyword=%EA%B3%A8%EB%AA%A9&document_srl=44778" "Mozilla/5.0 (Linux; Android 6.0.1; Nexus 5X Build/MMB29P) AppleWebKit/537.36 (KHTML, like Gecko) Chrome/94.0.4606.61 Mobile Safari/537.36 (compatible; Googlebot/2.1; +http://www.google.com/bot.html)"
66.249.79.5 - - [02/Oct/2021:21:01:53 +0900] "www.realpano.net(US) GET /gl/m.layouts/xenara_mlayout_realpano/css/style.css?20150619165132 HTTP/1.1" 200 7210 "http://www.realpano.net/gl/index.php?mid=human_vr&search_target=tag&search_keyword=%EA%B3%A8%EB%AA%A9&document_srl=44778" "Mozilla/5.0 (Linux; Android 6.0.1; Nexus 5X Build/MMB29P) AppleWebKit/537.36 (KHTML, like Gecko) Chrome/94.0.4606.61 Mobile Safari/537.36 (compatible; Googlebot/2.1; +http://www.google.com/bot.html)"
66.249.79.5 - - [02/Oct/2021:21:01:54 +0900] "www.realpano.net(US) GET /gl/modules/board/m.skins/mboard_zaggumedia_portfolio_realpano/css/board_custom.css?20170120181311 HTTP/1.1" 200 3381 "http://www.realpano.net/gl/index.php?mid=human_vr&search_target=tag&search_keyword=%EA%B3%A8%EB%AA%A9&document_srl=44778" "Mozilla/5.0 (Linux; Android 6.0.1; Nexus 5X Build/MMB29P) AppleWebKit/537.36 (KHTML, like Gecko) Chrome/94.0.4606.61 Mobile Safari/537.36 (compatible; Googlebot/2.1; +http://www.google.com/bot.html)"
66.249.79.5 - - [02/Oct/2021:21:01:54 +0900] "www.realpano.net(US) GET /gl/modules/board/m.skins/mboard_zaggumedia_portfolio_realpano/css/board_custom.css?20170120181311 HTTP/1.1" 200 3381 "http://www.realpano.net/gl/index.php?mid=human_vr&search_target=tag&search_keyword=%EA%B3%A8%EB%AA%A9&document_srl=44778" "Mozilla/5.0 (Linux; Android 6.0.1; Nexus 5X Build/MMB29P) AppleWebKit/537.36 (KHTML, like Gecko) Chrome/94.0.4606.61 Mobile Safari/537.36 (compatible; Googlebot/2.1; +http://www.google.com/bot.html)"
66.249.79.1 - - [02/Oct/2021:21:01:55 +0900] "www.realpano.net(US) GET /gl/modules/board/m.skins/mboard_zaggumedia_portfolio_realpano/js/board.js?20140530184123 HTTP/1.1" 200 20317 "http://www.realpano.net/gl/index.php?mid=human_vr&search_target=tag&search_keyword=%EA%B3%A8%EB%AA%A9&document_srl=44778" "Mozilla/5.0 (Linux; Android 6.0.1; Nexus 5X Build/MMB29P) AppleWebKit/537.36 (KHTML, like Gecko) Chrome/94.0.4606.61 Mobile Safari/537.36 (compatible; Googlebot/2.1; +http://www.google.com/bot.html)"
66.249.79.1 - - [02/Oct/2021:21:01:55 +0900] "www.realpano.net(US) GET /gl/modules/board/m.skins/mboard_zaggumedia_portfolio_realpano/js/board.js?20140530184123 HTTP/1.1" 200 20317 "http://www.realpano.net/gl/index.php?mid=human_vr&search_target=tag&search_keyword=%EA%B3%A8%EB%AA%A9&document_srl=44778" "Mozilla/5.0 (Linux; Android 6.0.1; Nexus 5X Build/MMB29P) AppleWebKit/537.36 (KHTML, like Gecko) Chrome/94.0.4606.61 Mobile Safari/537.36 (compatible; Googlebot/2.1; +http://www.google.com/bot.html)"
66.249.79.5 - - [02/Oct/2021:21:05:08 +0900] "www.realpano.net(US) GET /gl/?mid=human_vr&category=3354&document_srl=44668 HTTP/1.1" 200 43584 "-" "Mozilla/5.0 (Linux; Android 6.0.1; Nexus 5X Build/MMB29P) AppleWebKit/537.36 (KHTML, like Gecko) Chrome/94.0.4606.54 Mobile Safari/537.36 (compatible; Googlebot/2.1; +http://www.google.com/bot.html)"
66.249.79.5 - - [02/Oct/2021:21:05:08 +0900] "www.realpano.net(US) GET /gl/?mid=human_vr&category=3354&document_srl=44668 HTTP/1.1" 200 43584 "-" "Mozilla/5.0 (Linux; Android 6.0.1; Nexus 5X Build/MMB29P) AppleWebKit/537.36 (KHTML, like Gecko) Chrome/94.0.4606.54 Mobile Safari/537.36 (compatible; Googlebot/2.1; +http://www.google.com/bot.html)"
66.249.79.1 - - [02/Oct/2021:21:05:11 +0900] "www.realpano.net(US) GET /home1/realpano/public_html/html/gl/m.layouts/xenara_mlayout_realpano/js/mmenu/css/extensions/jquery.mmenu.ie8.css HTTP/1.1" 404 196 "http://www.realpano.net/gl/?mid=human_vr&category=3354&document_srl=44668" "Mozilla/5.0 (Linux; Android 6.0.1; Nexus 5X Build/MMB29P) AppleWebKit/537.36 (KHTML, like Gecko) Chrome/94.0.4606.61 Mobile Safari/537.36 (compatible; Googlebot/2.1; +http://www.google.com/bot.html)"
66.249.79.1 - - [02/Oct/2021:21:05:11 +0900] "www.realpano.net(US) GET /home1/realpano/public_html/html/gl/m.layouts/xenara_mlayout_realpano/js/mmenu/css/extensions/jquery.mmenu.ie8.css HTTP/1.1" 404 196 "http://www.realpano.net/gl/?mid=human_vr&category=3354&document_srl=44668" "Mozilla/5.0 (Linux; Android 6.0.1; Nexus 5X Build/MMB29P) AppleWebKit/537.36 (KHTML, like Gecko) Chrome/94.0.4606.61 Mobile Safari/537.36 (compatible; Googlebot/2.1; +http://www.google.com/bot.html)"
66.249.79.1 - - [02/Oct/2021:21:05:12 +0900] "www.realpano.net(US) GET /gl/m.layouts/xenara_mlayout_realpano/css/style_font.css?20140528195908 HTTP/1.1" 200 277 "http://www.realpano.net/gl/?mid=human_vr&category=3354&document_srl=44668" "Mozilla/5.0 (Linux; Android 6.0.1; Nexus 5X Build/MMB29P) AppleWebKit/537.36 (KHTML, like Gecko) Chrome/94.0.4606.61 Mobile Safari/537.36 (compatible; Googlebot/2.1; +http://www.google.com/bot.html)"
66.249.79.1 - - [02/Oct/2021:21:05:12 +0900] "www.realpano.net(US) GET /gl/m.layouts/xenara_mlayout_realpano/css/style_font.css?20140528195908 HTTP/1.1" 200 277 "http://www.realpano.net/gl/?mid=human_vr&category=3354&document_srl=44668" "Mozilla/5.0 (Linux; Android 6.0.1; Nexus 5X Build/MMB29P) AppleWebKit/537.36 (KHTML, like Gecko) Chrome/94.0.4606.61 Mobile Safari/537.36 (compatible; Googlebot/2.1; +http://www.google.com/bot.html)"
66.249.79.1 - - [02/Oct/2021:21:05:13 +0900] "www.realpano.net(US) GET /gl/m.layouts/xenara_mlayout_realpano/js/mmenu/css/jquery.mmenu.all.css?20150420190315 HTTP/1.1" 200 39247 "http://www.realpano.net/gl/?mid=human_vr&category=3354&document_srl=44668" "Mozilla/5.0 (Linux; Android 6.0.1; Nexus 5X Build/MMB29P) AppleWebKit/537.36 (KHTML, like Gecko) Chrome/94.0.4606.61 Mobile Safari/537.36 (compatible; Googlebot/2.1; +http://www.google.com/bot.html)"
66.249.79.1 - - [02/Oct/2021:21:05:13 +0900] "www.realpano.net(US) GET /gl/m.layouts/xenara_mlayout_realpano/js/mmenu/css/jquery.mmenu.all.css?20150420190315 HTTP/1.1" 200 39247 "http://www.realpano.net/gl/?mid=human_vr&category=3354&document_srl=44668" "Mozilla/5.0 (Linux; Android 6.0.1; Nexus 5X Build/MMB29P) AppleWebKit/537.36 (KHTML, like Gecko) Chrome/94.0.4606.61 Mobile Safari/537.36 (compatible; Googlebot/2.1; +http://www.google.com/bot.html)"
66.249.79.5 - - [02/Oct/2021:21:05:13 +0900] "www.realpano.net(US) GET /gl/m.layouts/xenara_mlayout_realpano/css/style_sub.css?20150423195546 HTTP/1.1" 200 1825 "http://www.realpano.net/gl/?mid=human_vr&category=3354&document_srl=44668" "Mozilla/5.0 (Linux; Android 6.0.1; Nexus 5X Build/MMB29P) AppleWebKit/537.36 (KHTML, like Gecko) Chrome/94.0.4606.61 Mobile Safari/537.36 (compatible; Googlebot/2.1; +http://www.google.com/bot.html)"
66.249.79.5 - - [02/Oct/2021:21:05:13 +0900] "www.realpano.net(US) GET /gl/m.layouts/xenara_mlayout_realpano/css/style_sub.css?20150423195546 HTTP/1.1" 200 1825 "http://www.realpano.net/gl/?mid=human_vr&category=3354&document_srl=44668" "Mozilla/5.0 (Linux; Android 6.0.1; Nexus 5X Build/MMB29P) AppleWebKit/537.36 (KHTML, like Gecko) Chrome/94.0.4606.61 Mobile Safari/537.36 (compatible; Googlebot/2.1; +http://www.google.com/bot.html)"
66.249.79.5 - - [02/Oct/2021:21:05:14 +0900] "www.realpano.net(US) GET /gl/m.layouts/xenara_mlayout_realpano/js/bxslider/plugins/jquery.easing.1.3.js?20140528195909 HTTP/1.1" 200 8097 "http://www.realpano.net/gl/?mid=human_vr&category=3354&document_srl=44668" "Mozilla/5.0 (Linux; Android 6.0.1; Nexus 5X Build/MMB29P) AppleWebKit/537.36 (KHTML, like Gecko) Chrome/94.0.4606.61 Mobile Safari/537.36 (compatible; Googlebot/2.1; +http://www.google.com/bot.html)"
66.249.79.5 - - [02/Oct/2021:21:05:14 +0900] "www.realpano.net(US) GET /gl/m.layouts/xenara_mlayout_realpano/js/bxslider/plugins/jquery.easing.1.3.js?20140528195909 HTTP/1.1" 200 8097 "http://www.realpano.net/gl/?mid=human_vr&category=3354&document_srl=44668" "Mozilla/5.0 (Linux; Android 6.0.1; Nexus 5X Build/MMB29P) AppleWebKit/537.36 (KHTML, like Gecko) Chrome/94.0.4606.61 Mobile Safari/537.36 (compatible; Googlebot/2.1; +http://www.google.com/bot.html)"
66.249.79.5 - - [02/Oct/2021:21:05:15 +0900] "www.realpano.net(US) GET /home1/realpano/public_html/html/gl/m.layouts/xenara_mlayout_realpano/js/mmenu/css/extensions/jquery.mmenu.ie8.css HTTP/1.1" 404 196 "http://www.realpano.net/gl/?mid=human_vr&category=3354&document_srl=44668" "Mozilla/5.0 (Linux; Android 6.0.1; Nexus 5X Build/MMB29P) AppleWebKit/537.36 (KHTML, like Gecko) Chrome/94.0.4606.61 Mobile Safari/537.36 (compatible; Googlebot/2.1; +http://www.google.com/bot.html)"
66.249.79.5 - - [02/Oct/2021:21:05:15 +0900] "www.realpano.net(US) GET /home1/realpano/public_html/html/gl/m.layouts/xenara_mlayout_realpano/js/mmenu/css/extensions/jquery.mmenu.ie8.css HTTP/1.1" 404 196 "http://www.realpano.net/gl/?mid=human_vr&category=3354&document_srl=44668" "Mozilla/5.0 (Linux; Android 6.0.1; Nexus 5X Build/MMB29P) AppleWebKit/537.36 (KHTML, like Gecko) Chrome/94.0.4606.61 Mobile Safari/537.36 (compatible; Googlebot/2.1; +http://www.google.com/bot.html)"
66.249.79.5 - - [02/Oct/2021:21:05:15 +0900] "www.realpano.net(US) GET /gl/m.layouts/xenara_mlayout_realpano/js/mmenu/css/extensions/jquery.mmenu.effects.css?20150420190316 HTTP/1.1" 200 7531 "http://www.realpano.net/gl/?mid=human_vr&category=3354&document_srl=44668" "Mozilla/5.0 (Linux; Android 6.0.1; Nexus 5X Build/MMB29P) AppleWebKit/537.36 (KHTML, like Gecko) Chrome/94.0.4606.61 Mobile Safari/537.36 (compatible; Googlebot/2.1; +http://www.google.com/bot.html)"
